[INFO] fetching crate aws-iot-device-sdk-rust 0.2.1...
[INFO] testing aws-iot-device-sdk-rust-0.2.1 against 1.69.0 for beta-1.70-1
[INFO] extracting crate aws-iot-device-sdk-rust 0.2.1 into /workspace/builds/worker-5-tc1/source
[INFO] validating manifest of crates.io crate aws-iot-device-sdk-rust 0.2.1 on toolchain 1.69.0
[INFO] running `Command { std: CARGO_HOME="/workspace/cargo-home" RUSTUP_HOME="/workspace/rustup-home" "/workspace/cargo-home/bin/cargo" "+1.69.0" "metadata" "--manifest-path" "Cargo.toml" "--no-deps", kill_on_drop: false }`
[INFO] started tweaking crates.io crate aws-iot-device-sdk-rust 0.2.1
[INFO] finished tweaking crates.io crate aws-iot-device-sdk-rust 0.2.1
[INFO] tweaked toml for crates.io crate aws-iot-device-sdk-rust 0.2.1 written to /workspace/builds/worker-5-tc1/source/Cargo.toml
[INFO] crate crates.io crate aws-iot-device-sdk-rust 0.2.1 already has a lockfile, it will not be regenerated
[INFO] running `Command { std: CARGO_HOME="/workspace/cargo-home" RUSTUP_HOME="/workspace/rustup-home" "/workspace/cargo-home/bin/cargo" "+1.69.0" "fetch" "--manifest-path" "Cargo.toml", kill_on_drop: false }`
[INFO] [stderr]  Downloading crates ...
[INFO] [stderr]   Downloaded serde v1.0.147
[INFO] [stderr]   Downloaded spin v0.9.5
[INFO] [stderr]   Downloaded cc v1.0.76
[INFO] [stderr]   Downloaded futures-core v0.3.26
[INFO] [stderr]   Downloaded futures-sink v0.3.26
[INFO] [stderr]   Downloaded pollster v0.2.5
[INFO] [stderr]   Downloaded serde_json v1.0.87
[INFO] [stderr]   Downloaded tokio-rustls v0.23.3
[INFO] [stderr]   Downloaded syn v1.0.103
[INFO] [stderr]   Downloaded mqtt4bytes v0.1.7
[INFO] [stderr]   Downloaded rumqttc v0.15.0
[INFO] running `Command { std: "docker" "create" "-v" "/var/lib/crater-agent-workspace/builds/worker-5-tc1/target:/opt/rustwide/target:rw,Z" "-v" "/var/lib/crater-agent-workspace/builds/worker-5-tc1/source:/opt/rustwide/workdir:ro,Z" "-v" "/var/lib/crater-agent-workspace/cargo-home:/opt/rustwide/cargo-home:ro,Z" "-v" "/var/lib/crater-agent-workspace/rustup-home:/opt/rustwide/rustup-home:ro,Z" "-e" "SOURCE_DIR=/opt/rustwide/workdir" "-e" "CARGO_TARGET_DIR=/opt/rustwide/target" "-e" "CARGO_HOME=/opt/rustwide/cargo-home" "-e" "RUSTUP_HOME=/opt/rustwide/rustup-home" "-w" "/opt/rustwide/workdir" "-m" "1610612736" "--user" "0:0" "--network" "none" "ghcr.io/rust-lang/crates-build-env/linux@sha256:5ff2268d62e97bff2cde7d5815dd6ed5b47097566f13b8d0ca110b04b60e07ed" "/opt/rustwide/cargo-home/bin/cargo" "+1.69.0" "metadata" "--no-deps" "--format-version=1", kill_on_drop: false }`
[INFO] [stdout] 22eacd6a4059052b519c51f59b9cd721f78e487e6583fef85296d3b2bbda505b
[INFO] running `Command { std: "docker" "start" "-a" "22eacd6a4059052b519c51f59b9cd721f78e487e6583fef85296d3b2bbda505b", kill_on_drop: false }`
[INFO] running `Command { std: "docker" "inspect" "22eacd6a4059052b519c51f59b9cd721f78e487e6583fef85296d3b2bbda505b", kill_on_drop: false }`
[INFO] running `Command { std: "docker" "rm" "-f" "22eacd6a4059052b519c51f59b9cd721f78e487e6583fef85296d3b2bbda505b", kill_on_drop: false }`
[INFO] [stdout] 22eacd6a4059052b519c51f59b9cd721f78e487e6583fef85296d3b2bbda505b
[INFO] running `Command { std: "docker" "create" "-v" "/var/lib/crater-agent-workspace/builds/worker-5-tc1/target:/opt/rustwide/target:rw,Z" "-v" "/var/lib/crater-agent-workspace/builds/worker-5-tc1/source:/opt/rustwide/workdir:ro,Z" "-v" "/var/lib/crater-agent-workspace/cargo-home:/opt/rustwide/cargo-home:ro,Z" "-v" "/var/lib/crater-agent-workspace/rustup-home:/opt/rustwide/rustup-home:ro,Z" "-e" "SOURCE_DIR=/opt/rustwide/workdir" "-e" "CARGO_TARGET_DIR=/opt/rustwide/target" "-e" "CARGO_INCREMENTAL=0" "-e" "RUST_BACKTRACE=full" "-e" "RUSTFLAGS=--cap-lints=warn" "-e" "RUSTDOCFLAGS=--cap-lints=warn" "-e" "CARGO_HOME=/opt/rustwide/cargo-home" "-e" "RUSTUP_HOME=/opt/rustwide/rustup-home" "-w" "/opt/rustwide/workdir" "-m" "1610612736" "--user" "0:0" "--network" "none" "ghcr.io/rust-lang/crates-build-env/linux@sha256:5ff2268d62e97bff2cde7d5815dd6ed5b47097566f13b8d0ca110b04b60e07ed" "/opt/rustwide/cargo-home/bin/cargo" "+1.69.0" "build" "--frozen" "--message-format=json", kill_on_drop: false }`
[INFO] [stdout] 34c51754f0e6e0a0bdf0d3ce4ef4ec9f54337a2ae6fbfd5370a1aafcd3a672c7
[INFO] running `Command { std: "docker" "start" "-a" "34c51754f0e6e0a0bdf0d3ce4ef4ec9f54337a2ae6fbfd5370a1aafcd3a672c7", kill_on_drop: false }`
[INFO] [stderr]    Compiling proc-macro2 v1.0.47
[INFO] [stderr]    Compiling unicode-ident v1.0.5
[INFO] [stderr]    Compiling quote v1.0.21
[INFO] [stderr]    Compiling syn v1.0.103
[INFO] [stderr]    Compiling cc v1.0.76
[INFO] [stderr]    Compiling once_cell v1.16.0
[INFO] [stderr]    Compiling rustls v0.20.8
[INFO] [stderr]    Compiling futures-core v0.3.26
[INFO] [stderr]    Compiling tokio v1.21.2
[INFO] [stderr]    Compiling bytes v1.2.1
[INFO] [stderr]    Compiling itoa v1.0.4
[INFO] [stderr]    Compiling thiserror v1.0.37
[INFO] [stderr]    Compiling socket2 v0.4.7
[INFO] [stderr]    Compiling mio v0.8.5
[INFO] [stderr]    Compiling getrandom v0.2.8
[INFO] [stderr]    Compiling num_cpus v1.14.0
[INFO] [stderr]    Compiling serde v1.0.147
[INFO] [stderr]    Compiling nanorand v0.7.0
[INFO] [stderr]    Compiling spin v0.9.5
[INFO] [stderr]    Compiling openssl-probe v0.1.5
[INFO] [stderr]    Compiling serde_json v1.0.87
[INFO] [stderr]    Compiling futures-sink v0.3.26
[INFO] [stderr]    Compiling rustls-pemfile v0.3.0
[INFO] [stderr]    Compiling rustls-native-certs v0.6.2
[INFO] [stderr]    Compiling pollster v0.2.5
[INFO] [stderr]    Compiling bytes v0.5.6
[INFO] [stderr]    Compiling ryu v1.0.11
[INFO] [stderr]    Compiling http v0.2.9
[INFO] [stderr]    Compiling ring v0.16.20
[INFO] [stderr]    Compiling mqtt4bytes v0.1.7
[INFO] [stderr]    Compiling webpki v0.22.0
[INFO] [stderr]    Compiling sct v0.7.0
[INFO] [stderr]    Compiling pin-project-internal v1.0.12
[INFO] [stderr]    Compiling tokio-macros v1.8.0
[INFO] [stderr]    Compiling thiserror-impl v1.0.37
[INFO] [stderr]    Compiling pin-project v1.0.12
[INFO] [stderr]    Compiling flume v0.10.14
[INFO] [stderr]    Compiling tokio-rustls v0.23.3
[INFO] [stderr]    Compiling rumqttc v0.15.0
[INFO] [stderr]    Compiling aws-iot-device-sdk-rust v0.2.1 (/opt/rustwide/workdir)
[INFO] [stderr]     Finished dev [unoptimized + debuginfo] target(s) in 24.56s
[INFO] running `Command { std: "docker" "inspect" "34c51754f0e6e0a0bdf0d3ce4ef4ec9f54337a2ae6fbfd5370a1aafcd3a672c7", kill_on_drop: false }`
[INFO] running `Command { std: "docker" "rm" "-f" "34c51754f0e6e0a0bdf0d3ce4ef4ec9f54337a2ae6fbfd5370a1aafcd3a672c7", kill_on_drop: false }`
[INFO] [stdout] 34c51754f0e6e0a0bdf0d3ce4ef4ec9f54337a2ae6fbfd5370a1aafcd3a672c7
[INFO] running `Command { std: "docker" "create" "-v" "/var/lib/crater-agent-workspace/builds/worker-5-tc1/target:/opt/rustwide/target:rw,Z" "-v" "/var/lib/crater-agent-workspace/builds/worker-5-tc1/source:/opt/rustwide/workdir:ro,Z" "-v" "/var/lib/crater-agent-workspace/cargo-home:/opt/rustwide/cargo-home:ro,Z" "-v" "/var/lib/crater-agent-workspace/rustup-home:/opt/rustwide/rustup-home:ro,Z" "-e" "SOURCE_DIR=/opt/rustwide/workdir" "-e" "CARGO_TARGET_DIR=/opt/rustwide/target" "-e" "CARGO_INCREMENTAL=0" "-e" "RUST_BACKTRACE=full" "-e" "RUSTFLAGS=--cap-lints=warn" "-e" "RUSTDOCFLAGS=--cap-lints=warn" "-e" "CARGO_HOME=/opt/rustwide/cargo-home" "-e" "RUSTUP_HOME=/opt/rustwide/rustup-home" "-w" "/opt/rustwide/workdir" "-m" "1610612736" "--user" "0:0" "--network" "none" "ghcr.io/rust-lang/crates-build-env/linux@sha256:5ff2268d62e97bff2cde7d5815dd6ed5b47097566f13b8d0ca110b04b60e07ed" "/opt/rustwide/cargo-home/bin/cargo" "+1.69.0" "test" "--frozen" "--no-run" "--message-format=json", kill_on_drop: false }`
[INFO] [stdout] 9cfe6b878613501cd3df496479ec8a0829c57ebacf8d0ffb1313bd1c24654459
[INFO] running `Command { std: "docker" "start" "-a" "9cfe6b878613501cd3df496479ec8a0829c57ebacf8d0ffb1313bd1c24654459", kill_on_drop: false }`
[INFO] [stderr]    Compiling aws-iot-device-sdk-rust v0.2.1 (/opt/rustwide/workdir)
[INFO] [stderr]     Finished test [unoptimized + debuginfo] target(s) in 0.69s
[INFO] running `Command { std: "docker" "inspect" "9cfe6b878613501cd3df496479ec8a0829c57ebacf8d0ffb1313bd1c24654459", kill_on_drop: false }`
[INFO] running `Command { std: "docker" "rm" "-f" "9cfe6b878613501cd3df496479ec8a0829c57ebacf8d0ffb1313bd1c24654459", kill_on_drop: false }`
[INFO] [stdout] 9cfe6b878613501cd3df496479ec8a0829c57ebacf8d0ffb1313bd1c24654459
[INFO] running `Command { std: "docker" "create" "-v" "/var/lib/crater-agent-workspace/builds/worker-5-tc1/target:/opt/rustwide/target:rw,Z" "-v" "/var/lib/crater-agent-workspace/builds/worker-5-tc1/source:/opt/rustwide/workdir:ro,Z" "-v" "/var/lib/crater-agent-workspace/cargo-home:/opt/rustwide/cargo-home:ro,Z" "-v" "/var/lib/crater-agent-workspace/rustup-home:/opt/rustwide/rustup-home:ro,Z" "-e" "SOURCE_DIR=/opt/rustwide/workdir" "-e" "CARGO_TARGET_DIR=/opt/rustwide/target" "-e" "CARGO_INCREMENTAL=0" "-e" "RUST_BACKTRACE=full" "-e" "RUSTFLAGS=--cap-lints=warn" "-e" "RUSTDOCFLAGS=--cap-lints=warn" "-e" "CARGO_HOME=/opt/rustwide/cargo-home" "-e" "RUSTUP_HOME=/opt/rustwide/rustup-home" "-w" "/opt/rustwide/workdir" "-m" "1610612736" "--user" "0:0" "--network" "none" "ghcr.io/rust-lang/crates-build-env/linux@sha256:5ff2268d62e97bff2cde7d5815dd6ed5b47097566f13b8d0ca110b04b60e07ed" "/opt/rustwide/cargo-home/bin/cargo" "+1.69.0" "test" "--frozen", kill_on_drop: false }`
[INFO] [stdout] 75df5ff4ad555a0a2e5086136cf2d11602aa9353470c7ae039d1a71ced2325e4
[INFO] running `Command { std: "docker" "start" "-a" "75df5ff4ad555a0a2e5086136cf2d11602aa9353470c7ae039d1a71ced2325e4", kill_on_drop: false }`
[INFO] [stderr]     Finished test [unoptimized + debuginfo] target(s) in 0.08s
[INFO] [stderr]      Running unittests src/lib.rs (/opt/rustwide/target/debug/deps/aws_iot_device_sdk_rust-081281915deab5db)
[INFO] [stdout] 
[INFO] [stdout] running 0 tests
[INFO] [stdout] 
[INFO] [stderr]    Doc-tests aws-iot-device-sdk-rust
[INFO] [stdout] test result: ok. 0 passed; 0 failed; 0 ignored; 0 measured; 0 filtered out; finished in 0.00s
[INFO] [stdout] 
[INFO] [stdout] 
[INFO] [stdout] running 1 test
[INFO] [stdout] test src/lib.rs - (line 14) - compile ... FAILED
[INFO] [stderr] error: doctest failed, to rerun pass `--doc`
[INFO] [stdout] 
[INFO] [stdout] failures:
[INFO] [stdout] 
[INFO] [stdout] ---- src/lib.rs - (line 14) stdout ----
[INFO] [stdout] error[E0433]: failed to resolve: use of undeclared type `QoS`
[INFO] [stdout]   --> src/lib.rs:28:50
[INFO] [stdout]    |
[INFO] [stdout] 15 |    iot_core_client.subscribe("test".to_string(), QoS::AtMostOnce).await.unwrap();
[INFO] [stdout]    |                                                  ^^^ use of undeclared type `QoS`
[INFO] [stdout] 
[INFO] [stdout] error[E0433]: failed to resolve: use of undeclared type `QoS`
[INFO] [stdout]   --> src/lib.rs:29:49
[INFO] [stdout]    |
[INFO] [stdout] 16 |    iot_core_client.publish("topic".to_string(), QoS::AtMostOnce, "hey").await.unwrap();
[INFO] [stdout]    |                                                 ^^^ use of undeclared type `QoS`
[INFO] [stdout] 
[INFO] [stdout] error[E0433]: failed to resolve: use of undeclared type `Packet`
[INFO] [stdout]   --> src/lib.rs:39:24
[INFO] [stdout]    |
[INFO] [stdout] 26 |                        Packet::Publish(p) => println!("Received message {:?} on topic: {}", p.payload, p.topic),
[INFO] [stdout]    |                        ^^^^^^ use of undeclared type `Packet`
[INFO] [stdout] 
[INFO] [stdout] error[E0405]: cannot find trait `Error` in this scope
[INFO] [stdout]  --> src/lib.rs:16:39
[INFO] [stdout]   |
[INFO] [stdout] 3 | async fn main() -> Result<(), Box<dyn Error>> {
[INFO] [stdout]   |                                       ^^^^^ not found in this scope
[INFO] [stdout]   |
[INFO] [stdout] help: consider importing one of these items
[INFO] [stdout]   |
[INFO] [stdout] 2 | use core::error::Error;
[INFO] [stdout]   |
[INFO] [stdout] 2 | use std::error::Error;
[INFO] [stdout]   |
[INFO] [stdout] 
[INFO] [stdout] error[E0433]: failed to resolve: use of undeclared crate or module `client`
[INFO] [stdout]  --> src/lib.rs:17:23
[INFO] [stdout]   |
[INFO] [stdout] 4 |    let aws_settings = client::AWSIoTSettings::new(
[INFO] [stdout]   |                       ^^^^^^ use of undeclared crate or module `client`
[INFO] [stdout]   |
[INFO] [stdout] help: consider importing this struct
[INFO] [stdout]   |
[INFO] [stdout] 2 | use aws_iot_device_sdk_rust::AWSIoTSettings;
[INFO] [stdout]   |
[INFO] [stdout] help: if you import `AWSIoTSettings`, refer to it directly
[INFO] [stdout]   |
[INFO] [stdout] 4 -    let aws_settings = client::AWSIoTSettings::new(
[INFO] [stdout] 4 +    let aws_settings = AWSIoTSettings::new(
[INFO] [stdout]   |
[INFO] [stdout] 
[INFO] [stdout] error[E0433]: failed to resolve: use of undeclared crate or module `client`
[INFO] [stdout]   --> src/lib.rs:26:45
[INFO] [stdout]    |
[INFO] [stdout] 13 |    let (iot_core_client, eventloop_stuff) = client::AWSIoTAsyncClient::new(aws_settings).await?;
[INFO] [stdout]    |                                             ^^^^^^ use of undeclared crate or module `client`
[INFO] [stdout]    |
[INFO] [stdout] help: consider importing this struct
[INFO] [stdout]    |
[INFO] [stdout] 2  | use aws_iot_device_sdk_rust::AWSIoTAsyncClient;
[INFO] [stdout]    |
[INFO] [stdout] help: if you import `AWSIoTAsyncClient`, refer to it directly
[INFO] [stdout]    |
[INFO] [stdout] 13 -    let (iot_core_client, eventloop_stuff) = client::AWSIoTAsyncClient::new(aws_settings).await?;
[INFO] [stdout] 13 +    let (iot_core_client, eventloop_stuff) = AWSIoTAsyncClient::new(aws_settings).await?;
[INFO] [stdout]    |
[INFO] [stdout] 
[INFO] [stdout] error[E0433]: failed to resolve: use of undeclared crate or module `client`
[INFO] [stdout]   --> src/lib.rs:59:12
[INFO] [stdout]    |
[INFO] [stdout] 46 |            client::async_event_loop_listener(eventloop_stuff).await.unwrap();
[INFO] [stdout]    |            ^^^^^^ use of undeclared crate or module `client`
[INFO] [stdout] 
[INFO] [stdout] error: aborting due to 7 previous errors
[INFO] [stdout] 
[INFO] [stdout] Some errors have detailed explanations: E0405, E0433.
[INFO] [stdout] For more information about an error, try `rustc --explain E0405`.
[INFO] [stdout] Couldn't compile the test.
[INFO] [stdout] 
[INFO] [stdout] failures:
[INFO] [stdout]     src/lib.rs - (line 14)
[INFO] [stdout] 
[INFO] [stdout] test result: FAILED. 0 passed; 1 failed; 0 ignored; 0 measured; 0 filtered out; finished in 0.09s
[INFO] [stdout] 
[INFO] running `Command { std: "docker" "inspect" "75df5ff4ad555a0a2e5086136cf2d11602aa9353470c7ae039d1a71ced2325e4", kill_on_drop: false }`
[INFO] running `Command { std: "docker" "rm" "-f" "75df5ff4ad555a0a2e5086136cf2d11602aa9353470c7ae039d1a71ced2325e4", kill_on_drop: false }`
[INFO] [stdout] 75df5ff4ad555a0a2e5086136cf2d11602aa9353470c7ae039d1a71ced2325e4
