[INFO] fetching crate aux-config 0.1.0...
[INFO] testing aux-config-0.1.0 against 1.69.0 for beta-1.70-1
[INFO] extracting crate aux-config 0.1.0 into /workspace/builds/worker-4-tc1/source
[INFO] validating manifest of crates.io crate aux-config 0.1.0 on toolchain 1.69.0
[INFO] running `Command { std: CARGO_HOME="/workspace/cargo-home" RUSTUP_HOME="/workspace/rustup-home" "/workspace/cargo-home/bin/cargo" "+1.69.0" "metadata" "--manifest-path" "Cargo.toml" "--no-deps", kill_on_drop: false }`
[INFO] started tweaking crates.io crate aux-config 0.1.0
[INFO] finished tweaking crates.io crate aux-config 0.1.0
[INFO] tweaked toml for crates.io crate aux-config 0.1.0 written to /workspace/builds/worker-4-tc1/source/Cargo.toml
[INFO] running `Command { std: CARGO_HOME="/workspace/cargo-home" RUSTUP_HOME="/workspace/rustup-home" __CARGO_TEST_CHANNEL_OVERRIDE_DO_NOT_USE_THIS="nightly" "/workspace/cargo-home/bin/cargo" "+1.69.0" "generate-lockfile" "--manifest-path" "Cargo.toml" "-Zno-index-update", kill_on_drop: false }`
[INFO] running `Command { std: CARGO_HOME="/workspace/cargo-home" RUSTUP_HOME="/workspace/rustup-home" "/workspace/cargo-home/bin/cargo" "+1.69.0" "fetch" "--manifest-path" "Cargo.toml", kill_on_drop: false }`
[INFO] [stderr]  Downloading crates ...
[INFO] [stderr]   Downloaded nom v5.1.3
[INFO] running `Command { std: "docker" "create" "-v" "/var/lib/crater-agent-workspace/builds/worker-4-tc1/target:/opt/rustwide/target:rw,Z" "-v" "/var/lib/crater-agent-workspace/builds/worker-4-tc1/source:/opt/rustwide/workdir:ro,Z" "-v" "/var/lib/crater-agent-workspace/cargo-home:/opt/rustwide/cargo-home:ro,Z" "-v" "/var/lib/crater-agent-workspace/rustup-home:/opt/rustwide/rustup-home:ro,Z" "-e" "SOURCE_DIR=/opt/rustwide/workdir" "-e" "CARGO_TARGET_DIR=/opt/rustwide/target" "-e" "CARGO_HOME=/opt/rustwide/cargo-home" "-e" "RUSTUP_HOME=/opt/rustwide/rustup-home" "-w" "/opt/rustwide/workdir" "-m" "1610612736" "--user" "0:0" "--network" "none" "ghcr.io/rust-lang/crates-build-env/linux@sha256:5ff2268d62e97bff2cde7d5815dd6ed5b47097566f13b8d0ca110b04b60e07ed" "/opt/rustwide/cargo-home/bin/cargo" "+1.69.0" "metadata" "--no-deps" "--format-version=1", kill_on_drop: false }`
[INFO] [stdout] 69b385cdc40e9f2ccdb05e2687eeb8e71136947615ee551fa34ec74505cf7ddf
[INFO] running `Command { std: "docker" "start" "-a" "69b385cdc40e9f2ccdb05e2687eeb8e71136947615ee551fa34ec74505cf7ddf", kill_on_drop: false }`
[INFO] running `Command { std: "docker" "inspect" "69b385cdc40e9f2ccdb05e2687eeb8e71136947615ee551fa34ec74505cf7ddf", kill_on_drop: false }`
[INFO] running `Command { std: "docker" "rm" "-f" "69b385cdc40e9f2ccdb05e2687eeb8e71136947615ee551fa34ec74505cf7ddf", kill_on_drop: false }`
[INFO] [stdout] 69b385cdc40e9f2ccdb05e2687eeb8e71136947615ee551fa34ec74505cf7ddf
[INFO] running `Command { std: "docker" "create" "-v" "/var/lib/crater-agent-workspace/builds/worker-4-tc1/target:/opt/rustwide/target:rw,Z" "-v" "/var/lib/crater-agent-workspace/builds/worker-4-tc1/source:/opt/rustwide/workdir:ro,Z" "-v" "/var/lib/crater-agent-workspace/cargo-home:/opt/rustwide/cargo-home:ro,Z" "-v" "/var/lib/crater-agent-workspace/rustup-home:/opt/rustwide/rustup-home:ro,Z" "-e" "SOURCE_DIR=/opt/rustwide/workdir" "-e" "CARGO_TARGET_DIR=/opt/rustwide/target" "-e" "CARGO_INCREMENTAL=0" "-e" "RUST_BACKTRACE=full" "-e" "RUSTFLAGS=--cap-lints=warn" "-e" "RUSTDOCFLAGS=--cap-lints=warn" "-e" "CARGO_HOME=/opt/rustwide/cargo-home" "-e" "RUSTUP_HOME=/opt/rustwide/rustup-home" "-w" "/opt/rustwide/workdir" "-m" "1610612736" "--user" "0:0" "--network" "none" "ghcr.io/rust-lang/crates-build-env/linux@sha256:5ff2268d62e97bff2cde7d5815dd6ed5b47097566f13b8d0ca110b04b60e07ed" "/opt/rustwide/cargo-home/bin/cargo" "+1.69.0" "build" "--frozen" "--message-format=json", kill_on_drop: false }`
[INFO] [stdout] 5ecb140ee0ff87053cdf61d7a42502c75ead7737009f024f5bfa432bd0d53315
[INFO] running `Command { std: "docker" "start" "-a" "5ecb140ee0ff87053cdf61d7a42502c75ead7737009f024f5bfa432bd0d53315", kill_on_drop: false }`
[INFO] [stderr]    Compiling memchr v2.5.0
[INFO] [stderr]    Compiling lexical-core v0.7.6
[INFO] [stderr]    Compiling bitflags v1.3.2
[INFO] [stderr]    Compiling regex-syntax v0.7.1
[INFO] [stderr]    Compiling static_assertions v1.1.0
[INFO] [stderr]    Compiling arrayvec v0.5.2
[INFO] [stderr]    Compiling serde v0.8.23
[INFO] [stderr]    Compiling linked-hash-map v0.5.6
[INFO] [stderr]    Compiling num-traits v0.2.15
[INFO] [stderr]    Compiling nom v5.1.3
[INFO] [stderr]    Compiling rust-ini v0.13.0
[INFO] [stderr]    Compiling toml v0.5.11
[INFO] [stderr]    Compiling yaml-rust v0.4.5
[INFO] [stderr]    Compiling aho-corasick v1.0.1
[INFO] [stderr]    Compiling num-traits v0.1.43
[INFO] [stderr]    Compiling regex v1.8.1
[INFO] [stderr]    Compiling serde-hjson v0.9.1
[INFO] [stderr]    Compiling config v0.11.0
[INFO] [stderr]    Compiling aux-config v0.1.0 (/opt/rustwide/workdir)
[INFO] [stderr]     Finished dev [unoptimized + debuginfo] target(s) in 7.37s
[INFO] running `Command { std: "docker" "inspect" "5ecb140ee0ff87053cdf61d7a42502c75ead7737009f024f5bfa432bd0d53315", kill_on_drop: false }`
[INFO] running `Command { std: "docker" "rm" "-f" "5ecb140ee0ff87053cdf61d7a42502c75ead7737009f024f5bfa432bd0d53315", kill_on_drop: false }`
[INFO] [stdout] 5ecb140ee0ff87053cdf61d7a42502c75ead7737009f024f5bfa432bd0d53315
[INFO] running `Command { std: "docker" "create" "-v" "/var/lib/crater-agent-workspace/builds/worker-4-tc1/target:/opt/rustwide/target:rw,Z" "-v" "/var/lib/crater-agent-workspace/builds/worker-4-tc1/source:/opt/rustwide/workdir:ro,Z" "-v" "/var/lib/crater-agent-workspace/cargo-home:/opt/rustwide/cargo-home:ro,Z" "-v" "/var/lib/crater-agent-workspace/rustup-home:/opt/rustwide/rustup-home:ro,Z" "-e" "SOURCE_DIR=/opt/rustwide/workdir" "-e" "CARGO_TARGET_DIR=/opt/rustwide/target" "-e" "CARGO_INCREMENTAL=0" "-e" "RUST_BACKTRACE=full" "-e" "RUSTFLAGS=--cap-lints=warn" "-e" "RUSTDOCFLAGS=--cap-lints=warn" "-e" "CARGO_HOME=/opt/rustwide/cargo-home" "-e" "RUSTUP_HOME=/opt/rustwide/rustup-home" "-w" "/opt/rustwide/workdir" "-m" "1610612736" "--user" "0:0" "--network" "none" "ghcr.io/rust-lang/crates-build-env/linux@sha256:5ff2268d62e97bff2cde7d5815dd6ed5b47097566f13b8d0ca110b04b60e07ed" "/opt/rustwide/cargo-home/bin/cargo" "+1.69.0" "test" "--frozen" "--no-run" "--message-format=json", kill_on_drop: false }`
[INFO] [stdout] 1d9c9ce1d84df4c5ab66421bbe4320a0a32b42cd4376c1ade0b76448ad4e0089
[INFO] running `Command { std: "docker" "start" "-a" "1d9c9ce1d84df4c5ab66421bbe4320a0a32b42cd4376c1ade0b76448ad4e0089", kill_on_drop: false }`
[INFO] [stderr]    Compiling aux-config v0.1.0 (/opt/rustwide/workdir)
[INFO] [stderr]     Finished test [unoptimized + debuginfo] target(s) in 1.36s
[INFO] running `Command { std: "docker" "inspect" "1d9c9ce1d84df4c5ab66421bbe4320a0a32b42cd4376c1ade0b76448ad4e0089", kill_on_drop: false }`
[INFO] running `Command { std: "docker" "rm" "-f" "1d9c9ce1d84df4c5ab66421bbe4320a0a32b42cd4376c1ade0b76448ad4e0089", kill_on_drop: false }`
[INFO] [stdout] 1d9c9ce1d84df4c5ab66421bbe4320a0a32b42cd4376c1ade0b76448ad4e0089
[INFO] running `Command { std: "docker" "create" "-v" "/var/lib/crater-agent-workspace/builds/worker-4-tc1/target:/opt/rustwide/target:rw,Z" "-v" "/var/lib/crater-agent-workspace/builds/worker-4-tc1/source:/opt/rustwide/workdir:ro,Z" "-v" "/var/lib/crater-agent-workspace/cargo-home:/opt/rustwide/cargo-home:ro,Z" "-v" "/var/lib/crater-agent-workspace/rustup-home:/opt/rustwide/rustup-home:ro,Z" "-e" "SOURCE_DIR=/opt/rustwide/workdir" "-e" "CARGO_TARGET_DIR=/opt/rustwide/target" "-e" "CARGO_INCREMENTAL=0" "-e" "RUST_BACKTRACE=full" "-e" "RUSTFLAGS=--cap-lints=warn" "-e" "RUSTDOCFLAGS=--cap-lints=warn" "-e" "CARGO_HOME=/opt/rustwide/cargo-home" "-e" "RUSTUP_HOME=/opt/rustwide/rustup-home" "-w" "/opt/rustwide/workdir" "-m" "1610612736" "--user" "0:0" "--network" "none" "ghcr.io/rust-lang/crates-build-env/linux@sha256:5ff2268d62e97bff2cde7d5815dd6ed5b47097566f13b8d0ca110b04b60e07ed" "/opt/rustwide/cargo-home/bin/cargo" "+1.69.0" "test" "--frozen", kill_on_drop: false }`
[INFO] [stdout] e5261fd836608c239503b07acc32b048238c3fc7d9eb9f61d01d3728f71cc7f3
[INFO] running `Command { std: "docker" "start" "-a" "e5261fd836608c239503b07acc32b048238c3fc7d9eb9f61d01d3728f71cc7f3", kill_on_drop: false }`
[INFO] [stderr]     Finished test [unoptimized + debuginfo] target(s) in 0.03s
[INFO] [stdout] 
[INFO] [stderr]      Running unittests src/lib.rs (/opt/rustwide/target/debug/deps/aux_config-1c8e11d2c3491554)
[INFO] [stdout] running 0 tests
[INFO] [stderr]    Doc-tests aux-config
[INFO] [stdout] 
[INFO] [stdout] test result: ok. 0 passed; 0 failed; 0 ignored; 0 measured; 0 filtered out; finished in 0.00s
[INFO] [stdout] 
[INFO] [stdout] 
[INFO] [stdout] running 2 tests
[INFO] [stdout] test src/lib.rs - APP_CONFIG (line 11) ... FAILED
[INFO] [stdout] test src/lib.rs - config_keys (line 34) ... FAILED
[INFO] [stdout] 
[INFO] [stdout] failures:
[INFO] [stdout] 
[INFO] [stdout] ---- src/lib.rs - APP_CONFIG (line 11) stdout ----
[INFO] [stdout] error[E0432]: unresolved import `aux_svc`
[INFO] [stdout]  --> src/lib.rs:12:5
[INFO] [stdout]   |
[INFO] [stdout] 3 | use aux_svc::APP_CONFIG;
[INFO] [stdout]   |     ^^^^^^^ use of undeclared crate or module `aux_svc`
[INFO] [stdout] 
[INFO] [stdout] error: aborting due to previous error
[INFO] [stdout] 
[INFO] [stdout] For more information about this error, try `rustc --explain E0432`.
[INFO] [stdout] Couldn't compile the test.
[INFO] [stdout] ---- src/lib.rs - config_keys (line 34) stdout ----
[INFO] [stdout] error[E0433]: failed to resolve: use of undeclared crate or module `aux_svc`
[INFO] [stdout]  --> src/lib.rs:35:1
[INFO] [stdout]   |
[INFO] [stdout] 3 | aux_svc::config_keys! {
[INFO] [stdout]   | ^^^^^^^ use of undeclared crate or module `aux_svc`
[INFO] [stdout] 
[INFO] [stdout] error[E0433]: failed to resolve: use of undeclared type `ConfigKey`
[INFO] [stdout]  --> src/lib.rs:38:16
[INFO] [stdout]   |
[INFO] [stdout] 6 | println!("{}", ConfigKey::MYSQL_URL);
[INFO] [stdout]   |                ^^^^^^^^^ use of undeclared type `ConfigKey`
[INFO] [stdout] 
[INFO] [stdout] error: aborting due to 2 previous errors
[INFO] [stdout] 
[INFO] [stdout] For more information about this error, try `rustc --explain E0433`.
[INFO] [stdout] Couldn't compile the test.
[INFO] [stdout] 
[INFO] [stdout] failures:
[INFO] [stdout]     src/lib.rs - APP_CONFIG (line 11)
[INFO] [stdout]     src/lib.rs - config_keys (line 34)
[INFO] [stdout] 
[INFO] [stdout] test result: FAILED. 0 passed; 2 failed; 0 ignored; 0 measured; 0 filtered out; finished in 0.07s
[INFO] [stdout] 
[INFO] [stderr] error: doctest failed, to rerun pass `--doc`
[INFO] running `Command { std: "docker" "inspect" "e5261fd836608c239503b07acc32b048238c3fc7d9eb9f61d01d3728f71cc7f3", kill_on_drop: false }`
[INFO] running `Command { std: "docker" "rm" "-f" "e5261fd836608c239503b07acc32b048238c3fc7d9eb9f61d01d3728f71cc7f3", kill_on_drop: false }`
[INFO] [stdout] e5261fd836608c239503b07acc32b048238c3fc7d9eb9f61d01d3728f71cc7f3
