[INFO] fetching crate autograd 2.0.0-rc3...
[INFO] testing autograd-2.0.0-rc3 against beta-2023-04-20 for beta-1.70-1
[INFO] extracting crate autograd 2.0.0-rc3 into /workspace/builds/worker-2-tc2/source
[INFO] validating manifest of crates.io crate autograd 2.0.0-rc3 on toolchain beta-2023-04-20
[INFO] running `Command { std: CARGO_HOME="/workspace/cargo-home" RUSTUP_HOME="/workspace/rustup-home" "/workspace/cargo-home/bin/cargo" "+beta-2023-04-20" "metadata" "--manifest-path" "Cargo.toml" "--no-deps", kill_on_drop: false }`
[INFO] started tweaking crates.io crate autograd 2.0.0-rc3
[INFO] removed 0 missing examples
[INFO] finished tweaking crates.io crate autograd 2.0.0-rc3
[INFO] tweaked toml for crates.io crate autograd 2.0.0-rc3 written to /workspace/builds/worker-2-tc2/source/Cargo.toml
[INFO] crate crates.io crate autograd 2.0.0-rc3 already has a lockfile, it will not be regenerated
[INFO] running `Command { std: CARGO_HOME="/workspace/cargo-home" RUSTUP_HOME="/workspace/rustup-home" "/workspace/cargo-home/bin/cargo" "+beta-2023-04-20" "fetch" "--manifest-path" "Cargo.toml", kill_on_drop: false }`
[INFO] [stderr]     Updating crates.io index
[INFO] [stderr]     Blocking waiting for file lock on package cache
[INFO] [stderr]  Downloading crates ...
[INFO] [stderr]   Downloaded serde_derive v1.0.130
[INFO] [stderr]   Downloaded approx v0.4.0
[INFO] [stderr]   Downloaded smallvec v1.5.1
[INFO] [stderr]   Downloaded serde v1.0.130
[INFO] [stderr]   Downloaded openssl-probe v0.1.4
[INFO] [stderr]   Downloaded serde_json v1.0.69
[INFO] [stderr]   Downloaded syn v1.0.81
[INFO] [stderr]   Downloaded accelerate-src v0.3.2
[INFO] [stderr]   Downloaded xattr v0.2.2
[INFO] [stderr]   Downloaded rand_distr v0.4.0
[INFO] [stderr]   Downloaded dirs v3.0.2
[INFO] [stderr]   Downloaded filetime v0.2.15
[INFO] [stderr]   Downloaded addr2line v0.17.0
[INFO] [stderr]   Downloaded getrandom v0.2.0
[INFO] [stderr]   Downloaded tar v0.4.37
[INFO] [stderr]   Downloaded rand v0.8.0
[INFO] [stderr]   Downloaded quote v1.0.10
[INFO] [stderr]   Downloaded backtrace v0.3.63
[INFO] [stderr]   Downloaded openssl-sys v0.9.70
[INFO] [stderr]   Downloaded cblas-sys v0.1.4
[INFO] [stderr]   Downloaded curl v0.4.40
[INFO] [stderr]   Downloaded blas-src v0.8.0
[INFO] [stderr]   Downloaded intel-mkl-tool v0.1.0
[INFO] [stderr]   Downloaded gimli v0.26.1
[INFO] [stderr]   Downloaded libc v0.2.107
[INFO] [stderr]   Downloaded libz-sys v1.1.3
[INFO] [stderr]   Downloaded curl-sys v0.4.50+curl-7.79.1
[INFO] [stderr]   Downloaded intel-mkl-src v0.5.0
[INFO] [stderr]   Downloaded ndarray v0.14.0
[INFO] [stderr]   Downloaded object v0.27.1
[INFO] [stderr]   Downloaded rawpointer v0.2.1
[INFO] [stderr]   Downloaded num-bigint v0.3.1
[INFO] [stderr]   Downloaded rand_core v0.6.0
[INFO] [stderr]   Downloaded socket2 v0.4.2
[INFO] [stderr]   Downloaded dirs v2.0.2
[INFO] [stderr]   Downloaded pkg-config v0.3.22
[INFO] [stderr]   Downloaded jobserver v0.1.24
[INFO] [stderr]   Downloaded matrixmultiply v0.2.4
[INFO] [stderr]   Downloaded rand_chacha v0.3.0
[INFO] [stderr]   Downloaded special v0.8.1
[INFO] [stderr]   Downloaded openblas-build v0.1.1
[INFO] [stderr]   Downloaded openblas-src v0.10.4
[INFO] [stderr]   Downloaded redox_users v0.4.0
[INFO] [stderr]   Downloaded zstd-sys v1.4.18+zstd.1.4.7
[INFO] [stderr]   Downloaded dirs-sys v0.3.6
[INFO] [stderr]   Downloaded redox_syscall v0.2.10
[INFO] [stderr]   Downloaded cc v1.0.72
[INFO] [stderr]   Downloaded zstd-safe v2.0.6+zstd.1.4.7
[INFO] [stderr]   Downloaded zstd v0.5.4+zstd.1.4.7
[INFO] [stderr]   Downloaded libm v0.2.1
[INFO] [stderr]   Downloaded rand_hc v0.3.0
[INFO] [stderr]   Downloaded rand_xorshift v0.3.0
[INFO] [stderr]   Downloaded proc-macro2 v1.0.32
[INFO] running `Command { std: "docker" "create" "-v" "/var/lib/crater-agent-workspace/builds/worker-2-tc2/target:/opt/rustwide/target:rw,Z" "-v" "/var/lib/crater-agent-workspace/builds/worker-2-tc2/source:/opt/rustwide/workdir:ro,Z" "-v" "/var/lib/crater-agent-workspace/cargo-home:/opt/rustwide/cargo-home:ro,Z" "-v" "/var/lib/crater-agent-workspace/rustup-home:/opt/rustwide/rustup-home:ro,Z" "-e" "SOURCE_DIR=/opt/rustwide/workdir" "-e" "CARGO_TARGET_DIR=/opt/rustwide/target" "-e" "CARGO_HOME=/opt/rustwide/cargo-home" "-e" "RUSTUP_HOME=/opt/rustwide/rustup-home" "-w" "/opt/rustwide/workdir" "-m" "1610612736" "--user" "0:0" "--network" "none" "ghcr.io/rust-lang/crates-build-env/linux@sha256:5ff2268d62e97bff2cde7d5815dd6ed5b47097566f13b8d0ca110b04b60e07ed" "/opt/rustwide/cargo-home/bin/cargo" "+beta-2023-04-20" "metadata" "--no-deps" "--format-version=1", kill_on_drop: false }`
[INFO] [stdout] 16123db5df8376b7a778bed8f930df6d30d986892e6b12a1f202490f7f2219e5
[INFO] running `Command { std: "docker" "start" "-a" "16123db5df8376b7a778bed8f930df6d30d986892e6b12a1f202490f7f2219e5", kill_on_drop: false }`
[INFO] running `Command { std: "docker" "inspect" "16123db5df8376b7a778bed8f930df6d30d986892e6b12a1f202490f7f2219e5", kill_on_drop: false }`
[INFO] running `Command { std: "docker" "rm" "-f" "16123db5df8376b7a778bed8f930df6d30d986892e6b12a1f202490f7f2219e5", kill_on_drop: false }`
[INFO] [stdout] 16123db5df8376b7a778bed8f930df6d30d986892e6b12a1f202490f7f2219e5
[INFO] running `Command { std: "docker" "create" "-v" "/var/lib/crater-agent-workspace/builds/worker-2-tc2/target:/opt/rustwide/target:rw,Z" "-v" "/var/lib/crater-agent-workspace/builds/worker-2-tc2/source:/opt/rustwide/workdir:ro,Z" "-v" "/var/lib/crater-agent-workspace/cargo-home:/opt/rustwide/cargo-home:ro,Z" "-v" "/var/lib/crater-agent-workspace/rustup-home:/opt/rustwide/rustup-home:ro,Z" "-e" "SOURCE_DIR=/opt/rustwide/workdir" "-e" "CARGO_TARGET_DIR=/opt/rustwide/target" "-e" "CARGO_INCREMENTAL=0" "-e" "RUST_BACKTRACE=full" "-e" "RUSTFLAGS=--cap-lints=warn" "-e" "RUSTDOCFLAGS=--cap-lints=warn" "-e" "CARGO_HOME=/opt/rustwide/cargo-home" "-e" "RUSTUP_HOME=/opt/rustwide/rustup-home" "-w" "/opt/rustwide/workdir" "-m" "1610612736" "--user" "0:0" "--network" "none" "ghcr.io/rust-lang/crates-build-env/linux@sha256:5ff2268d62e97bff2cde7d5815dd6ed5b47097566f13b8d0ca110b04b60e07ed" "/opt/rustwide/cargo-home/bin/cargo" "+beta-2023-04-20" "build" "--frozen" "--message-format=json", kill_on_drop: false }`
[INFO] [stdout] 01c0369d23c26519f09e57cf1ee2b502e32fcb2533a2509a304f10bcd5298ca6
[INFO] running `Command { std: "docker" "start" "-a" "01c0369d23c26519f09e57cf1ee2b502e32fcb2533a2509a304f10bcd5298ca6", kill_on_drop: false }`
[INFO] [stderr]    Compiling libc v0.2.107
[INFO] [stderr]    Compiling libm v0.2.1
[INFO] [stderr]    Compiling num-traits v0.2.14
[INFO] [stderr]    Compiling getrandom v0.2.0
[INFO] [stderr]    Compiling num-integer v0.1.44
[INFO] [stderr]    Compiling cfg-if v0.1.10
[INFO] [stderr]    Compiling proc-macro2 v1.0.32
[INFO] [stderr]    Compiling num-bigint v0.3.1
[INFO] [stderr]    Compiling serde v1.0.130
[INFO] [stderr]    Compiling unicode-xid v0.2.2
[INFO] [stderr]    Compiling num-rational v0.3.2
[INFO] [stderr]    Compiling num-iter v0.1.42
[INFO] [stderr]    Compiling ppv-lite86 v0.2.10
[INFO] [stderr]    Compiling ryu v1.0.5
[INFO] [stderr]    Compiling syn v1.0.81
[INFO] [stderr]    Compiling serde_derive v1.0.130
[INFO] [stderr]    Compiling serde_json v1.0.69
[INFO] [stderr]    Compiling rawpointer v0.2.1
[INFO] [stderr]    Compiling ndarray v0.14.0
[INFO] [stderr]    Compiling matrixmultiply v0.2.4
[INFO] [stderr]    Compiling itoa v0.4.8
[INFO] [stderr]    Compiling smallvec v1.5.1
[INFO] [stderr]    Compiling rustc-hash v1.1.0
[INFO] [stderr]    Compiling quote v1.0.10
[INFO] [stderr]    Compiling num_cpus v1.13.0
[INFO] [stderr]    Compiling special v0.8.1
[INFO] [stderr]    Compiling rand_core v0.6.0
[INFO] [stderr]    Compiling uuid v0.8.2
[INFO] [stderr]    Compiling rayon-core v1.9.0
[INFO] [stderr]    Compiling rand_chacha v0.3.0
[INFO] [stderr]    Compiling rand_xorshift v0.3.0
[INFO] [stderr]    Compiling num-complex v0.3.1
[INFO] [stderr]    Compiling approx v0.4.0
[INFO] [stderr]    Compiling rand v0.8.0
[INFO] [stderr]    Compiling rayon v1.5.0
[INFO] [stderr]    Compiling rand_distr v0.4.0
[INFO] [stderr]    Compiling num v0.3.1
[INFO] [stderr]    Compiling autograd v2.0.0-rc3 (/opt/rustwide/workdir)
[INFO] [stderr]     Finished dev [unoptimized + debuginfo] target(s) in 15.33s
[INFO] running `Command { std: "docker" "inspect" "01c0369d23c26519f09e57cf1ee2b502e32fcb2533a2509a304f10bcd5298ca6", kill_on_drop: false }`
[INFO] running `Command { std: "docker" "rm" "-f" "01c0369d23c26519f09e57cf1ee2b502e32fcb2533a2509a304f10bcd5298ca6", kill_on_drop: false }`
[INFO] [stdout] 01c0369d23c26519f09e57cf1ee2b502e32fcb2533a2509a304f10bcd5298ca6
[INFO] running `Command { std: "docker" "create" "-v" "/var/lib/crater-agent-workspace/builds/worker-2-tc2/target:/opt/rustwide/target:rw,Z" "-v" "/var/lib/crater-agent-workspace/builds/worker-2-tc2/source:/opt/rustwide/workdir:ro,Z" "-v" "/var/lib/crater-agent-workspace/cargo-home:/opt/rustwide/cargo-home:ro,Z" "-v" "/var/lib/crater-agent-workspace/rustup-home:/opt/rustwide/rustup-home:ro,Z" "-e" "SOURCE_DIR=/opt/rustwide/workdir" "-e" "CARGO_TARGET_DIR=/opt/rustwide/target" "-e" "CARGO_INCREMENTAL=0" "-e" "RUST_BACKTRACE=full" "-e" "RUSTFLAGS=--cap-lints=warn" "-e" "RUSTDOCFLAGS=--cap-lints=warn" "-e" "CARGO_HOME=/opt/rustwide/cargo-home" "-e" "RUSTUP_HOME=/opt/rustwide/rustup-home" "-w" "/opt/rustwide/workdir" "-m" "1610612736" "--user" "0:0" "--network" "none" "ghcr.io/rust-lang/crates-build-env/linux@sha256:5ff2268d62e97bff2cde7d5815dd6ed5b47097566f13b8d0ca110b04b60e07ed" "/opt/rustwide/cargo-home/bin/cargo" "+beta-2023-04-20" "test" "--frozen" "--no-run" "--message-format=json", kill_on_drop: false }`
[INFO] [stdout] 8a222d65e1d3e12e69efd40998987c0bf82c48f701e582d5e5022ac2292233e9
[INFO] running `Command { std: "docker" "start" "-a" "8a222d65e1d3e12e69efd40998987c0bf82c48f701e582d5e5022ac2292233e9", kill_on_drop: false }`
[INFO] [stderr]    Compiling autograd v2.0.0-rc3 (/opt/rustwide/workdir)
[INFO] [stdout] warning: use of deprecated method `ndarray::numeric::impl_numeric::<impl ndarray::ArrayBase<S, D>>::all_close`: Use `abs_diff_eq` - it requires the `approx` crate feature
[INFO] [stdout]  --> tests/test_array_gen.rs:9:15
[INFO] [stdout]   |
[INFO] [stdout] 9 |     assert!(a.all_close(&ndarray::arr1(&[0.5, 0.5, 0.5]), 0.5));
[INFO] [stdout]   |               ^^^^^^^^^
[INFO] [stdout]   |
[INFO] [stdout]   = note: `#[warn(deprecated)]` on by default
[INFO] [stdout] 
[INFO] [stdout] 
[INFO] [stdout] warning: use of deprecated method `ndarray::numeric::impl_numeric::<impl ndarray::ArrayBase<S, D>>::all_close`: Use `abs_diff_eq` - it requires the `approx` crate feature
[INFO] [stdout]   --> tests/test_array_gen.rs:36:15
[INFO] [stdout]    |
[INFO] [stdout] 36 |     assert!(a.all_close(&ndarray::arr1(&[0.5, 0.5, 0.5]), 0.5));
[INFO] [stdout]    |               ^^^^^^^^^
[INFO] [stdout] 
[INFO] [stdout] 
[INFO] [stdout] warning: use of deprecated method `ndarray::numeric::impl_numeric::<impl ndarray::ArrayBase<S, D>>::all_close`: Use `abs_diff_eq` - it requires the `approx` crate feature
[INFO] [stdout]    --> tests/test_tensor_ops_eval.rs:117:13
[INFO] [stdout]     |
[INFO] [stdout] 117 |         ret.all_close(&ans, 1e-4);
[INFO] [stdout]     |             ^^^^^^^^^
[INFO] [stdout]     |
[INFO] [stdout]     = note: `#[warn(deprecated)]` on by default
[INFO] [stdout] 
[INFO] [stdout] 
[INFO] [stdout] warning: use of deprecated method `ndarray::numeric::impl_numeric::<impl ndarray::ArrayBase<S, D>>::all_close`: Use `abs_diff_eq` - it requires the `approx` crate feature
[INFO] [stdout]    --> tests/test_tensor_ops_eval.rs:131:21
[INFO] [stdout]     |
[INFO] [stdout] 131 |         assert!(ret.all_close(&ans, 1e-4));
[INFO] [stdout]     |                     ^^^^^^^^^
[INFO] [stdout] 
[INFO] [stdout] 
[INFO] [stdout] warning: use of deprecated method `ndarray::numeric::impl_numeric::<impl ndarray::ArrayBase<S, D>>::all_close`: Use `abs_diff_eq` - it requires the `approx` crate feature
[INFO] [stdout]    --> tests/test_tensor_ops_eval.rs:149:21
[INFO] [stdout]     |
[INFO] [stdout] 149 |         assert!(ret.all_close(&ans, 1e-4));
[INFO] [stdout]     |                     ^^^^^^^^^
[INFO] [stdout] 
[INFO] [stdout] 
[INFO] [stdout] warning: use of deprecated method `ndarray::numeric::impl_numeric::<impl ndarray::ArrayBase<S, D>>::all_close`: Use `abs_diff_eq` - it requires the `approx` crate feature
[INFO] [stdout]    --> tests/test_tensor_ops_eval.rs:166:21
[INFO] [stdout]     |
[INFO] [stdout] 166 |         assert!(ret.all_close(&ans, 1e-4));
[INFO] [stdout]     |                     ^^^^^^^^^
[INFO] [stdout] 
[INFO] [stdout] 
[INFO] [stdout] warning: use of deprecated method `ndarray::numeric::impl_numeric::<impl ndarray::ArrayBase<S, D>>::all_close`: Use `abs_diff_eq` - it requires the `approx` crate feature
[INFO] [stdout]    --> tests/test_tensor_ops_eval.rs:182:21
[INFO] [stdout]     |
[INFO] [stdout] 182 |         assert!(ret.all_close(&ans, 1e-4));
[INFO] [stdout]     |                     ^^^^^^^^^
[INFO] [stdout] 
[INFO] [stdout] 
[INFO] [stdout] warning: unused `Result` that must be used
[INFO] [stdout]   --> tests/test_core.rs:34:9
[INFO] [stdout]    |
[INFO] [stdout] 34 |         c.eval(g);
[INFO] [stdout]    |         ^^^^^^^^^
[INFO] [stdout]    |
[INFO] [stdout]    = note: this `Result` may be an `Err` variant, which should be handled
[INFO] [stdout]    = note: `#[warn(unused_must_use)]` on by default
[INFO] [stdout] help: use `let _ = ...` to ignore the resulting value
[INFO] [stdout]    |
[INFO] [stdout] 34 |         let _ = c.eval(g);
[INFO] [stdout]    |         +++++++
[INFO] [stdout] 
[INFO] [stdout] 
[INFO] [stdout] warning: unused `Result` that must be used
[INFO] [stdout]   --> tests/test_core.rs:45:9
[INFO] [stdout]    |
[INFO] [stdout] 45 |         c.eval(g);
[INFO] [stdout]    |         ^^^^^^^^^
[INFO] [stdout]    |
[INFO] [stdout]    = note: this `Result` may be an `Err` variant, which should be handled
[INFO] [stdout] help: use `let _ = ...` to ignore the resulting value
[INFO] [stdout]    |
[INFO] [stdout] 45 |         let _ = c.eval(g);
[INFO] [stdout]    |         +++++++
[INFO] [stdout] 
[INFO] [stdout] 
[INFO] [stdout] warning: use of deprecated method `test_array_gen::ndarray::numeric::impl_numeric::<impl test_array_gen::ndarray::ArrayBase<S, D>>::all_close`: Use `abs_diff_eq` - it requires the `approx` crate feature
[INFO] [stdout]  --> tests/test_array_gen.rs:9:15
[INFO] [stdout]   |
[INFO] [stdout] 9 |     assert!(a.all_close(&ndarray::arr1(&[0.5, 0.5, 0.5]), 0.5));
[INFO] [stdout]   |               ^^^^^^^^^
[INFO] [stdout]   |
[INFO] [stdout]   = note: `#[warn(deprecated)]` on by default
[INFO] [stdout] 
[INFO] [stdout] 
[INFO] [stdout] warning: use of deprecated method `test_array_gen::ndarray::numeric::impl_numeric::<impl test_array_gen::ndarray::ArrayBase<S, D>>::all_close`: Use `abs_diff_eq` - it requires the `approx` crate feature
[INFO] [stdout]   --> tests/test_array_gen.rs:36:15
[INFO] [stdout]    |
[INFO] [stdout] 36 |     assert!(a.all_close(&ndarray::arr1(&[0.5, 0.5, 0.5]), 0.5));
[INFO] [stdout]    |               ^^^^^^^^^
[INFO] [stdout] 
[INFO] [stdout] 
[INFO] [stdout] warning: use of deprecated method `test_array_gen::ndarray::numeric::impl_numeric::<impl test_array_gen::ndarray::ArrayBase<S, D>>::all_close`: Use `abs_diff_eq` - it requires the `approx` crate feature
[INFO] [stdout]    --> tests/test_tensor_ops_eval.rs:117:13
[INFO] [stdout]     |
[INFO] [stdout] 117 |         ret.all_close(&ans, 1e-4);
[INFO] [stdout]     |             ^^^^^^^^^
[INFO] [stdout] 
[INFO] [stdout] 
[INFO] [stdout] warning: use of deprecated method `test_array_gen::ndarray::numeric::impl_numeric::<impl test_array_gen::ndarray::ArrayBase<S, D>>::all_close`: Use `abs_diff_eq` - it requires the `approx` crate feature
[INFO] [stdout]    --> tests/test_tensor_ops_eval.rs:131:21
[INFO] [stdout]     |
[INFO] [stdout] 131 |         assert!(ret.all_close(&ans, 1e-4));
[INFO] [stdout]     |                     ^^^^^^^^^
[INFO] [stdout] 
[INFO] [stdout] 
[INFO] [stdout] warning: use of deprecated method `test_array_gen::ndarray::numeric::impl_numeric::<impl test_array_gen::ndarray::ArrayBase<S, D>>::all_close`: Use `abs_diff_eq` - it requires the `approx` crate feature
[INFO] [stdout]    --> tests/test_tensor_ops_eval.rs:149:21
[INFO] [stdout]     |
[INFO] [stdout] 149 |         assert!(ret.all_close(&ans, 1e-4));
[INFO] [stdout]     |                     ^^^^^^^^^
[INFO] [stdout] 
[INFO] [stdout] 
[INFO] [stdout] warning: use of deprecated method `test_array_gen::ndarray::numeric::impl_numeric::<impl test_array_gen::ndarray::ArrayBase<S, D>>::all_close`: Use `abs_diff_eq` - it requires the `approx` crate feature
[INFO] [stdout]    --> tests/test_tensor_ops_eval.rs:166:21
[INFO] [stdout]     |
[INFO] [stdout] 166 |         assert!(ret.all_close(&ans, 1e-4));
[INFO] [stdout]     |                     ^^^^^^^^^
[INFO] [stdout] 
[INFO] [stdout] 
[INFO] [stdout] warning: use of deprecated method `test_array_gen::ndarray::numeric::impl_numeric::<impl test_array_gen::ndarray::ArrayBase<S, D>>::all_close`: Use `abs_diff_eq` - it requires the `approx` crate feature
[INFO] [stdout]    --> tests/test_tensor_ops_eval.rs:182:21
[INFO] [stdout]     |
[INFO] [stdout] 182 |         assert!(ret.all_close(&ans, 1e-4));
[INFO] [stdout]     |                     ^^^^^^^^^
[INFO] [stdout] 
[INFO] [stdout] 
[INFO] [stdout] warning: unused `Result` that must be used
[INFO] [stdout]   --> tests/test_core.rs:34:9
[INFO] [stdout]    |
[INFO] [stdout] 34 |         c.eval(g);
[INFO] [stdout]    |         ^^^^^^^^^
[INFO] [stdout]    |
[INFO] [stdout]    = note: this `Result` may be an `Err` variant, which should be handled
[INFO] [stdout]    = note: `#[warn(unused_must_use)]` on by default
[INFO] [stdout] help: use `let _ = ...` to ignore the resulting value
[INFO] [stdout]    |
[INFO] [stdout] 34 |         let _ = c.eval(g);
[INFO] [stdout]    |         +++++++
[INFO] [stdout] 
[INFO] [stdout] 
[INFO] [stdout] warning: unused `Result` that must be used
[INFO] [stdout]   --> tests/test_core.rs:45:9
[INFO] [stdout]    |
[INFO] [stdout] 45 |         c.eval(g);
[INFO] [stdout]    |         ^^^^^^^^^
[INFO] [stdout]    |
[INFO] [stdout]    = note: this `Result` may be an `Err` variant, which should be handled
[INFO] [stdout] help: use `let _ = ...` to ignore the resulting value
[INFO] [stdout]    |
[INFO] [stdout] 45 |         let _ = c.eval(g);
[INFO] [stdout]    |         +++++++
[INFO] [stdout] 
[INFO] [stdout] 
[INFO] [stdout] warning: use of deprecated method `ndarray::numeric::impl_numeric::<impl ndarray::ArrayBase<S, D>>::all_close`: Use `abs_diff_eq` - it requires the `approx` crate feature
[INFO] [stdout]    --> src/tensor_ops/conv_ops/conv2d_transpose.rs:508:13
[INFO] [stdout]     |
[INFO] [stdout] 508 |     out_val.all_close(&ans, 1e-3);
[INFO] [stdout]     |             ^^^^^^^^^
[INFO] [stdout]     |
[INFO] [stdout]     = note: `#[warn(deprecated)]` on by default
[INFO] [stdout] 
[INFO] [stdout] 
[INFO] [stdout] warning: 2 warnings emitted
[INFO] [stdout] 
[INFO] [stdout] 
[INFO] [stdout] warning: 2 warnings emitted
[INFO] [stdout] 
[INFO] [stdout] 
[INFO] [stdout] warning: 5 warnings emitted
[INFO] [stdout] 
[INFO] [stdout] 
[INFO] [stdout] warning: 1 warning emitted
[INFO] [stdout] 
[INFO] [stdout] 
[INFO] [stdout] warning: 9 warnings emitted
[INFO] [stdout] 
[INFO] [stdout] 
[INFO] [stderr]     Finished test [unoptimized + debuginfo] target(s) in 9.02s
[INFO] running `Command { std: "docker" "inspect" "8a222d65e1d3e12e69efd40998987c0bf82c48f701e582d5e5022ac2292233e9", kill_on_drop: false }`
[INFO] running `Command { std: "docker" "rm" "-f" "8a222d65e1d3e12e69efd40998987c0bf82c48f701e582d5e5022ac2292233e9", kill_on_drop: false }`
[INFO] [stdout] 8a222d65e1d3e12e69efd40998987c0bf82c48f701e582d5e5022ac2292233e9
[INFO] running `Command { std: "docker" "create" "-v" "/var/lib/crater-agent-workspace/builds/worker-2-tc2/target:/opt/rustwide/target:rw,Z" "-v" "/var/lib/crater-agent-workspace/builds/worker-2-tc2/source:/opt/rustwide/workdir:ro,Z" "-v" "/var/lib/crater-agent-workspace/cargo-home:/opt/rustwide/cargo-home:ro,Z" "-v" "/var/lib/crater-agent-workspace/rustup-home:/opt/rustwide/rustup-home:ro,Z" "-e" "SOURCE_DIR=/opt/rustwide/workdir" "-e" "CARGO_TARGET_DIR=/opt/rustwide/target" "-e" "CARGO_INCREMENTAL=0" "-e" "RUST_BACKTRACE=full" "-e" "RUSTFLAGS=--cap-lints=warn" "-e" "RUSTDOCFLAGS=--cap-lints=warn" "-e" "CARGO_HOME=/opt/rustwide/cargo-home" "-e" "RUSTUP_HOME=/opt/rustwide/rustup-home" "-w" "/opt/rustwide/workdir" "-m" "1610612736" "--user" "0:0" "--network" "none" "ghcr.io/rust-lang/crates-build-env/linux@sha256:5ff2268d62e97bff2cde7d5815dd6ed5b47097566f13b8d0ca110b04b60e07ed" "/opt/rustwide/cargo-home/bin/cargo" "+beta-2023-04-20" "test" "--frozen", kill_on_drop: false }`
[INFO] [stdout] 89e75b144fe825bb0f7d2d9911b0b34beefa70506c1ab91f9b397de4fdffd12c
[INFO] running `Command { std: "docker" "start" "-a" "89e75b144fe825bb0f7d2d9911b0b34beefa70506c1ab91f9b397de4fdffd12c", kill_on_drop: false }`
[INFO] [stderr] warning: use of deprecated method `ndarray::numeric::impl_numeric::<impl ndarray::ArrayBase<S, D>>::all_close`: Use `abs_diff_eq` - it requires the `approx` crate feature
[INFO] [stderr]    --> src/tensor_ops/conv_ops/conv2d_transpose.rs:508:13
[INFO] [stderr]     |
[INFO] [stderr] 508 |     out_val.all_close(&ans, 1e-3);
[INFO] [stderr]     |             ^^^^^^^^^
[INFO] [stderr]     |
[INFO] [stderr]     = note: `#[warn(deprecated)]` on by default
[INFO] [stderr] 
[INFO] [stderr] warning: `autograd` (lib test) generated 1 warning
[INFO] [stderr] warning: use of deprecated method `test_array_gen::ndarray::numeric::impl_numeric::<impl test_array_gen::ndarray::ArrayBase<S, D>>::all_close`: Use `abs_diff_eq` - it requires the `approx` crate feature
[INFO] [stderr]  --> tests/test_array_gen.rs:9:15
[INFO] [stderr]   |
[INFO] [stderr] 9 |     assert!(a.all_close(&ndarray::arr1(&[0.5, 0.5, 0.5]), 0.5));
[INFO] [stderr]   |               ^^^^^^^^^
[INFO] [stderr]   |
[INFO] [stderr]   = note: `#[warn(deprecated)]` on by default
[INFO] [stderr] 
[INFO] [stderr] warning: use of deprecated method `test_array_gen::ndarray::numeric::impl_numeric::<impl test_array_gen::ndarray::ArrayBase<S, D>>::all_close`: Use `abs_diff_eq` - it requires the `approx` crate feature
[INFO] [stderr]   --> tests/test_array_gen.rs:36:15
[INFO] [stderr]    |
[INFO] [stderr] 36 |     assert!(a.all_close(&ndarray::arr1(&[0.5, 0.5, 0.5]), 0.5));
[INFO] [stderr]    |               ^^^^^^^^^
[INFO] [stderr] 
[INFO] [stderr] warning: use of deprecated method `test_array_gen::ndarray::numeric::impl_numeric::<impl test_array_gen::ndarray::ArrayBase<S, D>>::all_close`: Use `abs_diff_eq` - it requires the `approx` crate feature
[INFO] [stderr]    --> tests/test_tensor_ops_eval.rs:117:13
[INFO] [stderr]     |
[INFO] [stderr] 117 |         ret.all_close(&ans, 1e-4);
[INFO] [stderr]     |             ^^^^^^^^^
[INFO] [stderr] 
[INFO] [stderr] warning: use of deprecated method `test_array_gen::ndarray::numeric::impl_numeric::<impl test_array_gen::ndarray::ArrayBase<S, D>>::all_close`: Use `abs_diff_eq` - it requires the `approx` crate feature
[INFO] [stderr]    --> tests/test_tensor_ops_eval.rs:131:21
[INFO] [stderr]     |
[INFO] [stderr] 131 |         assert!(ret.all_close(&ans, 1e-4));
[INFO] [stderr]     |                     ^^^^^^^^^
[INFO] [stderr] 
[INFO] [stderr] warning: use of deprecated method `test_array_gen::ndarray::numeric::impl_numeric::<impl test_array_gen::ndarray::ArrayBase<S, D>>::all_close`: Use `abs_diff_eq` - it requires the `approx` crate feature
[INFO] [stderr]    --> tests/test_tensor_ops_eval.rs:149:21
[INFO] [stderr]     |
[INFO] [stderr] 149 |         assert!(ret.all_close(&ans, 1e-4));
[INFO] [stderr]     |                     ^^^^^^^^^
[INFO] [stderr] 
[INFO] [stderr] warning: use of deprecated method `test_array_gen::ndarray::numeric::impl_numeric::<impl test_array_gen::ndarray::ArrayBase<S, D>>::all_close`: Use `abs_diff_eq` - it requires the `approx` crate feature
[INFO] [stderr]    --> tests/test_tensor_ops_eval.rs:166:21
[INFO] [stderr]     |
[INFO] [stderr] 166 |         assert!(ret.all_close(&ans, 1e-4));
[INFO] [stderr]     |                     ^^^^^^^^^
[INFO] [stderr] 
[INFO] [stderr] warning: use of deprecated method `test_array_gen::ndarray::numeric::impl_numeric::<impl test_array_gen::ndarray::ArrayBase<S, D>>::all_close`: Use `abs_diff_eq` - it requires the `approx` crate feature
[INFO] [stderr]    --> tests/test_tensor_ops_eval.rs:182:21
[INFO] [stderr]     |
[INFO] [stderr] 182 |         assert!(ret.all_close(&ans, 1e-4));
[INFO] [stderr]     |                     ^^^^^^^^^
[INFO] [stderr] 
[INFO] [stderr] warning: unused `Result` that must be used
[INFO] [stderr]   --> tests/test_core.rs:34:9
[INFO] [stderr]    |
[INFO] [stderr] 34 |         c.eval(g);
[INFO] [stderr]    |         ^^^^^^^^^
[INFO] [stderr]    |
[INFO] [stderr]    = note: this `Result` may be an `Err` variant, which should be handled
[INFO] [stderr]    = note: `#[warn(unused_must_use)]` on by default
[INFO] [stderr] help: use `let _ = ...` to ignore the resulting value
[INFO] [stderr]    |
[INFO] [stderr] 34 |         let _ = c.eval(g);
[INFO] [stderr]    |         +++++++
[INFO] [stderr] 
[INFO] [stderr] warning: unused `Result` that must be used
[INFO] [stderr]   --> tests/test_core.rs:45:9
[INFO] [stderr]    |
[INFO] [stderr] 45 |         c.eval(g);
[INFO] [stderr]    |         ^^^^^^^^^
[INFO] [stderr]    |
[INFO] [stderr]    = note: this `Result` may be an `Err` variant, which should be handled
[INFO] [stderr] help: use `let _ = ...` to ignore the resulting value
[INFO] [stderr]    |
[INFO] [stderr] 45 |         let _ = c.eval(g);
[INFO] [stderr]    |         +++++++
[INFO] [stderr] 
[INFO] [stderr] warning: use of deprecated method `ndarray::numeric::impl_numeric::<impl ndarray::ArrayBase<S, D>>::all_close`: Use `abs_diff_eq` - it requires the `approx` crate feature
[INFO] [stderr]  --> tests/test_array_gen.rs:9:15
[INFO] [stderr]   |
[INFO] [stderr] 9 |     assert!(a.all_close(&ndarray::arr1(&[0.5, 0.5, 0.5]), 0.5));
[INFO] [stderr]   |               ^^^^^^^^^
[INFO] [stderr]   |
[INFO] [stderr]   = note: `#[warn(deprecated)]` on by default
[INFO] [stderr] 
[INFO] [stderr] warning: use of deprecated method `ndarray::numeric::impl_numeric::<impl ndarray::ArrayBase<S, D>>::all_close`: Use `abs_diff_eq` - it requires the `approx` crate feature
[INFO] [stderr]   --> tests/test_array_gen.rs:36:15
[INFO] [stderr]    |
[INFO] [stderr] 36 |     assert!(a.all_close(&ndarray::arr1(&[0.5, 0.5, 0.5]), 0.5));
[INFO] [stderr]    |               ^^^^^^^^^
[INFO] [stderr] 
[INFO] [stderr] warning: use of deprecated method `ndarray::numeric::impl_numeric::<impl ndarray::ArrayBase<S, D>>::all_close`: Use `abs_diff_eq` - it requires the `approx` crate feature
[INFO] [stderr]    --> tests/test_tensor_ops_eval.rs:117:13
[INFO] [stderr]     |
[INFO] [stderr] 117 |         ret.all_close(&ans, 1e-4);
[INFO] [stderr]     |             ^^^^^^^^^
[INFO] [stderr]     |
[INFO] [stderr]     = note: `#[warn(deprecated)]` on by default
[INFO] [stderr] 
[INFO] [stderr] warning: use of deprecated method `ndarray::numeric::impl_numeric::<impl ndarray::ArrayBase<S, D>>::all_close`: Use `abs_diff_eq` - it requires the `approx` crate feature
[INFO] [stderr]    --> tests/test_tensor_ops_eval.rs:131:21
[INFO] [stderr]     |
[INFO] [stderr] 131 |         assert!(ret.all_close(&ans, 1e-4));
[INFO] [stderr]     |                     ^^^^^^^^^
[INFO] [stderr] 
[INFO] [stderr] warning: use of deprecated method `ndarray::numeric::impl_numeric::<impl ndarray::ArrayBase<S, D>>::all_close`: Use `abs_diff_eq` - it requires the `approx` crate feature
[INFO] [stderr]    --> tests/test_tensor_ops_eval.rs:149:21
[INFO] [stderr]     |
[INFO] [stderr] 149 |         assert!(ret.all_close(&ans, 1e-4));
[INFO] [stderr]     |                     ^^^^^^^^^
[INFO] [stderr] 
[INFO] [stderr] warning: use of deprecated method `ndarray::numeric::impl_numeric::<impl ndarray::ArrayBase<S, D>>::all_close`: Use `abs_diff_eq` - it requires the `approx` crate feature
[INFO] [stderr]    --> tests/test_tensor_ops_eval.rs:166:21
[INFO] [stderr]     |
[INFO] [stderr] 166 |         assert!(ret.all_close(&ans, 1e-4));
[INFO] [stderr]     |                     ^^^^^^^^^
[INFO] [stderr] 
[INFO] [stderr] warning: use of deprecated method `ndarray::numeric::impl_numeric::<impl ndarray::ArrayBase<S, D>>::all_close`: Use `abs_diff_eq` - it requires the `approx` crate feature
[INFO] [stderr]    --> tests/test_tensor_ops_eval.rs:182:21
[INFO] [stderr]     |
[INFO] [stderr] 182 |         assert!(ret.all_close(&ans, 1e-4));
[INFO] [stderr]     |                     ^^^^^^^^^
[INFO] [stderr] 
[INFO] [stderr] warning: `autograd` (test "lib") generated 9 warnings
[INFO] [stderr] warning: `autograd` (test "test_array_gen") generated 2 warnings
[INFO] [stderr] warning: `autograd` (test "test_tensor_ops_eval") generated 5 warnings
[INFO] [stderr] warning: `autograd` (test "test_core") generated 2 warnings (2 duplicates)
[INFO] [stderr]     Finished test [unoptimized + debuginfo] target(s) in 0.05s
[INFO] [stderr]      Running unittests src/lib.rs (/opt/rustwide/target/debug/deps/autograd-1e7dadaf13950efd)
[INFO] [stdout] 
[INFO] [stdout] running 15 tests
[INFO] [stdout] test evaluation::test_constant_eval ... ok
[INFO] [stdout] test evaluation::test_placeholder_eval ... ok
[INFO] [stdout] test evaluation::test_eval3 ... ok
[INFO] [stdout] test evaluation::test_variable_eval ... ok
[INFO] [stdout] test evaluation::test_eval ... ok
[INFO] [stdout] test tensor_ops::conv_ops::max_pool2d::test_max_pool ... ok
[INFO] [stdout] test tensor::test_topo_order ... ok
[INFO] [stdout] test variable::test_env_iter ... ok
[INFO] [stdout] test variable::test_namespace_iter ... ok
[INFO] [stdout] test evaluation::test_eval2 ... ok
[INFO] [stdout] test variable::save_and_load ... ok
[INFO] [stdout] test variable::save_and_init ... ok
[INFO] [stdout] test tensor_ops::conv_ops::test_im2col_batch ... ok
[INFO] [stdout] test tensor_ops::conv_ops::conv2d_transpose::test_deconv ... ok
[INFO] [stdout] test graph::test_mixed_graph - should panic ... ok
[INFO] [stdout] 
[INFO] [stdout] test result: ok. 15 passed; 0 failed; 0 ignored; 0 measured; 0 filtered out; finished in 0.02s
[INFO] [stdout] 
[INFO] [stderr]      Running tests/lib.rs (/opt/rustwide/target/debug/deps/lib-a909457740b9a42e)
[INFO] [stdout] 
[INFO] [stdout] running 131 tests
[INFO] [stdout] test test_array_gen::glorot_uniform ... ok
[INFO] [stdout] test test_array_gen::random_uniform ... ok
[INFO] [stdout] test test_array_gen::random_normal ... ok
[INFO] [stdout] test test_array_gen::standard_normal ... ok
[INFO] [stdout] test test_array_gen::glorot_normal ... ok
[INFO] [stdout] test test_array_gen::standard_uniform ... ok
[INFO] [stdout] test test_binary_ops_eval::scalar_mul ... ok
[INFO] [stdout] test test_binary_ops_eval::slice ... ok
[INFO] [stdout] test test_binary_ops_eval::scalar_div ... ok
[INFO] [stdout] test test_binary_ops_eval::scalar_add ... ok
[INFO] [stdout] test test_binary_ops_eval::scalar_sub ... ok
[INFO] [stdout] test test_binary_ops_eval::slice_negative ... ok
[INFO] [stdout] test test_binary_ops_grad::scalar_div ... ok
[INFO] [stdout] test test_binary_ops_grad::scalar_mul ... ok
[INFO] [stdout] test test_binary_ops_grad::scalar_sub ... ok
[INFO] [stdout] test test_binary_ops_grad::expr0 ... ok
[INFO] [stdout] test test_binary_ops_grad::differentiate_twice ... ok
[INFO] [stdout] test test_binary_ops_grad::expr6 ... ok
[INFO] [stdout] test test_binary_ops_grad::expr1 ... ok
[INFO] [stdout] test test_binary_ops_grad::expr3 ... ok
[INFO] [stdout] test test_binary_ops_grad::scalar_div2 ... ok
[INFO] [stdout] test test_binary_ops_grad::expr5 ... ok
[INFO] [stdout] test test_binary_ops_grad::expr4 ... ok
[INFO] [stdout] test test_binary_ops_grad::scalar_tensor_add2 ... ok
[INFO] [stdout] test test_binary_ops_grad::scalar_tensor_mul ... ok
[INFO] [stdout] test test_binary_ops_grad::scalar_tensor_mul2 ... ok
[INFO] [stdout] test test_binary_ops_grad::scalar_tensor_div2 ... ok
[INFO] [stdout] test test_binary_ops_grad::scalar_tensor_sub ... ok
[INFO] [stdout] test test_binary_ops_grad::expr2 ... ok
[INFO] [stdout] test test_binary_ops_grad::scalar_add ... ok
[INFO] [stdout] test test_binary_ops_grad::scalar_tensor_add ... ok
[INFO] [stdout] test test_binary_ops_grad::scalar_tensor_sub2 ... ok
[INFO] [stdout] test test_binary_ops_grad::scalar_tensor_div ... ok
[INFO] [stdout] test test_core::test_nth_tensor ... ok
[INFO] [stdout] test test_binary_ops_grad::expr7 ... ok
[INFO] [stdout] test test_tensor_ops_eval::reduce_grad ... ok
[INFO] [stdout] test test_tensor_ops_eval::argmax2 ... ok
[INFO] [stdout] test test_tensor_ops_eval::reduce_mean ... ok
[INFO] [stdout] test test_core::test_hook ... ok
[INFO] [stdout] test test_binary_ops_grad::expr8 ... ok
[INFO] [stdout] test test_tensor_ops_eval::argmax ... ok
[INFO] [stdout] test test_tensor_ops_eval::argmax_with_multi_max_args ... ok
[INFO] [stdout] test test_optimizers::test_adagrad ... ok
[INFO] [stdout] test test_tensor_ops_eval::reduce_prod ... ok
[INFO] [stdout] test test_tensor_ops_eval::test_mm ... ok
[INFO] [stdout] test test_tensor_ops_eval::transpose_matmul ... ok
[INFO] [stdout] test test_optimizers::test_momentum ... ok
[INFO] [stdout] test test_optimizers::test_adam ... ok
[INFO] [stdout] test test_tensor_ops_grad::acos ... ok
[INFO] [stdout] test test_tensor_ops_grad::acosh ... ok
[INFO] [stdout] test test_tensor_ops_grad::add ... ok
[INFO] [stdout] test test_tensor_ops_grad::asin ... ok
[INFO] [stdout] test test_tensor_ops_eval::transpose_matmul_square ... ok
[INFO] [stdout] test test_tensor_ops_grad::add_n ... ok
[INFO] [stdout] test test_tensor_ops_grad::atan ... ok
[INFO] [stdout] test test_tensor_ops_grad::asinh ... ok
[INFO] [stdout] test test_tensor_ops_grad::atanh ... ok
[INFO] [stdout] test test_tensor_ops_grad::concat ... ok
[INFO] [stdout] test test_tensor_ops_grad::clip ... ok
[INFO] [stdout] test test_binary_ops_grad::scalar_tensor_mul_g3 ... ok
[INFO] [stdout] test test_tensor_ops_grad::abs ... ok
[INFO] [stdout] test test_tensor_ops_grad::cos ... ok
[INFO] [stdout] test test_tensor_ops_grad::cosh ... ok
[INFO] [stdout] test test_tensor_ops_eval::test_batch_matmul_trans_square_both ... ok
[INFO] [stdout] test test_tensor_ops_eval::test_batch_matmul_trans_not_square ... ok
[INFO] [stdout] test test_tensor_ops_eval::test_batch_matmul_with_copy ... ok
[INFO] [stdout] test test_tensor_ops_eval::test_batch_matmul_trans_square_lhs ... ok
[INFO] [stdout] test test_tensor_ops_eval::test_batch_matmul_normal ... ok
[INFO] [stdout] test test_tensor_ops_grad::dropout ... ok
[INFO] [stdout] test test_tensor_ops_grad::flatten ... ok
[INFO] [stdout] test test_tensor_ops_grad::batch_matmul ... ok
[INFO] [stdout] test test_tensor_ops_grad::elu ... ok
[INFO] [stdout] test test_tensor_ops_grad::expand_dims ... ok
[INFO] [stdout] test test_tensor_ops_grad::exp ... ok
[INFO] [stdout] test test_binary_ops_grad::scalar_tensor_div_g3 ... ok
[INFO] [stdout] test test_tensor_ops_grad::get ... ok
[INFO] [stdout] test test_tensor_ops_grad::lgamma ... ok
[INFO] [stdout] test test_tensor_ops_grad::implicit_broadcast ... ok
[INFO] [stdout] test test_tensor_ops_grad::max_pool2d ... ok
[INFO] [stdout] test test_tensor_ops_grad::ln ... ok
[INFO] [stdout] test test_tensor_ops_grad::conv2d_grad ... ok
[INFO] [stdout] test test_tensor_ops_grad::log_softmax ... ok
[INFO] [stdout] test test_tensor_ops_grad::maximum ... ok
[INFO] [stdout] test test_tensor_ops_grad::max_pool2d_grad ... ok
[INFO] [stdout] test test_tensor_ops_grad::logsumexp ... ok
[INFO] [stdout] test test_tensor_ops_grad::conv2d_transpose ... ok
[INFO] [stdout] test test_tensor_ops_grad::mul ... ok
[INFO] [stdout] test test_tensor_ops_grad::minimum ... ok
[INFO] [stdout] test test_tensor_ops_grad::reciprocal ... ok
[INFO] [stdout] test test_tensor_ops_grad::pow ... ok
[INFO] [stdout] test test_tensor_ops_grad::reduce_max_keep ... ok
[INFO] [stdout] test test_tensor_ops_grad::reduce_max ... ok
[INFO] [stdout] test test_tensor_ops_grad::reduce_mean_keep ... ok
[INFO] [stdout] test test_tensor_ops_grad::reduce_min_keep ... ok
[INFO] [stdout] test test_tensor_ops_grad::neg ... ok
[INFO] [stdout] test test_tensor_ops_grad::matmul ... ok
[INFO] [stdout] test test_tensor_ops_grad::reduce_prod ... ok
[INFO] [stdout] test test_tensor_ops_grad::relu ... ok
[INFO] [stdout] test test_tensor_ops_grad::reduce_mean ... ok
[INFO] [stdout] test test_tensor_ops_grad::sigmoid ... ok
[INFO] [stdout] test test_tensor_ops_grad::reshape ... ok
[INFO] [stdout] test test_tensor_ops_grad::reduce_sum ... ok
[INFO] [stdout] test test_tensor_ops_grad::reduce_min ... ok
[INFO] [stdout] test test_tensor_ops_grad::sin ... ok
[INFO] [stdout] test test_tensor_ops_grad::sinh ... ok
[INFO] [stdout] test test_tensor_ops_grad::sigmoid_cross_entropy ... ok
[INFO] [stdout] test test_tensor_ops_grad::softplus ... ok
[INFO] [stdout] test test_tensor_ops_grad::slice ... ok
[INFO] [stdout] test test_tensor_ops_grad::softmax_cross_entropy ... ok
[INFO] [stdout] test test_tensor_ops_grad::reshape_after_transpose ... ok
[INFO] [stdout] test test_tensor_ops_grad::reduce_sum_keep ... ok
[INFO] [stdout] test test_tensor_ops_grad::primitive_back_propagation_through_time ... ok
[INFO] [stdout] test test_tensor_ops_grad::tanh ... ok
[INFO] [stdout] test test_tensor_ops_grad::sparse_softmax_cross_entropy ... ok
[INFO] [stdout] test test_tensor_ops_grad::split ... ok
[INFO] [stdout] test test_tensor_ops_grad::square ... ok
[INFO] [stdout] test test_tensor_ops_grad::squeeze ... ok
[INFO] [stdout] test test_tensor_ops_grad::tan ... ok
[INFO] [stdout] test test_tensor_ops_grad::sqrt ... ok
[INFO] [stdout] test test_tensor_ops_grad::conv2d_filter_grad - should panic ... ok
[INFO] [stdout] test test_tensor_ops_grad::transpose ... ok
[INFO] [stdout] test test_tensor_ops_grad::conv2d_transpose_filter_grad - should panic ... ok
[INFO] [stdout] test test_tensor_ops_grad::conv2d_x_grad - should panic ... ok
[INFO] [stdout] test test_tensor_ops_grad::reshape_grad - should panic ... ok
[INFO] [stdout] test test_tensor_ops_grad::wx_plus_b ... ok
[INFO] [stdout] test test_tensor_ops_grad::tensordot ... ok
[INFO] [stdout] test test_tensor_ops_grad::transpose_then_reshape_then_mm ... ok
[INFO] [stdout] test test_tensor_ops_grad::conv2d ... ok
[INFO] [stdout] test test_tensor_ops_grad::conv2d_xw_grad ... ok
[INFO] [stdout] test test_tensor_ops_grad::gather ... ok
[INFO] [stdout] test test_core::test_too_many_nodes - should panic ... ok
[INFO] [stdout] 
[INFO] [stdout] test result: ok. 131 passed; 0 failed; 0 ignored; 0 measured; 0 filtered out; finished in 1.22s
[INFO] [stdout] 
[INFO] [stdout] 
[INFO] [stderr]      Running tests/test_array_gen.rs (/opt/rustwide/target/debug/deps/test_array_gen-c0a6659f0b7b950d)
[INFO] [stdout] running 6 tests
[INFO] [stdout] test glorot_normal ... ok
[INFO] [stdout] test random_normal ... ok
[INFO] [stdout] test glorot_uniform ... ok
[INFO] [stdout] test standard_uniform ... ok
[INFO] [stdout] test random_uniform ... ok
[INFO] [stdout] test standard_normal ... ok
[INFO] [stdout] 
[INFO] [stdout] test result: ok. 6 passed; 0 failed; 0 ignored; 0 measured; 0 filtered out; finished in 0.01s
[INFO] [stdout] 
[INFO] [stderr]      Running tests/test_binary_ops_eval.rs (/opt/rustwide/target/debug/deps/test_binary_ops_eval-c7278633ba8738d7)
[INFO] [stdout] 
[INFO] [stdout] running 6 tests
[INFO] [stdout] test slice ... ok
[INFO] [stdout] test scalar_sub ... ok
[INFO] [stdout] test slice_negative ... ok
[INFO] [stdout] test scalar_mul ... ok
[INFO] [stdout] test scalar_div ... ok
[INFO] [stdout] test scalar_add ... ok
[INFO] [stdout] 
[INFO] [stdout] test result: ok. 6 passed; 0 failed; 0 ignored; 0 measured; 0 filtered out; finished in 0.01s
[INFO] [stdout] 
[INFO] [stderr]      Running tests/test_binary_ops_grad.rs (/opt/rustwide/target/debug/deps/test_binary_ops_grad-4474820456f3744c)
[INFO] [stdout] 
[INFO] [stdout] running 25 tests
[INFO] [stdout] test scalar_div ... ok
[INFO] [stdout] test scalar_div2 ... ok
[INFO] [stdout] test expr7 ... ok
[INFO] [stdout] test scalar_add ... ok
[INFO] [stdout] test expr2 ... ok
[INFO] [stdout] test expr8 ... ok
[INFO] [stdout] test scalar_mul ... ok
[INFO] [stdout] test scalar_tensor_add2 ... ok
[INFO] [stdout] test scalar_sub ... ok
[INFO] [stdout] test scalar_tensor_mul2 ... ok
[INFO] [stdout] test expr5 ... ok
[INFO] [stdout] test scalar_tensor_sub ... ok
[INFO] [stdout] test expr3 ... ok
[INFO] [stdout] test scalar_tensor_sub2 ... ok
[INFO] [stdout] test scalar_tensor_add ... ok
[INFO] [stdout] test expr4 ... ok
[INFO] [stdout] test differentiate_twice ... ok
[INFO] [stdout] test scalar_tensor_div ... ok
[INFO] [stdout] test expr1 ... ok
[INFO] [stdout] test expr6 ... ok
[INFO] [stdout] test expr0 ... ok
[INFO] [stdout] test scalar_tensor_mul ... ok
[INFO] [stdout] test scalar_tensor_mul_g3 ... ok
[INFO] [stdout] test scalar_tensor_div2 ... ok
[INFO] [stdout] test scalar_tensor_div_g3 ... ok
[INFO] [stdout] 
[INFO] [stdout] test result: ok. 25 passed; 0 failed; 0 ignored; 0 measured; 0 filtered out; finished in 0.07s
[INFO] [stdout] 
[INFO] [stderr]      Running tests/test_core.rs (/opt/rustwide/target/debug/deps/test_core-3878612d2a7a320d)
[INFO] [stdout] 
[INFO] [stdout] running 3 tests
[INFO] [stdout] test test_hook ... ok
[INFO] [stdout] test test_nth_tensor ... ok
[INFO] [stdout] test test_too_many_nodes - should panic ... ok
[INFO] [stdout] 
[INFO] [stdout] test result: ok. 3 passed; 0 failed; 0 ignored; 0 measured; 0 filtered out; finished in 1.25s
[INFO] [stdout] 
[INFO] [stderr]      Running tests/test_optimizers.rs (/opt/rustwide/target/debug/deps/test_optimizers-7b3d6ebccf042df2)
[INFO] [stdout] 
[INFO] [stdout] running 3 tests
[INFO] [stdout] test test_adam ... ok
[INFO] [stdout] test test_adagrad ... ok
[INFO] [stdout] test test_momentum ... ok
[INFO] [stderr]      Running tests/test_tensor_ops_eval.rs (/opt/rustwide/target/debug/deps/test_tensor_ops_eval-da6dc462eef7f149)
[INFO] [stdout] 
[INFO] [stdout] test result: ok. 3 passed; 0 failed; 0 ignored; 0 measured; 0 filtered out; finished in 0.02s
[INFO] [stdout] 
[INFO] [stdout] 
[INFO] [stdout] running 14 tests
[INFO] [stdout] test argmax2 ... ok
[INFO] [stdout] test reduce_prod ... ok
[INFO] [stdout] test test_mm ... ok
[INFO] [stdout] test transpose_matmul ... ok
[INFO] [stdout] test transpose_matmul_square ... ok
[INFO] [stdout] test reduce_mean ... ok
[INFO] [stdout] test reduce_grad ... ok
[INFO] [stdout] test argmax ... ok
[INFO] [stdout] test argmax_with_multi_max_args ... ok
[INFO] [stdout] test test_batch_matmul_normal ... ok
[INFO] [stdout] test test_batch_matmul_trans_square_both ... ok
[INFO] [stdout] test test_batch_matmul_with_copy ... ok
[INFO] [stdout] test test_batch_matmul_trans_not_square ... ok
[INFO] [stdout] test test_batch_matmul_trans_square_lhs ... ok
[INFO] [stdout] 
[INFO] [stdout] test result: ok. 14 passed; 0 failed; 0 ignored; 0 measured; 0 filtered out; finished in 0.09s
[INFO] [stdout] 
[INFO] [stderr]      Running tests/test_tensor_ops_grad.rs (/opt/rustwide/target/debug/deps/test_tensor_ops_grad-faeb76e0273f1d0a)
[INFO] [stdout] 
[INFO] [stdout] running 74 tests
[INFO] [stdout] test acos ... ok
[INFO] [stdout] test abs ... ok
[INFO] [stdout] test add_n ... ok
[INFO] [stdout] test clip ... ok
[INFO] [stdout] test asin ... ok
[INFO] [stdout] test cos ... ok
[INFO] [stdout] test atan ... ok
[INFO] [stdout] test add ... ok
[INFO] [stdout] test cosh ... ok
[INFO] [stdout] test dropout ... ok
[INFO] [stdout] test atanh ... ok
[INFO] [stdout] test acosh ... ok
[INFO] [stdout] test concat ... ok
[INFO] [stdout] test flatten ... ok
[INFO] [stdout] test conv2d_grad ... ok
[INFO] [stdout] test conv2d_transpose ... ok
[INFO] [stdout] test exp ... ok
[INFO] [stdout] test elu ... ok
[INFO] [stdout] test get ... ok
[INFO] [stdout] test lgamma ... ok
[INFO] [stdout] test asinh ... ok
[INFO] [stdout] test expand_dims ... ok
[INFO] [stdout] test ln ... ok
[INFO] [stdout] test logsumexp ... ok
[INFO] [stdout] test implicit_broadcast ... ok
[INFO] [stdout] test log_softmax ... ok
[INFO] [stdout] test mul ... ok
[INFO] [stdout] test max_pool2d ... ok
[INFO] [stdout] test max_pool2d_grad ... ok
[INFO] [stdout] test maximum ... ok
[INFO] [stdout] test minimum ... ok
[INFO] [stdout] test matmul ... ok
[INFO] [stdout] test pow ... ok
[INFO] [stdout] test reduce_max_keep ... ok
[INFO] [stdout] test reduce_min ... ok
[INFO] [stdout] test reduce_prod ... ok
[INFO] [stdout] test reduce_max ... ok
[INFO] [stdout] test reduce_sum ... ok
[INFO] [stdout] test reduce_mean_keep ... ok
[INFO] [stdout] test neg ... ok
[INFO] [stdout] test reshape ... ok
[INFO] [stdout] test relu ... ok
[INFO] [stdout] test reduce_mean ... ok
[INFO] [stdout] test reshape_after_transpose ... ok
[INFO] [stdout] test reduce_sum_keep ... ok
[INFO] [stdout] test batch_matmul ... ok
[INFO] [stdout] test sin ... ok
[INFO] [stdout] test sigmoid ... ok
[INFO] [stdout] test reciprocal ... ok
[INFO] [stdout] test reduce_min_keep ... ok
[INFO] [stdout] test sigmoid_cross_entropy ... ok
[INFO] [stdout] test slice ... ok
[INFO] [stdout] test sqrt ... ok
[INFO] [stdout] test softplus ... ok
[INFO] [stdout] test square ... ok
[INFO] [stdout] test tan ... ok
[INFO] [stdout] test sinh ... ok
[INFO] [stdout] test sparse_softmax_cross_entropy ... ok
[INFO] [stdout] test softmax_cross_entropy ... ok
[INFO] [stdout] test squeeze ... ok
[INFO] [stdout] test tanh ... ok
[INFO] [stdout] test split ... ok
[INFO] [stdout] test primitive_back_propagation_through_time ... ok
[INFO] [stdout] test transpose ... ok
[INFO] [stdout] test wx_plus_b ... ok
[INFO] [stdout] test conv2d_transpose_filter_grad - should panic ... ok
[INFO] [stdout] test conv2d_filter_grad - should panic ... ok
[INFO] [stdout] test reshape_grad - should panic ... ok
[INFO] [stdout] test conv2d_x_grad - should panic ... ok
[INFO] [stdout] test conv2d ... ok
[INFO] [stdout] test transpose_then_reshape_then_mm ... ok
[INFO] [stdout] test tensordot ... ok
[INFO] [stdout] test conv2d_xw_grad ... ok
[INFO] [stdout] test gather ... ok
[INFO] [stdout] 
[INFO] [stdout] test result: ok. 74 passed; 0 failed; 0 ignored; 0 measured; 0 filtered out; finished in 0.85s
[INFO] [stdout] 
[INFO] [stderr]    Doc-tests autograd
[INFO] [stdout] 
[INFO] [stdout] running 81 tests
[INFO] [stdout] test src/op.rs - op (line 9) ... ok
[INFO] [stdout] test src/op.rs - op::ComputeContext (line 168) ... ok
[INFO] [stdout] test src/op.rs - op::GradientContext (line 318) ... ok
[INFO] [stdout] test src/ndarray_ext.rs - ndarray_ext::array_gen::ArrayRng (line 157) ... ok
[INFO] [stdout] test src/tensor.rs - tensor::Tensor<'graph,F>::raw_hook (line 302) ... FAILED
[INFO] [stdout] test src/lib.rs - (line 48) ... FAILED
[INFO] [stdout] test src/graph.rs - graph::Context (line 105) ... FAILED
[INFO] [stdout] test src/lib.rs - (line 19) ... FAILED
[INFO] [stdout] test src/tensor.rs - tensor::Tensor<'graph,F>::depends_on (line 107) ... FAILED
[INFO] [stdout] test src/tensor.rs - tensor::Tensor (line 23) ... FAILED
[INFO] [stdout] test src/tensor.rs - tensor::Tensor<'graph,F>::register_hook (line 181) ... FAILED
[INFO] [stdout] test src/tensor.rs - tensor::Tensor<'graph,F>::show (line 208) ... FAILED
[INFO] [stdout] test src/evaluation.rs - evaluation::Evaluator (line 43) ... FAILED
[INFO] [stdout] test src/optimizers/momentum_sgd.rs - optimizers::momentum_sgd::MomentumSGD (line 13) ... FAILED
[INFO] [stdout] test src/tensor.rs - tensor::Tensor<'graph,F>::show_prefixed (line 228) ... FAILED
[INFO] [stdout] test src/tensor.rs - tensor::Tensor<'graph,F>::show_shape (line 250) ... FAILED
[INFO] [stdout] test src/tensor_ops/mod.rs - tensor_ops::Tensor<'graph,F>::access_elem (line 36) ... FAILED
[INFO] [stdout] test src/tensor.rs - tensor::TensorBuilder (line 580) ... FAILED
[INFO] [stdout] test src/tensor.rs - tensor::Tensor<'graph,F>::show_prefixed_shape (line 267) ... FAILED
[INFO] [stdout] test src/tensor_ops/mod.rs - tensor_ops::argmin (line 912) ... FAILED
[INFO] [stdout] test src/lib.rs - (line 83) ... ok
[INFO] [stdout] test src/tensor_ops/mod.rs - tensor_ops::abs (line 1382) ... FAILED
[INFO] [stdout] test src/tensor_ops/mod.rs - tensor_ops::add_n (line 811) ... FAILED
[INFO] [stdout] test src/optimizers/sgd.rs - optimizers::sgd::SGD (line 11) ... ok
[INFO] [stdout] test src/tensor_ops/mod.rs - tensor_ops::batch_matmul (line 1988) ... FAILED
[INFO] [stdout] test src/tensor_ops/mod.rs - tensor_ops::expand_dims (line 964) ... FAILED
[INFO] [stdout] test src/tensor_ops/mod.rs - tensor_ops::concat (line 2197) ... FAILED
[INFO] [stdout] test src/tensor_ops/mod.rs - tensor_ops::batch_norm (line 2341) ... FAILED
[INFO] [stdout] test src/tensor_ops/mod.rs - tensor_ops::equal (line 851) ... FAILED
[INFO] [stdout] test src/tensor_ops/mod.rs - tensor_ops::batch_matmul_t (line 1948) ... FAILED
[INFO] [stdout] test src/tensor_ops/mod.rs - tensor_ops::flatten (line 1329) ... FAILED
[INFO] [stdout] test src/tensor_ops/mod.rs - tensor_ops::convert_to_tensor (line 2371) ... FAILED
[INFO] [stdout] test src/tensor_ops/mod.rs - tensor_ops::floor (line 1410) ... FAILED
[INFO] [stdout] test src/tensor_ops/mod.rs - tensor_ops::inv (line 1493) ... FAILED
[INFO] [stdout] test src/tensor_ops/mod.rs - tensor_ops::gather (line 2272) ... FAILED
[INFO] [stdout] test src/tensor_ops/mod.rs - tensor_ops::grad (line 62) ... FAILED
[INFO] [stdout] test src/hooks.rs - hooks (line 4) ... ok
[INFO] [stdout] test src/tensor_ops/mod.rs - tensor_ops::jacobians (line 161) ... FAILED
[INFO] [stdout] test src/tensor_ops/mod.rs - tensor_ops::maximum (line 755) ... FAILED
[INFO] [stdout] test src/tensor_ops/mod.rs - tensor_ops::inv_sqrt (line 1521) ... FAILED
[INFO] [stdout] test src/tensor_ops/mod.rs - tensor_ops::gather_common (line 2234) ... FAILED
[INFO] [stdout] test src/tensor_ops/mod.rs - tensor_ops::neg (line 1438) ... FAILED
[INFO] [stdout] test src/tensor_ops/mod.rs - tensor_ops::matmul (line 1852) ... FAILED
[INFO] [stdout] test src/tensor_ops/mod.rs - tensor_ops::mean_all (line 1157) ... FAILED
[INFO] [stdout] test src/tensor_ops/mod.rs - tensor_ops::minimum (line 782) ... FAILED
[INFO] [stdout] test src/tensor_ops/mod.rs - tensor_ops::argmax (line 938) ... FAILED
[INFO] [stdout] test src/tensor_ops/mod.rs - tensor_ops::rank (line 303) ... FAILED
[INFO] [stdout] test src/tensor_ops/mod.rs - tensor_ops::not_equal (line 883) ... FAILED
[INFO] [stdout] test src/tensor_ops/mod.rs - tensor_ops::normalize (line 2304) ... FAILED
[INFO] [stdout] test src/tensor_ops/mod.rs - tensor_ops::reduce_prod (line 1243) ... FAILED
[INFO] [stdout] test src/tensor_ops/mod.rs - tensor_ops::ones (line 2696) ... FAILED
[INFO] [stdout] test src/tensor_ops/mod.rs - tensor_ops::reduce_min (line 1103) ... FAILED
[INFO] [stdout] test src/tensor_ops/mod.rs - tensor_ops::reduce_sum (line 1179) ... FAILED
[INFO] [stdout] test src/tensor_ops/mod.rs - tensor_ops::reduce_max (line 1071) ... FAILED
[INFO] [stdout] test src/tensor_ops/mod.rs - tensor_ops::reduce_mean (line 1211) ... FAILED
[INFO] [stdout] test src/tensor_ops/mod.rs - tensor_ops::clip (line 1046) ... FAILED
[INFO] [stdout] test src/tensor_ops/mod.rs - tensor_ops::sign (line 1354) ... FAILED
[INFO] [stdout] test src/tensor_ops/mod.rs - tensor_ops::setdiff1d (line 2023) ... FAILED
[INFO] [stdout] test src/tensor_ops/mod.rs - tensor_ops::shape (line 250) ... FAILED
[INFO] [stdout] test src/graph.rs - graph::Context<'env,'name,F>::placeholder (line 168) ... FAILED
[INFO] [stdout] test src/tensor_ops/mod.rs - tensor_ops::scalar (line 2400) ... FAILED
[INFO] [stdout] test src/tensor_ops/mod.rs - tensor_ops::reshape (line 1303) ... FAILED
[INFO] [stdout] test src/tensor_ops/mod.rs - tensor_ops::slice (line 2155) ... FAILED
[INFO] [stdout] test src/tensor_ops/mod.rs - tensor_ops::reduce_variance (line 1275) ... FAILED
[INFO] [stdout] test src/tensor_ops/mod.rs - tensor_ops::size (line 277) ... FAILED
[INFO] [stdout] test src/tensor_ops/mod.rs - tensor_ops::slice (line 2143) ... FAILED
[INFO] [stdout] test src/tensor_ops/mod.rs - tensor_ops::sum_all (line 1133) ... FAILED
[INFO] [stdout] test src/tensor_ops/mod.rs - tensor_ops::split (line 2090) ... FAILED
[INFO] [stdout] test src/tensor_ops/mod.rs - tensor_ops::square (line 1465) ... FAILED
[INFO] [stdout] test src/tensor_ops/mod.rs - tensor_ops::tensordot (line 1895) ... FAILED
[INFO] [stdout] test src/tensor_ops/mod.rs - tensor_ops::tile (line 1019) ... FAILED
[INFO] [stdout] test src/tensor_ops/mod.rs - tensor_ops::squeeze (line 991) ... FAILED
[INFO] [stdout] test src/tensor_ops/mod.rs - tensor_ops::transpose (line 2059) ... FAILED
[INFO] [stdout] test src/variable.rs - variable (line 46) ... FAILED
[INFO] [stdout] test src/tensor.rs - tensor::Tensor<'graph,F>::print (line 285) ... ok
[INFO] [stdout] test src/tensor.rs - tensor::Tensor<'graph,F>::eval (line 83) ... FAILED
[INFO] [stdout] test src/tensor.rs - tensor::Tensor<'graph,F>::map (line 161) ... ok
[INFO] [stdout] test src/tensor_ops/mod.rs - tensor_ops::zeros (line 2675) ... ok
[INFO] [stdout] test src/optimizers/adam.rs - optimizers::adam::Adam (line 12) ... ok
[INFO] [stdout] test src/tensor_ops/mod.rs - tensor_ops::ceil (line 1549) ... ok
[INFO] [stderr] error: doctest failed, to rerun pass `--doc`
[INFO] [stdout] test src/variable.rs - variable (line 4) ... ok
[INFO] [stdout] 
[INFO] [stdout] failures:
[INFO] [stdout] 
[INFO] [stdout] ---- src/tensor.rs - tensor::Tensor<'graph,F>::raw_hook (line 302) stdout ----
[INFO] [stdout] Couldn't compile the test.
[INFO] [stdout] ---- src/lib.rs - (line 48) stdout ----
[INFO] [stdout] Couldn't compile the test.
[INFO] [stdout] ---- src/graph.rs - graph::Context (line 105) stdout ----
[INFO] [stdout] Couldn't compile the test.
[INFO] [stdout] ---- src/lib.rs - (line 19) stdout ----
[INFO] [stdout] Couldn't compile the test.
[INFO] [stdout] ---- src/tensor.rs - tensor::Tensor<'graph,F>::depends_on (line 107) stdout ----
[INFO] [stdout] Couldn't compile the test.
[INFO] [stdout] ---- src/tensor.rs - tensor::Tensor (line 23) stdout ----
[INFO] [stdout] Couldn't compile the test.
[INFO] [stdout] ---- src/tensor.rs - tensor::Tensor<'graph,F>::register_hook (line 181) stdout ----
[INFO] [stdout] Couldn't compile the test.
[INFO] [stdout] ---- src/tensor.rs - tensor::Tensor<'graph,F>::show (line 208) stdout ----
[INFO] [stdout] Couldn't compile the test.
[INFO] [stdout] ---- src/evaluation.rs - evaluation::Evaluator (line 43) stdout ----
[INFO] [stdout] Couldn't compile the test.
[INFO] [stdout] ---- src/optimizers/momentum_sgd.rs - optimizers::momentum_sgd::MomentumSGD (line 13) stdout ----
[INFO] [stdout] Couldn't compile the test.
[INFO] [stdout] ---- src/tensor.rs - tensor::Tensor<'graph,F>::show_prefixed (line 228) stdout ----
[INFO] [stdout] Couldn't compile the test.
[INFO] [stdout] ---- src/tensor.rs - tensor::Tensor<'graph,F>::show_shape (line 250) stdout ----
[INFO] [stdout] Couldn't compile the test.
[INFO] [stdout] ---- src/tensor_ops/mod.rs - tensor_ops::Tensor<'graph,F>::access_elem (line 36) stdout ----
[INFO] [stdout] Couldn't compile the test.
[INFO] [stdout] ---- src/tensor.rs - tensor::TensorBuilder (line 580) stdout ----
[INFO] [stdout] Couldn't compile the test.
[INFO] [stdout] ---- src/tensor.rs - tensor::Tensor<'graph,F>::show_prefixed_shape (line 267) stdout ----
[INFO] [stdout] Couldn't compile the test.
[INFO] [stdout] ---- src/tensor_ops/mod.rs - tensor_ops::argmin (line 912) stdout ----
[INFO] [stdout] Couldn't compile the test.
[INFO] [stdout] ---- src/tensor_ops/mod.rs - tensor_ops::abs (line 1382) stdout ----
[INFO] [stdout] Couldn't compile the test.
[INFO] [stdout] ---- src/tensor_ops/mod.rs - tensor_ops::add_n (line 811) stdout ----
[INFO] [stdout] Couldn't compile the test.
[INFO] [stdout] ---- src/tensor_ops/mod.rs - tensor_ops::batch_matmul (line 1988) stdout ----
[INFO] [stdout] Couldn't compile the test.
[INFO] [stdout] ---- src/tensor_ops/mod.rs - tensor_ops::expand_dims (line 964) stdout ----
[INFO] [stdout] Couldn't compile the test.
[INFO] [stdout] ---- src/tensor_ops/mod.rs - tensor_ops::concat (line 2197) stdout ----
[INFO] [stdout] Couldn't compile the test.
[INFO] [stdout] ---- src/tensor_ops/mod.rs - tensor_ops::batch_norm (line 2341) stdout ----
[INFO] [stdout] Couldn't compile the test.
[INFO] [stdout] ---- src/tensor_ops/mod.rs - tensor_ops::equal (line 851) stdout ----
[INFO] [stdout] Couldn't compile the test.
[INFO] [stdout] ---- src/tensor_ops/mod.rs - tensor_ops::batch_matmul_t (line 1948) stdout ----
[INFO] [stdout] Couldn't compile the test.
[INFO] [stdout] ---- src/tensor_ops/mod.rs - tensor_ops::flatten (line 1329) stdout ----
[INFO] [stdout] Couldn't compile the test.
[INFO] [stdout] ---- src/tensor_ops/mod.rs - tensor_ops::convert_to_tensor (line 2371) stdout ----
[INFO] [stdout] Couldn't compile the test.
[INFO] [stdout] ---- src/tensor_ops/mod.rs - tensor_ops::floor (line 1410) stdout ----
[INFO] [stdout] Couldn't compile the test.
[INFO] [stdout] ---- src/tensor_ops/mod.rs - tensor_ops::inv (line 1493) stdout ----
[INFO] [stdout] Couldn't compile the test.
[INFO] [stdout] ---- src/tensor_ops/mod.rs - tensor_ops::gather (line 2272) stdout ----
[INFO] [stdout] Couldn't compile the test.
[INFO] [stdout] ---- src/tensor_ops/mod.rs - tensor_ops::grad (line 62) stdout ----
[INFO] [stdout] Couldn't compile the test.
[INFO] [stdout] ---- src/tensor_ops/mod.rs - tensor_ops::jacobians (line 161) stdout ----
[INFO] [stdout] Couldn't compile the test.
[INFO] [stdout] ---- src/tensor_ops/mod.rs - tensor_ops::maximum (line 755) stdout ----
[INFO] [stdout] Couldn't compile the test.
[INFO] [stdout] ---- src/tensor_ops/mod.rs - tensor_ops::inv_sqrt (line 1521) stdout ----
[INFO] [stdout] Couldn't compile the test.
[INFO] [stdout] ---- src/tensor_ops/mod.rs - tensor_ops::gather_common (line 2234) stdout ----
[INFO] [stdout] Couldn't compile the test.
[INFO] [stdout] ---- src/tensor_ops/mod.rs - tensor_ops::neg (line 1438) stdout ----
[INFO] [stdout] Couldn't compile the test.
[INFO] [stdout] ---- src/tensor_ops/mod.rs - tensor_ops::matmul (line 1852) stdout ----
[INFO] [stdout] Couldn't compile the test.
[INFO] [stdout] ---- src/tensor_ops/mod.rs - tensor_ops::mean_all (line 1157) stdout ----
[INFO] [stdout] Couldn't compile the test.
[INFO] [stdout] ---- src/tensor_ops/mod.rs - tensor_ops::minimum (line 782) stdout ----
[INFO] [stdout] Couldn't compile the test.
[INFO] [stdout] ---- src/tensor_ops/mod.rs - tensor_ops::argmax (line 938) stdout ----
[INFO] [stdout] Couldn't compile the test.
[INFO] [stdout] ---- src/tensor_ops/mod.rs - tensor_ops::rank (line 303) stdout ----
[INFO] [stdout] Couldn't compile the test.
[INFO] [stdout] ---- src/tensor_ops/mod.rs - tensor_ops::not_equal (line 883) stdout ----
[INFO] [stdout] Couldn't compile the test.
[INFO] [stdout] ---- src/tensor_ops/mod.rs - tensor_ops::normalize (line 2304) stdout ----
[INFO] [stdout] Couldn't compile the test.
[INFO] [stdout] ---- src/tensor_ops/mod.rs - tensor_ops::reduce_prod (line 1243) stdout ----
[INFO] [stdout] Couldn't compile the test.
[INFO] [stdout] ---- src/tensor_ops/mod.rs - tensor_ops::ones (line 2696) stdout ----
[INFO] [stdout] Couldn't compile the test.
[INFO] [stdout] ---- src/tensor_ops/mod.rs - tensor_ops::reduce_min (line 1103) stdout ----
[INFO] [stdout] Couldn't compile the test.
[INFO] [stdout] ---- src/tensor_ops/mod.rs - tensor_ops::reduce_sum (line 1179) stdout ----
[INFO] [stdout] Couldn't compile the test.
[INFO] [stdout] ---- src/tensor_ops/mod.rs - tensor_ops::reduce_max (line 1071) stdout ----
[INFO] [stdout] Couldn't compile the test.
[INFO] [stdout] ---- src/tensor_ops/mod.rs - tensor_ops::reduce_mean (line 1211) stdout ----
[INFO] [stdout] Couldn't compile the test.
[INFO] [stdout] ---- src/tensor_ops/mod.rs - tensor_ops::clip (line 1046) stdout ----
[INFO] [stdout] Couldn't compile the test.
[INFO] [stdout] ---- src/tensor_ops/mod.rs - tensor_ops::sign (line 1354) stdout ----
[INFO] [stdout] Couldn't compile the test.
[INFO] [stdout] ---- src/tensor_ops/mod.rs - tensor_ops::setdiff1d (line 2023) stdout ----
[INFO] [stdout] Couldn't compile the test.
[INFO] [stdout] ---- src/tensor_ops/mod.rs - tensor_ops::shape (line 250) stdout ----
[INFO] [stdout] Couldn't compile the test.
[INFO] [stdout] ---- src/graph.rs - graph::Context<'env,'name,F>::placeholder (line 168) stdout ----
[INFO] [stdout] Couldn't compile the test.
[INFO] [stdout] ---- src/tensor_ops/mod.rs - tensor_ops::scalar (line 2400) stdout ----
[INFO] [stdout] Couldn't compile the test.
[INFO] [stdout] ---- src/tensor_ops/mod.rs - tensor_ops::reshape (line 1303) stdout ----
[INFO] [stdout] Couldn't compile the test.
[INFO] [stdout] ---- src/tensor_ops/mod.rs - tensor_ops::slice (line 2155) stdout ----
[INFO] [stdout] Couldn't compile the test.
[INFO] [stdout] ---- src/tensor_ops/mod.rs - tensor_ops::reduce_variance (line 1275) stdout ----
[INFO] [stdout] Couldn't compile the test.
[INFO] [stdout] ---- src/tensor_ops/mod.rs - tensor_ops::size (line 277) stdout ----
[INFO] [stdout] Couldn't compile the test.
[INFO] [stdout] ---- src/tensor_ops/mod.rs - tensor_ops::slice (line 2143) stdout ----
[INFO] [stdout] Couldn't compile the test.
[INFO] [stdout] ---- src/tensor_ops/mod.rs - tensor_ops::sum_all (line 1133) stdout ----
[INFO] [stdout] Couldn't compile the test.
[INFO] [stdout] ---- src/tensor_ops/mod.rs - tensor_ops::split (line 2090) stdout ----
[INFO] [stdout] Couldn't compile the test.
[INFO] [stdout] ---- src/tensor_ops/mod.rs - tensor_ops::square (line 1465) stdout ----
[INFO] [stdout] Couldn't compile the test.
[INFO] [stdout] ---- src/tensor_ops/mod.rs - tensor_ops::tensordot (line 1895) stdout ----
[INFO] [stdout] Couldn't compile the test.
[INFO] [stdout] ---- src/tensor_ops/mod.rs - tensor_ops::tile (line 1019) stdout ----
[INFO] [stdout] Couldn't compile the test.
[INFO] [stdout] ---- src/tensor_ops/mod.rs - tensor_ops::squeeze (line 991) stdout ----
[INFO] [stdout] Couldn't compile the test.
[INFO] [stdout] ---- src/tensor_ops/mod.rs - tensor_ops::transpose (line 2059) stdout ----
[INFO] [stdout] Couldn't compile the test.
[INFO] [stdout] ---- src/variable.rs - variable (line 46) stdout ----
[INFO] [stdout] Couldn't compile the test.
[INFO] [stdout] ---- src/tensor.rs - tensor::Tensor<'graph,F>::eval (line 83) stdout ----
[INFO] [stdout] Couldn't compile the test.
[INFO] [stdout] 
[INFO] [stdout] failures:
[INFO] [stdout]     src/evaluation.rs - evaluation::Evaluator (line 43)
[INFO] [stdout]     src/graph.rs - graph::Context (line 105)
[INFO] [stdout]     src/graph.rs - graph::Context<'env,'name,F>::placeholder (line 168)
[INFO] [stdout]     src/lib.rs - (line 19)
[INFO] [stdout]     src/lib.rs - (line 48)
[INFO] [stdout]     src/optimizers/momentum_sgd.rs - optimizers::momentum_sgd::MomentumSGD (line 13)
[INFO] [stdout]     src/tensor.rs - tensor::Tensor (line 23)
[INFO] [stdout]     src/tensor.rs - tensor::Tensor<'graph,F>::depends_on (line 107)
[INFO] [stdout]     src/tensor.rs - tensor::Tensor<'graph,F>::eval (line 83)
[INFO] [stdout]     src/tensor.rs - tensor::Tensor<'graph,F>::raw_hook (line 302)
[INFO] [stdout]     src/tensor.rs - tensor::Tensor<'graph,F>::register_hook (line 181)
[INFO] [stdout]     src/tensor.rs - tensor::Tensor<'graph,F>::show (line 208)
[INFO] [stdout]     src/tensor.rs - tensor::Tensor<'graph,F>::show_prefixed (line 228)
[INFO] [stdout]     src/tensor.rs - tensor::Tensor<'graph,F>::show_prefixed_shape (line 267)
[INFO] [stdout]     src/tensor.rs - tensor::Tensor<'graph,F>::show_shape (line 250)
[INFO] [stdout]     src/tensor.rs - tensor::TensorBuilder (line 580)
[INFO] [stdout]     src/tensor_ops/mod.rs - tensor_ops::Tensor<'graph,F>::access_elem (line 36)
[INFO] [stdout]     src/tensor_ops/mod.rs - tensor_ops::abs (line 1382)
[INFO] [stdout]     src/tensor_ops/mod.rs - tensor_ops::add_n (line 811)
[INFO] [stdout]     src/tensor_ops/mod.rs - tensor_ops::argmax (line 938)
[INFO] [stdout]     src/tensor_ops/mod.rs - tensor_ops::argmin (line 912)
[INFO] [stdout]     src/tensor_ops/mod.rs - tensor_ops::batch_matmul (line 1988)
[INFO] [stdout]     src/tensor_ops/mod.rs - tensor_ops::batch_matmul_t (line 1948)
[INFO] [stdout]     src/tensor_ops/mod.rs - tensor_ops::batch_norm (line 2341)
[INFO] [stdout]     src/tensor_ops/mod.rs - tensor_ops::clip (line 1046)
[INFO] [stdout]     src/tensor_ops/mod.rs - tensor_ops::concat (line 2197)
[INFO] [stdout]     src/tensor_ops/mod.rs - tensor_ops::convert_to_tensor (line 2371)
[INFO] [stdout]     src/tensor_ops/mod.rs - tensor_ops::equal (line 851)
[INFO] [stdout]     src/tensor_ops/mod.rs - tensor_ops::expand_dims (line 964)
[INFO] [stdout]     src/tensor_ops/mod.rs - tensor_ops::flatten (line 1329)
[INFO] [stdout]     src/tensor_ops/mod.rs - tensor_ops::floor (line 1410)
[INFO] [stdout]     src/tensor_ops/mod.rs - tensor_ops::gather (line 2272)
[INFO] [stdout]     src/tensor_ops/mod.rs - tensor_ops::gather_common (line 2234)
[INFO] [stdout]     src/tensor_ops/mod.rs - tensor_ops::grad (line 62)
[INFO] [stdout]     src/tensor_ops/mod.rs - tensor_ops::inv (line 1493)
[INFO] [stdout]     src/tensor_ops/mod.rs - tensor_ops::inv_sqrt (line 1521)
[INFO] [stdout]     src/tensor_ops/mod.rs - tensor_ops::jacobians (line 161)
[INFO] [stdout]     src/tensor_ops/mod.rs - tensor_ops::matmul (line 1852)
[INFO] [stdout]     src/tensor_ops/mod.rs - tensor_ops::maximum (line 755)
[INFO] [stdout]     src/tensor_ops/mod.rs - tensor_ops::mean_all (line 1157)
[INFO] [stdout]     src/tensor_ops/mod.rs - tensor_ops::minimum (line 782)
[INFO] [stdout]     src/tensor_ops/mod.rs - tensor_ops::neg (line 1438)
[INFO] [stdout]     src/tensor_ops/mod.rs - tensor_ops::normalize (line 2304)
[INFO] [stdout]     src/tensor_ops/mod.rs - tensor_ops::not_equal (line 883)
[INFO] [stdout]     src/tensor_ops/mod.rs - tensor_ops::ones (line 2696)
[INFO] [stdout]     src/tensor_ops/mod.rs - tensor_ops::rank (line 303)
[INFO] [stdout]     src/tensor_ops/mod.rs - tensor_ops::reduce_max (line 1071)
[INFO] [stdout]     src/tensor_ops/mod.rs - tensor_ops::reduce_mean (line 1211)
[INFO] [stdout]     src/tensor_ops/mod.rs - tensor_ops::reduce_min (line 1103)
[INFO] [stdout]     src/tensor_ops/mod.rs - tensor_ops::reduce_prod (line 1243)
[INFO] [stdout]     src/tensor_ops/mod.rs - tensor_ops::reduce_sum (line 1179)
[INFO] [stdout]     src/tensor_ops/mod.rs - tensor_ops::reduce_variance (line 1275)
[INFO] [stdout]     src/tensor_ops/mod.rs - tensor_ops::reshape (line 1303)
[INFO] [stdout]     src/tensor_ops/mod.rs - tensor_ops::scalar (line 2400)
[INFO] [stdout]     src/tensor_ops/mod.rs - tensor_ops::setdiff1d (line 2023)
[INFO] [stdout]     src/tensor_ops/mod.rs - tensor_ops::shape (line 250)
[INFO] [stdout]     src/tensor_ops/mod.rs - tensor_ops::sign (line 1354)
[INFO] [stdout]     src/tensor_ops/mod.rs - tensor_ops::size (line 277)
[INFO] [stdout]     src/tensor_ops/mod.rs - tensor_ops::slice (line 2143)
[INFO] [stdout]     src/tensor_ops/mod.rs - tensor_ops::slice (line 2155)
[INFO] [stdout]     src/tensor_ops/mod.rs - tensor_ops::split (line 2090)
[INFO] [stdout]     src/tensor_ops/mod.rs - tensor_ops::square (line 1465)
[INFO] [stdout]     src/tensor_ops/mod.rs - tensor_ops::squeeze (line 991)
[INFO] [stdout]     src/tensor_ops/mod.rs - tensor_ops::sum_all (line 1133)
[INFO] [stdout]     src/tensor_ops/mod.rs - tensor_ops::tensordot (line 1895)
[INFO] [stdout]     src/tensor_ops/mod.rs - tensor_ops::tile (line 1019)
[INFO] [stdout]     src/tensor_ops/mod.rs - tensor_ops::transpose (line 2059)
[INFO] [stdout]     src/variable.rs - variable (line 46)
[INFO] [stdout] 
[INFO] [stdout] test result: FAILED. 13 passed; 68 failed; 0 ignored; 0 measured; 0 filtered out; finished in 13.07s
[INFO] [stdout] 
[INFO] running `Command { std: "docker" "inspect" "89e75b144fe825bb0f7d2d9911b0b34beefa70506c1ab91f9b397de4fdffd12c", kill_on_drop: false }`
[INFO] running `Command { std: "docker" "rm" "-f" "89e75b144fe825bb0f7d2d9911b0b34beefa70506c1ab91f9b397de4fdffd12c", kill_on_drop: false }`
[INFO] [stdout] 89e75b144fe825bb0f7d2d9911b0b34beefa70506c1ab91f9b397de4fdffd12c
