[INFO] fetching crate auto_mount 0.1.5...
[INFO] testing auto_mount-0.1.5 against beta-2023-04-20 for beta-1.70-1
[INFO] extracting crate auto_mount 0.1.5 into /workspace/builds/worker-4-tc2/source
[INFO] validating manifest of crates.io crate auto_mount 0.1.5 on toolchain beta-2023-04-20
[INFO] running `Command { std: CARGO_HOME="/workspace/cargo-home" RUSTUP_HOME="/workspace/rustup-home" "/workspace/cargo-home/bin/cargo" "+beta-2023-04-20" "metadata" "--manifest-path" "Cargo.toml" "--no-deps", kill_on_drop: false }`
[INFO] started tweaking crates.io crate auto_mount 0.1.5
[INFO] finished tweaking crates.io crate auto_mount 0.1.5
[INFO] tweaked toml for crates.io crate auto_mount 0.1.5 written to /workspace/builds/worker-4-tc2/source/Cargo.toml
[INFO] crate crates.io crate auto_mount 0.1.5 already has a lockfile, it will not be regenerated
[INFO] running `Command { std: CARGO_HOME="/workspace/cargo-home" RUSTUP_HOME="/workspace/rustup-home" "/workspace/cargo-home/bin/cargo" "+beta-2023-04-20" "fetch" "--manifest-path" "Cargo.toml", kill_on_drop: false }`
[INFO] [stderr]     Updating crates.io index
[INFO] [stderr]  Downloading crates ...
[INFO] [stderr]   Downloaded once_cell v1.13.1
[INFO] [stderr]   Downloaded crossbeam-epoch v0.9.10
[INFO] [stderr]   Downloaded crossbeam-utils v0.8.11
[INFO] [stderr]   Downloaded sysinfo v0.25.2
[INFO] running `Command { std: "docker" "create" "-v" "/var/lib/crater-agent-workspace/builds/worker-4-tc2/target:/opt/rustwide/target:rw,Z" "-v" "/var/lib/crater-agent-workspace/builds/worker-4-tc2/source:/opt/rustwide/workdir:ro,Z" "-v" "/var/lib/crater-agent-workspace/cargo-home:/opt/rustwide/cargo-home:ro,Z" "-v" "/var/lib/crater-agent-workspace/rustup-home:/opt/rustwide/rustup-home:ro,Z" "-e" "SOURCE_DIR=/opt/rustwide/workdir" "-e" "CARGO_TARGET_DIR=/opt/rustwide/target" "-e" "CARGO_HOME=/opt/rustwide/cargo-home" "-e" "RUSTUP_HOME=/opt/rustwide/rustup-home" "-w" "/opt/rustwide/workdir" "-m" "1610612736" "--user" "0:0" "--network" "none" "ghcr.io/rust-lang/crates-build-env/linux@sha256:5ff2268d62e97bff2cde7d5815dd6ed5b47097566f13b8d0ca110b04b60e07ed" "/opt/rustwide/cargo-home/bin/cargo" "+beta-2023-04-20" "metadata" "--no-deps" "--format-version=1", kill_on_drop: false }`
[INFO] [stdout] 06c58735752c76ff4b0e177aa3e0adb7f31de37c7e36de550b2cfedda38dc280
[INFO] running `Command { std: "docker" "start" "-a" "06c58735752c76ff4b0e177aa3e0adb7f31de37c7e36de550b2cfedda38dc280", kill_on_drop: false }`
[INFO] running `Command { std: "docker" "inspect" "06c58735752c76ff4b0e177aa3e0adb7f31de37c7e36de550b2cfedda38dc280", kill_on_drop: false }`
[INFO] running `Command { std: "docker" "rm" "-f" "06c58735752c76ff4b0e177aa3e0adb7f31de37c7e36de550b2cfedda38dc280", kill_on_drop: false }`
[INFO] [stdout] 06c58735752c76ff4b0e177aa3e0adb7f31de37c7e36de550b2cfedda38dc280
[INFO] running `Command { std: "docker" "create" "-v" "/var/lib/crater-agent-workspace/builds/worker-4-tc2/target:/opt/rustwide/target:rw,Z" "-v" "/var/lib/crater-agent-workspace/builds/worker-4-tc2/source:/opt/rustwide/workdir:ro,Z" "-v" "/var/lib/crater-agent-workspace/cargo-home:/opt/rustwide/cargo-home:ro,Z" "-v" "/var/lib/crater-agent-workspace/rustup-home:/opt/rustwide/rustup-home:ro,Z" "-e" "SOURCE_DIR=/opt/rustwide/workdir" "-e" "CARGO_TARGET_DIR=/opt/rustwide/target" "-e" "CARGO_INCREMENTAL=0" "-e" "RUST_BACKTRACE=full" "-e" "RUSTFLAGS=--cap-lints=warn" "-e" "RUSTDOCFLAGS=--cap-lints=warn" "-e" "CARGO_HOME=/opt/rustwide/cargo-home" "-e" "RUSTUP_HOME=/opt/rustwide/rustup-home" "-w" "/opt/rustwide/workdir" "-m" "1610612736" "--user" "0:0" "--network" "none" "ghcr.io/rust-lang/crates-build-env/linux@sha256:5ff2268d62e97bff2cde7d5815dd6ed5b47097566f13b8d0ca110b04b60e07ed" "/opt/rustwide/cargo-home/bin/cargo" "+beta-2023-04-20" "build" "--frozen" "--message-format=json", kill_on_drop: false }`
[INFO] [stdout] 94de7616c77e0d1d16c3d3b5a9da8f7d68e0a796dac7ca7cbfedab3024e6b3e6
[INFO] running `Command { std: "docker" "start" "-a" "94de7616c77e0d1d16c3d3b5a9da8f7d68e0a796dac7ca7cbfedab3024e6b3e6", kill_on_drop: false }`
[INFO] [stderr]    Compiling crossbeam-utils v0.8.11
[INFO] [stderr]    Compiling memoffset v0.6.5
[INFO] [stderr]    Compiling once_cell v1.13.1
[INFO] [stderr]    Compiling crossbeam-epoch v0.9.10
[INFO] [stderr]    Compiling libc v0.2.132
[INFO] [stderr]    Compiling rayon-core v1.9.3
[INFO] [stderr]    Compiling rayon v1.5.3
[INFO] [stderr]    Compiling either v1.8.0
[INFO] [stderr]    Compiling sysinfo v0.25.2
[INFO] [stderr]    Compiling crossbeam-channel v0.5.6
[INFO] [stderr]    Compiling crossbeam-deque v0.8.2
[INFO] [stderr]    Compiling num_cpus v1.13.1
[INFO] [stderr]    Compiling auto_mount v0.1.5 (/opt/rustwide/workdir)
[INFO] [stderr]     Finished dev [unoptimized + debuginfo] target(s) in 5.23s
[INFO] running `Command { std: "docker" "inspect" "94de7616c77e0d1d16c3d3b5a9da8f7d68e0a796dac7ca7cbfedab3024e6b3e6", kill_on_drop: false }`
[INFO] running `Command { std: "docker" "rm" "-f" "94de7616c77e0d1d16c3d3b5a9da8f7d68e0a796dac7ca7cbfedab3024e6b3e6", kill_on_drop: false }`
[INFO] [stdout] 94de7616c77e0d1d16c3d3b5a9da8f7d68e0a796dac7ca7cbfedab3024e6b3e6
[INFO] running `Command { std: "docker" "create" "-v" "/var/lib/crater-agent-workspace/builds/worker-4-tc2/target:/opt/rustwide/target:rw,Z" "-v" "/var/lib/crater-agent-workspace/builds/worker-4-tc2/source:/opt/rustwide/workdir:ro,Z" "-v" "/var/lib/crater-agent-workspace/cargo-home:/opt/rustwide/cargo-home:ro,Z" "-v" "/var/lib/crater-agent-workspace/rustup-home:/opt/rustwide/rustup-home:ro,Z" "-e" "SOURCE_DIR=/opt/rustwide/workdir" "-e" "CARGO_TARGET_DIR=/opt/rustwide/target" "-e" "CARGO_INCREMENTAL=0" "-e" "RUST_BACKTRACE=full" "-e" "RUSTFLAGS=--cap-lints=warn" "-e" "RUSTDOCFLAGS=--cap-lints=warn" "-e" "CARGO_HOME=/opt/rustwide/cargo-home" "-e" "RUSTUP_HOME=/opt/rustwide/rustup-home" "-w" "/opt/rustwide/workdir" "-m" "1610612736" "--user" "0:0" "--network" "none" "ghcr.io/rust-lang/crates-build-env/linux@sha256:5ff2268d62e97bff2cde7d5815dd6ed5b47097566f13b8d0ca110b04b60e07ed" "/opt/rustwide/cargo-home/bin/cargo" "+beta-2023-04-20" "test" "--frozen" "--no-run" "--message-format=json", kill_on_drop: false }`
[INFO] [stdout] e461b6c363c9aa16b0578dd046e043d7664c994bd4d699f25f7c667f2ce7356c
[INFO] running `Command { std: "docker" "start" "-a" "e461b6c363c9aa16b0578dd046e043d7664c994bd4d699f25f7c667f2ce7356c", kill_on_drop: false }`
[INFO] [stderr]    Compiling auto_mount v0.1.5 (/opt/rustwide/workdir)
[INFO] [stderr]     Finished test [unoptimized + debuginfo] target(s) in 0.66s
[INFO] running `Command { std: "docker" "inspect" "e461b6c363c9aa16b0578dd046e043d7664c994bd4d699f25f7c667f2ce7356c", kill_on_drop: false }`
[INFO] running `Command { std: "docker" "rm" "-f" "e461b6c363c9aa16b0578dd046e043d7664c994bd4d699f25f7c667f2ce7356c", kill_on_drop: false }`
[INFO] [stdout] e461b6c363c9aa16b0578dd046e043d7664c994bd4d699f25f7c667f2ce7356c
[INFO] running `Command { std: "docker" "create" "-v" "/var/lib/crater-agent-workspace/builds/worker-4-tc2/target:/opt/rustwide/target:rw,Z" "-v" "/var/lib/crater-agent-workspace/builds/worker-4-tc2/source:/opt/rustwide/workdir:ro,Z" "-v" "/var/lib/crater-agent-workspace/cargo-home:/opt/rustwide/cargo-home:ro,Z" "-v" "/var/lib/crater-agent-workspace/rustup-home:/opt/rustwide/rustup-home:ro,Z" "-e" "SOURCE_DIR=/opt/rustwide/workdir" "-e" "CARGO_TARGET_DIR=/opt/rustwide/target" "-e" "CARGO_INCREMENTAL=0" "-e" "RUST_BACKTRACE=full" "-e" "RUSTFLAGS=--cap-lints=warn" "-e" "RUSTDOCFLAGS=--cap-lints=warn" "-e" "CARGO_HOME=/opt/rustwide/cargo-home" "-e" "RUSTUP_HOME=/opt/rustwide/rustup-home" "-w" "/opt/rustwide/workdir" "-m" "1610612736" "--user" "0:0" "--network" "none" "ghcr.io/rust-lang/crates-build-env/linux@sha256:5ff2268d62e97bff2cde7d5815dd6ed5b47097566f13b8d0ca110b04b60e07ed" "/opt/rustwide/cargo-home/bin/cargo" "+beta-2023-04-20" "test" "--frozen", kill_on_drop: false }`
[INFO] [stdout] be052530de043ee371aa2ee1523c6ec086ad4b59096b8434476e2140fbd5d0ee
[INFO] running `Command { std: "docker" "start" "-a" "be052530de043ee371aa2ee1523c6ec086ad4b59096b8434476e2140fbd5d0ee", kill_on_drop: false }`
[INFO] [stderr]     Finished test [unoptimized + debuginfo] target(s) in 0.01s
[INFO] [stderr]      Running unittests src/lib.rs (/opt/rustwide/target/debug/deps/auto_mount-aea121427879f318)
[INFO] [stdout] 
[INFO] [stdout] running 1 test
[INFO] [stderr] sudo: unable to resolve host be052530de04: Temporary failure in name resolution
[INFO] [stdout] test sudo_test ... ok
[INFO] [stdout] 
[INFO] [stdout] test result: ok. 1 passed; 0 failed; 0 ignored; 0 measured; 0 filtered out; finished in 0.01s
[INFO] [stdout] 
[INFO] [stderr]      Running unittests src/main.rs (/opt/rustwide/target/debug/deps/auto_mount-812b154cf026e336)
[INFO] [stdout] 
[INFO] [stdout] running 0 tests
[INFO] [stdout] 
[INFO] [stdout] test result: ok. 0 passed; 0 failed; 0 ignored; 0 measured; 0 filtered out; finished in 0.00s
[INFO] [stdout] 
[INFO] [stderr]    Doc-tests auto_mount
[INFO] [stdout] 
[INFO] [stdout] running 1 test
[INFO] [stdout] test src/lib.rs - (line 5) ... FAILED
[INFO] [stdout] 
[INFO] [stdout] failures:
[INFO] [stdout] 
[INFO] [stdout] ---- src/lib.rs - (line 5) stdout ----
[INFO] [stdout] error[E0425]: cannot find function `find_connected_satas` in this scope
[INFO] [stdout]  --> src/lib.rs:6:15
[INFO] [stdout]   |
[INFO] [stdout] 3 | let devices = find_connected_satas();
[INFO] [stdout]   |               ^^^^^^^^^^^^^^^^^^^^ not found in this scope
[INFO] [stdout]   |
[INFO] [stdout] help: consider importing this function
[INFO] [stdout]   |
[INFO] [stdout] 2 + use auto_mount::find_connected_satas;
[INFO] [stdout]   |
[INFO] [stdout] 
[INFO] [stdout] error[E0425]: cannot find function `filter_unmounted_hdd_devices` in this scope
[INFO] [stdout]  --> src/lib.rs:7:19
[INFO] [stdout]   |
[INFO] [stdout] 4 |     let devices = filter_unmounted_hdd_devices(devices);
[INFO] [stdout]   |                   ^^^^^^^^^^^^^^^^^^^^^^^^^^^^ not found in this scope
[INFO] [stdout]   |
[INFO] [stdout] help: consider importing this function
[INFO] [stdout]   |
[INFO] [stdout] 2 + use auto_mount::filter_unmounted_hdd_devices;
[INFO] [stdout]   |
[INFO] [stdout] 
[INFO] [stdout] error[E0425]: cannot find function `change_devices_to_gpt` in this scope
[INFO] [stdout]  --> src/lib.rs:8:5
[INFO] [stdout]   |
[INFO] [stdout] 5 |     change_devices_to_gpt(&devices);
[INFO] [stdout]   |     ^^^^^^^^^^^^^^^^^^^^^ not found in this scope
[INFO] [stdout]   |
[INFO] [stdout] help: consider importing this function
[INFO] [stdout]   |
[INFO] [stdout] 2 + use auto_mount::change_devices_to_gpt;
[INFO] [stdout]   |
[INFO] [stdout] 
[INFO] [stdout] error[E0425]: cannot find function `create_partition` in this scope
[INFO] [stdout]  --> src/lib.rs:9:19
[INFO] [stdout]   |
[INFO] [stdout] 6 |     let devices = create_partition(&devices);
[INFO] [stdout]   |                   ^^^^^^^^^^^^^^^^ not found in this scope
[INFO] [stdout]   |
[INFO] [stdout] help: consider importing this function
[INFO] [stdout]   |
[INFO] [stdout] 2 + use auto_mount::create_partition;
[INFO] [stdout]   |
[INFO] [stdout] 
[INFO] [stdout] error[E0425]: cannot find function `format_devices` in this scope
[INFO] [stdout]  --> src/lib.rs:10:5
[INFO] [stdout]   |
[INFO] [stdout] 7 |     format_devices(&devices);
[INFO] [stdout]   |     ^^^^^^^^^^^^^^ not found in this scope
[INFO] [stdout]   |
[INFO] [stdout] help: consider importing this function
[INFO] [stdout]   |
[INFO] [stdout] 2 + use auto_mount::format_devices;
[INFO] [stdout]   |
[INFO] [stdout] 
[INFO] [stdout] error[E0425]: cannot find function `mount_devices` in this scope
[INFO] [stdout]  --> src/lib.rs:11:5
[INFO] [stdout]   |
[INFO] [stdout] 8 |     mount_devices(&devices);
[INFO] [stdout]   |     ^^^^^^^^^^^^^ not found in this scope
[INFO] [stdout]   |
[INFO] [stdout] help: consider importing this function
[INFO] [stdout]   |
[INFO] [stdout] 2 + use auto_mount::mount_devices;
[INFO] [stdout]   |
[INFO] [stdout] 
[INFO] [stdout] error: aborting due to 6 previous errors
[INFO] [stdout] 
[INFO] [stdout] For more information about this error, try `rustc --explain E0425`.
[INFO] [stdout] Couldn't compile the test.
[INFO] [stdout] 
[INFO] [stdout] failures:
[INFO] [stdout]     src/lib.rs - (line 5)
[INFO] [stdout] 
[INFO] [stdout] test result: FAILED. 0 passed; 1 failed; 0 ignored; 0 measured; 0 filtered out; finished in 0.05s
[INFO] [stdout] 
[INFO] [stderr] error: doctest failed, to rerun pass `--doc`
[INFO] running `Command { std: "docker" "inspect" "be052530de043ee371aa2ee1523c6ec086ad4b59096b8434476e2140fbd5d0ee", kill_on_drop: false }`
[INFO] running `Command { std: "docker" "rm" "-f" "be052530de043ee371aa2ee1523c6ec086ad4b59096b8434476e2140fbd5d0ee", kill_on_drop: false }`
[INFO] [stdout] be052530de043ee371aa2ee1523c6ec086ad4b59096b8434476e2140fbd5d0ee
