[INFO] fetching crate auto-http-derive 0.1.0...
[INFO] testing auto-http-derive-0.1.0 against 1.69.0 for beta-1.70-1
[INFO] extracting crate auto-http-derive 0.1.0 into /workspace/builds/worker-6-tc1/source
[INFO] validating manifest of crates.io crate auto-http-derive 0.1.0 on toolchain 1.69.0
[INFO] running `Command { std: CARGO_HOME="/workspace/cargo-home" RUSTUP_HOME="/workspace/rustup-home" "/workspace/cargo-home/bin/cargo" "+1.69.0" "metadata" "--manifest-path" "Cargo.toml" "--no-deps", kill_on_drop: false }`
[INFO] started tweaking crates.io crate auto-http-derive 0.1.0
[INFO] finished tweaking crates.io crate auto-http-derive 0.1.0
[INFO] tweaked toml for crates.io crate auto-http-derive 0.1.0 written to /workspace/builds/worker-6-tc1/source/Cargo.toml
[INFO] running `Command { std: CARGO_HOME="/workspace/cargo-home" RUSTUP_HOME="/workspace/rustup-home" __CARGO_TEST_CHANNEL_OVERRIDE_DO_NOT_USE_THIS="nightly" "/workspace/cargo-home/bin/cargo" "+1.69.0" "generate-lockfile" "--manifest-path" "Cargo.toml" "-Zno-index-update", kill_on_drop: false }`
[INFO] running `Command { std: CARGO_HOME="/workspace/cargo-home" RUSTUP_HOME="/workspace/rustup-home" "/workspace/cargo-home/bin/cargo" "+1.69.0" "fetch" "--manifest-path" "Cargo.toml", kill_on_drop: false }`
[INFO] running `Command { std: "docker" "create" "-v" "/var/lib/crater-agent-workspace/builds/worker-6-tc1/target:/opt/rustwide/target:rw,Z" "-v" "/var/lib/crater-agent-workspace/builds/worker-6-tc1/source:/opt/rustwide/workdir:ro,Z" "-v" "/var/lib/crater-agent-workspace/cargo-home:/opt/rustwide/cargo-home:ro,Z" "-v" "/var/lib/crater-agent-workspace/rustup-home:/opt/rustwide/rustup-home:ro,Z" "-e" "SOURCE_DIR=/opt/rustwide/workdir" "-e" "CARGO_TARGET_DIR=/opt/rustwide/target" "-e" "CARGO_HOME=/opt/rustwide/cargo-home" "-e" "RUSTUP_HOME=/opt/rustwide/rustup-home" "-w" "/opt/rustwide/workdir" "-m" "1610612736" "--user" "0:0" "--network" "none" "ghcr.io/rust-lang/crates-build-env/linux@sha256:5ff2268d62e97bff2cde7d5815dd6ed5b47097566f13b8d0ca110b04b60e07ed" "/opt/rustwide/cargo-home/bin/cargo" "+1.69.0" "metadata" "--no-deps" "--format-version=1", kill_on_drop: false }`
[INFO] [stdout] a70e906d607933f527893a8caa4a5d8147e14bf626abdc7d1c5c530475bebb18
[INFO] running `Command { std: "docker" "start" "-a" "a70e906d607933f527893a8caa4a5d8147e14bf626abdc7d1c5c530475bebb18", kill_on_drop: false }`
[INFO] running `Command { std: "docker" "inspect" "a70e906d607933f527893a8caa4a5d8147e14bf626abdc7d1c5c530475bebb18", kill_on_drop: false }`
[INFO] running `Command { std: "docker" "rm" "-f" "a70e906d607933f527893a8caa4a5d8147e14bf626abdc7d1c5c530475bebb18", kill_on_drop: false }`
[INFO] [stdout] a70e906d607933f527893a8caa4a5d8147e14bf626abdc7d1c5c530475bebb18
[INFO] running `Command { std: "docker" "create" "-v" "/var/lib/crater-agent-workspace/builds/worker-6-tc1/target:/opt/rustwide/target:rw,Z" "-v" "/var/lib/crater-agent-workspace/builds/worker-6-tc1/source:/opt/rustwide/workdir:ro,Z" "-v" "/var/lib/crater-agent-workspace/cargo-home:/opt/rustwide/cargo-home:ro,Z" "-v" "/var/lib/crater-agent-workspace/rustup-home:/opt/rustwide/rustup-home:ro,Z" "-e" "SOURCE_DIR=/opt/rustwide/workdir" "-e" "CARGO_TARGET_DIR=/opt/rustwide/target" "-e" "CARGO_INCREMENTAL=0" "-e" "RUST_BACKTRACE=full" "-e" "RUSTFLAGS=--cap-lints=warn" "-e" "RUSTDOCFLAGS=--cap-lints=warn" "-e" "CARGO_HOME=/opt/rustwide/cargo-home" "-e" "RUSTUP_HOME=/opt/rustwide/rustup-home" "-w" "/opt/rustwide/workdir" "-m" "1610612736" "--user" "0:0" "--network" "none" "ghcr.io/rust-lang/crates-build-env/linux@sha256:5ff2268d62e97bff2cde7d5815dd6ed5b47097566f13b8d0ca110b04b60e07ed" "/opt/rustwide/cargo-home/bin/cargo" "+1.69.0" "build" "--frozen" "--message-format=json", kill_on_drop: false }`
[INFO] [stdout] d485efab7f63d9dc47ee3e34903e6dbb16048e1e5b3bdd8b44c303a4c0913f70
[INFO] running `Command { std: "docker" "start" "-a" "d485efab7f63d9dc47ee3e34903e6dbb16048e1e5b3bdd8b44c303a4c0913f70", kill_on_drop: false }`
[INFO] [stderr]    Compiling memchr v2.5.0
[INFO] [stderr]    Compiling regex-syntax v0.7.1
[INFO] [stderr]    Compiling lazy_static v1.4.0
[INFO] [stderr]    Compiling aho-corasick v1.0.1
[INFO] [stderr]    Compiling regex v1.8.1
[INFO] [stderr]    Compiling Inflector v0.11.4
[INFO] [stderr]    Compiling auto-http-derive v0.1.0 (/opt/rustwide/workdir)
[INFO] [stdout] warning: unused variable: `temp`
[INFO] [stdout]   --> src/shared.rs:73:21
[INFO] [stdout]    |
[INFO] [stdout] 73 |                 let temp = String::from("");
[INFO] [stdout]    |                     ^^^^ help: if this is intentional, prefix it with an underscore: `_temp`
[INFO] [stdout]    |
[INFO] [stdout]    = note: `#[warn(unused_variables)]` on by default
[INFO] [stdout] 
[INFO] [stdout] 
[INFO] [stdout] warning: value assigned to `state` is never read
[INFO] [stdout]   --> src/shared.rs:81:33
[INFO] [stdout]    |
[INFO] [stdout] 81 | ...                   state = FnParseState::ParseType;
[INFO] [stdout]    |                       ^^^^^
[INFO] [stdout]    |
[INFO] [stdout]    = help: maybe it is overwritten before being read?
[INFO] [stdout]    = note: `#[warn(unused_assignments)]` on by default
[INFO] [stdout] 
[INFO] [stdout] 
[INFO] [stdout] warning: unused variable: `tokens`
[INFO] [stdout]    --> src/lib.rs:115:9
[INFO] [stdout]     |
[INFO] [stdout] 115 |     let tokens: proc_macro2::TokenStream = read_to_string(path).unwrap().parse().unwrap();
[INFO] [stdout]     |         ^^^^^^ help: if this is intentional, prefix it with an underscore: `_tokens`
[INFO] [stdout] 
[INFO] [stdout] 
[INFO] [stdout] warning: variants `ParseName`, `ParseArgs`, `ParseReturn`, `ParseType`, and `ParseGeneric` are never constructed
[INFO] [stdout]   --> src/shared.rs:49:5
[INFO] [stdout]    |
[INFO] [stdout] 48 | enum FnParseState {
[INFO] [stdout]    |      ------------ variants in this enum
[INFO] [stdout] 49 |     ParseName,
[INFO] [stdout]    |     ^^^^^^^^^
[INFO] [stdout] 50 |     ParseArgs,
[INFO] [stdout]    |     ^^^^^^^^^
[INFO] [stdout] 51 |     ParseReturn,
[INFO] [stdout]    |     ^^^^^^^^^^^
[INFO] [stdout] 52 |     ParseType,
[INFO] [stdout]    |     ^^^^^^^^^
[INFO] [stdout] 53 |     ParseGeneric,
[INFO] [stdout]    |     ^^^^^^^^^^^^
[INFO] [stdout]    |
[INFO] [stdout]    = note: `#[warn(dead_code)]` on by default
[INFO] [stdout] 
[INFO] [stdout] 
[INFO] [stdout] warning: function `get_fn_definitions` is never used
[INFO] [stdout]   --> src/shared.rs:56:8
[INFO] [stdout]    |
[INFO] [stdout] 56 | pub fn get_fn_definitions(name: &str, tokens: proc_macro2::TokenStream) -> FunctionToken {
[INFO] [stdout]    |        ^^^^^^^^^^^^^^^^^^
[INFO] [stdout] 
[INFO] [stdout] 
[INFO] [stdout] warning: 5 warnings emitted
[INFO] [stdout] 
[INFO] [stdout] 
[INFO] [stderr]     Finished dev [unoptimized + debuginfo] target(s) in 5.32s
[INFO] running `Command { std: "docker" "inspect" "d485efab7f63d9dc47ee3e34903e6dbb16048e1e5b3bdd8b44c303a4c0913f70", kill_on_drop: false }`
[INFO] running `Command { std: "docker" "rm" "-f" "d485efab7f63d9dc47ee3e34903e6dbb16048e1e5b3bdd8b44c303a4c0913f70", kill_on_drop: false }`
[INFO] [stdout] d485efab7f63d9dc47ee3e34903e6dbb16048e1e5b3bdd8b44c303a4c0913f70
[INFO] running `Command { std: "docker" "create" "-v" "/var/lib/crater-agent-workspace/builds/worker-6-tc1/target:/opt/rustwide/target:rw,Z" "-v" "/var/lib/crater-agent-workspace/builds/worker-6-tc1/source:/opt/rustwide/workdir:ro,Z" "-v" "/var/lib/crater-agent-workspace/cargo-home:/opt/rustwide/cargo-home:ro,Z" "-v" "/var/lib/crater-agent-workspace/rustup-home:/opt/rustwide/rustup-home:ro,Z" "-e" "SOURCE_DIR=/opt/rustwide/workdir" "-e" "CARGO_TARGET_DIR=/opt/rustwide/target" "-e" "CARGO_INCREMENTAL=0" "-e" "RUST_BACKTRACE=full" "-e" "RUSTFLAGS=--cap-lints=warn" "-e" "RUSTDOCFLAGS=--cap-lints=warn" "-e" "CARGO_HOME=/opt/rustwide/cargo-home" "-e" "RUSTUP_HOME=/opt/rustwide/rustup-home" "-w" "/opt/rustwide/workdir" "-m" "1610612736" "--user" "0:0" "--network" "none" "ghcr.io/rust-lang/crates-build-env/linux@sha256:5ff2268d62e97bff2cde7d5815dd6ed5b47097566f13b8d0ca110b04b60e07ed" "/opt/rustwide/cargo-home/bin/cargo" "+1.69.0" "test" "--frozen" "--no-run" "--message-format=json", kill_on_drop: false }`
[INFO] [stdout] 2862fbe2b18cba33e7625f3058a778be4080dda5273e1d903a57b981cb7f728f
[INFO] running `Command { std: "docker" "start" "-a" "2862fbe2b18cba33e7625f3058a778be4080dda5273e1d903a57b981cb7f728f", kill_on_drop: false }`
[INFO] [stderr]    Compiling auto-http-derive v0.1.0 (/opt/rustwide/workdir)
[INFO] [stdout] warning: unused import: `std::str::FromStr`
[INFO] [stdout]    --> src/lib.rs:239:9
[INFO] [stdout]     |
[INFO] [stdout] 239 |     use std::str::FromStr;
[INFO] [stdout]     |         ^^^^^^^^^^^^^^^^^
[INFO] [stdout]     |
[INFO] [stdout]     = note: `#[warn(unused_imports)]` on by default
[INFO] [stdout] 
[INFO] [stdout] 
[INFO] [stdout] warning: unused import: `proc_macro::TokenStream`
[INFO] [stdout]    --> src/lib.rs:241:9
[INFO] [stdout]     |
[INFO] [stdout] 241 |     use proc_macro::TokenStream;
[INFO] [stdout]     |         ^^^^^^^^^^^^^^^^^^^^^^^
[INFO] [stdout] 
[INFO] [stdout] 
[INFO] [stdout] warning: unused import: `configure_routes`
[INFO] [stdout]    --> src/lib.rs:244:17
[INFO] [stdout]     |
[INFO] [stdout] 244 |     use crate::{configure_routes, http_specs, write_configure_router_function, RouteToken};
[INFO] [stdout]     |                 ^^^^^^^^^^^^^^^^
[INFO] [stdout] 
[INFO] [stdout] 
[INFO] [stdout] warning: unused variable: `temp`
[INFO] [stdout]   --> src/shared.rs:73:21
[INFO] [stdout]    |
[INFO] [stdout] 73 |                 let temp = String::from("");
[INFO] [stdout]    |                     ^^^^ help: if this is intentional, prefix it with an underscore: `_temp`
[INFO] [stdout]    |
[INFO] [stdout]    = note: `#[warn(unused_variables)]` on by default
[INFO] [stdout] 
[INFO] [stdout] 
[INFO] [stdout] warning: value assigned to `state` is never read
[INFO] [stdout]   --> src/shared.rs:81:33
[INFO] [stdout]    |
[INFO] [stdout] 81 | ...                   state = FnParseState::ParseType;
[INFO] [stdout]    |                       ^^^^^
[INFO] [stdout]    |
[INFO] [stdout]    = help: maybe it is overwritten before being read?
[INFO] [stdout]    = note: `#[warn(unused_assignments)]` on by default
[INFO] [stdout] 
[INFO] [stdout] 
[INFO] [stdout] warning: unused variable: `tokens`
[INFO] [stdout]    --> src/lib.rs:115:9
[INFO] [stdout]     |
[INFO] [stdout] 115 |     let tokens: proc_macro2::TokenStream = read_to_string(path).unwrap().parse().unwrap();
[INFO] [stdout]     |         ^^^^^^ help: if this is intentional, prefix it with an underscore: `_tokens`
[INFO] [stdout] 
[INFO] [stdout] 
[INFO] [stdout] warning: unused variable: `temp`
[INFO] [stdout]   --> src/shared.rs:73:21
[INFO] [stdout]    |
[INFO] [stdout] 73 |                 let temp = String::from("");
[INFO] [stdout]    |                     ^^^^ help: if this is intentional, prefix it with an underscore: `_temp`
[INFO] [stdout]    |
[INFO] [stdout]    = note: `#[warn(unused_variables)]` on by default
[INFO] [stdout] 
[INFO] [stdout] 
[INFO] [stdout] warning: value assigned to `state` is never read
[INFO] [stdout]   --> src/shared.rs:81:33
[INFO] [stdout]    |
[INFO] [stdout] 81 | ...                   state = FnParseState::ParseType;
[INFO] [stdout]    |                       ^^^^^
[INFO] [stdout]    |
[INFO] [stdout]    = help: maybe it is overwritten before being read?
[INFO] [stdout]    = note: `#[warn(unused_assignments)]` on by default
[INFO] [stdout] 
[INFO] [stdout] 
[INFO] [stdout] warning: unused variable: `tokens`
[INFO] [stdout]    --> src/lib.rs:115:9
[INFO] [stdout]     |
[INFO] [stdout] 115 |     let tokens: proc_macro2::TokenStream = read_to_string(path).unwrap().parse().unwrap();
[INFO] [stdout]     |         ^^^^^^ help: if this is intentional, prefix it with an underscore: `_tokens`
[INFO] [stdout] 
[INFO] [stdout] 
[INFO] [stdout] warning: variants `ParseName`, `ParseArgs`, `ParseReturn`, `ParseType`, and `ParseGeneric` are never constructed
[INFO] [stdout]   --> src/shared.rs:49:5
[INFO] [stdout]    |
[INFO] [stdout] 48 | enum FnParseState {
[INFO] [stdout]    |      ------------ variants in this enum
[INFO] [stdout] 49 |     ParseName,
[INFO] [stdout]    |     ^^^^^^^^^
[INFO] [stdout] 50 |     ParseArgs,
[INFO] [stdout]    |     ^^^^^^^^^
[INFO] [stdout] 51 |     ParseReturn,
[INFO] [stdout]    |     ^^^^^^^^^^^
[INFO] [stdout] 52 |     ParseType,
[INFO] [stdout]    |     ^^^^^^^^^
[INFO] [stdout] 53 |     ParseGeneric,
[INFO] [stdout]    |     ^^^^^^^^^^^^
[INFO] [stdout]    |
[INFO] [stdout]    = note: `#[warn(dead_code)]` on by default
[INFO] [stdout] 
[INFO] [stdout] 
[INFO] [stdout] warning: function `get_fn_definitions` is never used
[INFO] [stdout]   --> src/shared.rs:56:8
[INFO] [stdout]    |
[INFO] [stdout] 56 | pub fn get_fn_definitions(name: &str, tokens: proc_macro2::TokenStream) -> FunctionToken {
[INFO] [stdout]    |        ^^^^^^^^^^^^^^^^^^
[INFO] [stdout] 
[INFO] [stdout] 
[INFO] [stdout] warning: variants `ParseName`, `ParseArgs`, `ParseReturn`, `ParseType`, and `ParseGeneric` are never constructed
[INFO] [stdout]   --> src/shared.rs:49:5
[INFO] [stdout]    |
[INFO] [stdout] 48 | enum FnParseState {
[INFO] [stdout]    |      ------------ variants in this enum
[INFO] [stdout] 49 |     ParseName,
[INFO] [stdout]    |     ^^^^^^^^^
[INFO] [stdout] 50 |     ParseArgs,
[INFO] [stdout]    |     ^^^^^^^^^
[INFO] [stdout] 51 |     ParseReturn,
[INFO] [stdout]    |     ^^^^^^^^^^^
[INFO] [stdout] 52 |     ParseType,
[INFO] [stdout]    |     ^^^^^^^^^
[INFO] [stdout] 53 |     ParseGeneric,
[INFO] [stdout]    |     ^^^^^^^^^^^^
[INFO] [stdout]    |
[INFO] [stdout]    = note: `#[warn(dead_code)]` on by default
[INFO] [stdout] 
[INFO] [stdout] 
[INFO] [stdout] warning: function `get_fn_definitions` is never used
[INFO] [stdout]   --> src/shared.rs:56:8
[INFO] [stdout]    |
[INFO] [stdout] 56 | pub fn get_fn_definitions(name: &str, tokens: proc_macro2::TokenStream) -> FunctionToken {
[INFO] [stdout]    |        ^^^^^^^^^^^^^^^^^^
[INFO] [stdout] 
[INFO] [stdout] 
[INFO] [stdout] warning: 8 warnings emitted
[INFO] [stdout] 
[INFO] [stdout] 
[INFO] [stdout] warning: 5 warnings emitted
[INFO] [stdout] 
[INFO] [stdout] 
[INFO] [stderr]     Finished test [unoptimized + debuginfo] target(s) in 0.90s
[INFO] running `Command { std: "docker" "inspect" "2862fbe2b18cba33e7625f3058a778be4080dda5273e1d903a57b981cb7f728f", kill_on_drop: false }`
[INFO] running `Command { std: "docker" "rm" "-f" "2862fbe2b18cba33e7625f3058a778be4080dda5273e1d903a57b981cb7f728f", kill_on_drop: false }`
[INFO] [stdout] 2862fbe2b18cba33e7625f3058a778be4080dda5273e1d903a57b981cb7f728f
[INFO] running `Command { std: "docker" "create" "-v" "/var/lib/crater-agent-workspace/builds/worker-6-tc1/target:/opt/rustwide/target:rw,Z" "-v" "/var/lib/crater-agent-workspace/builds/worker-6-tc1/source:/opt/rustwide/workdir:ro,Z" "-v" "/var/lib/crater-agent-workspace/cargo-home:/opt/rustwide/cargo-home:ro,Z" "-v" "/var/lib/crater-agent-workspace/rustup-home:/opt/rustwide/rustup-home:ro,Z" "-e" "SOURCE_DIR=/opt/rustwide/workdir" "-e" "CARGO_TARGET_DIR=/opt/rustwide/target" "-e" "CARGO_INCREMENTAL=0" "-e" "RUST_BACKTRACE=full" "-e" "RUSTFLAGS=--cap-lints=warn" "-e" "RUSTDOCFLAGS=--cap-lints=warn" "-e" "CARGO_HOME=/opt/rustwide/cargo-home" "-e" "RUSTUP_HOME=/opt/rustwide/rustup-home" "-w" "/opt/rustwide/workdir" "-m" "1610612736" "--user" "0:0" "--network" "none" "ghcr.io/rust-lang/crates-build-env/linux@sha256:5ff2268d62e97bff2cde7d5815dd6ed5b47097566f13b8d0ca110b04b60e07ed" "/opt/rustwide/cargo-home/bin/cargo" "+1.69.0" "test" "--frozen", kill_on_drop: false }`
[INFO] [stdout] 96f4239e162aaf0b0232ca3c482198be2e89482be31eec83ea60238f21116ae8
[INFO] running `Command { std: "docker" "start" "-a" "96f4239e162aaf0b0232ca3c482198be2e89482be31eec83ea60238f21116ae8", kill_on_drop: false }`
[INFO] [stderr]     Blocking waiting for file lock on package cache
[INFO] [stderr] warning: unused variable: `temp`
[INFO] [stderr]   --> src/shared.rs:73:21
[INFO] [stderr]    |
[INFO] [stderr] 73 |                 let temp = String::from("");
[INFO] [stderr]    |                     ^^^^ help: if this is intentional, prefix it with an underscore: `_temp`
[INFO] [stderr]    |
[INFO] [stderr]    = note: `#[warn(unused_variables)]` on by default
[INFO] [stderr] 
[INFO] [stderr] warning: value assigned to `state` is never read
[INFO] [stderr]   --> src/shared.rs:81:33
[INFO] [stderr]    |
[INFO] [stderr] 81 | ...                   state = FnParseState::ParseType;
[INFO] [stderr]    |                       ^^^^^
[INFO] [stderr]    |
[INFO] [stderr]    = help: maybe it is overwritten before being read?
[INFO] [stderr]    = note: `#[warn(unused_assignments)]` on by default
[INFO] [stderr] 
[INFO] [stderr] warning: unused variable: `tokens`
[INFO] [stderr]    --> src/lib.rs:115:9
[INFO] [stderr]     |
[INFO] [stderr] 115 |     let tokens: proc_macro2::TokenStream = read_to_string(path).unwrap().parse().unwrap();
[INFO] [stderr]     |         ^^^^^^ help: if this is intentional, prefix it with an underscore: `_tokens`
[INFO] [stderr] 
[INFO] [stderr] warning: variants `ParseName`, `ParseArgs`, `ParseReturn`, `ParseType`, and `ParseGeneric` are never constructed
[INFO] [stderr]   --> src/shared.rs:49:5
[INFO] [stderr]    |
[INFO] [stderr] 48 | enum FnParseState {
[INFO] [stderr]    |      ------------ variants in this enum
[INFO] [stderr] 49 |     ParseName,
[INFO] [stderr]    |     ^^^^^^^^^
[INFO] [stderr] 50 |     ParseArgs,
[INFO] [stderr]    |     ^^^^^^^^^
[INFO] [stderr] 51 |     ParseReturn,
[INFO] [stderr]    |     ^^^^^^^^^^^
[INFO] [stderr] 52 |     ParseType,
[INFO] [stderr]    |     ^^^^^^^^^
[INFO] [stderr] 53 |     ParseGeneric,
[INFO] [stderr]    |     ^^^^^^^^^^^^
[INFO] [stderr]    |
[INFO] [stderr]    = note: `#[warn(dead_code)]` on by default
[INFO] [stderr] 
[INFO] [stderr] warning: function `get_fn_definitions` is never used
[INFO] [stderr]   --> src/shared.rs:56:8
[INFO] [stderr]    |
[INFO] [stderr] 56 | pub fn get_fn_definitions(name: &str, tokens: proc_macro2::TokenStream) -> FunctionToken {
[INFO] [stderr]    |        ^^^^^^^^^^^^^^^^^^
[INFO] [stderr] 
[INFO] [stderr] warning: unused import: `std::str::FromStr`
[INFO] [stderr]    --> src/lib.rs:239:9
[INFO] [stderr]     |
[INFO] [stderr] 239 |     use std::str::FromStr;
[INFO] [stderr]     |         ^^^^^^^^^^^^^^^^^
[INFO] [stderr]     |
[INFO] [stderr]     = note: `#[warn(unused_imports)]` on by default
[INFO] [stderr] 
[INFO] [stderr] warning: unused import: `proc_macro::TokenStream`
[INFO] [stderr]    --> src/lib.rs:241:9
[INFO] [stderr]     |
[INFO] [stderr] 241 |     use proc_macro::TokenStream;
[INFO] [stderr]     |         ^^^^^^^^^^^^^^^^^^^^^^^
[INFO] [stderr] 
[INFO] [stderr] warning: unused import: `configure_routes`
[INFO] [stderr]    --> src/lib.rs:244:17
[INFO] [stderr]     |
[INFO] [stderr] 244 |     use crate::{configure_routes, http_specs, write_configure_router_function, RouteToken};
[INFO] [stderr]     |                 ^^^^^^^^^^^^^^^^
[INFO] [stderr] 
[INFO] [stderr] warning: `auto-http-derive` (lib) generated 5 warnings (run `cargo fix --lib -p auto-http-derive` to apply 2 suggestions)
[INFO] [stderr] warning: `auto-http-derive` (lib test) generated 8 warnings (5 duplicates) (run `cargo fix --lib -p auto-http-derive --tests` to apply 3 suggestions)
[INFO] [stderr]     Finished test [unoptimized + debuginfo] target(s) in 0.22s
[INFO] [stderr]      Running unittests src/lib.rs (/opt/rustwide/target/debug/deps/auto_http_derive-1d7959d287023985)
[INFO] [stdout] 
[INFO] [stdout] running 8 tests
[INFO] [stdout] test tests::test_transform_configure_routes_fn ... FAILED
[INFO] [stdout] test tests::test_http_specs_with_id ... ok
[INFO] [stdout] test tests::test_http_specs ... ok
[INFO] [stdout] test tests::test_http_specs_only_module_method ... ok
[INFO] [stdout] test tests::test_http_specs_post_method ... ok
[INFO] [stdout] test tests::test_http_specs_multiple_params ... ok
[INFO] [stdout] test tests::route_token_to_token_stream ... ok
[INFO] [stdout] test tests::generate_routes ... ok
[INFO] [stdout] 
[INFO] [stdout] failures:
[INFO] [stdout] 
[INFO] [stdout] ---- tests::test_transform_configure_routes_fn stdout ----
[INFO] [stdout] thread 'tests::test_transform_configure_routes_fn' panicked at 'assertion failed: `(left == right)`
[INFO] [stdout]   left: `"pub struct Request { } pub fn config_routes () -> axum :: Router < crate :: Container > { println ! (\"{} configured routes.\" , 0usize) ; let mut router = axum :: Router :: < crate :: Container > :: new () ; router }"`,
[INFO] [stdout]  right: `"pub fn config_routes () -> axum :: Router < crate :: Container > { println ! (\"{} configured routes.\" , 0usize) ; let mut router = axum :: Router :: < crate :: Container > :: new () ; router }"`', src/lib.rs:346:9
[INFO] [stdout] stack backtrace:
[INFO] [stdout]    0:     0x7f4cfd32931a - std::backtrace_rs::backtrace::libunwind::trace::ha9053a9a07ca49cb
[INFO] [stdout]                                at /rustc/84c898d65adf2f39a5a98507f1fe0ce10a2b8dbc/library/std/src/../../backtrace/src/backtrace/libunwind.rs:93:5
[INFO] [stdout]    1:     0x7f4cfd32931a - std::backtrace_rs::backtrace::trace_unsynchronized::h9c2852a457ad564e
[INFO] [stdout]                                at /rustc/84c898d65adf2f39a5a98507f1fe0ce10a2b8dbc/library/std/src/../../backtrace/src/backtrace/mod.rs:66:5
[INFO] [stdout]    2:     0x7f4cfd32931a - std::sys_common::backtrace::_print_fmt::h457936fbfaa0070f
[INFO] [stdout]                                at /rustc/84c898d65adf2f39a5a98507f1fe0ce10a2b8dbc/library/std/src/sys_common/backtrace.rs:65:5
[INFO] [stdout]    3:     0x7f4cfd32931a - <std::sys_common::backtrace::_print::DisplayBacktrace as core::fmt::Display>::fmt::h5779d7bf7f70cb0c
[INFO] [stdout]                                at /rustc/84c898d65adf2f39a5a98507f1fe0ce10a2b8dbc/library/std/src/sys_common/backtrace.rs:44:22
[INFO] [stdout]    4:     0x7f4cfd38cb6e - core::fmt::write::h5a4baaff1bcd3eb5
[INFO] [stdout]                                at /rustc/84c898d65adf2f39a5a98507f1fe0ce10a2b8dbc/library/core/src/fmt/mod.rs:1232:17
[INFO] [stdout]    5:     0x7f4cfd31c1c5 - std::io::Write::write_fmt::h478f79c628ef31d1
[INFO] [stdout]                                at /rustc/84c898d65adf2f39a5a98507f1fe0ce10a2b8dbc/library/std/src/io/mod.rs:1684:15
[INFO] [stdout]    6:     0x7f4cfd3290e5 - std::sys_common::backtrace::_print::h5fcdc36060f177e8
[INFO] [stdout]                                at /rustc/84c898d65adf2f39a5a98507f1fe0ce10a2b8dbc/library/std/src/sys_common/backtrace.rs:47:5
[INFO] [stdout]    7:     0x7f4cfd3290e5 - std::sys_common::backtrace::print::h54ca9458b876c8bf
[INFO] [stdout]                                at /rustc/84c898d65adf2f39a5a98507f1fe0ce10a2b8dbc/library/std/src/sys_common/backtrace.rs:34:9
[INFO] [stdout]    8:     0x7f4cfd32be5f - std::panicking::default_hook::{{closure}}::hbe471161c7664ed6
[INFO] [stdout]                                at /rustc/84c898d65adf2f39a5a98507f1fe0ce10a2b8dbc/library/std/src/panicking.rs:271:22
[INFO] [stdout]    9:     0x7f4cfd32bb1f - std::panicking::default_hook::ha3500da57aa4ac4f
[INFO] [stdout]                                at /rustc/84c898d65adf2f39a5a98507f1fe0ce10a2b8dbc/library/std/src/panicking.rs:287:9
[INFO] [stdout]   10:     0x7f4cfd41ce27 - <alloc::boxed::Box<F,A> as core::ops::function::Fn<Args>>::call::hdf1b89dd137ece34
[INFO] [stdout]                                at /rustc/84c898d65adf2f39a5a98507f1fe0ce10a2b8dbc/library/alloc/src/boxed.rs:2001:9
[INFO] [stdout]   11:     0x7f4cfd41ce27 - test::test_main::{{closure}}::h9081a79f20e75698
[INFO] [stdout]                                at /rustc/84c898d65adf2f39a5a98507f1fe0ce10a2b8dbc/library/test/src/lib.rs:135:21
[INFO] [stdout]   12:     0x7f4cfd32c69d - <alloc::boxed::Box<F,A> as core::ops::function::Fn<Args>>::call::h6507bddc3eebb4a5
[INFO] [stdout]                                at /rustc/84c898d65adf2f39a5a98507f1fe0ce10a2b8dbc/library/alloc/src/boxed.rs:2001:9
[INFO] [stdout]   13:     0x7f4cfd32c69d - std::panicking::rust_panic_with_hook::h50c09d000dc561d2
[INFO] [stdout]                                at /rustc/84c898d65adf2f39a5a98507f1fe0ce10a2b8dbc/library/std/src/panicking.rs:696:13
[INFO] [stdout]   14:     0x7f4cfd32c419 - std::panicking::begin_panic_handler::{{closure}}::h9e2b2176e00e0d9c
[INFO] [stdout]                                at /rustc/84c898d65adf2f39a5a98507f1fe0ce10a2b8dbc/library/std/src/panicking.rs:583:13
[INFO] [stdout]   15:     0x7f4cfd329786 - std::sys_common::backtrace::__rust_end_short_backtrace::h5739b8e512c09d02
[INFO] [stdout]                                at /rustc/84c898d65adf2f39a5a98507f1fe0ce10a2b8dbc/library/std/src/sys_common/backtrace.rs:150:18
[INFO] [stdout]   16:     0x7f4cfd32c122 - rust_begin_unwind
[INFO] [stdout]                                at /rustc/84c898d65adf2f39a5a98507f1fe0ce10a2b8dbc/library/std/src/panicking.rs:579:5
[INFO] [stdout]   17:     0x7f4cfd388ec3 - core::panicking::panic_fmt::hf33a1475b4dc5c3e
[INFO] [stdout]                                at /rustc/84c898d65adf2f39a5a98507f1fe0ce10a2b8dbc/library/core/src/panicking.rs:64:14
[INFO] [stdout]   18:     0x7f4cfd3892df - core::panicking::assert_failed_inner::haf9816227b20b6f2
[INFO] [stdout]   19:     0x55712494816a - core::panicking::assert_failed::h0d643e5353caab97
[INFO] [stdout]                                at /rustc/84c898d65adf2f39a5a98507f1fe0ce10a2b8dbc/library/core/src/panicking.rs:211:5
[INFO] [stdout]   20:     0x557124945784 - auto_http_derive::tests::test_transform_configure_routes_fn::h3dac003b617df18d
[INFO] [stdout]                                at /opt/rustwide/workdir/src/lib.rs:346:9
[INFO] [stdout]   21:     0x557124944f47 - auto_http_derive::tests::test_transform_configure_routes_fn::{{closure}}::hfc556c5400ff309e
[INFO] [stdout]                                at /opt/rustwide/workdir/src/lib.rs:327:45
[INFO] [stdout]   22:     0x557124948d35 - core::ops::function::FnOnce::call_once::h0c64031f6bbfff10
[INFO] [stdout]                                at /rustc/84c898d65adf2f39a5a98507f1fe0ce10a2b8dbc/library/core/src/ops/function.rs:250:5
[INFO] [stdout]   23:     0x7f4cfd422e2f - core::ops::function::FnOnce::call_once::h7d969581be7d0075
[INFO] [stdout]                                at /rustc/84c898d65adf2f39a5a98507f1fe0ce10a2b8dbc/library/core/src/ops/function.rs:250:5
[INFO] [stdout]   24:     0x7f4cfd422e2f - test::__rust_begin_short_backtrace::hca25a52684e56655
[INFO] [stdout]                                at /rustc/84c898d65adf2f39a5a98507f1fe0ce10a2b8dbc/library/test/src/lib.rs:656:18
[INFO] [stdout]   25:     0x7f4cfd3f08dc - test::run_test::{{closure}}::ha8ac744c4af1a4bb
[INFO] [stdout]                                at /rustc/84c898d65adf2f39a5a98507f1fe0ce10a2b8dbc/library/test/src/lib.rs:647:30
[INFO] [stdout]   26:     0x7f4cfd3f08dc - core::ops::function::FnOnce::call_once{{vtable.shim}}::h7b411a9ed45bdecf
[INFO] [stdout]                                at /rustc/84c898d65adf2f39a5a98507f1fe0ce10a2b8dbc/library/core/src/ops/function.rs:250:5
[INFO] [stdout]   27:     0x7f4cfd421df6 - <alloc::boxed::Box<F,A> as core::ops::function::FnOnce<Args>>::call_once::hd05328869a8ed200
[INFO] [stdout]                                at /rustc/84c898d65adf2f39a5a98507f1fe0ce10a2b8dbc/library/alloc/src/boxed.rs:1987:9
[INFO] [stdout]   28:     0x7f4cfd421df6 - <core::panic::unwind_safe::AssertUnwindSafe<F> as core::ops::function::FnOnce<()>>::call_once::h0c601ce20bd5b2be
[INFO] [stdout]                                at /rustc/84c898d65adf2f39a5a98507f1fe0ce10a2b8dbc/library/core/src/panic/unwind_safe.rs:271:9
[INFO] [stdout]   29:     0x7f4cfd421df6 - std::panicking::try::do_call::ha4be5c164fe30854
[INFO] [stdout]                                at /rustc/84c898d65adf2f39a5a98507f1fe0ce10a2b8dbc/library/std/src/panicking.rs:487:40
[INFO] [stdout]   30:     0x7f4cfd421df6 - std::panicking::try::h604546f3609af05f
[INFO] [stdout]                                at /rustc/84c898d65adf2f39a5a98507f1fe0ce10a2b8dbc/library/std/src/panicking.rs:451:19
[INFO] [stdout]   31:     0x7f4cfd421df6 - std::panic::catch_unwind::h5bfa8afe44c9c2f9
[INFO] [stdout]                                at /rustc/84c898d65adf2f39a5a98507f1fe0ce10a2b8dbc/library/std/src/panic.rs:140:14
[INFO] [stdout]   32:     0x7f4cfd421df6 - test::run_test_in_process::hd50dee55dd63e6aa
[INFO] [stdout]                                at /rustc/84c898d65adf2f39a5a98507f1fe0ce10a2b8dbc/library/test/src/lib.rs:679:27
[INFO] [stdout]   33:     0x7f4cfd421df6 - test::run_test::run_test_inner::{{closure}}::h4aa0f433aa85cea8
[INFO] [stdout]                                at /rustc/84c898d65adf2f39a5a98507f1fe0ce10a2b8dbc/library/test/src/lib.rs:573:39
[INFO] [stdout]   34:     0x7f4cfd3ea591 - test::run_test::run_test_inner::{{closure}}::had56431adf24b4d6
[INFO] [stdout]                                at /rustc/84c898d65adf2f39a5a98507f1fe0ce10a2b8dbc/library/test/src/lib.rs:600:37
[INFO] [stdout]   35:     0x7f4cfd3ea591 - std::sys_common::backtrace::__rust_begin_short_backtrace::ha8d9890e0c73bf13
[INFO] [stdout]                                at /rustc/84c898d65adf2f39a5a98507f1fe0ce10a2b8dbc/library/std/src/sys_common/backtrace.rs:134:18
[INFO] [stdout]   36:     0x7f4cfd3f096b - std::thread::Builder::spawn_unchecked_::{{closure}}::{{closure}}::h251832bcb4a95327
[INFO] [stdout]                                at /rustc/84c898d65adf2f39a5a98507f1fe0ce10a2b8dbc/library/std/src/thread/mod.rs:560:17
[INFO] [stdout]   37:     0x7f4cfd3f096b - <core::panic::unwind_safe::AssertUnwindSafe<F> as core::ops::function::FnOnce<()>>::call_once::h8fdff598fa414831
[INFO] [stdout]                                at /rustc/84c898d65adf2f39a5a98507f1fe0ce10a2b8dbc/library/core/src/panic/unwind_safe.rs:271:9
[INFO] [stdout]   38:     0x7f4cfd3f096b - std::panicking::try::do_call::h455dd2f7764a950f
[INFO] [stdout]                                at /rustc/84c898d65adf2f39a5a98507f1fe0ce10a2b8dbc/library/std/src/panicking.rs:487:40
[INFO] [stdout]   39:     0x7f4cfd3f096b - std::panicking::try::had6f23b7b73ae72a
[INFO] [stdout]                                at /rustc/84c898d65adf2f39a5a98507f1fe0ce10a2b8dbc/library/std/src/panicking.rs:451:19
[INFO] [stdout]   40:     0x7f4cfd3f096b - std::panic::catch_unwind::ha6a5ca3915b4dad0
[INFO] [stdout]                                at /rustc/84c898d65adf2f39a5a98507f1fe0ce10a2b8dbc/library/std/src/panic.rs:140:14
[INFO] [stdout]   41:     0x7f4cfd3f096b - std::thread::Builder::spawn_unchecked_::{{closure}}::h883b72ef75da6231
[INFO] [stdout]                                at /rustc/84c898d65adf2f39a5a98507f1fe0ce10a2b8dbc/library/std/src/thread/mod.rs:559:30
[INFO] [stdout]   42:     0x7f4cfd3f096b - core::ops::function::FnOnce::call_once{{vtable.shim}}::hb7dff73dc8bd2ccb
[INFO] [stdout]                                at /rustc/84c898d65adf2f39a5a98507f1fe0ce10a2b8dbc/library/core/src/ops/function.rs:250:5
[INFO] [stdout]   43:     0x7f4cfd336593 - <alloc::boxed::Box<F,A> as core::ops::function::FnOnce<Args>>::call_once::h39990b24eedef2ab
[INFO] [stdout]                                at /rustc/84c898d65adf2f39a5a98507f1fe0ce10a2b8dbc/library/alloc/src/boxed.rs:1987:9
[INFO] [stdout]   44:     0x7f4cfd336593 - <alloc::boxed::Box<F,A> as core::ops::function::FnOnce<Args>>::call_once::h01a027258444143b
[INFO] [stdout]                                at /rustc/84c898d65adf2f39a5a98507f1fe0ce10a2b8dbc/library/alloc/src/boxed.rs:1987:9
[INFO] [stdout]   45:     0x7f4cfd336593 - std::sys::unix::thread::Thread::new::thread_start::ha4f1cdd9c25884ba
[INFO] [stdout]                                at /rustc/84c898d65adf2f39a5a98507f1fe0ce10a2b8dbc/library/std/src/sys/unix/thread.rs:108:17
[INFO] [stdout]   46:     0x7f4cfd055b43 - <unknown>
[INFO] [stdout]   47:     0x7f4cfd0e6bb4 - __clone
[INFO] [stdout]   48:                0x0 - <unknown>
[INFO] [stdout] 
[INFO] [stdout] 
[INFO] [stdout] failures:
[INFO] [stdout]     tests::test_transform_configure_routes_fn
[INFO] [stdout] 
[INFO] [stdout] test result: FAILED. 7 passed; 1 failed; 0 ignored; 0 measured; 0 filtered out; finished in 0.16s
[INFO] [stdout] 
[INFO] [stderr] error: test failed, to rerun pass `--lib`
[INFO] running `Command { std: "docker" "inspect" "96f4239e162aaf0b0232ca3c482198be2e89482be31eec83ea60238f21116ae8", kill_on_drop: false }`
[INFO] running `Command { std: "docker" "rm" "-f" "96f4239e162aaf0b0232ca3c482198be2e89482be31eec83ea60238f21116ae8", kill_on_drop: false }`
[INFO] [stdout] 96f4239e162aaf0b0232ca3c482198be2e89482be31eec83ea60238f21116ae8
