[INFO] fetching crate aurochs 0.1.2...
[INFO] testing aurochs-0.1.2 against beta-2023-04-20 for beta-1.70-1
[INFO] extracting crate aurochs 0.1.2 into /workspace/builds/worker-3-tc2/source
[INFO] validating manifest of crates.io crate aurochs 0.1.2 on toolchain beta-2023-04-20
[INFO] running `Command { std: CARGO_HOME="/workspace/cargo-home" RUSTUP_HOME="/workspace/rustup-home" "/workspace/cargo-home/bin/cargo" "+beta-2023-04-20" "metadata" "--manifest-path" "Cargo.toml" "--no-deps", kill_on_drop: false }`
[INFO] started tweaking crates.io crate aurochs 0.1.2
[INFO] finished tweaking crates.io crate aurochs 0.1.2
[INFO] tweaked toml for crates.io crate aurochs 0.1.2 written to /workspace/builds/worker-3-tc2/source/Cargo.toml
[INFO] crate crates.io crate aurochs 0.1.2 already has a lockfile, it will not be regenerated
[INFO] running `Command { std: CARGO_HOME="/workspace/cargo-home" RUSTUP_HOME="/workspace/rustup-home" "/workspace/cargo-home/bin/cargo" "+beta-2023-04-20" "fetch" "--manifest-path" "Cargo.toml", kill_on_drop: false }`
[INFO] running `Command { std: "docker" "create" "-v" "/var/lib/crater-agent-workspace/builds/worker-3-tc2/target:/opt/rustwide/target:rw,Z" "-v" "/var/lib/crater-agent-workspace/builds/worker-3-tc2/source:/opt/rustwide/workdir:ro,Z" "-v" "/var/lib/crater-agent-workspace/cargo-home:/opt/rustwide/cargo-home:ro,Z" "-v" "/var/lib/crater-agent-workspace/rustup-home:/opt/rustwide/rustup-home:ro,Z" "-e" "SOURCE_DIR=/opt/rustwide/workdir" "-e" "CARGO_TARGET_DIR=/opt/rustwide/target" "-e" "CARGO_HOME=/opt/rustwide/cargo-home" "-e" "RUSTUP_HOME=/opt/rustwide/rustup-home" "-w" "/opt/rustwide/workdir" "-m" "1610612736" "--user" "0:0" "--network" "none" "ghcr.io/rust-lang/crates-build-env/linux@sha256:5ff2268d62e97bff2cde7d5815dd6ed5b47097566f13b8d0ca110b04b60e07ed" "/opt/rustwide/cargo-home/bin/cargo" "+beta-2023-04-20" "metadata" "--no-deps" "--format-version=1", kill_on_drop: false }`
[INFO] [stdout] 5fb602fc5d0ff647f2c9d3a9d0fd4487ffc59de0b970260bce6188d1d1e5502b
[INFO] running `Command { std: "docker" "start" "-a" "5fb602fc5d0ff647f2c9d3a9d0fd4487ffc59de0b970260bce6188d1d1e5502b", kill_on_drop: false }`
[INFO] running `Command { std: "docker" "inspect" "5fb602fc5d0ff647f2c9d3a9d0fd4487ffc59de0b970260bce6188d1d1e5502b", kill_on_drop: false }`
[INFO] running `Command { std: "docker" "rm" "-f" "5fb602fc5d0ff647f2c9d3a9d0fd4487ffc59de0b970260bce6188d1d1e5502b", kill_on_drop: false }`
[INFO] [stdout] 5fb602fc5d0ff647f2c9d3a9d0fd4487ffc59de0b970260bce6188d1d1e5502b
[INFO] running `Command { std: "docker" "create" "-v" "/var/lib/crater-agent-workspace/builds/worker-3-tc2/target:/opt/rustwide/target:rw,Z" "-v" "/var/lib/crater-agent-workspace/builds/worker-3-tc2/source:/opt/rustwide/workdir:ro,Z" "-v" "/var/lib/crater-agent-workspace/cargo-home:/opt/rustwide/cargo-home:ro,Z" "-v" "/var/lib/crater-agent-workspace/rustup-home:/opt/rustwide/rustup-home:ro,Z" "-e" "SOURCE_DIR=/opt/rustwide/workdir" "-e" "CARGO_TARGET_DIR=/opt/rustwide/target" "-e" "CARGO_INCREMENTAL=0" "-e" "RUST_BACKTRACE=full" "-e" "RUSTFLAGS=--cap-lints=warn" "-e" "RUSTDOCFLAGS=--cap-lints=warn" "-e" "CARGO_HOME=/opt/rustwide/cargo-home" "-e" "RUSTUP_HOME=/opt/rustwide/rustup-home" "-w" "/opt/rustwide/workdir" "-m" "1610612736" "--user" "0:0" "--network" "none" "ghcr.io/rust-lang/crates-build-env/linux@sha256:5ff2268d62e97bff2cde7d5815dd6ed5b47097566f13b8d0ca110b04b60e07ed" "/opt/rustwide/cargo-home/bin/cargo" "+beta-2023-04-20" "build" "--frozen" "--message-format=json", kill_on_drop: false }`
[INFO] [stdout] d6e2408152fe2daeb4620a4d14d31a6d87a6bf4457d59803c99185b70796ca39
[INFO] running `Command { std: "docker" "start" "-a" "d6e2408152fe2daeb4620a4d14d31a6d87a6bf4457d59803c99185b70796ca39", kill_on_drop: false }`
[INFO] [stderr]    Compiling aurochs v0.1.2 (/opt/rustwide/workdir)
[INFO] [stderr]     Finished dev [unoptimized + debuginfo] target(s) in 0.38s
[INFO] running `Command { std: "docker" "inspect" "d6e2408152fe2daeb4620a4d14d31a6d87a6bf4457d59803c99185b70796ca39", kill_on_drop: false }`
[INFO] running `Command { std: "docker" "rm" "-f" "d6e2408152fe2daeb4620a4d14d31a6d87a6bf4457d59803c99185b70796ca39", kill_on_drop: false }`
[INFO] [stdout] d6e2408152fe2daeb4620a4d14d31a6d87a6bf4457d59803c99185b70796ca39
[INFO] running `Command { std: "docker" "create" "-v" "/var/lib/crater-agent-workspace/builds/worker-3-tc2/target:/opt/rustwide/target:rw,Z" "-v" "/var/lib/crater-agent-workspace/builds/worker-3-tc2/source:/opt/rustwide/workdir:ro,Z" "-v" "/var/lib/crater-agent-workspace/cargo-home:/opt/rustwide/cargo-home:ro,Z" "-v" "/var/lib/crater-agent-workspace/rustup-home:/opt/rustwide/rustup-home:ro,Z" "-e" "SOURCE_DIR=/opt/rustwide/workdir" "-e" "CARGO_TARGET_DIR=/opt/rustwide/target" "-e" "CARGO_INCREMENTAL=0" "-e" "RUST_BACKTRACE=full" "-e" "RUSTFLAGS=--cap-lints=warn" "-e" "RUSTDOCFLAGS=--cap-lints=warn" "-e" "CARGO_HOME=/opt/rustwide/cargo-home" "-e" "RUSTUP_HOME=/opt/rustwide/rustup-home" "-w" "/opt/rustwide/workdir" "-m" "1610612736" "--user" "0:0" "--network" "none" "ghcr.io/rust-lang/crates-build-env/linux@sha256:5ff2268d62e97bff2cde7d5815dd6ed5b47097566f13b8d0ca110b04b60e07ed" "/opt/rustwide/cargo-home/bin/cargo" "+beta-2023-04-20" "test" "--frozen" "--no-run" "--message-format=json", kill_on_drop: false }`
[INFO] [stdout] ed1d6a7cbfcc1643ae4597cb4e341ea0bf76829fd643869e56dfda4c29409bb3
[INFO] running `Command { std: "docker" "start" "-a" "ed1d6a7cbfcc1643ae4597cb4e341ea0bf76829fd643869e56dfda4c29409bb3", kill_on_drop: false }`
[INFO] [stderr]    Compiling aurochs v0.1.2 (/opt/rustwide/workdir)
[INFO] [stderr]     Finished test [unoptimized + debuginfo] target(s) in 0.27s
[INFO] running `Command { std: "docker" "inspect" "ed1d6a7cbfcc1643ae4597cb4e341ea0bf76829fd643869e56dfda4c29409bb3", kill_on_drop: false }`
[INFO] running `Command { std: "docker" "rm" "-f" "ed1d6a7cbfcc1643ae4597cb4e341ea0bf76829fd643869e56dfda4c29409bb3", kill_on_drop: false }`
[INFO] [stdout] ed1d6a7cbfcc1643ae4597cb4e341ea0bf76829fd643869e56dfda4c29409bb3
[INFO] running `Command { std: "docker" "create" "-v" "/var/lib/crater-agent-workspace/builds/worker-3-tc2/target:/opt/rustwide/target:rw,Z" "-v" "/var/lib/crater-agent-workspace/builds/worker-3-tc2/source:/opt/rustwide/workdir:ro,Z" "-v" "/var/lib/crater-agent-workspace/cargo-home:/opt/rustwide/cargo-home:ro,Z" "-v" "/var/lib/crater-agent-workspace/rustup-home:/opt/rustwide/rustup-home:ro,Z" "-e" "SOURCE_DIR=/opt/rustwide/workdir" "-e" "CARGO_TARGET_DIR=/opt/rustwide/target" "-e" "CARGO_INCREMENTAL=0" "-e" "RUST_BACKTRACE=full" "-e" "RUSTFLAGS=--cap-lints=warn" "-e" "RUSTDOCFLAGS=--cap-lints=warn" "-e" "CARGO_HOME=/opt/rustwide/cargo-home" "-e" "RUSTUP_HOME=/opt/rustwide/rustup-home" "-w" "/opt/rustwide/workdir" "-m" "1610612736" "--user" "0:0" "--network" "none" "ghcr.io/rust-lang/crates-build-env/linux@sha256:5ff2268d62e97bff2cde7d5815dd6ed5b47097566f13b8d0ca110b04b60e07ed" "/opt/rustwide/cargo-home/bin/cargo" "+beta-2023-04-20" "test" "--frozen", kill_on_drop: false }`
[INFO] [stdout] 8fa71b802f0bb258e3dfdf1e156934f0453d7333211daf09c37cdaefa36e12c6
[INFO] running `Command { std: "docker" "start" "-a" "8fa71b802f0bb258e3dfdf1e156934f0453d7333211daf09c37cdaefa36e12c6", kill_on_drop: false }`
[INFO] [stderr]     Finished test [unoptimized + debuginfo] target(s) in 0.00s
[INFO] [stderr]      Running unittests src/lib.rs (/opt/rustwide/target/debug/deps/aurochs-60e250992c98c63b)
[INFO] [stdout] 
[INFO] [stdout] running 0 tests
[INFO] [stdout] 
[INFO] [stdout] test result: ok. 0 passed; 0 failed; 0 ignored; 0 measured; 0 filtered out; finished in 0.00s
[INFO] [stdout] 
[INFO] [stderr]      Running unittests src/main.rs (/opt/rustwide/target/debug/deps/aurochs-a128b89ddc830633)
[INFO] [stdout] 
[INFO] [stdout] running 0 tests
[INFO] [stdout] 
[INFO] [stdout] test result: ok. 0 passed; 0 failed; 0 ignored; 0 measured; 0 filtered out; finished in 0.00s
[INFO] [stdout] 
[INFO] [stderr]    Doc-tests aurochs
[INFO] [stdout] 
[INFO] [stdout] running 24 tests
[INFO] [stdout] test src/lib.rs - Node::append_child (line 156) ... FAILED
[INFO] [stdout] test src/lib.rs - Node::append_child_list (line 199) ... FAILED
[INFO] [stdout] test src/lib.rs - Node (line 30) ... FAILED
[INFO] [stdout] test src/lib.rs - Node::clone_node (line 226) ... FAILED
[INFO] [stdout] test src/lib.rs - Node::inner_text (line 123) ... FAILED
[INFO] [stdout] test src/lib.rs - Document::create_element (line 362) ... FAILED
[INFO] [stdout] test src/lib.rs - Node::append_child_list (line 185) ... FAILED
[INFO] [stdout] test src/lib.rs - Node::append_child (line 149) ... FAILED
[INFO] [stdout] test src/lib.rs - Document::create_element (line 367) ... FAILED
[INFO] [stdout] test src/lib.rs - Node::clone_node (line 232) ... FAILED
[INFO] [stdout] test src/lib.rs - Node::inner_text (line 117) ... FAILED
[INFO] [stdout] test src/lib.rs - Node::set_attribute (line 65) ... FAILED
[INFO] [stdout] test src/lib.rs - Node::set_attribute_list (line 97) ... FAILED
[INFO] [stdout] test src/lib.rs - Node::render (line 312) ... FAILED
[INFO] [stdout] test src/lib.rs - Node::set_attribute_list (line 89) ... FAILED
[INFO] [stdout] test src/lib.rs - Node::set_attribute (line 59) ... FAILED
[INFO] [stdout] test src/lib.rs - Node::append_child_list (line 174) ... ok
[INFO] [stdout] test src/lib.rs - Document::create_element (line 354) ... ok
[INFO] [stdout] test src/lib.rs - Node::inner_text (line 108) ... ok
[INFO] [stdout] test src/lib.rs - Node::append_child (line 139) ... ok
[INFO] [stdout] test src/lib.rs - Node::render (line 297) ... ok
[INFO] [stdout] test src/lib.rs - Node::set_attribute_list (line 82) ... ok
[INFO] [stdout] test src/lib.rs - Node::clone_node (line 217) ... ok
[INFO] [stdout] test src/lib.rs - Node::set_attribute (line 50) ... ok
[INFO] [stderr] error: doctest failed, to rerun pass `--doc`
[INFO] [stdout] 
[INFO] [stdout] failures:
[INFO] [stdout] 
[INFO] [stdout] ---- src/lib.rs - Node::append_child (line 156) stdout ----
[INFO] [stdout] error: expected `::`, found `<`
[INFO] [stdout]  --> src/lib.rs:158:5
[INFO] [stdout]   |
[INFO] [stdout] 3 | <body>
[INFO] [stdout]   |       - expected `::`
[INFO] [stdout] 4 |     <p><p>
[INFO] [stdout]   |     ^ unexpected token
[INFO] [stdout] 
[INFO] [stdout] error: aborting due to previous error
[INFO] [stdout] 
[INFO] [stdout] Couldn't compile the test.
[INFO] [stdout] ---- src/lib.rs - Node::append_child_list (line 199) stdout ----
[INFO] [stdout] error: expected `::`, found `<`
[INFO] [stdout]  --> src/lib.rs:201:5
[INFO] [stdout]   |
[INFO] [stdout] 3 | <body>
[INFO] [stdout]   |       - expected `::`
[INFO] [stdout] 4 |     <h1><h1>
[INFO] [stdout]   |     ^ unexpected token
[INFO] [stdout] 
[INFO] [stdout] error: aborting due to previous error
[INFO] [stdout] 
[INFO] [stdout] Couldn't compile the test.
[INFO] [stdout] ---- src/lib.rs - Node (line 30) stdout ----
[INFO] [stdout] error: comparison operators cannot be chained
[INFO] [stdout]  --> src/lib.rs:33:23
[INFO] [stdout]   |
[INFO] [stdout] 3 | Node {
[INFO] [stdout]   | ---- while parsing this struct
[INFO] [stdout] 4 |     tag: String,
[INFO] [stdout] 5 |     attributes: Option<Vec<String>>,
[INFO] [stdout]   |                       ^   ^
[INFO] [stdout]   |
[INFO] [stdout]   = help: use `::<...>` instead of `<...>` to specify lifetime, type, or const arguments
[INFO] [stdout]   = help: or use `(...)` if you meant to specify fn arguments
[INFO] [stdout] help: split the comparison into two
[INFO] [stdout]   |
[INFO] [stdout] 5 |     attributes: Option<Vec && Vec<String>>,
[INFO] [stdout]   |                            ++++++
[INFO] [stdout] 
[INFO] [stdout] error: comparison operators cannot be chained
[INFO] [stdout]  --> src/lib.rs:34:21
[INFO] [stdout]   |
[INFO] [stdout] 3 | Node {
[INFO] [stdout]   | ---- while parsing this struct
[INFO] [stdout] ...
[INFO] [stdout] 6 |     children: Option<Vec<Children>>,
[INFO] [stdout]   |                     ^   ^
[INFO] [stdout]   |
[INFO] [stdout]   = help: use `::<...>` instead of `<...>` to specify lifetime, type, or const arguments
[INFO] [stdout]   = help: or use `(...)` if you meant to specify fn arguments
[INFO] [stdout] help: split the comparison into two
[INFO] [stdout]   |
[INFO] [stdout] 6 |     children: Option<Vec && Vec<Children>>,
[INFO] [stdout]   |                          ++++++
[INFO] [stdout] 
[INFO] [stdout] error[E0422]: cannot find struct, variant or union type `Node` in this scope
[INFO] [stdout]  --> src/lib.rs:31:1
[INFO] [stdout]   |
[INFO] [stdout] 3 | Node {
[INFO] [stdout]   | ^^^^
[INFO] [stdout]  --> /rustc/1b7dd2252b99671ce5d1cb9664c5f8636329436d/library/core/src/option.rs:568:5
[INFO] [stdout]   |
[INFO] [stdout]   = note: similarly named variant `None` defined here
[INFO] [stdout]   |
[INFO] [stdout] help: a variant with a similar name exists
[INFO] [stdout]   |
[INFO] [stdout] 3 | None {
[INFO] [stdout]   | ~~~~
[INFO] [stdout] help: consider importing this struct
[INFO] [stdout]   |
[INFO] [stdout] 2 + use aurochs::Node;
[INFO] [stdout]   |
[INFO] [stdout] 
[INFO] [stdout] error[E0423]: expected value, found struct `String`
[INFO] [stdout]  --> src/lib.rs:32:10
[INFO] [stdout]   |
[INFO] [stdout] 4 |     tag: String,
[INFO] [stdout]   |          ^^^^^^ help: use struct literal syntax instead: `String { vec: val }`
[INFO] [stdout]  --> /rustc/1b7dd2252b99671ce5d1cb9664c5f8636329436d/library/alloc/src/string.rs:365:1
[INFO] [stdout]   |
[INFO] [stdout]   = note: `String` defined here
[INFO] [stdout] 
[INFO] [stdout] error[E0425]: cannot find value `Closing` in this scope
[INFO] [stdout]  --> src/lib.rs:35:19
[INFO] [stdout]   |
[INFO] [stdout] 7 |     closing_type: Closing
[INFO] [stdout]   |                   ^^^^^^^ not found in this scope
[INFO] [stdout] 
[INFO] [stdout] error: aborting due to 5 previous errors
[INFO] [stdout] 
[INFO] [stdout] Some errors have detailed explanations: E0422, E0423, E0425.
[INFO] [stdout] For more information about an error, try `rustc --explain E0422`.
[INFO] [stdout] Couldn't compile the test.
[INFO] [stdout] ---- src/lib.rs - Node::clone_node (line 226) stdout ----
[INFO] [stdout] error[E0425]: cannot find value `document` in this scope
[INFO] [stdout]  --> src/lib.rs:227:17
[INFO] [stdout]   |
[INFO] [stdout] 3 | let paragraph = document.createElement("p");
[INFO] [stdout]   |                 ^^^^^^^^ not found in this scope
[INFO] [stdout] 
[INFO] [stdout] error: aborting due to previous error
[INFO] [stdout] 
[INFO] [stdout] For more information about this error, try `rustc --explain E0425`.
[INFO] [stdout] Couldn't compile the test.
[INFO] [stdout] ---- src/lib.rs - Node::inner_text (line 123) stdout ----
[INFO] [stdout] error: expected `::`, found `Hello`
[INFO] [stdout]  --> src/lib.rs:124:4
[INFO] [stdout]   |
[INFO] [stdout] 3 | <p>Hello World!</p>
[INFO] [stdout]   |    ^^^^^ expected `::`
[INFO] [stdout] 
[INFO] [stdout] error: aborting due to previous error
[INFO] [stdout] 
[INFO] [stdout] Couldn't compile the test.
[INFO] [stdout] ---- src/lib.rs - Document::create_element (line 362) stdout ----
[INFO] [stdout] error[E0425]: cannot find value `document` in this scope
[INFO] [stdout]  --> src/lib.rs:363:12
[INFO] [stdout]   |
[INFO] [stdout] 3 | let html = document.createElement("html");
[INFO] [stdout]   |            ^^^^^^^^ not found in this scope
[INFO] [stdout] 
[INFO] [stdout] error: aborting due to previous error
[INFO] [stdout] 
[INFO] [stdout] For more information about this error, try `rustc --explain E0425`.
[INFO] [stdout] Couldn't compile the test.
[INFO] [stdout] ---- src/lib.rs - Node::append_child_list (line 185) stdout ----
[INFO] [stdout] error: this is a block expression, not an array
[INFO] [stdout]  --> src/lib.rs:191:18
[INFO] [stdout]   |
[INFO] [stdout] 8 | const elements = { h1, h2, h3 };
[INFO] [stdout]   |                  ^^^^^^^^^^^^^^
[INFO] [stdout]   |
[INFO] [stdout] help: to make an array, use square brackets instead of curly braces
[INFO] [stdout]   |
[INFO] [stdout] 8 | const elements = [ h1, h2, h3 ];
[INFO] [stdout]   |                  ~            ~
[INFO] [stdout] 
[INFO] [stdout] error: expected pattern, found `let`
[INFO] [stdout]   --> src/lib.rs:193:6
[INFO] [stdout]    |
[INFO] [stdout] 10 | for (let elem in elements) {
[INFO] [stdout]    |      ^^^ help: remove the unnecessary `let` keyword
[INFO] [stdout] 
[INFO] [stdout] error: expected one of `)`, `,`, `@`, or `|`, found keyword `in`
[INFO] [stdout]   --> src/lib.rs:193:15
[INFO] [stdout]    |
[INFO] [stdout] 10 | for (let elem in elements) {
[INFO] [stdout]    |               ^^ expected one of `)`, `,`, `@`, or `|`
[INFO] [stdout] 
[INFO] [stdout] error: unexpected parentheses surrounding `for` loop head
[INFO] [stdout]   --> src/lib.rs:193:5
[INFO] [stdout]    |
[INFO] [stdout] 10 | for (let elem in elements) {
[INFO] [stdout]    |     ^                    ^
[INFO] [stdout]    |
[INFO] [stdout] help: remove parentheses in `for` loop
[INFO] [stdout]    |
[INFO] [stdout] 10 - for (let elem in elements) {
[INFO] [stdout] 10 + for let elem in elements {
[INFO] [stdout]    |
[INFO] [stdout] 
[INFO] [stdout] error[E0425]: cannot find value `document` in this scope
[INFO] [stdout]  --> src/lib.rs:186:12
[INFO] [stdout]   |
[INFO] [stdout] 3 | let body = document.createElement("body");
[INFO] [stdout]   |            ^^^^^^^^ not found in this scope
[INFO] [stdout] 
[INFO] [stdout] error[E0425]: cannot find value `document` in this scope
[INFO] [stdout]  --> src/lib.rs:187:10
[INFO] [stdout]   |
[INFO] [stdout] 4 | let h1 = document.createElement("h1");
[INFO] [stdout]   |          ^^^^^^^^ not found in this scope
[INFO] [stdout] 
[INFO] [stdout] error[E0425]: cannot find value `document` in this scope
[INFO] [stdout]  --> src/lib.rs:188:10
[INFO] [stdout]   |
[INFO] [stdout] 5 | let h2 = document.createElement("h2");
[INFO] [stdout]   |          ^^^^^^^^ not found in this scope
[INFO] [stdout] 
[INFO] [stdout] error[E0425]: cannot find value `document` in this scope
[INFO] [stdout]  --> src/lib.rs:189:10
[INFO] [stdout]   |
[INFO] [stdout] 6 | let h3 = document.createElement("h3");
[INFO] [stdout]   |          ^^^^^^^^ not found in this scope
[INFO] [stdout] 
[INFO] [stdout] error: missing type for `const` item
[INFO] [stdout]  --> src/lib.rs:191:15
[INFO] [stdout]   |
[INFO] [stdout] 8 | const elements = { h1, h2, h3 };
[INFO] [stdout]   |               ^ help: provide a type for the item: `: <type>`
[INFO] [stdout] 
[INFO] [stdout] error: aborting due to 9 previous errors
[INFO] [stdout] 
[INFO] [stdout] For more information about this error, try `rustc --explain E0425`.
[INFO] [stdout] Couldn't compile the test.
[INFO] [stdout] ---- src/lib.rs - Node::append_child (line 149) stdout ----
[INFO] [stdout] error[E0425]: cannot find value `document` in this scope
[INFO] [stdout]  --> src/lib.rs:150:12
[INFO] [stdout]   |
[INFO] [stdout] 3 | let body = document.createElement("body");
[INFO] [stdout]   |            ^^^^^^^^ not found in this scope
[INFO] [stdout] 
[INFO] [stdout] error[E0425]: cannot find value `document` in this scope
[INFO] [stdout]  --> src/lib.rs:151:17
[INFO] [stdout]   |
[INFO] [stdout] 4 | let paragraph = document.createElement("p");
[INFO] [stdout]   |                 ^^^^^^^^ not found in this scope
[INFO] [stdout] 
[INFO] [stdout] error: aborting due to 2 previous errors
[INFO] [stdout] 
[INFO] [stdout] For more information about this error, try `rustc --explain E0425`.
[INFO] [stdout] Couldn't compile the test.
[INFO] [stdout] ---- src/lib.rs - Document::create_element (line 367) stdout ----
[INFO] [stdout] error: expected `::`, found `<`
[INFO] [stdout]  --> src/lib.rs:368:7
[INFO] [stdout]   |
[INFO] [stdout] 3 | <html></html>
[INFO] [stdout]   |       ^ expected `::`
[INFO] [stdout] 
[INFO] [stdout] error: aborting due to previous error
[INFO] [stdout] 
[INFO] [stdout] Couldn't compile the test.
[INFO] [stdout] ---- src/lib.rs - Node::clone_node (line 232) stdout ----
[INFO] [stdout] error: expected `::`, found `<`
[INFO] [stdout]  --> src/lib.rs:233:4
[INFO] [stdout]   |
[INFO] [stdout] 3 | <p><p>
[INFO] [stdout]   |    ^ expected `::`
[INFO] [stdout] 
[INFO] [stdout] error: aborting due to previous error
[INFO] [stdout] 
[INFO] [stdout] Couldn't compile the test.
[INFO] [stdout] ---- src/lib.rs - Node::inner_text (line 117) stdout ----
[INFO] [stdout] error[E0425]: cannot find value `document` in this scope
[INFO] [stdout]  --> src/lib.rs:118:17
[INFO] [stdout]   |
[INFO] [stdout] 3 | let paragraph = document.createElement("p");
[INFO] [stdout]   |                 ^^^^^^^^ not found in this scope
[INFO] [stdout] 
[INFO] [stdout] error: aborting due to previous error
[INFO] [stdout] 
[INFO] [stdout] For more information about this error, try `rustc --explain E0425`.
[INFO] [stdout] Couldn't compile the test.
[INFO] [stdout] ---- src/lib.rs - Node::set_attribute (line 65) stdout ----
[INFO] [stdout] error: expected one of `!`, `(`, `+`, `::`, `<`, `>`, or `as`, found `lang`
[INFO] [stdout]  --> src/lib.rs:66:7
[INFO] [stdout]   |
[INFO] [stdout] 3 | <html lang="en"></html>
[INFO] [stdout]   |       ^^^^ expected one of 7 possible tokens
[INFO] [stdout] 
[INFO] [stdout] error: aborting due to previous error
[INFO] [stdout] 
[INFO] [stdout] Couldn't compile the test.
[INFO] [stdout] ---- src/lib.rs - Node::set_attribute_list (line 97) stdout ----
[INFO] [stdout] error: expected one of `!`, `(`, `+`, `::`, `<`, `>`, or `as`, found `src`
[INFO] [stdout]  --> src/lib.rs:98:9
[INFO] [stdout]   |
[INFO] [stdout] 3 | <script src="./main.js" defer type="module"></script>
[INFO] [stdout]   |         ^^^ expected one of 7 possible tokens
[INFO] [stdout] 
[INFO] [stdout] error: aborting due to previous error
[INFO] [stdout] 
[INFO] [stdout] Couldn't compile the test.
[INFO] [stdout] ---- src/lib.rs - Node::render (line 312) stdout ----
[INFO] [stdout] error: expected one of `!`, `(`, `+`, `::`, `<`, `>`, or `as`, found `lang`
[INFO] [stdout]  --> src/lib.rs:313:7
[INFO] [stdout]   |
[INFO] [stdout] 3 | <html lang="en">
[INFO] [stdout]   |       ^^^^ expected one of 7 possible tokens
[INFO] [stdout] 
[INFO] [stdout] error: aborting due to previous error
[INFO] [stdout] 
[INFO] [stdout] Couldn't compile the test.
[INFO] [stdout] ---- src/lib.rs - Node::set_attribute_list (line 89) stdout ----
[INFO] [stdout] error: expected type, found `"./main.js"`
[INFO] [stdout]  --> src/lib.rs:91:29
[INFO] [stdout]   |
[INFO] [stdout] 4 | const attributes = { "src": "./main.js", "defer": "", "type": "module" };
[INFO] [stdout]   |                           - ^^^^^^^^^^^ expected type
[INFO] [stdout]   |                           |
[INFO] [stdout]   |                           tried to parse a type due to this
[INFO] [stdout] 
[INFO] [stdout] error: expected pattern, found `let`
[INFO] [stdout]  --> src/lib.rs:92:6
[INFO] [stdout]   |
[INFO] [stdout] 5 | for (let key in attributes ) {
[INFO] [stdout]   |      ^^^ help: remove the unnecessary `let` keyword
[INFO] [stdout] 
[INFO] [stdout] error: expected one of `)`, `,`, `@`, or `|`, found keyword `in`
[INFO] [stdout]  --> src/lib.rs:92:14
[INFO] [stdout]   |
[INFO] [stdout] 5 | for (let key in attributes ) {
[INFO] [stdout]   |              ^^ expected one of `)`, `,`, `@`, or `|`
[INFO] [stdout] 
[INFO] [stdout] error: unexpected parentheses surrounding `for` loop head
[INFO] [stdout]  --> src/lib.rs:92:5
[INFO] [stdout]   |
[INFO] [stdout] 5 | for (let key in attributes ) {
[INFO] [stdout]   |     ^                      ^
[INFO] [stdout]   |
[INFO] [stdout] help: remove parentheses in `for` loop
[INFO] [stdout]   |
[INFO] [stdout] 5 - for (let key in attributes ) {
[INFO] [stdout] 5 + for let key in attributes  {
[INFO] [stdout]   |
[INFO] [stdout] 
[INFO] [stdout] error[E0425]: cannot find value `document` in this scope
[INFO] [stdout]  --> src/lib.rs:90:14
[INFO] [stdout]   |
[INFO] [stdout] 3 | let script = document.createElement("script");
[INFO] [stdout]   |              ^^^^^^^^ not found in this scope
[INFO] [stdout] 
[INFO] [stdout] error: missing type for `const` item
[INFO] [stdout]  --> src/lib.rs:91:17
[INFO] [stdout]   |
[INFO] [stdout] 4 | const attributes = { "src": "./main.js", "defer": "", "type": "module" };
[INFO] [stdout]   |                 ^ help: provide a type for the item: `: <type>`
[INFO] [stdout] 
[INFO] [stdout] error: aborting due to 6 previous errors
[INFO] [stdout] 
[INFO] [stdout] For more information about this error, try `rustc --explain E0425`.
[INFO] [stdout] Couldn't compile the test.
[INFO] [stdout] ---- src/lib.rs - Node::set_attribute (line 59) stdout ----
[INFO] [stdout] error[E0425]: cannot find value `document` in this scope
[INFO] [stdout]  --> src/lib.rs:60:12
[INFO] [stdout]   |
[INFO] [stdout] 3 | let html = document.createElement("html");
[INFO] [stdout]   |            ^^^^^^^^ not found in this scope
[INFO] [stdout] 
[INFO] [stdout] error: aborting due to previous error
[INFO] [stdout] 
[INFO] [stdout] For more information about this error, try `rustc --explain E0425`.
[INFO] [stdout] Couldn't compile the test.
[INFO] [stdout] 
[INFO] [stdout] failures:
[INFO] [stdout]     src/lib.rs - Document::create_element (line 362)
[INFO] [stdout]     src/lib.rs - Document::create_element (line 367)
[INFO] [stdout]     src/lib.rs - Node (line 30)
[INFO] [stdout]     src/lib.rs - Node::append_child (line 149)
[INFO] [stdout]     src/lib.rs - Node::append_child (line 156)
[INFO] [stdout]     src/lib.rs - Node::append_child_list (line 185)
[INFO] [stdout]     src/lib.rs - Node::append_child_list (line 199)
[INFO] [stdout]     src/lib.rs - Node::clone_node (line 226)
[INFO] [stdout]     src/lib.rs - Node::clone_node (line 232)
[INFO] [stdout]     src/lib.rs - Node::inner_text (line 117)
[INFO] [stdout]     src/lib.rs - Node::inner_text (line 123)
[INFO] [stdout]     src/lib.rs - Node::render (line 312)
[INFO] [stdout]     src/lib.rs - Node::set_attribute (line 59)
[INFO] [stdout]     src/lib.rs - Node::set_attribute (line 65)
[INFO] [stdout]     src/lib.rs - Node::set_attribute_list (line 89)
[INFO] [stdout]     src/lib.rs - Node::set_attribute_list (line 97)
[INFO] [stdout] 
[INFO] [stdout] test result: FAILED. 8 passed; 16 failed; 0 ignored; 0 measured; 0 filtered out; finished in 0.47s
[INFO] [stdout] 
[INFO] running `Command { std: "docker" "inspect" "8fa71b802f0bb258e3dfdf1e156934f0453d7333211daf09c37cdaefa36e12c6", kill_on_drop: false }`
[INFO] running `Command { std: "docker" "rm" "-f" "8fa71b802f0bb258e3dfdf1e156934f0453d7333211daf09c37cdaefa36e12c6", kill_on_drop: false }`
[INFO] [stdout] 8fa71b802f0bb258e3dfdf1e156934f0453d7333211daf09c37cdaefa36e12c6
