[INFO] fetching crate augmented-midi 1.5.0...
[INFO] testing augmented-midi-1.5.0 against beta-2023-04-20 for beta-1.70-1
[INFO] extracting crate augmented-midi 1.5.0 into /workspace/builds/worker-0-tc2/source
[INFO] validating manifest of crates.io crate augmented-midi 1.5.0 on toolchain beta-2023-04-20
[INFO] running `Command { std: CARGO_HOME="/workspace/cargo-home" RUSTUP_HOME="/workspace/rustup-home" "/workspace/cargo-home/bin/cargo" "+beta-2023-04-20" "metadata" "--manifest-path" "Cargo.toml" "--no-deps", kill_on_drop: false }`
[INFO] started tweaking crates.io crate augmented-midi 1.5.0
[INFO] finished tweaking crates.io crate augmented-midi 1.5.0
[INFO] tweaked toml for crates.io crate augmented-midi 1.5.0 written to /workspace/builds/worker-0-tc2/source/Cargo.toml
[INFO] crate crates.io crate augmented-midi 1.5.0 already has a lockfile, it will not be regenerated
[INFO] running `Command { std: CARGO_HOME="/workspace/cargo-home" RUSTUP_HOME="/workspace/rustup-home" "/workspace/cargo-home/bin/cargo" "+beta-2023-04-20" "fetch" "--manifest-path" "Cargo.toml", kill_on_drop: false }`
[INFO] [stderr]     Blocking waiting for file lock on package cache
[INFO] [stderr]     Updating crates.io index
[INFO] [stderr]  Downloading crates ...
[INFO] [stderr]   Downloaded byteorder v0.4.2
[INFO] [stderr]   Downloaded termcolor v1.2.0
[INFO] [stderr]   Downloaded nom v7.1.3
[INFO] [stderr]   Downloaded assert_no_alloc v1.1.2
[INFO] [stderr]   Downloaded rand_core v0.4.2
[INFO] [stderr]   Downloaded rand_core v0.3.1
[INFO] [stderr]   Downloaded rand v0.4.6
[INFO] [stderr]   Downloaded futures-macro v0.3.27
[INFO] [stderr]   Downloaded audio-processor-traits v4.0.0
[INFO] [stderr]   Downloaded concurrent-queue v2.1.0
[INFO] [stderr]   Downloaded basedrop v0.1.2
[INFO] [stderr]   Downloaded link-cplusplus v1.0.8
[INFO] [stderr]   Downloaded plotters-backend v0.3.4
[INFO] [stderr]   Downloaded slab v0.4.8
[INFO] [stderr]   Downloaded thiserror v1.0.40
[INFO] [stderr]   Downloaded thiserror-impl v1.0.40
[INFO] [stderr]   Downloaded futures-channel v0.3.27
[INFO] [stderr]   Downloaded futures v0.3.27
[INFO] [stderr]   Downloaded rayon v1.7.0
[INFO] [stderr]   Downloaded walkdir v2.3.3
[INFO] [stderr]   Downloaded async-channel v1.8.0
[INFO] [stderr]   Downloaded augmented-atomics v0.1.2
[INFO] [stderr]   Downloaded futures-executor v0.3.27
[INFO] [stderr]   Downloaded event-listener v2.5.3
[INFO] [stderr]   Downloaded crossbeam-channel v0.5.7
[INFO] [stderr]   Downloaded iana-time-zone-haiku v0.1.1
[INFO] [stderr]   Downloaded wasm-bindgen v0.2.84
[INFO] [stderr]   Downloaded windows_aarch64_msvc v0.32.0
[INFO] [stderr]   Downloaded windows_i686_msvc v0.32.0
[INFO] [stderr]   Downloaded windows_i686_gnu v0.32.0
[INFO] [stderr]   Downloaded web-sys v0.3.61
[INFO] [stderr]   Downloaded rimd v0.0.1
[INFO] [stderr]   Downloaded chrono v0.4.24
[INFO] [stderr]   Downloaded futures-core v0.3.27
[INFO] [stderr]   Downloaded half v1.8.2
[INFO] [stderr]   Downloaded os_str_bytes v6.5.0
[INFO] [stderr]   Downloaded windows_x86_64_msvc v0.32.0
[INFO] [stderr]   Downloaded crossbeam-deque v0.8.3
[INFO] [stderr]   Downloaded windows_x86_64_gnu v0.32.0
[INFO] [stderr]   Downloaded regex-syntax v0.6.29
[INFO] [stderr]   Downloaded wasm_thread v0.2.0
[INFO] [stderr]   Downloaded scratch v1.0.5
[INFO] [stderr]   Downloaded syn v2.0.12
[INFO] [stderr]   Downloaded js-sys v0.3.61
[INFO] [stderr]   Downloaded serde_json v1.0.94
[INFO] [stderr]   Downloaded num v0.4.0
[INFO] [stderr]   Downloaded cookie-factory v0.3.2
[INFO] [stderr]   Downloaded anes v0.1.6
[INFO] [stderr]   Downloaded ciborium-io v0.2.0
[INFO] [stderr]   Downloaded ciborium v0.2.0
[INFO] [stderr]   Downloaded cast v0.3.0
[INFO] [stderr]   Downloaded criterion-plot v0.5.0
[INFO] [stderr]   Downloaded memoffset v0.8.0
[INFO] [stderr]   Downloaded rayon-core v1.11.0
[INFO] [stderr]   Downloaded futures-io v0.3.27
[INFO] [stderr]   Downloaded plotters v0.3.1
[INFO] [stderr]   Downloaded num-complex v0.4.3
[INFO] [stderr]   Downloaded oorandom v11.1.3
[INFO] [stderr]   Downloaded crossbeam-epoch v0.9.14
[INFO] [stderr]   Downloaded criterion v0.4.0
[INFO] [stderr]   Downloaded proc-macro2 v1.0.53
[INFO] [stderr]   Downloaded ciborium-ll v0.2.0
[INFO] [stderr]   Downloaded num-iter v0.1.43
[INFO] [stderr]   Downloaded once_cell v1.17.1
[INFO] [stderr]   Downloaded wasm-bindgen-macro v0.2.84
[INFO] [stderr]   Downloaded crossbeam-utils v0.8.15
[INFO] [stderr]   Downloaded cc v1.0.79
[INFO] [stderr]   Downloaded wasm-bindgen-macro-support v0.2.84
[INFO] [stderr]   Downloaded wasm-bindgen-backend v0.2.84
[INFO] [stderr]   Downloaded wasm-bindgen-shared v0.2.84
[INFO] [stderr]   Downloaded libc v0.2.140
[INFO] [stderr]   Downloaded num-bigint v0.1.44
[INFO] [stderr]   Downloaded audio-garbage-collector v1.2.0
[INFO] [stderr]   Downloaded fuchsia-cprng v0.1.1
[INFO] [stderr]   Downloaded rustc-serialize v0.3.24
[INFO] [stderr]   Downloaded nix v0.23.2
[INFO] [stderr]   Downloaded iana-time-zone v0.1.54
[INFO] [stderr]   Downloaded futures-sink v0.3.27
[INFO] [stderr]   Downloaded futures-task v0.3.27
[INFO] [stderr]   Downloaded futures-util v0.3.27
[INFO] [stderr]   Downloaded num v0.1.42
[INFO] [stderr]   Downloaded regex v1.7.2
[INFO] [stderr]   Downloaded env_logger v0.8.4
[INFO] [stderr]   Downloaded wisual-logger v0.1.4
[INFO] [stderr]   Downloaded plotters-svg v0.3.3
[INFO] [stderr]   Downloaded alsa-sys v0.3.1
[INFO] [stderr]   Downloaded alsa v0.6.0
[INFO] [stderr]   Downloaded coremidi-sys v3.1.0
[INFO] [stderr]   Downloaded coremidi v0.6.0
[INFO] [stderr]   Downloaded memalloc v0.1.0
[INFO] [stderr]   Downloaded midir v0.8.0
[INFO] [stderr]   Downloaded enum_primitive v0.1.1
[INFO] [stderr]   Downloaded num-complex v0.1.43
[INFO] [stderr]   Downloaded rdrand v0.4.0
[INFO] [stderr]   Downloaded num-rational v0.1.42
[INFO] [stderr]   Downloaded cxxbridge-flags v1.0.93
[INFO] [stderr]   Downloaded cxxbridge-macro v1.0.93
[INFO] [stderr]   Downloaded cxx v1.0.93
[INFO] [stderr]   Downloaded cxx-build v1.0.93
[INFO] [stderr]   Downloaded windows v0.46.0
[INFO] [stderr]   Downloaded windows v0.32.0
[INFO] running `Command { std: "docker" "create" "-v" "/var/lib/crater-agent-workspace/builds/worker-0-tc2/target:/opt/rustwide/target:rw,Z" "-v" "/var/lib/crater-agent-workspace/builds/worker-0-tc2/source:/opt/rustwide/workdir:ro,Z" "-v" "/var/lib/crater-agent-workspace/cargo-home:/opt/rustwide/cargo-home:ro,Z" "-v" "/var/lib/crater-agent-workspace/rustup-home:/opt/rustwide/rustup-home:ro,Z" "-e" "SOURCE_DIR=/opt/rustwide/workdir" "-e" "CARGO_TARGET_DIR=/opt/rustwide/target" "-e" "CARGO_HOME=/opt/rustwide/cargo-home" "-e" "RUSTUP_HOME=/opt/rustwide/rustup-home" "-w" "/opt/rustwide/workdir" "-m" "1610612736" "--user" "0:0" "--network" "none" "ghcr.io/rust-lang/crates-build-env/linux@sha256:5ff2268d62e97bff2cde7d5815dd6ed5b47097566f13b8d0ca110b04b60e07ed" "/opt/rustwide/cargo-home/bin/cargo" "+beta-2023-04-20" "metadata" "--no-deps" "--format-version=1", kill_on_drop: false }`
[INFO] [stdout] cfb65fc012864e5ac5b017bc75b00729b5c6df5c204fc74a72d977d40c92db87
[INFO] running `Command { std: "docker" "start" "-a" "cfb65fc012864e5ac5b017bc75b00729b5c6df5c204fc74a72d977d40c92db87", kill_on_drop: false }`
[INFO] running `Command { std: "docker" "inspect" "cfb65fc012864e5ac5b017bc75b00729b5c6df5c204fc74a72d977d40c92db87", kill_on_drop: false }`
[INFO] running `Command { std: "docker" "rm" "-f" "cfb65fc012864e5ac5b017bc75b00729b5c6df5c204fc74a72d977d40c92db87", kill_on_drop: false }`
[INFO] [stdout] cfb65fc012864e5ac5b017bc75b00729b5c6df5c204fc74a72d977d40c92db87
[INFO] running `Command { std: "docker" "create" "-v" "/var/lib/crater-agent-workspace/builds/worker-0-tc2/target:/opt/rustwide/target:rw,Z" "-v" "/var/lib/crater-agent-workspace/builds/worker-0-tc2/source:/opt/rustwide/workdir:ro,Z" "-v" "/var/lib/crater-agent-workspace/cargo-home:/opt/rustwide/cargo-home:ro,Z" "-v" "/var/lib/crater-agent-workspace/rustup-home:/opt/rustwide/rustup-home:ro,Z" "-e" "SOURCE_DIR=/opt/rustwide/workdir" "-e" "CARGO_TARGET_DIR=/opt/rustwide/target" "-e" "CARGO_INCREMENTAL=0" "-e" "RUST_BACKTRACE=full" "-e" "RUSTFLAGS=--cap-lints=warn" "-e" "RUSTDOCFLAGS=--cap-lints=warn" "-e" "CARGO_HOME=/opt/rustwide/cargo-home" "-e" "RUSTUP_HOME=/opt/rustwide/rustup-home" "-w" "/opt/rustwide/workdir" "-m" "1610612736" "--user" "0:0" "--network" "none" "ghcr.io/rust-lang/crates-build-env/linux@sha256:5ff2268d62e97bff2cde7d5815dd6ed5b47097566f13b8d0ca110b04b60e07ed" "/opt/rustwide/cargo-home/bin/cargo" "+beta-2023-04-20" "build" "--frozen" "--message-format=json", kill_on_drop: false }`
[INFO] [stdout] 01480e0588c037367f8f8f31e9940c10c4c41084606943ffbb061c9c3a49d2a5
[INFO] running `Command { std: "docker" "start" "-a" "01480e0588c037367f8f8f31e9940c10c4c41084606943ffbb061c9c3a49d2a5", kill_on_drop: false }`
[INFO] [stderr]    Compiling num-traits v0.2.15
[INFO] [stderr]    Compiling proc-macro2 v1.0.53
[INFO] [stderr]    Compiling num-integer v0.1.45
[INFO] [stderr]    Compiling num-bigint v0.4.3
[INFO] [stderr]    Compiling num-iter v0.1.43
[INFO] [stderr]    Compiling num-rational v0.4.1
[INFO] [stderr]    Compiling serde v1.0.160
[INFO] [stderr]    Compiling log v0.4.17
[INFO] [stderr]    Compiling thiserror v1.0.40
[INFO] [stderr]    Compiling serde_derive v1.0.160
[INFO] [stderr]    Compiling memchr v2.5.0
[INFO] [stderr]    Compiling basedrop v0.1.2
[INFO] [stderr]    Compiling minimal-lexical v0.2.1
[INFO] [stderr]    Compiling cookie-factory v0.3.2
[INFO] [stderr]    Compiling nom v7.1.3
[INFO] [stderr]    Compiling quote v1.0.26
[INFO] [stderr]    Compiling syn v2.0.12
[INFO] [stderr]    Compiling num-complex v0.4.3
[INFO] [stderr]    Compiling thiserror-impl v1.0.40
[INFO] [stderr]    Compiling num v0.4.0
[INFO] [stderr]    Compiling audio-garbage-collector v1.2.0
[INFO] [stderr]    Compiling augmented-atomics v0.1.2
[INFO] [stderr]    Compiling audio-processor-traits v4.0.0
[INFO] [stderr]    Compiling augmented-midi v1.5.0 (/opt/rustwide/workdir)
[INFO] [stderr]     Finished dev [unoptimized + debuginfo] target(s) in 13.56s
[INFO] running `Command { std: "docker" "inspect" "01480e0588c037367f8f8f31e9940c10c4c41084606943ffbb061c9c3a49d2a5", kill_on_drop: false }`
[INFO] running `Command { std: "docker" "rm" "-f" "01480e0588c037367f8f8f31e9940c10c4c41084606943ffbb061c9c3a49d2a5", kill_on_drop: false }`
[INFO] [stdout] 01480e0588c037367f8f8f31e9940c10c4c41084606943ffbb061c9c3a49d2a5
[INFO] running `Command { std: "docker" "create" "-v" "/var/lib/crater-agent-workspace/builds/worker-0-tc2/target:/opt/rustwide/target:rw,Z" "-v" "/var/lib/crater-agent-workspace/builds/worker-0-tc2/source:/opt/rustwide/workdir:ro,Z" "-v" "/var/lib/crater-agent-workspace/cargo-home:/opt/rustwide/cargo-home:ro,Z" "-v" "/var/lib/crater-agent-workspace/rustup-home:/opt/rustwide/rustup-home:ro,Z" "-e" "SOURCE_DIR=/opt/rustwide/workdir" "-e" "CARGO_TARGET_DIR=/opt/rustwide/target" "-e" "CARGO_INCREMENTAL=0" "-e" "RUST_BACKTRACE=full" "-e" "RUSTFLAGS=--cap-lints=warn" "-e" "RUSTDOCFLAGS=--cap-lints=warn" "-e" "CARGO_HOME=/opt/rustwide/cargo-home" "-e" "RUSTUP_HOME=/opt/rustwide/rustup-home" "-w" "/opt/rustwide/workdir" "-m" "1610612736" "--user" "0:0" "--network" "none" "ghcr.io/rust-lang/crates-build-env/linux@sha256:5ff2268d62e97bff2cde7d5815dd6ed5b47097566f13b8d0ca110b04b60e07ed" "/opt/rustwide/cargo-home/bin/cargo" "+beta-2023-04-20" "test" "--frozen" "--no-run" "--message-format=json", kill_on_drop: false }`
[INFO] [stdout] fe85734397c35e46b72e35328436cb5d7f62d7d760be4d7699f7bfb6b44e25ce
[INFO] running `Command { std: "docker" "start" "-a" "fe85734397c35e46b72e35328436cb5d7f62d7d760be4d7699f7bfb6b44e25ce", kill_on_drop: false }`
[INFO] [stderr]    Compiling libc v0.2.140
[INFO] [stderr]    Compiling num-integer v0.1.45
[INFO] [stderr]    Compiling serde v1.0.160
[INFO] [stderr]    Compiling memchr v2.5.0
[INFO] [stderr]    Compiling crossbeam-utils v0.8.15
[INFO] [stderr]    Compiling memoffset v0.8.0
[INFO] [stderr]    Compiling num-iter v0.1.43
[INFO] [stderr]    Compiling log v0.4.17
[INFO] [stderr]    Compiling crossbeam-epoch v0.9.14
[INFO] [stderr]    Compiling memoffset v0.6.5
[INFO] [stderr]    Compiling scopeguard v1.1.0
[INFO] [stderr]    Compiling bitflags v1.3.2
[INFO] [stderr]    Compiling rustc-serialize v0.3.24
[INFO] [stderr]    Compiling pkg-config v0.3.26
[INFO] [stderr]    Compiling indexmap v1.9.2
[INFO] [stderr]    Compiling either v1.8.1
[INFO] [stderr]    Compiling serde_json v1.0.94
[INFO] [stderr]    Compiling regex-syntax v0.6.29
[INFO] [stderr]    Compiling rayon-core v1.11.0
[INFO] [stderr]    Compiling plotters-backend v0.3.4
[INFO] [stderr]    Compiling half v1.8.2
[INFO] [stderr]    Compiling os_str_bytes v6.5.0
[INFO] [stderr]    Compiling hashbrown v0.12.3
[INFO] [stderr]    Compiling itoa v1.0.6
[INFO] [stderr]    Compiling num-bigint v0.4.3
[INFO] [stderr]    Compiling aho-corasick v0.7.20
[INFO] [stderr]    Compiling alsa-sys v0.3.1
[INFO] [stderr]    Compiling crossbeam-channel v0.5.7
[INFO] [stderr]    Compiling ryu v1.0.13
[INFO] [stderr]    Compiling ciborium-io v0.2.0
[INFO] [stderr]    Compiling ciborium-ll v0.2.0
[INFO] [stderr]    Compiling clap_lex v0.2.4
[INFO] [stderr]    Compiling crossbeam-deque v0.8.3
[INFO] [stderr]    Compiling audio-garbage-collector v1.2.0
[INFO] [stderr]    Compiling plotters-svg v0.3.3
[INFO] [stderr]    Compiling itertools v0.10.5
[INFO] [stderr]    Compiling num-traits v0.1.43
[INFO] [stderr]    Compiling textwrap v0.16.0
[INFO] [stderr]    Compiling termcolor v1.2.0
[INFO] [stderr]    Compiling same-file v1.0.6
[INFO] [stderr]    Compiling iana-time-zone v0.1.54
[INFO] [stderr]    Compiling humantime v2.1.0
[INFO] [stderr]    Compiling cast v0.3.0
[INFO] [stderr]    Compiling regex v1.7.2
[INFO] [stderr]    Compiling walkdir v2.3.3
[INFO] [stderr]    Compiling enum_primitive v0.1.1
[INFO] [stderr]    Compiling nom v7.1.3
[INFO] [stderr]    Compiling clap v3.2.23
[INFO] [stderr]    Compiling rand v0.4.6
[INFO] [stderr]    Compiling atty v0.2.14
[INFO] [stderr]    Compiling num_cpus v1.15.0
[INFO] [stderr]    Compiling time v0.1.45
[INFO] [stderr]    Compiling nix v0.23.2
[INFO] [stderr]    Compiling num-rational v0.4.1
[INFO] [stderr]    Compiling num-complex v0.1.43
[INFO] [stderr]    Compiling num v0.4.0
[INFO] [stderr]    Compiling chrono v0.4.24
[INFO] [stderr]    Compiling plotters v0.3.1
[INFO] [stderr]    Compiling num-bigint v0.1.44
[INFO] [stderr]    Compiling oorandom v11.1.3
[INFO] [stderr]    Compiling criterion-plot v0.5.0
[INFO] [stderr]    Compiling memalloc v0.1.0
[INFO] [stderr]    Compiling anes v0.1.6
[INFO] [stderr]    Compiling env_logger v0.8.4
[INFO] [stderr]    Compiling byteorder v0.4.2
[INFO] [stderr]    Compiling assert_no_alloc v1.1.2
[INFO] [stderr]    Compiling rayon v1.7.0
[INFO] [stderr]    Compiling num-rational v0.1.42
[INFO] [stderr]    Compiling wisual-logger v0.1.4
[INFO] [stderr]    Compiling num v0.1.42
[INFO] [stderr]    Compiling augmented-atomics v0.1.2
[INFO] [stderr]    Compiling ciborium v0.2.0
[INFO] [stderr]    Compiling rimd v0.0.1
[INFO] [stderr]    Compiling audio-processor-traits v4.0.0
[INFO] [stderr]    Compiling augmented-midi v1.5.0 (/opt/rustwide/workdir)
[INFO] [stderr]    Compiling tinytemplate v1.2.1
[INFO] [stderr]    Compiling alsa v0.6.0
[INFO] [stderr]    Compiling criterion v0.4.0
[INFO] [stderr]    Compiling midir v0.8.0
[INFO] [stderr]     Finished test [unoptimized + debuginfo] target(s) in 28.31s
[INFO] [stderr] warning: the following packages contain code that will be rejected by a future version of Rust: rustc-serialize v0.3.24
[INFO] [stderr] note: to see what the problems were, use the option `--future-incompat-report`, or run `cargo report future-incompatibilities --id 1`
[INFO] running `Command { std: "docker" "inspect" "fe85734397c35e46b72e35328436cb5d7f62d7d760be4d7699f7bfb6b44e25ce", kill_on_drop: false }`
[INFO] running `Command { std: "docker" "rm" "-f" "fe85734397c35e46b72e35328436cb5d7f62d7d760be4d7699f7bfb6b44e25ce", kill_on_drop: false }`
[INFO] [stdout] fe85734397c35e46b72e35328436cb5d7f62d7d760be4d7699f7bfb6b44e25ce
[INFO] running `Command { std: "docker" "create" "-v" "/var/lib/crater-agent-workspace/builds/worker-0-tc2/target:/opt/rustwide/target:rw,Z" "-v" "/var/lib/crater-agent-workspace/builds/worker-0-tc2/source:/opt/rustwide/workdir:ro,Z" "-v" "/var/lib/crater-agent-workspace/cargo-home:/opt/rustwide/cargo-home:ro,Z" "-v" "/var/lib/crater-agent-workspace/rustup-home:/opt/rustwide/rustup-home:ro,Z" "-e" "SOURCE_DIR=/opt/rustwide/workdir" "-e" "CARGO_TARGET_DIR=/opt/rustwide/target" "-e" "CARGO_INCREMENTAL=0" "-e" "RUST_BACKTRACE=full" "-e" "RUSTFLAGS=--cap-lints=warn" "-e" "RUSTDOCFLAGS=--cap-lints=warn" "-e" "CARGO_HOME=/opt/rustwide/cargo-home" "-e" "RUSTUP_HOME=/opt/rustwide/rustup-home" "-w" "/opt/rustwide/workdir" "-m" "1610612736" "--user" "0:0" "--network" "none" "ghcr.io/rust-lang/crates-build-env/linux@sha256:5ff2268d62e97bff2cde7d5815dd6ed5b47097566f13b8d0ca110b04b60e07ed" "/opt/rustwide/cargo-home/bin/cargo" "+beta-2023-04-20" "test" "--frozen", kill_on_drop: false }`
[INFO] [stdout] c88052fd36c02c7b0a22a161f702ed852d269c7821abf2e2fe966393d90f3d20
[INFO] running `Command { std: "docker" "start" "-a" "c88052fd36c02c7b0a22a161f702ed852d269c7821abf2e2fe966393d90f3d20", kill_on_drop: false }`
[INFO] [stderr]     Finished test [unoptimized + debuginfo] target(s) in 0.15s
[INFO] [stderr] warning: the following packages contain code that will be rejected by a future version of Rust: rustc-serialize v0.3.24
[INFO] [stderr] note: to see what the problems were, use the option `--future-incompat-report`, or run `cargo report future-incompatibilities --id 1`
[INFO] [stderr]      Running unittests src/lib.rs (/opt/rustwide/target/debug/deps/augmented_midi-e58ccc7f4a586a87)
[INFO] [stdout] 
[INFO] [stdout] running 31 tests
[INFO] [stdout] test parser::test::test_parse_file_format_single ... ok
[INFO] [stdout] test parser::test::test_parse_header_body_smpte_time_based ... ok
[INFO] [stdout] test parser::test::test_parse_file_format_sequential ... ok
[INFO] [stdout] test parser::test::test_parse_file_format_unknown ... ok
[INFO] [stdout] test parser::test::test_parse_header_body_tick_based ... ok
[INFO] [stdout] test parser::test::test_parse_14bit_midi_number ... ok
[INFO] [stdout] test parser::test::test_parse_file_format_simultaneous ... ok
[INFO] [stdout] test parser::test::test ... FAILED
[INFO] [stdout] test serializer::test::test_roundtrip_active_sensing ... ok
[INFO] [stdout] test parser::test::test_parse_pitch_wheel_event ... ok
[INFO] [stdout] test parser::test::test_parse_variable_length_quantity_length_1 ... ok
[INFO] [stdout] test parser::test::test_parse_variable_length_quantity_length_more_than_2 ... ok
[INFO] [stdout] test serializer::test::test_roundtrip_start ... ok
[INFO] [stdout] test serializer::test::test_roundtrip_channel_pressure ... ok
[INFO] [stdout] test serializer::test::test_roundtrip_sysex ... ok
[INFO] [stdout] test serializer::test::test_roundtrip_control_change ... ok
[INFO] [stdout] test serializer::test::test_roundtrip_program_change ... ok
[INFO] [stdout] test serializer::test::test_roundtrip_song_position_pointer ... ok
[INFO] [stdout] test parser::test::test_parse_midi_file_smoke_test ... FAILED
[INFO] [stdout] test serializer::test::test_roundtrip_stop ... ok
[INFO] [stdout] test serializer::test::test_roundtrip_continue ... ok
[INFO] [stdout] test serializer::test::test_roundtrip_tune_request ... ok
[INFO] [stdout] test parser::test::test_parse_midi_file_smoke_test_no_alloc ... FAILED
[INFO] [stdout] test serializer::test::test_serialize_14_bit_midi_number ... ok
[INFO] [stdout] test serializer::test::test_roundtrip_timing_clock ... ok
[INFO] [stdout] test serializer::test::test_roundtrip_pitch_wheel_change ... ok
[INFO] [stdout] test serializer::test::test_roundtrip_song_select ... ok
[INFO] [stdout] test serializer::test::test_roundtrip_note_off ... ok
[INFO] [stdout] test serializer::test::test_roundtrip_note_on ... ok
[INFO] [stdout] test serializer::test::test_roundtrip_polyphonic_key_pressure ... ok
[INFO] [stdout] test serializer::test::test_roundtrip_reset ... ok
[INFO] [stdout] 
[INFO] [stdout] failures:
[INFO] [stdout] 
[INFO] [stdout] ---- parser::test::test stdout ----
[INFO] [stdout] thread 'parser::test::test' panicked at 'called `Result::unwrap()` on an `Err` value: Os { code: 2, kind: NotFound, message: "No such file or directory" }', src/parser.rs:565:55
[INFO] [stdout] stack backtrace:
[INFO] [stdout]    0:     0x55da0a544b3a - std::backtrace_rs::backtrace::libunwind::trace::h2f05d0192276a8f6
[INFO] [stdout]                                at /rustc/1b7dd2252b99671ce5d1cb9664c5f8636329436d/library/std/src/../../backtrace/src/backtrace/libunwind.rs:93:5
[INFO] [stdout]    1:     0x55da0a544b3a - std::backtrace_rs::backtrace::trace_unsynchronized::hedc23dff7a1af150
[INFO] [stdout]                                at /rustc/1b7dd2252b99671ce5d1cb9664c5f8636329436d/library/std/src/../../backtrace/src/backtrace/mod.rs:66:5
[INFO] [stdout]    2:     0x55da0a544b3a - std::sys_common::backtrace::_print_fmt::h17541ef7592f3ce2
[INFO] [stdout]                                at /rustc/1b7dd2252b99671ce5d1cb9664c5f8636329436d/library/std/src/sys_common/backtrace.rs:65:5
[INFO] [stdout]    3:     0x55da0a544b3a - <std::sys_common::backtrace::_print::DisplayBacktrace as core::fmt::Display>::fmt::h20f75df5ab0c0792
[INFO] [stdout]                                at /rustc/1b7dd2252b99671ce5d1cb9664c5f8636329436d/library/std/src/sys_common/backtrace.rs:44:22
[INFO] [stdout]    4:     0x55da0a56878f - core::fmt::write::h78109e6f466b3af6
[INFO] [stdout]                                at /rustc/1b7dd2252b99671ce5d1cb9664c5f8636329436d/library/core/src/fmt/mod.rs:1254:17
[INFO] [stdout]    5:     0x55da0a541e85 - std::io::Write::write_fmt::hd24bfb68a1b35a25
[INFO] [stdout]                                at /rustc/1b7dd2252b99671ce5d1cb9664c5f8636329436d/library/std/src/io/mod.rs:1698:15
[INFO] [stdout]    6:     0x55da0a544905 - std::sys_common::backtrace::_print::h8dac57a9f8fbf9a5
[INFO] [stdout]                                at /rustc/1b7dd2252b99671ce5d1cb9664c5f8636329436d/library/std/src/sys_common/backtrace.rs:47:5
[INFO] [stdout]    7:     0x55da0a544905 - std::sys_common::backtrace::print::hf9ecbf41d1aa712f
[INFO] [stdout]                                at /rustc/1b7dd2252b99671ce5d1cb9664c5f8636329436d/library/std/src/sys_common/backtrace.rs:34:9
[INFO] [stdout]    8:     0x55da0a5465be - std::panicking::default_hook::{{closure}}::h04c07acfc84ca028
[INFO] [stdout]                                at /rustc/1b7dd2252b99671ce5d1cb9664c5f8636329436d/library/std/src/panicking.rs:269:22
[INFO] [stdout]    9:     0x55da0a5462f1 - std::panicking::default_hook::h01f6bb23e1eceb2c
[INFO] [stdout]                                at /rustc/1b7dd2252b99671ce5d1cb9664c5f8636329436d/library/std/src/panicking.rs:285:9
[INFO] [stdout]   10:     0x55da0a51558b - <alloc::boxed::Box<F,A> as core::ops::function::Fn<Args>>::call::h87fe9f7b2fd49e4c
[INFO] [stdout]                                at /rustc/1b7dd2252b99671ce5d1cb9664c5f8636329436d/library/alloc/src/boxed.rs:1987:9
[INFO] [stdout]   11:     0x55da0a51558b - test::test_main::{{closure}}::he94d679243a7531b
[INFO] [stdout]                                at /rustc/1b7dd2252b99671ce5d1cb9664c5f8636329436d/library/test/src/lib.rs:134:21
[INFO] [stdout]   12:     0x55da0a546ca4 - <alloc::boxed::Box<F,A> as core::ops::function::Fn<Args>>::call::h3f2d6d8b14c4769f
[INFO] [stdout]                                at /rustc/1b7dd2252b99671ce5d1cb9664c5f8636329436d/library/alloc/src/boxed.rs:1987:9
[INFO] [stdout]   13:     0x55da0a546ca4 - std::panicking::rust_panic_with_hook::h2bb3722bbaf2f6df
[INFO] [stdout]                                at /rustc/1b7dd2252b99671ce5d1cb9664c5f8636329436d/library/std/src/panicking.rs:695:13
[INFO] [stdout]   14:     0x55da0a546a19 - std::panicking::begin_panic_handler::{{closure}}::h91bc7f36a4be011b
[INFO] [stdout]                                at /rustc/1b7dd2252b99671ce5d1cb9664c5f8636329436d/library/std/src/panicking.rs:582:13
[INFO] [stdout]   15:     0x55da0a544fa6 - std::sys_common::backtrace::__rust_end_short_backtrace::h8b3d3717114f9e59
[INFO] [stdout]                                at /rustc/1b7dd2252b99671ce5d1cb9664c5f8636329436d/library/std/src/sys_common/backtrace.rs:150:18
[INFO] [stdout]   16:     0x55da0a546772 - rust_begin_unwind
[INFO] [stdout]                                at /rustc/1b7dd2252b99671ce5d1cb9664c5f8636329436d/library/std/src/panicking.rs:578:5
[INFO] [stdout]   17:     0x55da0a4bcba3 - core::panicking::panic_fmt::hfd368e3fbdabea26
[INFO] [stdout]                                at /rustc/1b7dd2252b99671ce5d1cb9664c5f8636329436d/library/core/src/panicking.rs:67:14
[INFO] [stdout]   18:     0x55da0a4bcff3 - core::result::unwrap_failed::he54eb4b2f125b26f
[INFO] [stdout]                                at /rustc/1b7dd2252b99671ce5d1cb9664c5f8636329436d/library/core/src/result.rs:1687:5
[INFO] [stdout]   19:     0x55da0a4d583c - core::result::Result<T,E>::unwrap::ha6e89fbfe927aa34
[INFO] [stdout]                                at /rustc/1b7dd2252b99671ce5d1cb9664c5f8636329436d/library/core/src/result.rs:1089:23
[INFO] [stdout]   20:     0x55da0a4d9bd8 - augmented_midi::parser::test::test::hee00086ac207494c
[INFO] [stdout]                                at /opt/rustwide/workdir/src/parser.rs:565:29
[INFO] [stdout]   21:     0x55da0a4d9af7 - augmented_midi::parser::test::test::{{closure}}::h55f213e7e7bcc58b
[INFO] [stdout]                                at /opt/rustwide/workdir/src/parser.rs:560:15
[INFO] [stdout]   22:     0x55da0a4c43f5 - core::ops::function::FnOnce::call_once::hb9ffd777405b9982
[INFO] [stdout]                                at /rustc/1b7dd2252b99671ce5d1cb9664c5f8636329436d/library/core/src/ops/function.rs:250:5
[INFO] [stdout]   23:     0x55da0a51a45f - core::ops::function::FnOnce::call_once::ha6a70e79f7481a7e
[INFO] [stdout]                                at /rustc/1b7dd2252b99671ce5d1cb9664c5f8636329436d/library/core/src/ops/function.rs:250:5
[INFO] [stdout]   24:     0x55da0a51a45f - test::__rust_begin_short_backtrace::hce33033019b61e69
[INFO] [stdout]                                at /rustc/1b7dd2252b99671ce5d1cb9664c5f8636329436d/library/test/src/lib.rs:655:18
[INFO] [stdout]   25:     0x55da0a4e7c4c - test::run_test::{{closure}}::h858d3528838ae3e5
[INFO] [stdout]                                at /rustc/1b7dd2252b99671ce5d1cb9664c5f8636329436d/library/test/src/lib.rs:646:30
[INFO] [stdout]   26:     0x55da0a4e7c4c - core::ops::function::FnOnce::call_once{{vtable.shim}}::he8ac2b00f01ae79e
[INFO] [stdout]                                at /rustc/1b7dd2252b99671ce5d1cb9664c5f8636329436d/library/core/src/ops/function.rs:250:5
[INFO] [stdout]   27:     0x55da0a519536 - <alloc::boxed::Box<F,A> as core::ops::function::FnOnce<Args>>::call_once::h8093d25b522725ef
[INFO] [stdout]                                at /rustc/1b7dd2252b99671ce5d1cb9664c5f8636329436d/library/alloc/src/boxed.rs:1973:9
[INFO] [stdout]   28:     0x55da0a519536 - <core::panic::unwind_safe::AssertUnwindSafe<F> as core::ops::function::FnOnce<()>>::call_once::h5c334c204e4a3913
[INFO] [stdout]                                at /rustc/1b7dd2252b99671ce5d1cb9664c5f8636329436d/library/core/src/panic/unwind_safe.rs:271:9
[INFO] [stdout]   29:     0x55da0a519536 - std::panicking::try::do_call::ha8b740c7b9478074
[INFO] [stdout]                                at /rustc/1b7dd2252b99671ce5d1cb9664c5f8636329436d/library/std/src/panicking.rs:485:40
[INFO] [stdout]   30:     0x55da0a519536 - std::panicking::try::h5d34f63d0e41b64e
[INFO] [stdout]                                at /rustc/1b7dd2252b99671ce5d1cb9664c5f8636329436d/library/std/src/panicking.rs:449:19
[INFO] [stdout]   31:     0x55da0a519536 - std::panic::catch_unwind::hcfbb511e1aa7fc67
[INFO] [stdout]                                at /rustc/1b7dd2252b99671ce5d1cb9664c5f8636329436d/library/std/src/panic.rs:140:14
[INFO] [stdout]   32:     0x55da0a519536 - test::run_test_in_process::h9abda90f802eaf21
[INFO] [stdout]                                at /rustc/1b7dd2252b99671ce5d1cb9664c5f8636329436d/library/test/src/lib.rs:678:27
[INFO] [stdout]   33:     0x55da0a519536 - test::run_test::run_test_inner::{{closure}}::h0f058de91f6c6edf
[INFO] [stdout]                                at /rustc/1b7dd2252b99671ce5d1cb9664c5f8636329436d/library/test/src/lib.rs:572:39
[INFO] [stdout]   34:     0x55da0a4e2455 - test::run_test::run_test_inner::{{closure}}::h5ca48a4c59c6c1fb
[INFO] [stdout]                                at /rustc/1b7dd2252b99671ce5d1cb9664c5f8636329436d/library/test/src/lib.rs:599:37
[INFO] [stdout]   35:     0x55da0a4e2455 - std::sys_common::backtrace::__rust_begin_short_backtrace::h32bd51e1495d4a33
[INFO] [stdout]                                at /rustc/1b7dd2252b99671ce5d1cb9664c5f8636329436d/library/std/src/sys_common/backtrace.rs:134:18
[INFO] [stdout]   36:     0x55da0a4e7991 - std::thread::Builder::spawn_unchecked_::{{closure}}::{{closure}}::hc086fae9b128b2db
[INFO] [stdout]                                at /rustc/1b7dd2252b99671ce5d1cb9664c5f8636329436d/library/std/src/thread/mod.rs:526:17
[INFO] [stdout]   37:     0x55da0a4e7991 - <core::panic::unwind_safe::AssertUnwindSafe<F> as core::ops::function::FnOnce<()>>::call_once::hb66571888d270d43
[INFO] [stdout]                                at /rustc/1b7dd2252b99671ce5d1cb9664c5f8636329436d/library/core/src/panic/unwind_safe.rs:271:9
[INFO] [stdout]   38:     0x55da0a4e7991 - std::panicking::try::do_call::h4fa2ef4f6e51fecf
[INFO] [stdout]                                at /rustc/1b7dd2252b99671ce5d1cb9664c5f8636329436d/library/std/src/panicking.rs:485:40
[INFO] [stdout]   39:     0x55da0a4e7991 - std::panicking::try::h1e9e22b8584489b5
[INFO] [stdout]                                at /rustc/1b7dd2252b99671ce5d1cb9664c5f8636329436d/library/std/src/panicking.rs:449:19
[INFO] [stdout]   40:     0x55da0a4e7991 - std::panic::catch_unwind::h44698a3de0e0769e
[INFO] [stdout]                                at /rustc/1b7dd2252b99671ce5d1cb9664c5f8636329436d/library/std/src/panic.rs:140:14
[INFO] [stdout]   41:     0x55da0a4e7991 - std::thread::Builder::spawn_unchecked_::{{closure}}::h50153abde3fe239e
[INFO] [stdout]                                at /rustc/1b7dd2252b99671ce5d1cb9664c5f8636329436d/library/std/src/thread/mod.rs:525:30
[INFO] [stdout]   42:     0x55da0a4e7991 - core::ops::function::FnOnce::call_once{{vtable.shim}}::hbe5bbf6f38394364
[INFO] [stdout]                                at /rustc/1b7dd2252b99671ce5d1cb9664c5f8636329436d/library/core/src/ops/function.rs:250:5
[INFO] [stdout]   43:     0x55da0a54b175 - <alloc::boxed::Box<F,A> as core::ops::function::FnOnce<Args>>::call_once::h0d83cb2920a49046
[INFO] [stdout]                                at /rustc/1b7dd2252b99671ce5d1cb9664c5f8636329436d/library/alloc/src/boxed.rs:1973:9
[INFO] [stdout]   44:     0x55da0a54b175 - <alloc::boxed::Box<F,A> as core::ops::function::FnOnce<Args>>::call_once::hbe0a008aa7d9ef59
[INFO] [stdout]                                at /rustc/1b7dd2252b99671ce5d1cb9664c5f8636329436d/library/alloc/src/boxed.rs:1973:9
[INFO] [stdout]   45:     0x55da0a54b175 - std::sys::unix::thread::Thread::new::thread_start::h3a466996bdf6b1f9
[INFO] [stdout]                                at /rustc/1b7dd2252b99671ce5d1cb9664c5f8636329436d/library/std/src/sys/unix/thread.rs:108:17
[INFO] [stdout]   46:     0x7fae845d4b43 - <unknown>
[INFO] [stdout]   47:     0x7fae84665bb4 - __clone
[INFO] [stdout]   48:                0x0 - <unknown>
[INFO] [stdout] 
[INFO] [stdout] ---- parser::test::test_parse_midi_file_smoke_test stdout ----
[INFO] [stdout] thread 'parser::test::test_parse_midi_file_smoke_test' panicked at 'called `Result::unwrap()` on an `Err` value: Os { code: 2, kind: NotFound, message: "No such file or directory" }', src/parser.rs:541:55
[INFO] [stdout] stack backtrace:
[INFO] [stdout]    0:     0x55da0a544b3a - std::backtrace_rs::backtrace::libunwind::trace::h2f05d0192276a8f6
[INFO] [stdout]                                at /rustc/1b7dd2252b99671ce5d1cb9664c5f8636329436d/library/std/src/../../backtrace/src/backtrace/libunwind.rs:93:5
[INFO] [stdout]    1:     0x55da0a544b3a - std::backtrace_rs::backtrace::trace_unsynchronized::hedc23dff7a1af150
[INFO] [stdout]                                at /rustc/1b7dd2252b99671ce5d1cb9664c5f8636329436d/library/std/src/../../backtrace/src/backtrace/mod.rs:66:5
[INFO] [stdout]    2:     0x55da0a544b3a - std::sys_common::backtrace::_print_fmt::h17541ef7592f3ce2
[INFO] [stdout]                                at /rustc/1b7dd2252b99671ce5d1cb9664c5f8636329436d/library/std/src/sys_common/backtrace.rs:65:5
[INFO] [stdout]    3:     0x55da0a544b3a - <std::sys_common::backtrace::_print::DisplayBacktrace as core::fmt::Display>::fmt::h20f75df5ab0c0792
[INFO] [stdout]                                at /rustc/1b7dd2252b99671ce5d1cb9664c5f8636329436d/library/std/src/sys_common/backtrace.rs:44:22
[INFO] [stdout]    4:     0x55da0a56878f - core::fmt::write::h78109e6f466b3af6
[INFO] [stdout]                                at /rustc/1b7dd2252b99671ce5d1cb9664c5f8636329436d/library/core/src/fmt/mod.rs:1254:17
[INFO] [stdout]    5:     0x55da0a541e85 - std::io::Write::write_fmt::hd24bfb68a1b35a25
[INFO] [stdout]                                at /rustc/1b7dd2252b99671ce5d1cb9664c5f8636329436d/library/std/src/io/mod.rs:1698:15
[INFO] [stdout]    6:     0x55da0a544905 - std::sys_common::backtrace::_print::h8dac57a9f8fbf9a5
[INFO] [stdout]                                at /rustc/1b7dd2252b99671ce5d1cb9664c5f8636329436d/library/std/src/sys_common/backtrace.rs:47:5
[INFO] [stdout]    7:     0x55da0a544905 - std::sys_common::backtrace::print::hf9ecbf41d1aa712f
[INFO] [stdout]                                at /rustc/1b7dd2252b99671ce5d1cb9664c5f8636329436d/library/std/src/sys_common/backtrace.rs:34:9
[INFO] [stdout]    8:     0x55da0a5465be - std::panicking::default_hook::{{closure}}::h04c07acfc84ca028
[INFO] [stdout]                                at /rustc/1b7dd2252b99671ce5d1cb9664c5f8636329436d/library/std/src/panicking.rs:269:22
[INFO] [stdout]    9:     0x55da0a5462f1 - std::panicking::default_hook::h01f6bb23e1eceb2c
[INFO] [stdout]                                at /rustc/1b7dd2252b99671ce5d1cb9664c5f8636329436d/library/std/src/panicking.rs:285:9
[INFO] [stdout]   10:     0x55da0a51558b - <alloc::boxed::Box<F,A> as core::ops::function::Fn<Args>>::call::h87fe9f7b2fd49e4c
[INFO] [stdout]                                at /rustc/1b7dd2252b99671ce5d1cb9664c5f8636329436d/library/alloc/src/boxed.rs:1987:9
[INFO] [stdout]   11:     0x55da0a51558b - test::test_main::{{closure}}::he94d679243a7531b
[INFO] [stdout]                                at /rustc/1b7dd2252b99671ce5d1cb9664c5f8636329436d/library/test/src/lib.rs:134:21
[INFO] [stdout]   12:     0x55da0a546ca4 - <alloc::boxed::Box<F,A> as core::ops::function::Fn<Args>>::call::h3f2d6d8b14c4769f
[INFO] [stdout]                                at /rustc/1b7dd2252b99671ce5d1cb9664c5f8636329436d/library/alloc/src/boxed.rs:1987:9
[INFO] [stdout]   13:     0x55da0a546ca4 - std::panicking::rust_panic_with_hook::h2bb3722bbaf2f6df
[INFO] [stdout]                                at /rustc/1b7dd2252b99671ce5d1cb9664c5f8636329436d/library/std/src/panicking.rs:695:13
[INFO] [stdout]   14:     0x55da0a546a19 - std::panicking::begin_panic_handler::{{closure}}::h91bc7f36a4be011b
[INFO] [stdout]                                at /rustc/1b7dd2252b99671ce5d1cb9664c5f8636329436d/library/std/src/panicking.rs:582:13
[INFO] [stdout]   15:     0x55da0a544fa6 - std::sys_common::backtrace::__rust_end_short_backtrace::h8b3d3717114f9e59
[INFO] [stdout]                                at /rustc/1b7dd2252b99671ce5d1cb9664c5f8636329436d/library/std/src/sys_common/backtrace.rs:150:18
[INFO] [stdout]   16:     0x55da0a546772 - rust_begin_unwind
[INFO] [stdout]                                at /rustc/1b7dd2252b99671ce5d1cb9664c5f8636329436d/library/std/src/panicking.rs:578:5
[INFO] [stdout]   17:     0x55da0a4bcba3 - core::panicking::panic_fmt::hfd368e3fbdabea26
[INFO] [stdout]                                at /rustc/1b7dd2252b99671ce5d1cb9664c5f8636329436d/library/core/src/panicking.rs:67:14
[INFO] [stdout]   18:     0x55da0a4bcff3 - core::result::unwrap_failed::he54eb4b2f125b26f
[INFO] [stdout]                                at /rustc/1b7dd2252b99671ce5d1cb9664c5f8636329436d/library/core/src/result.rs:1687:5
[INFO] [stdout]   19:     0x55da0a4d583c - core::result::Result<T,E>::unwrap::ha6e89fbfe927aa34
[INFO] [stdout]                                at /rustc/1b7dd2252b99671ce5d1cb9664c5f8636329436d/library/core/src/result.rs:1089:23
[INFO] [stdout]   20:     0x55da0a4d97b4 - augmented_midi::parser::test::test_parse_midi_file_smoke_test::he0f37728d7d536ca
[INFO] [stdout]                                at /opt/rustwide/workdir/src/parser.rs:541:29
[INFO] [stdout]   21:     0x55da0a4d96f7 - augmented_midi::parser::test::test_parse_midi_file_smoke_test::{{closure}}::hba1828a550a48a83
[INFO] [stdout]                                at /opt/rustwide/workdir/src/parser.rs:539:42
[INFO] [stdout]   22:     0x55da0a4c3e15 - core::ops::function::FnOnce::call_once::h1c25f09ce242de55
[INFO] [stdout]                                at /rustc/1b7dd2252b99671ce5d1cb9664c5f8636329436d/library/core/src/ops/function.rs:250:5
[INFO] [stdout]   23:     0x55da0a51a45f - core::ops::function::FnOnce::call_once::ha6a70e79f7481a7e
[INFO] [stdout]                                at /rustc/1b7dd2252b99671ce5d1cb9664c5f8636329436d/library/core/src/ops/function.rs:250:5
[INFO] [stdout]   24:     0x55da0a51a45f - test::__rust_begin_short_backtrace::hce33033019b61e69
[INFO] [stdout]                                at /rustc/1b7dd2252b99671ce5d1cb9664c5f8636329436d/library/test/src/lib.rs:655:18
[INFO] [stdout]   25:     0x55da0a4e7c4c - test::run_test::{{closure}}::h858d3528838ae3e5
[INFO] [stdout]                                at /rustc/1b7dd2252b99671ce5d1cb9664c5f8636329436d/library/test/src/lib.rs:646:30
[INFO] [stdout]   26:     0x55da0a4e7c4c - core::ops::function::FnOnce::call_once{{vtable.shim}}::he8ac2b00f01ae79e
[INFO] [stdout]                                at /rustc/1b7dd2252b99671ce5d1cb9664c5f8636329436d/library/core/src/ops/function.rs:250:5
[INFO] [stdout]   27:     0x55da0a519536 - <alloc::boxed::Box<F,A> as core::ops::function::FnOnce<Args>>::call_once::h8093d25b522725ef
[INFO] [stdout]                                at /rustc/1b7dd2252b99671ce5d1cb9664c5f8636329436d/library/alloc/src/boxed.rs:1973:9
[INFO] [stdout]   28:     0x55da0a519536 - <core::panic::unwind_safe::AssertUnwindSafe<F> as core::ops::function::FnOnce<()>>::call_once::h5c334c204e4a3913
[INFO] [stdout]                                at /rustc/1b7dd2252b99671ce5d1cb9664c5f8636329436d/library/core/src/panic/unwind_safe.rs:271:9
[INFO] [stdout]   29:     0x55da0a519536 - std::panicking::try::do_call::ha8b740c7b9478074
[INFO] [stdout]                                at /rustc/1b7dd2252b99671ce5d1cb9664c5f8636329436d/library/std/src/panicking.rs:485:40
[INFO] [stdout]   30:     0x55da0a519536 - std::panicking::try::h5d34f63d0e41b64e
[INFO] [stdout]                                at /rustc/1b7dd2252b99671ce5d1cb9664c5f8636329436d/library/std/src/panicking.rs:449:19
[INFO] [stdout]   31:     0x55da0a519536 - std::panic::catch_unwind::hcfbb511e1aa7fc67
[INFO] [stdout]                                at /rustc/1b7dd2252b99671ce5d1cb9664c5f8636329436d/library/std/src/panic.rs:140:14
[INFO] [stdout]   32:     0x55da0a519536 - test::run_test_in_process::h9abda90f802eaf21
[INFO] [stdout]                                at /rustc/1b7dd2252b99671ce5d1cb9664c5f8636329436d/library/test/src/lib.rs:678:27
[INFO] [stdout]   33:     0x55da0a519536 - test::run_test::run_test_inner::{{closure}}::h0f058de91f6c6edf
[INFO] [stdout]                                at /rustc/1b7dd2252b99671ce5d1cb9664c5f8636329436d/library/test/src/lib.rs:572:39
[INFO] [stdout]   34:     0x55da0a4e2455 - test::run_test::run_test_inner::{{closure}}::h5ca48a4c59c6c1fb
[INFO] [stdout]                                at /rustc/1b7dd2252b99671ce5d1cb9664c5f8636329436d/library/test/src/lib.rs:599:37
[INFO] [stdout]   35:     0x55da0a4e2455 - std::sys_common::backtrace::__rust_begin_short_backtrace::h32bd51e1495d4a33
[INFO] [stdout]                                at /rustc/1b7dd2252b99671ce5d1cb9664c5f8636329436d/library/std/src/sys_common/backtrace.rs:134:18
[INFO] [stdout]   36:     0x55da0a4e7991 - std::thread::Builder::spawn_unchecked_::{{closure}}::{{closure}}::hc086fae9b128b2db
[INFO] [stdout]                                at /rustc/1b7dd2252b99671ce5d1cb9664c5f8636329436d/library/std/src/thread/mod.rs:526:17
[INFO] [stdout]   37:     0x55da0a4e7991 - <core::panic::unwind_safe::AssertUnwindSafe<F> as core::ops::function::FnOnce<()>>::call_once::hb66571888d270d43
[INFO] [stdout]                                at /rustc/1b7dd2252b99671ce5d1cb9664c5f8636329436d/library/core/src/panic/unwind_safe.rs:271:9
[INFO] [stdout]   38:     0x55da0a4e7991 - std::panicking::try::do_call::h4fa2ef4f6e51fecf
[INFO] [stdout]                                at /rustc/1b7dd2252b99671ce5d1cb9664c5f8636329436d/library/std/src/panicking.rs:485:40
[INFO] [stdout]   39:     0x55da0a4e7991 - std::panicking::try::h1e9e22b8584489b5
[INFO] [stdout]                                at /rustc/1b7dd2252b99671ce5d1cb9664c5f8636329436d/library/std/src/panicking.rs:449:19
[INFO] [stdout]   40:     0x55da0a4e7991 - std::panic::catch_unwind::h44698a3de0e0769e
[INFO] [stdout]                                at /rustc/1b7dd2252b99671ce5d1cb9664c5f8636329436d/library/std/src/panic.rs:140:14
[INFO] [stdout]   41:     0x55da0a4e7991 - std::thread::Builder::spawn_unchecked_::{{closure}}::h50153abde3fe239e
[INFO] [stdout]                                at /rustc/1b7dd2252b99671ce5d1cb9664c5f8636329436d/library/std/src/thread/mod.rs:525:30
[INFO] [stdout]   42:     0x55da0a4e7991 - core::ops::function::FnOnce::call_once{{vtable.shim}}::hbe5bbf6f38394364
[INFO] [stdout]                                at /rustc/1b7dd2252b99671ce5d1cb9664c5f8636329436d/library/core/src/ops/function.rs:250:5
[INFO] [stdout]   43:     0x55da0a54b175 - <alloc::boxed::Box<F,A> as core::ops::function::FnOnce<Args>>::call_once::h0d83cb2920a49046
[INFO] [stdout]                                at /rustc/1b7dd2252b99671ce5d1cb9664c5f8636329436d/library/alloc/src/boxed.rs:1973:9
[INFO] [stdout]   44:     0x55da0a54b175 - <alloc::boxed::Box<F,A> as core::ops::function::FnOnce<Args>>::call_once::hbe0a008aa7d9ef59
[INFO] [stdout]                                at /rustc/1b7dd2252b99671ce5d1cb9664c5f8636329436d/library/alloc/src/boxed.rs:1973:9
[INFO] [stdout]   45:     0x55da0a54b175 - std::sys::unix::thread::Thread::new::thread_start::h3a466996bdf6b1f9
[INFO] [stdout]                                at /rustc/1b7dd2252b99671ce5d1cb9664c5f8636329436d/library/std/src/sys/unix/thread.rs:108:17
[INFO] [stdout]   46:     0x7fae845d4b43 - <unknown>
[INFO] [stdout]   47:     0x7fae84665bb4 - __clone
[INFO] [stdout]   48:                0x0 - <unknown>
[INFO] [stdout] 
[INFO] [stdout] ---- parser::test::test_parse_midi_file_smoke_test_no_alloc stdout ----
[INFO] [stdout] thread 'parser::test::test_parse_midi_file_smoke_test_no_alloc' panicked at 'called `Result::unwrap()` on an `Err` value: Os { code: 2, kind: NotFound, message: "No such file or directory" }', src/parser.rs:551:55
[INFO] [stdout] stack backtrace:
[INFO] [stdout]    0:     0x55da0a544b3a - std::backtrace_rs::backtrace::libunwind::trace::h2f05d0192276a8f6
[INFO] [stdout]                                at /rustc/1b7dd2252b99671ce5d1cb9664c5f8636329436d/library/std/src/../../backtrace/src/backtrace/libunwind.rs:93:5
[INFO] [stdout]    1:     0x55da0a544b3a - std::backtrace_rs::backtrace::trace_unsynchronized::hedc23dff7a1af150
[INFO] [stdout]                                at /rustc/1b7dd2252b99671ce5d1cb9664c5f8636329436d/library/std/src/../../backtrace/src/backtrace/mod.rs:66:5
[INFO] [stdout]    2:     0x55da0a544b3a - std::sys_common::backtrace::_print_fmt::h17541ef7592f3ce2
[INFO] [stdout]                                at /rustc/1b7dd2252b99671ce5d1cb9664c5f8636329436d/library/std/src/sys_common/backtrace.rs:65:5
[INFO] [stdout]    3:     0x55da0a544b3a - <std::sys_common::backtrace::_print::DisplayBacktrace as core::fmt::Display>::fmt::h20f75df5ab0c0792
[INFO] [stdout]                                at /rustc/1b7dd2252b99671ce5d1cb9664c5f8636329436d/library/std/src/sys_common/backtrace.rs:44:22
[INFO] [stdout]    4:     0x55da0a56878f - core::fmt::write::h78109e6f466b3af6
[INFO] [stdout]                                at /rustc/1b7dd2252b99671ce5d1cb9664c5f8636329436d/library/core/src/fmt/mod.rs:1254:17
[INFO] [stdout]    5:     0x55da0a541e85 - std::io::Write::write_fmt::hd24bfb68a1b35a25
[INFO] [stdout]                                at /rustc/1b7dd2252b99671ce5d1cb9664c5f8636329436d/library/std/src/io/mod.rs:1698:15
[INFO] [stdout]    6:     0x55da0a544905 - std::sys_common::backtrace::_print::h8dac57a9f8fbf9a5
[INFO] [stdout]                                at /rustc/1b7dd2252b99671ce5d1cb9664c5f8636329436d/library/std/src/sys_common/backtrace.rs:47:5
[INFO] [stdout]    7:     0x55da0a544905 - std::sys_common::backtrace::print::hf9ecbf41d1aa712f
[INFO] [stdout]                                at /rustc/1b7dd2252b99671ce5d1cb9664c5f8636329436d/library/std/src/sys_common/backtrace.rs:34:9
[INFO] [stdout]    8:     0x55da0a5465be - std::panicking::default_hook::{{closure}}::h04c07acfc84ca028
[INFO] [stdout]                                at /rustc/1b7dd2252b99671ce5d1cb9664c5f8636329436d/library/std/src/panicking.rs:269:22
[INFO] [stdout]    9:     0x55da0a5462f1 - std::panicking::default_hook::h01f6bb23e1eceb2c
[INFO] [stdout]                                at /rustc/1b7dd2252b99671ce5d1cb9664c5f8636329436d/library/std/src/panicking.rs:285:9
[INFO] [stdout]   10:     0x55da0a51558b - <alloc::boxed::Box<F,A> as core::ops::function::Fn<Args>>::call::h87fe9f7b2fd49e4c
[INFO] [stdout]                                at /rustc/1b7dd2252b99671ce5d1cb9664c5f8636329436d/library/alloc/src/boxed.rs:1987:9
[INFO] [stdout]   11:     0x55da0a51558b - test::test_main::{{closure}}::he94d679243a7531b
[INFO] [stdout]                                at /rustc/1b7dd2252b99671ce5d1cb9664c5f8636329436d/library/test/src/lib.rs:134:21
[INFO] [stdout]   12:     0x55da0a546ca4 - <alloc::boxed::Box<F,A> as core::ops::function::Fn<Args>>::call::h3f2d6d8b14c4769f
[INFO] [stdout]                                at /rustc/1b7dd2252b99671ce5d1cb9664c5f8636329436d/library/alloc/src/boxed.rs:1987:9
[INFO] [stdout]   13:     0x55da0a546ca4 - std::panicking::rust_panic_with_hook::h2bb3722bbaf2f6df
[INFO] [stdout]                                at /rustc/1b7dd2252b99671ce5d1cb9664c5f8636329436d/library/std/src/panicking.rs:695:13
[INFO] [stdout]   14:     0x55da0a546a19 - std::panicking::begin_panic_handler::{{closure}}::h91bc7f36a4be011b
[INFO] [stdout]                                at /rustc/1b7dd2252b99671ce5d1cb9664c5f8636329436d/library/std/src/panicking.rs:582:13
[INFO] [stdout]   15:     0x55da0a544fa6 - std::sys_common::backtrace::__rust_end_short_backtrace::h8b3d3717114f9e59
[INFO] [stdout]                                at /rustc/1b7dd2252b99671ce5d1cb9664c5f8636329436d/library/std/src/sys_common/backtrace.rs:150:18
[INFO] [stdout]   16:     0x55da0a546772 - rust_begin_unwind
[INFO] [stdout]                                at /rustc/1b7dd2252b99671ce5d1cb9664c5f8636329436d/library/std/src/panicking.rs:578:5
[INFO] [stdout]   17:     0x55da0a4bcba3 - core::panicking::panic_fmt::hfd368e3fbdabea26
[INFO] [stdout]                                at /rustc/1b7dd2252b99671ce5d1cb9664c5f8636329436d/library/core/src/panicking.rs:67:14
[INFO] [stdout]   18:     0x55da0a4bcff3 - core::result::unwrap_failed::he54eb4b2f125b26f
[INFO] [stdout]                                at /rustc/1b7dd2252b99671ce5d1cb9664c5f8636329436d/library/core/src/result.rs:1687:5
[INFO] [stdout]   19:     0x55da0a4d583c - core::result::Result<T,E>::unwrap::ha6e89fbfe927aa34
[INFO] [stdout]                                at /rustc/1b7dd2252b99671ce5d1cb9664c5f8636329436d/library/core/src/result.rs:1089:23
[INFO] [stdout]   20:     0x55da0a4d99b4 - augmented_midi::parser::test::test_parse_midi_file_smoke_test_no_alloc::h335f441f6403e8e8
[INFO] [stdout]                                at /opt/rustwide/workdir/src/parser.rs:551:29
[INFO] [stdout]   21:     0x55da0a4d98f7 - augmented_midi::parser::test::test_parse_midi_file_smoke_test_no_alloc::{{closure}}::he7a4294a24ec1625
[INFO] [stdout]                                at /opt/rustwide/workdir/src/parser.rs:549:51
[INFO] [stdout]   22:     0x55da0a4c4475 - core::ops::function::FnOnce::call_once::hc20bfefd023b2851
[INFO] [stdout]                                at /rustc/1b7dd2252b99671ce5d1cb9664c5f8636329436d/library/core/src/ops/function.rs:250:5
[INFO] [stdout]   23:     0x55da0a51a45f - core::ops::function::FnOnce::call_once::ha6a70e79f7481a7e
[INFO] [stdout]                                at /rustc/1b7dd2252b99671ce5d1cb9664c5f8636329436d/library/core/src/ops/function.rs:250:5
[INFO] [stdout]   24:     0x55da0a51a45f - test::__rust_begin_short_backtrace::hce33033019b61e69
[INFO] [stdout]                                at /rustc/1b7dd2252b99671ce5d1cb9664c5f8636329436d/library/test/src/lib.rs:655:18
[INFO] [stdout]   25:     0x55da0a4e7c4c - test::run_test::{{closure}}::h858d3528838ae3e5
[INFO] [stdout]                                at /rustc/1b7dd2252b99671ce5d1cb9664c5f8636329436d/library/test/src/lib.rs:646:30
[INFO] [stdout]   26:     0x55da0a4e7c4c - core::ops::function::FnOnce::call_once{{vtable.shim}}::he8ac2b00f01ae79e
[INFO] [stdout]                                at /rustc/1b7dd2252b99671ce5d1cb9664c5f8636329436d/library/core/src/ops/function.rs:250:5
[INFO] [stdout]   27:     0x55da0a519536 - <alloc::boxed::Box<F,A> as core::ops::function::FnOnce<Args>>::call_once::h8093d25b522725ef
[INFO] [stdout]                                at /rustc/1b7dd2252b99671ce5d1cb9664c5f8636329436d/library/alloc/src/boxed.rs:1973:9
[INFO] [stdout]   28:     0x55da0a519536 - <core::panic::unwind_safe::AssertUnwindSafe<F> as core::ops::function::FnOnce<()>>::call_once::h5c334c204e4a3913
[INFO] [stdout]                                at /rustc/1b7dd2252b99671ce5d1cb9664c5f8636329436d/library/core/src/panic/unwind_safe.rs:271:9
[INFO] [stdout]   29:     0x55da0a519536 - std::panicking::try::do_call::ha8b740c7b9478074
[INFO] [stdout]                                at /rustc/1b7dd2252b99671ce5d1cb9664c5f8636329436d/library/std/src/panicking.rs:485:40
[INFO] [stdout]   30:     0x55da0a519536 - std::panicking::try::h5d34f63d0e41b64e
[INFO] [stdout]                                at /rustc/1b7dd2252b99671ce5d1cb9664c5f8636329436d/library/std/src/panicking.rs:449:19
[INFO] [stdout]   31:     0x55da0a519536 - std::panic::catch_unwind::hcfbb511e1aa7fc67
[INFO] [stdout]                                at /rustc/1b7dd2252b99671ce5d1cb9664c5f8636329436d/library/std/src/panic.rs:140:14
[INFO] [stdout]   32:     0x55da0a519536 - test::run_test_in_process::h9abda90f802eaf21
[INFO] [stdout]                                at /rustc/1b7dd2252b99671ce5d1cb9664c5f8636329436d/library/test/src/lib.rs:678:27
[INFO] [stdout]   33:     0x55da0a519536 - test::run_test::run_test_inner::{{closure}}::h0f058de91f6c6edf
[INFO] [stdout]                                at /rustc/1b7dd2252b99671ce5d1cb9664c5f8636329436d/library/test/src/lib.rs:572:39
[INFO] [stdout]   34:     0x55da0a4e2455 - test::run_test::run_test_inner::{{closure}}::h5ca48a4c59c6c1fb
[INFO] [stdout]                                at /rustc/1b7dd2252b99671ce5d1cb9664c5f8636329436d/library/test/src/lib.rs:599:37
[INFO] [stdout]   35:     0x55da0a4e2455 - std::sys_common::backtrace::__rust_begin_short_backtrace::h32bd51e1495d4a33
[INFO] [stdout]                                at /rustc/1b7dd2252b99671ce5d1cb9664c5f8636329436d/library/std/src/sys_common/backtrace.rs:134:18
[INFO] [stdout]   36:     0x55da0a4e7991 - std::thread::Builder::spawn_unchecked_::{{closure}}::{{closure}}::hc086fae9b128b2db
[INFO] [stdout]                                at /rustc/1b7dd2252b99671ce5d1cb9664c5f8636329436d/library/std/src/thread/mod.rs:526:17
[INFO] [stdout]   37:     0x55da0a4e7991 - <core::panic::unwind_safe::AssertUnwindSafe<F> as core::ops::function::FnOnce<()>>::call_once::hb66571888d270d43
[INFO] [stdout]                                at /rustc/1b7dd2252b99671ce5d1cb9664c5f8636329436d/library/core/src/panic/unwind_safe.rs:271:9
[INFO] [stdout]   38:     0x55da0a4e7991 - std::panicking::try::do_call::h4fa2ef4f6e51fecf
[INFO] [stdout]                                at /rustc/1b7dd2252b99671ce5d1cb9664c5f8636329436d/library/std/src/panicking.rs:485:40
[INFO] [stdout]   39:     0x55da0a4e7991 - std::panicking::try::h1e9e22b8584489b5
[INFO] [stdout]                                at /rustc/1b7dd2252b99671ce5d1cb9664c5f8636329436d/library/std/src/panicking.rs:449:19
[INFO] [stdout]   40:     0x55da0a4e7991 - std::panic::catch_unwind::h44698a3de0e0769e
[INFO] [stdout]                                at /rustc/1b7dd2252b99671ce5d1cb9664c5f8636329436d/library/std/src/panic.rs:140:14
[INFO] [stdout]   41:     0x55da0a4e7991 - std::thread::Builder::spawn_unchecked_::{{closure}}::h50153abde3fe239e
[INFO] [stdout]                                at /rustc/1b7dd2252b99671ce5d1cb9664c5f8636329436d/library/std/src/thread/mod.rs:525:30
[INFO] [stdout]   42:     0x55da0a4e7991 - core::ops::function::FnOnce::call_once{{vtable.shim}}::hbe5bbf6f38394364
[INFO] [stdout]                                at /rustc/1b7dd2252b99671ce5d1cb9664c5f8636329436d/library/core/src/ops/function.rs:250:5
[INFO] [stdout]   43:     0x55da0a54b175 - <alloc::boxed::Box<F,A> as core::ops::function::FnOnce<Args>>::call_once::h0d83cb2920a49046
[INFO] [stdout]                                at /rustc/1b7dd2252b99671ce5d1cb9664c5f8636329436d/library/alloc/src/boxed.rs:1973:9
[INFO] [stdout]   44:     0x55da0a54b175 - <alloc::boxed::Box<F,A> as core::ops::function::FnOnce<Args>>::call_once::hbe0a008aa7d9ef59
[INFO] [stdout]                                at /rustc/1b7dd2252b99671ce5d1cb9664c5f8636329436d/library/alloc/src/boxed.rs:1973:9
[INFO] [stdout]   45:     0x55da0a54b175 - std::sys::unix::thread::Thread::new::thread_start::h3a466996bdf6b1f9
[INFO] [stdout]                                at /rustc/1b7dd2252b99671ce5d1cb9664c5f8636329436d/library/std/src/sys/unix/thread.rs:108:17
[INFO] [stdout]   46:     0x7fae845d4b43 - <unknown>
[INFO] [stdout]   47:     0x7fae84665bb4 - __clone
[INFO] [stdout]   48:                0x0 - <unknown>
[INFO] [stdout] 
[INFO] [stdout] 
[INFO] [stdout] failures:
[INFO] [stdout]     parser::test::test
[INFO] [stdout]     parser::test::test_parse_midi_file_smoke_test
[INFO] [stdout]     parser::test::test_parse_midi_file_smoke_test_no_alloc
[INFO] [stdout] 
[INFO] [stdout] test result: FAILED. 28 passed; 3 failed; 0 ignored; 0 measured; 0 filtered out; finished in 0.07s
[INFO] [stdout] 
[INFO] [stderr] error: test failed, to rerun pass `--lib`
[INFO] running `Command { std: "docker" "inspect" "c88052fd36c02c7b0a22a161f702ed852d269c7821abf2e2fe966393d90f3d20", kill_on_drop: false }`
[INFO] running `Command { std: "docker" "rm" "-f" "c88052fd36c02c7b0a22a161f702ed852d269c7821abf2e2fe966393d90f3d20", kill_on_drop: false }`
[INFO] [stdout] c88052fd36c02c7b0a22a161f702ed852d269c7821abf2e2fe966393d90f3d20
