[INFO] fetching crate audio-processor-file 3.0.0...
[INFO] testing audio-processor-file-3.0.0 against 1.69.0 for beta-1.70-1
[INFO] extracting crate audio-processor-file 3.0.0 into /workspace/builds/worker-2-tc1/source
[INFO] validating manifest of crates.io crate audio-processor-file 3.0.0 on toolchain 1.69.0
[INFO] running `Command { std: CARGO_HOME="/workspace/cargo-home" RUSTUP_HOME="/workspace/rustup-home" "/workspace/cargo-home/bin/cargo" "+1.69.0" "metadata" "--manifest-path" "Cargo.toml" "--no-deps", kill_on_drop: false }`
[INFO] started tweaking crates.io crate audio-processor-file 3.0.0
[INFO] finished tweaking crates.io crate audio-processor-file 3.0.0
[INFO] tweaked toml for crates.io crate audio-processor-file 3.0.0 written to /workspace/builds/worker-2-tc1/source/Cargo.toml
[INFO] crate crates.io crate audio-processor-file 3.0.0 already has a lockfile, it will not be regenerated
[INFO] running `Command { std: CARGO_HOME="/workspace/cargo-home" RUSTUP_HOME="/workspace/rustup-home" "/workspace/cargo-home/bin/cargo" "+1.69.0" "fetch" "--manifest-path" "Cargo.toml", kill_on_drop: false }`
[INFO] [stderr]  Downloading crates ...
[INFO] [stderr]   Downloaded audio-garbage-collector v1.2.0
[INFO] [stderr]   Downloaded wasm_thread v0.2.0
[INFO] [stderr]   Downloaded audio-processor-traits v4.0.0
[INFO] [stderr]   Downloaded futures v0.3.27
[INFO] [stderr]   Downloaded regex v1.7.2
[INFO] [stderr]   Downloaded num-rational v0.3.2
[INFO] [stderr]   Downloaded dwrote v0.11.0
[INFO] [stderr]   Downloaded futures-macro v0.3.27
[INFO] [stderr]   Downloaded cxxbridge-macro v1.0.93
[INFO] [stderr]   Downloaded servo-fontconfig v0.5.1
[INFO] [stderr]   Downloaded futures-executor v0.3.27
[INFO] [stderr]   Downloaded semver-parser v0.10.2
[INFO] [stderr]   Downloaded transpose v0.2.2
[INFO] [stderr]   Downloaded symphonia v0.5.2
[INFO] [stderr]   Downloaded cxxbridge-flags v1.0.93
[INFO] [stderr]   Downloaded symphonia-codec-pcm v0.5.2
[INFO] [stderr]   Downloaded symphonia-utils-xiph v0.5.2
[INFO] [stderr]   Downloaded basedrop v0.1.2
[INFO] [stderr]   Downloaded core-graphics-types v0.1.1
[INFO] [stderr]   Downloaded futures-task v0.3.27
[INFO] [stderr]   Downloaded symphonia-format-wav v0.5.2
[INFO] [stderr]   Downloaded wio v0.2.2
[INFO] [stderr]   Downloaded num_enum v0.5.11
[INFO] [stderr]   Downloaded concurrent-queue v2.1.0
[INFO] [stderr]   Downloaded core-text v19.2.0
[INFO] [stderr]   Downloaded symphonia-format-mkv v0.5.2
[INFO] [stderr]   Downloaded cesu8 v1.1.0
[INFO] [stderr]   Downloaded proc-macro2 v1.0.53
[INFO] [stderr]   Downloaded deflate v0.8.6
[INFO] [stderr]   Downloaded symphonia-bundle-mp3 v0.5.2
[INFO] [stderr]   Downloaded symphonia-codec-vorbis v0.5.2
[INFO] [stderr]   Downloaded symphonia-format-ogg v0.5.2
[INFO] [stderr]   Downloaded pathfinder_simd v0.5.1
[INFO] [stderr]   Downloaded jni v0.20.0
[INFO] [stderr]   Downloaded freetype-sys v0.13.1
[INFO] [stderr]   Downloaded samplerate v0.2.4
[INFO] [stderr]   Downloaded futures-sink v0.3.27
[INFO] [stderr]   Downloaded coreaudio-sys v0.2.11
[INFO] [stderr]   Downloaded raw-window-handle v0.5.1
[INFO] [stderr]   Downloaded primal-check v0.3.3
[INFO] [stderr]   Downloaded audio-processor-testing-helpers v2.4.0
[INFO] [stderr]   Downloaded dasp_sample v0.11.0
[INFO] [stderr]   Downloaded symphonia-codec-aac v0.5.2
[INFO] [stderr]   Downloaded mach2 v0.4.1
[INFO] [stderr]   Downloaded oboe v0.5.0
[INFO] [stderr]   Downloaded strength_reduce v0.2.4
[INFO] [stderr]   Downloaded realfft v3.2.0
[INFO] [stderr]   Downloaded num_enum_derive v0.5.11
[INFO] [stderr]   Downloaded wisual-logger v0.1.4
[INFO] [stderr]   Downloaded symphonia-metadata v0.5.2
[INFO] [stderr]   Downloaded iana-time-zone v0.1.54
[INFO] [stderr]   Downloaded cmake v0.1.49
[INFO] [stderr]   Downloaded augmented-convert-sample-rate v1.5.0
[INFO] [stderr]   Downloaded futures-io v0.3.27
[INFO] [stderr]   Downloaded symphonia-codec-adpcm v0.5.2
[INFO] [stderr]   Downloaded ndk-context v0.1.1
[INFO] [stderr]   Downloaded symphonia-bundle-flac v0.5.2
[INFO] [stderr]   Downloaded pathfinder_geometry v0.5.1
[INFO] [stderr]   Downloaded jni-sys v0.3.0
[INFO] [stderr]   Downloaded plotters-bitmap v0.3.2
[INFO] [stderr]   Downloaded alsa-sys v0.3.1
[INFO] [stderr]   Downloaded toml_edit v0.19.7
[INFO] [stderr]   Downloaded coreaudio-rs v0.11.2
[INFO] [stderr]   Downloaded augmented-audio-metrics v1.6.0
[INFO] [stderr]   Downloaded symphonia-format-isomp4 v0.5.2
[INFO] [stderr]   Downloaded futures-core v0.3.27
[INFO] [stderr]   Downloaded ndk v0.7.0
[INFO] [stderr]   Downloaded rustc_version v0.3.3
[INFO] [stderr]   Downloaded futures-channel v0.3.27
[INFO] [stderr]   Downloaded rubato v0.12.0
[INFO] [stderr]   Downloaded freetype v0.7.0
[INFO] [stderr]   Downloaded semver v0.11.0
[INFO] [stderr]   Downloaded miniz_oxide v0.3.7
[INFO] [stderr]   Downloaded alsa v0.7.0
[INFO] [stderr]   Downloaded jni v0.19.0
[INFO] [stderr]   Downloaded core-graphics v0.22.3
[INFO] [stderr]   Downloaded png v0.16.8
[INFO] [stderr]   Downloaded clang-sys v1.6.0
[INFO] [stderr]   Downloaded hound v3.5.0
[INFO] [stderr]   Downloaded png v0.17.7
[INFO] [stderr]   Downloaded pest v2.5.6
[INFO] [stderr]   Downloaded crossbeam-channel v0.5.7
[INFO] [stderr]   Downloaded cxx-build v1.0.93
[INFO] [stderr]   Downloaded cpal v0.15.2
[INFO] [stderr]   Downloaded font-kit v0.10.1
[INFO] [stderr]   Downloaded ttf-parser v0.12.3
[INFO] [stderr]   Downloaded symphonia-core v0.5.2
[INFO] [stderr]   Downloaded cxx v1.0.93
[INFO] [stderr]   Downloaded futures-util v0.3.27
[INFO] [stderr]   Downloaded combine v4.6.6
[INFO] [stderr]   Downloaded bindgen v0.61.0
[INFO] [stderr]   Downloaded winnow v0.3.6
[INFO] [stderr]   Downloaded oboe-sys v0.5.0
[INFO] [stderr]   Downloaded image v0.23.14
[INFO] [stderr]   Downloaded nix v0.24.3
[INFO] [stderr]   Downloaded jpeg-decoder v0.1.22
[INFO] [stderr]   Downloaded ndk-sys v0.4.1+23.1.7779620
[INFO] [stderr]   Downloaded rustfft v6.1.0
[INFO] [stderr]   Downloaded jpeg-decoder v0.3.0
[INFO] [stderr]   Downloaded image v0.24.5
[INFO] [stderr]   Downloaded servo-fontconfig-sys v5.1.0
[INFO] [stderr]   Downloaded augmented-atomics v0.1.2
[INFO] [stderr]   Downloaded augmented_oscillator v1.2.1
[INFO] [stderr]   Downloaded libsamplerate-sys v0.1.12
[INFO] [stderr]   Downloaded plotters v0.3.1
[INFO] [stderr]   Downloaded windows v0.46.0
[INFO] running `Command { std: "docker" "create" "-v" "/var/lib/crater-agent-workspace/builds/worker-2-tc1/target:/opt/rustwide/target:rw,Z" "-v" "/var/lib/crater-agent-workspace/builds/worker-2-tc1/source:/opt/rustwide/workdir:ro,Z" "-v" "/var/lib/crater-agent-workspace/cargo-home:/opt/rustwide/cargo-home:ro,Z" "-v" "/var/lib/crater-agent-workspace/rustup-home:/opt/rustwide/rustup-home:ro,Z" "-e" "SOURCE_DIR=/opt/rustwide/workdir" "-e" "CARGO_TARGET_DIR=/opt/rustwide/target" "-e" "CARGO_HOME=/opt/rustwide/cargo-home" "-e" "RUSTUP_HOME=/opt/rustwide/rustup-home" "-w" "/opt/rustwide/workdir" "-m" "1610612736" "--user" "0:0" "--network" "none" "ghcr.io/rust-lang/crates-build-env/linux@sha256:5ff2268d62e97bff2cde7d5815dd6ed5b47097566f13b8d0ca110b04b60e07ed" "/opt/rustwide/cargo-home/bin/cargo" "+1.69.0" "metadata" "--no-deps" "--format-version=1", kill_on_drop: false }`
[INFO] [stdout] c6942a99b2073eb0e6f3a20c60f121f432881a6b93a00fcff019f51d0a8f18d5
[INFO] running `Command { std: "docker" "start" "-a" "c6942a99b2073eb0e6f3a20c60f121f432881a6b93a00fcff019f51d0a8f18d5", kill_on_drop: false }`
[INFO] running `Command { std: "docker" "inspect" "c6942a99b2073eb0e6f3a20c60f121f432881a6b93a00fcff019f51d0a8f18d5", kill_on_drop: false }`
[INFO] running `Command { std: "docker" "rm" "-f" "c6942a99b2073eb0e6f3a20c60f121f432881a6b93a00fcff019f51d0a8f18d5", kill_on_drop: false }`
[INFO] [stdout] c6942a99b2073eb0e6f3a20c60f121f432881a6b93a00fcff019f51d0a8f18d5
[INFO] running `Command { std: "docker" "create" "-v" "/var/lib/crater-agent-workspace/builds/worker-2-tc1/target:/opt/rustwide/target:rw,Z" "-v" "/var/lib/crater-agent-workspace/builds/worker-2-tc1/source:/opt/rustwide/workdir:ro,Z" "-v" "/var/lib/crater-agent-workspace/cargo-home:/opt/rustwide/cargo-home:ro,Z" "-v" "/var/lib/crater-agent-workspace/rustup-home:/opt/rustwide/rustup-home:ro,Z" "-e" "SOURCE_DIR=/opt/rustwide/workdir" "-e" "CARGO_TARGET_DIR=/opt/rustwide/target" "-e" "CARGO_INCREMENTAL=0" "-e" "RUST_BACKTRACE=full" "-e" "RUSTFLAGS=--cap-lints=warn" "-e" "RUSTDOCFLAGS=--cap-lints=warn" "-e" "CARGO_HOME=/opt/rustwide/cargo-home" "-e" "RUSTUP_HOME=/opt/rustwide/rustup-home" "-w" "/opt/rustwide/workdir" "-m" "1610612736" "--user" "0:0" "--network" "none" "ghcr.io/rust-lang/crates-build-env/linux@sha256:5ff2268d62e97bff2cde7d5815dd6ed5b47097566f13b8d0ca110b04b60e07ed" "/opt/rustwide/cargo-home/bin/cargo" "+1.69.0" "build" "--frozen" "--message-format=json", kill_on_drop: false }`
[INFO] [stdout] 37f1fc7aa364a958ae45e36188e52fe074f98f7ca51a72315ad5d52996ade85a
[INFO] running `Command { std: "docker" "start" "-a" "37f1fc7aa364a958ae45e36188e52fe074f98f7ca51a72315ad5d52996ade85a", kill_on_drop: false }`
[INFO] [stderr]    Compiling num-traits v0.2.15
[INFO] [stderr]    Compiling arrayvec v0.7.2
[INFO] [stderr]    Compiling bytemuck v1.13.1
[INFO] [stderr]    Compiling num-integer v0.1.45
[INFO] [stderr]    Compiling proc-macro2 v1.0.53
[INFO] [stderr]    Compiling libc v0.2.140
[INFO] [stderr]    Compiling scopeguard v1.1.0
[INFO] [stderr]    Compiling num-bigint v0.4.3
[INFO] [stderr]    Compiling memoffset v0.8.0
[INFO] [stderr]    Compiling num-rational v0.4.1
[INFO] [stderr]    Compiling num-iter v0.1.43
[INFO] [stderr]    Compiling crossbeam-epoch v0.9.14
[INFO] [stderr]    Compiling pkg-config v0.3.26
[INFO] [stderr]    Compiling serde v1.0.160
[INFO] [stderr]    Compiling thiserror v1.0.40
[INFO] [stderr]    Compiling rustfft v6.1.0
[INFO] [stderr]    Compiling lock_api v0.4.9
[INFO] [stderr]    Compiling symphonia-core v0.5.2
[INFO] [stderr]    Compiling strength_reduce v0.2.4
[INFO] [stderr]    Compiling parking_lot_core v0.9.7
[INFO] [stderr]    Compiling smallvec v1.10.0
[INFO] [stderr]    Compiling basedrop v0.1.2
[INFO] [stderr]    Compiling rayon-core v1.11.0
[INFO] [stderr]    Compiling crossbeam-channel v0.5.7
[INFO] [stderr]    Compiling cpal v0.15.2
[INFO] [stderr]    Compiling either v1.8.1
[INFO] [stderr]    Compiling dasp_sample v0.11.0
[INFO] [stderr]    Compiling hound v3.5.0
[INFO] [stderr]    Compiling alsa-sys v0.3.1
[INFO] [stderr]    Compiling crossbeam-deque v0.8.3
[INFO] [stderr]    Compiling quote v1.0.26
[INFO] [stderr]    Compiling syn v2.0.12
[INFO] [stderr]    Compiling symphonia-metadata v0.5.2
[INFO] [stderr]    Compiling symphonia-codec-aac v0.5.2
[INFO] [stderr]    Compiling symphonia-codec-adpcm v0.5.2
[INFO] [stderr]    Compiling symphonia-codec-pcm v0.5.2
[INFO] [stderr]    Compiling num-complex v0.4.3
[INFO] [stderr]    Compiling symphonia-utils-xiph v0.5.2
[INFO] [stderr]    Compiling symphonia-bundle-mp3 v0.5.2
[INFO] [stderr]    Compiling symphonia-format-wav v0.5.2
[INFO] [stderr]    Compiling num_cpus v1.15.0
[INFO] [stderr]    Compiling nix v0.24.3
[INFO] [stderr]    Compiling symphonia-format-ogg v0.5.2
[INFO] [stderr]    Compiling symphonia-codec-vorbis v0.5.2
[INFO] [stderr]    Compiling symphonia-format-mkv v0.5.2
[INFO] [stderr]    Compiling symphonia-bundle-flac v0.5.2
[INFO] [stderr]    Compiling primal-check v0.3.3
[INFO] [stderr]    Compiling transpose v0.2.2
[INFO] [stderr]    Compiling alsa v0.7.0
[INFO] [stderr]    Compiling parking_lot v0.12.1
[INFO] [stderr]    Compiling symphonia-format-isomp4 v0.5.2
[INFO] [stderr]    Compiling rayon v1.7.0
[INFO] [stderr]    Compiling symphonia v0.5.2
[INFO] [stderr]    Compiling thiserror-impl v1.0.40
[INFO] [stderr]    Compiling serde_derive v1.0.160
[INFO] [stderr]    Compiling num v0.4.0
[INFO] [stderr]    Compiling audio-garbage-collector v1.2.0
[INFO] [stderr]    Compiling augmented-atomics v0.1.2
[INFO] [stderr]    Compiling audio-processor-traits v4.0.0
[INFO] [stderr]    Compiling augmented-audio-metrics v1.6.0
[INFO] [stderr]    Compiling realfft v3.2.0
[INFO] [stderr]    Compiling rubato v0.12.0
[INFO] [stderr]    Compiling audio-processor-file v3.0.0 (/opt/rustwide/workdir)
[INFO] [stderr]     Finished dev [unoptimized + debuginfo] target(s) in 19.35s
[INFO] running `Command { std: "docker" "inspect" "37f1fc7aa364a958ae45e36188e52fe074f98f7ca51a72315ad5d52996ade85a", kill_on_drop: false }`
[INFO] running `Command { std: "docker" "rm" "-f" "37f1fc7aa364a958ae45e36188e52fe074f98f7ca51a72315ad5d52996ade85a", kill_on_drop: false }`
[INFO] [stdout] 37f1fc7aa364a958ae45e36188e52fe074f98f7ca51a72315ad5d52996ade85a
[INFO] running `Command { std: "docker" "create" "-v" "/var/lib/crater-agent-workspace/builds/worker-2-tc1/target:/opt/rustwide/target:rw,Z" "-v" "/var/lib/crater-agent-workspace/builds/worker-2-tc1/source:/opt/rustwide/workdir:ro,Z" "-v" "/var/lib/crater-agent-workspace/cargo-home:/opt/rustwide/cargo-home:ro,Z" "-v" "/var/lib/crater-agent-workspace/rustup-home:/opt/rustwide/rustup-home:ro,Z" "-e" "SOURCE_DIR=/opt/rustwide/workdir" "-e" "CARGO_TARGET_DIR=/opt/rustwide/target" "-e" "CARGO_INCREMENTAL=0" "-e" "RUST_BACKTRACE=full" "-e" "RUSTFLAGS=--cap-lints=warn" "-e" "RUSTDOCFLAGS=--cap-lints=warn" "-e" "CARGO_HOME=/opt/rustwide/cargo-home" "-e" "RUSTUP_HOME=/opt/rustwide/rustup-home" "-w" "/opt/rustwide/workdir" "-m" "1610612736" "--user" "0:0" "--network" "none" "ghcr.io/rust-lang/crates-build-env/linux@sha256:5ff2268d62e97bff2cde7d5815dd6ed5b47097566f13b8d0ca110b04b60e07ed" "/opt/rustwide/cargo-home/bin/cargo" "+1.69.0" "test" "--frozen" "--no-run" "--message-format=json", kill_on_drop: false }`
[INFO] [stdout] b643d1dce950b44cbfb265f3ccb80d3f16cba6862eac473e51a7b60f33bfc863
[INFO] running `Command { std: "docker" "start" "-a" "b643d1dce950b44cbfb265f3ccb80d3f16cba6862eac473e51a7b60f33bfc863", kill_on_drop: false }`
[INFO] [stderr]     Blocking waiting for file lock on package cache
[INFO] [stderr]    Compiling log v0.4.17
[INFO] [stderr]    Compiling bytemuck v1.13.1
[INFO] [stderr]    Compiling cmake v0.1.49
[INFO] [stderr]    Compiling ucd-trie v0.1.5
[INFO] [stderr]    Compiling crc32fast v1.3.2
[INFO] [stderr]    Compiling num-iter v0.1.43
[INFO] [stderr]    Compiling byteorder v1.4.3
[INFO] [stderr]    Compiling servo-fontconfig-sys v5.1.0
[INFO] [stderr]    Compiling miniz_oxide v0.6.2
[INFO] [stderr]    Compiling adler32 v1.2.0
[INFO] [stderr]    Compiling color_quant v1.1.0
[INFO] [stderr]    Compiling num-rational v0.3.2
[INFO] [stderr]    Compiling time v0.1.45
[INFO] [stderr]    Compiling dirs-sys-next v0.1.2
[INFO] [stderr]    Compiling weezl v0.1.7
[INFO] [stderr]    Compiling jpeg-decoder v0.3.0
[INFO] [stderr]    Compiling pest v2.5.6
[INFO] [stderr]    Compiling deflate v0.8.6
[INFO] [stderr]    Compiling miniz_oxide v0.3.7
[INFO] [stderr]    Compiling iana-time-zone v0.1.54
[INFO] [stderr]    Compiling plotters-backend v0.3.4
[INFO] [stderr]    Compiling walkdir v2.3.3
[INFO] [stderr]    Compiling freetype-sys v0.13.1
[INFO] [stderr]    Compiling expat-sys v2.1.6
[INFO] [stderr]    Compiling symphonia-core v0.5.2
[INFO] [stderr]    Compiling flate2 v1.0.25
[INFO] [stderr]    Compiling num v0.4.0
[INFO] [stderr]    Compiling audio-garbage-collector v1.2.0
[INFO] [stderr]    Compiling chrono v0.4.24
[INFO] [stderr]    Compiling gif v0.11.4
[INFO] [stderr]    Compiling dirs-next v2.0.0
[INFO] [stderr]    Compiling png v0.16.8
[INFO] [stderr]    Compiling audio-processor-traits v4.0.0
[INFO] [stderr]    Compiling aho-corasick v0.7.20
[INFO] [stderr]    Compiling png v0.17.7
[INFO] [stderr]    Compiling regex-syntax v0.6.29
[INFO] [stderr]    Compiling jpeg-decoder v0.1.22
[INFO] [stderr]    Compiling float-ord v0.2.0
[INFO] [stderr]    Compiling freetype v0.7.0
[INFO] [stderr]    Compiling semver-parser v0.10.2
[INFO] [stderr]    Compiling plotters-svg v0.3.3
[INFO] [stderr]    Compiling servo-fontconfig v0.5.1
[INFO] [stderr]    Compiling atty v0.2.14
[INFO] [stderr]    Compiling ttf-parser v0.12.3
[INFO] [stderr]    Compiling humantime v2.1.0
[INFO] [stderr]    Compiling termcolor v1.2.0
[INFO] [stderr]    Compiling augmented-audio-metrics v1.6.0
[INFO] [stderr]    Compiling augmented_oscillator v1.2.1
[INFO] [stderr]    Compiling rand v0.4.6
[INFO] [stderr]    Compiling image v0.23.14
[INFO] [stderr]    Compiling image v0.24.5
[INFO] [stderr]    Compiling symphonia-metadata v0.5.2
[INFO] [stderr]    Compiling semver v0.11.0
[INFO] [stderr]    Compiling symphonia-codec-aac v0.5.2
[INFO] [stderr]    Compiling rustc_version v0.3.3
[INFO] [stderr]    Compiling regex v1.7.2
[INFO] [stderr]    Compiling symphonia-codec-adpcm v0.5.2
[INFO] [stderr]    Compiling symphonia-codec-pcm v0.5.2
[INFO] [stderr]    Compiling tempdir v0.3.7
[INFO] [stderr]    Compiling symphonia-utils-xiph v0.5.2
[INFO] [stderr]    Compiling symphonia-format-wav v0.5.2
[INFO] [stderr]    Compiling symphonia-bundle-mp3 v0.5.2
[INFO] [stderr]    Compiling pathfinder_simd v0.5.1
[INFO] [stderr]    Compiling symphonia-bundle-flac v0.5.2
[INFO] [stderr]    Compiling symphonia-codec-vorbis v0.5.2
[INFO] [stderr]    Compiling symphonia-format-isomp4 v0.5.2
[INFO] [stderr]    Compiling symphonia-format-mkv v0.5.2
[INFO] [stderr]    Compiling symphonia-format-ogg v0.5.2
[INFO] [stderr]    Compiling env_logger v0.8.4
[INFO] [stderr]    Compiling plotters-bitmap v0.3.2
[INFO] [stderr]    Compiling pathfinder_geometry v0.5.1
[INFO] [stderr]    Compiling wisual-logger v0.1.4
[INFO] [stderr]    Compiling symphonia v0.5.2
[INFO] [stderr]    Compiling audio-processor-file v3.0.0 (/opt/rustwide/workdir)
[INFO] [stderr]    Compiling font-kit v0.10.1
[INFO] [stderr]    Compiling plotters v0.3.1
[INFO] [stderr]    Compiling audio-processor-testing-helpers v2.4.0
[INFO] [stderr]     Finished test [unoptimized + debuginfo] target(s) in 27.54s
[INFO] running `Command { std: "docker" "inspect" "b643d1dce950b44cbfb265f3ccb80d3f16cba6862eac473e51a7b60f33bfc863", kill_on_drop: false }`
[INFO] running `Command { std: "docker" "rm" "-f" "b643d1dce950b44cbfb265f3ccb80d3f16cba6862eac473e51a7b60f33bfc863", kill_on_drop: false }`
[INFO] [stdout] b643d1dce950b44cbfb265f3ccb80d3f16cba6862eac473e51a7b60f33bfc863
[INFO] running `Command { std: "docker" "create" "-v" "/var/lib/crater-agent-workspace/builds/worker-2-tc1/target:/opt/rustwide/target:rw,Z" "-v" "/var/lib/crater-agent-workspace/builds/worker-2-tc1/source:/opt/rustwide/workdir:ro,Z" "-v" "/var/lib/crater-agent-workspace/cargo-home:/opt/rustwide/cargo-home:ro,Z" "-v" "/var/lib/crater-agent-workspace/rustup-home:/opt/rustwide/rustup-home:ro,Z" "-e" "SOURCE_DIR=/opt/rustwide/workdir" "-e" "CARGO_TARGET_DIR=/opt/rustwide/target" "-e" "CARGO_INCREMENTAL=0" "-e" "RUST_BACKTRACE=full" "-e" "RUSTFLAGS=--cap-lints=warn" "-e" "RUSTDOCFLAGS=--cap-lints=warn" "-e" "CARGO_HOME=/opt/rustwide/cargo-home" "-e" "RUSTUP_HOME=/opt/rustwide/rustup-home" "-w" "/opt/rustwide/workdir" "-m" "1610612736" "--user" "0:0" "--network" "none" "ghcr.io/rust-lang/crates-build-env/linux@sha256:5ff2268d62e97bff2cde7d5815dd6ed5b47097566f13b8d0ca110b04b60e07ed" "/opt/rustwide/cargo-home/bin/cargo" "+1.69.0" "test" "--frozen", kill_on_drop: false }`
[INFO] [stdout] 9168f58cb7a1d4c89684bd5929bd0873d69da166e6964e4d0ceeb0ceb42d7fe2
[INFO] running `Command { std: "docker" "start" "-a" "9168f58cb7a1d4c89684bd5929bd0873d69da166e6964e4d0ceeb0ceb42d7fe2", kill_on_drop: false }`
[INFO] [stderr]     Blocking waiting for file lock on package cache
[INFO] [stderr]     Finished test [unoptimized + debuginfo] target(s) in 1.17s
[INFO] [stderr]      Running unittests src/lib.rs (/opt/rustwide/target/debug/deps/audio_processor_file-503b7a8d9b09b119)
[INFO] [stdout] 
[INFO] [stdout] running 13 tests
[INFO] [stdout] test audio_file_processor::file_io::test::test_concat_buffers ... ok
[INFO] [stderr] INFO [2023-04-30T01:54:10.490086642+00:00] (audio_file_processor::test::test_in_memory_audio_file_can_be_created_from_probe@audio_processor_file::audio_file_processor::file_io) Trying to open and probe audio file at /opt/rustwide/workdir/../../../../input-files/1sec-sine.mp3
[INFO] [stderr] INFO [2023-04-30T01:54:10.491313082+00:00] (audio_file_processor::test::test_audio_file_processor_stopped_is_silent@audio_processor_file::audio_file_processor::file_io) Trying to open and probe audio file at /opt/rustwide/workdir/../../../../input-files/1sec-sine.mp3
[INFO] [stderr] INFO [2023-04-30T01:54:10.491345482+00:00] (gc-thread@audio_garbage_collector) Garbage collector thread started
[INFO] [stdout] test audio_file_processor::file_io::test::test_file_frames_stream_if_input_is_not_a_multiple_of_file_frame_count ... ok
[INFO] [stdout] test audio_file_processor::file_io::test::test_file_frames_stream_if_input_sample_count_is_a_multiple_of_block_size ... ok
[INFO] [stdout] test audio_file_processor::file_io::test::test_convert_audio_buffer_sample_type ... ok
[INFO] [stderr] INFO [2023-04-30T01:54:10.497463902+00:00] (audio_file_processor::test::test_audio_file_processor_playing_is_not_silent@audio_processor_file::audio_file_processor::file_io) Trying to open and probe audio file at /opt/rustwide/workdir/../../../../input-files/1sec-sine.mp3
[INFO] [stderr] INFO [2023-04-30T01:54:10.498009231+00:00] (gc-thread@audio_garbage_collector) Garbage collector thread started
[INFO] [stdout] test audio_file_processor::file_io::sample_rate_converter::rubato_impl::test::test_pulse ... ok
[INFO] [stderr] INFO [2023-04-30T01:54:10.520771499+00:00] (audio_file_processor::file_io::test::test_file_contents_stream_next@audio_processor_file::audio_file_processor::file_io) Trying to open and probe audio file at /tmp/test_file_contents_stream.bvmF6tRe0gAc/test_default_read_audio_file.wav
[INFO] [stderr] INFO [2023-04-30T01:54:10.521343259+00:00] (audio_file_processor::file_io::test::test_file_contents_stream_next@symphonia_core::probe) found the format marker [52, 49, 46, 46] @ 0+2 bytes.
[INFO] [stderr] INFO [2023-04-30T01:54:10.524209379+00:00] (audio_file_processor::file_io::test::test_convert_audio_file_stream_sample_rate@audio_processor_file::audio_file_processor::file_io) Trying to open and probe audio file at /tmp/test_file_contents_stream.7GyZqMmD0mr4/test_default_read_audio_file.wav
[INFO] [stderr] INFO [2023-04-30T01:54:10.524432308+00:00] (audio_file_processor::file_io::test::test_convert_audio_file_stream_sample_rate@symphonia_core::probe) found the format marker [52, 49, 46, 46] @ 0+2 bytes.
[INFO] [stderr] INFO [2023-04-30T01:54:10.525002448+00:00] (audio_file_processor::file_io::test::test_file_contents_stream_len@audio_processor_file::audio_file_processor::file_io) Trying to open and probe audio file at /tmp/test_file_contents_stream.ATokBPA9R8Bq/test_default_read_audio_file.wav
[INFO] [stderr] INFO [2023-04-30T01:54:10.525147048+00:00] (audio_file_processor::file_io::test::test_file_contents_stream_len@symphonia_core::probe) found the format marker [52, 49, 46, 46] @ 0+2 bytes.
[INFO] [stderr] INFO [2023-04-30T01:54:10.525317768+00:00] (audio_file_processor::file_io::test::test_default_read_audio_file_wav@audio_processor_file::audio_file_processor::file_io::test) Got testing file at "/tmp/test_default_read_audio_file.FcedRe9ExHIu/test_default_read_audio_file.wav"
[INFO] [stderr] INFO [2023-04-30T01:54:10.525397068+00:00] (audio_file_processor::file_io::test::test_default_read_audio_file_wav@audio_processor_file::audio_file_processor::file_io) Trying to open and probe audio file at /tmp/test_default_read_audio_file.FcedRe9ExHIu/test_default_read_audio_file.wav
[INFO] [stderr] INFO [2023-04-30T01:54:10.525483328+00:00] (audio_file_processor::file_io::test::test_default_read_audio_file_wav@symphonia_core::probe) found the format marker [52, 49, 46, 46] @ 0+2 bytes.
[INFO] [stdout] test audio_file_processor::file_io::test::test_file_contents_stream_len ... ok
[INFO] [stdout] test audio_file_processor::file_io::test::test_default_read_audio_file_wav ... ok
[INFO] [stderr] INFO [2023-04-30T01:54:10.530842588+00:00] (audio_file_processor::file_io::test::test_new_file_contents_stream@audio_processor_file::audio_file_processor::file_io) Trying to open and probe audio file at /tmp/test_file_contents_stream.DOlPWf7neFh3/test_default_read_audio_file.wav
[INFO] [stderr] INFO [2023-04-30T01:54:10.530990318+00:00] (audio_file_processor::file_io::test::test_new_file_contents_stream@symphonia_core::probe) found the format marker [52, 49, 46, 46] @ 0+2 bytes.
[INFO] [stdout] test audio_file_processor::file_io::test::test_new_file_contents_stream ... ok
[INFO] [stdout] test audio_file_processor::test::test_in_memory_audio_file_can_be_created_from_probe ... FAILED
[INFO] [stdout] test audio_file_processor::test::test_audio_file_processor_stopped_is_silent ... FAILED
[INFO] [stdout] test audio_file_processor::test::test_audio_file_processor_playing_is_not_silent ... FAILED
[INFO] [stdout] test audio_file_processor::file_io::test::test_file_contents_stream_next ... ok
[INFO] [stdout] test audio_file_processor::file_io::test::test_convert_audio_file_stream_sample_rate ... ok
[INFO] [stdout] 
[INFO] [stdout] failures:
[INFO] [stdout] 
[INFO] [stdout] ---- audio_file_processor::test::test_in_memory_audio_file_can_be_created_from_probe stdout ----
[INFO] [stdout] thread 'audio_file_processor::test::test_in_memory_audio_file_can_be_created_from_probe' panicked at 'called `Result::unwrap()` on an `Err` value: FileReadError(Os { code: 2, kind: NotFound, message: "No such file or directory" })', src/audio_file_processor/mod.rs:332:68
[INFO] [stdout] stack backtrace:
[INFO] [stdout]    0:     0x559fe2ad194a - std::backtrace_rs::backtrace::libunwind::trace::ha9053a9a07ca49cb
[INFO] [stdout]                                at /rustc/84c898d65adf2f39a5a98507f1fe0ce10a2b8dbc/library/std/src/../../backtrace/src/backtrace/libunwind.rs:93:5
[INFO] [stdout]    1:     0x559fe2ad194a - std::backtrace_rs::backtrace::trace_unsynchronized::h9c2852a457ad564e
[INFO] [stdout]                                at /rustc/84c898d65adf2f39a5a98507f1fe0ce10a2b8dbc/library/std/src/../../backtrace/src/backtrace/mod.rs:66:5
[INFO] [stdout]    2:     0x559fe2ad194a - std::sys_common::backtrace::_print_fmt::h457936fbfaa0070f
[INFO] [stdout]                                at /rustc/84c898d65adf2f39a5a98507f1fe0ce10a2b8dbc/library/std/src/sys_common/backtrace.rs:65:5
[INFO] [stdout]    3:     0x559fe2ad194a - <std::sys_common::backtrace::_print::DisplayBacktrace as core::fmt::Display>::fmt::h5779d7bf7f70cb0c
[INFO] [stdout]                                at /rustc/84c898d65adf2f39a5a98507f1fe0ce10a2b8dbc/library/std/src/sys_common/backtrace.rs:44:22
[INFO] [stdout]    4:     0x559fe2af734e - core::fmt::write::h5a4baaff1bcd3eb5
[INFO] [stdout]                                at /rustc/84c898d65adf2f39a5a98507f1fe0ce10a2b8dbc/library/core/src/fmt/mod.rs:1232:17
[INFO] [stdout]    5:     0x559fe2aceb35 - std::io::Write::write_fmt::h478f79c628ef31d1
[INFO] [stdout]                                at /rustc/84c898d65adf2f39a5a98507f1fe0ce10a2b8dbc/library/std/src/io/mod.rs:1684:15
[INFO] [stdout]    6:     0x559fe2ad1715 - std::sys_common::backtrace::_print::h5fcdc36060f177e8
[INFO] [stdout]                                at /rustc/84c898d65adf2f39a5a98507f1fe0ce10a2b8dbc/library/std/src/sys_common/backtrace.rs:47:5
[INFO] [stdout]    7:     0x559fe2ad1715 - std::sys_common::backtrace::print::h54ca9458b876c8bf
[INFO] [stdout]                                at /rustc/84c898d65adf2f39a5a98507f1fe0ce10a2b8dbc/library/std/src/sys_common/backtrace.rs:34:9
[INFO] [stdout]    8:     0x559fe2ad34df - std::panicking::default_hook::{{closure}}::hbe471161c7664ed6
[INFO] [stdout]                                at /rustc/84c898d65adf2f39a5a98507f1fe0ce10a2b8dbc/library/std/src/panicking.rs:271:22
[INFO] [stdout]    9:     0x559fe2ad319f - std::panicking::default_hook::ha3500da57aa4ac4f
[INFO] [stdout]                                at /rustc/84c898d65adf2f39a5a98507f1fe0ce10a2b8dbc/library/std/src/panicking.rs:287:9
[INFO] [stdout]   10:     0x559fe270aeb7 - <alloc::boxed::Box<F,A> as core::ops::function::Fn<Args>>::call::hdf1b89dd137ece34
[INFO] [stdout]                                at /rustc/84c898d65adf2f39a5a98507f1fe0ce10a2b8dbc/library/alloc/src/boxed.rs:2001:9
[INFO] [stdout]   11:     0x559fe270aeb7 - test::test_main::{{closure}}::h9081a79f20e75698
[INFO] [stdout]                                at /rustc/84c898d65adf2f39a5a98507f1fe0ce10a2b8dbc/library/test/src/lib.rs:135:21
[INFO] [stdout]   12:     0x559fe2ad3c0d - <alloc::boxed::Box<F,A> as core::ops::function::Fn<Args>>::call::h6507bddc3eebb4a5
[INFO] [stdout]                                at /rustc/84c898d65adf2f39a5a98507f1fe0ce10a2b8dbc/library/alloc/src/boxed.rs:2001:9
[INFO] [stdout]   13:     0x559fe2ad3c0d - std::panicking::rust_panic_with_hook::h50c09d000dc561d2
[INFO] [stdout]                                at /rustc/84c898d65adf2f39a5a98507f1fe0ce10a2b8dbc/library/std/src/panicking.rs:696:13
[INFO] [stdout]   14:     0x559fe2ad3989 - std::panicking::begin_panic_handler::{{closure}}::h9e2b2176e00e0d9c
[INFO] [stdout]                                at /rustc/84c898d65adf2f39a5a98507f1fe0ce10a2b8dbc/library/std/src/panicking.rs:583:13
[INFO] [stdout]   15:     0x559fe2ad1db6 - std::sys_common::backtrace::__rust_end_short_backtrace::h5739b8e512c09d02
[INFO] [stdout]                                at /rustc/84c898d65adf2f39a5a98507f1fe0ce10a2b8dbc/library/std/src/sys_common/backtrace.rs:150:18
[INFO] [stdout]   16:     0x559fe2ad3692 - rust_begin_unwind
[INFO] [stdout]                                at /rustc/84c898d65adf2f39a5a98507f1fe0ce10a2b8dbc/library/std/src/panicking.rs:579:5
[INFO] [stdout]   17:     0x559fe1db43e3 - core::panicking::panic_fmt::hf33a1475b4dc5c3e
[INFO] [stdout]                                at /rustc/84c898d65adf2f39a5a98507f1fe0ce10a2b8dbc/library/core/src/panicking.rs:64:14
[INFO] [stdout]   18:     0x559fe1db4893 - core::result::unwrap_failed::hdff5465d74574b44
[INFO] [stdout]                                at /rustc/84c898d65adf2f39a5a98507f1fe0ce10a2b8dbc/library/core/src/result.rs:1750:5
[INFO] [stdout]   19:     0x559fe23ebf69 - core::result::Result<T,E>::unwrap::hec039d7daf9b80ca
[INFO] [stdout]                                at /rustc/84c898d65adf2f39a5a98507f1fe0ce10a2b8dbc/library/core/src/result.rs:1090:23
[INFO] [stdout]   20:     0x559fe240473d - audio_processor_file::audio_file_processor::test::test_in_memory_audio_file_can_be_created_from_probe::hd4a2b000fe2bbafd
[INFO] [stdout]                                at /opt/rustwide/workdir/src/audio_file_processor/mod.rs:332:28
[INFO] [stdout]   21:     0x559fe2404607 - audio_processor_file::audio_file_processor::test::test_in_memory_audio_file_can_be_created_from_probe::{{closure}}::hd67c05c3d6b35d2e
[INFO] [stdout]                                at /opt/rustwide/workdir/src/audio_file_processor/mod.rs:326:62
[INFO] [stdout]   22:     0x559fe2495d35 - core::ops::function::FnOnce::call_once::h8f0af6b439f3481b
[INFO] [stdout]                                at /rustc/84c898d65adf2f39a5a98507f1fe0ce10a2b8dbc/library/core/src/ops/function.rs:250:5
[INFO] [stdout]   23:     0x559fe271029f - core::ops::function::FnOnce::call_once::h7d969581be7d0075
[INFO] [stdout]                                at /rustc/84c898d65adf2f39a5a98507f1fe0ce10a2b8dbc/library/core/src/ops/function.rs:250:5
[INFO] [stdout]   24:     0x559fe271029f - test::__rust_begin_short_backtrace::hca25a52684e56655
[INFO] [stdout]                                at /rustc/84c898d65adf2f39a5a98507f1fe0ce10a2b8dbc/library/test/src/lib.rs:656:18
[INFO] [stdout]   25:     0x559fe26e18bc - test::run_test::{{closure}}::ha8ac744c4af1a4bb
[INFO] [stdout]                                at /rustc/84c898d65adf2f39a5a98507f1fe0ce10a2b8dbc/library/test/src/lib.rs:647:30
[INFO] [stdout]   26:     0x559fe26e18bc - core::ops::function::FnOnce::call_once{{vtable.shim}}::h7b411a9ed45bdecf
[INFO] [stdout]                                at /rustc/84c898d65adf2f39a5a98507f1fe0ce10a2b8dbc/library/core/src/ops/function.rs:250:5
[INFO] [stdout]   27:     0x559fe270f266 - <alloc::boxed::Box<F,A> as core::ops::function::FnOnce<Args>>::call_once::hd05328869a8ed200
[INFO] [stdout]                                at /rustc/84c898d65adf2f39a5a98507f1fe0ce10a2b8dbc/library/alloc/src/boxed.rs:1987:9
[INFO] [stdout]   28:     0x559fe270f266 - <core::panic::unwind_safe::AssertUnwindSafe<F> as core::ops::function::FnOnce<()>>::call_once::h0c601ce20bd5b2be
[INFO] [stdout]                                at /rustc/84c898d65adf2f39a5a98507f1fe0ce10a2b8dbc/library/core/src/panic/unwind_safe.rs:271:9
[INFO] [stdout]   29:     0x559fe270f266 - std::panicking::try::do_call::ha4be5c164fe30854
[INFO] [stdout]                                at /rustc/84c898d65adf2f39a5a98507f1fe0ce10a2b8dbc/library/std/src/panicking.rs:487:40
[INFO] [stdout]   30:     0x559fe270f266 - std::panicking::try::h604546f3609af05f
[INFO] [stdout]                                at /rustc/84c898d65adf2f39a5a98507f1fe0ce10a2b8dbc/library/std/src/panicking.rs:451:19
[INFO] [stdout]   31:     0x559fe270f266 - std::panic::catch_unwind::h5bfa8afe44c9c2f9
[INFO] [stdout]                                at /rustc/84c898d65adf2f39a5a98507f1fe0ce10a2b8dbc/library/std/src/panic.rs:140:14
[INFO] [stdout]   32:     0x559fe270f266 - test::run_test_in_process::hd50dee55dd63e6aa
[INFO] [stdout]                                at /rustc/84c898d65adf2f39a5a98507f1fe0ce10a2b8dbc/library/test/src/lib.rs:679:27
[INFO] [stdout]   33:     0x559fe270f266 - test::run_test::run_test_inner::{{closure}}::h4aa0f433aa85cea8
[INFO] [stdout]                                at /rustc/84c898d65adf2f39a5a98507f1fe0ce10a2b8dbc/library/test/src/lib.rs:573:39
[INFO] [stdout]   34:     0x559fe26dbf31 - test::run_test::run_test_inner::{{closure}}::had56431adf24b4d6
[INFO] [stdout]                                at /rustc/84c898d65adf2f39a5a98507f1fe0ce10a2b8dbc/library/test/src/lib.rs:600:37
[INFO] [stdout]   35:     0x559fe26dbf31 - std::sys_common::backtrace::__rust_begin_short_backtrace::ha8d9890e0c73bf13
[INFO] [stdout]                                at /rustc/84c898d65adf2f39a5a98507f1fe0ce10a2b8dbc/library/std/src/sys_common/backtrace.rs:134:18
[INFO] [stdout]   36:     0x559fe26e194b - std::thread::Builder::spawn_unchecked_::{{closure}}::{{closure}}::h251832bcb4a95327
[INFO] [stdout]                                at /rustc/84c898d65adf2f39a5a98507f1fe0ce10a2b8dbc/library/std/src/thread/mod.rs:560:17
[INFO] [stdout]   37:     0x559fe26e194b - <core::panic::unwind_safe::AssertUnwindSafe<F> as core::ops::function::FnOnce<()>>::call_once::h8fdff598fa414831
[INFO] [stdout]                                at /rustc/84c898d65adf2f39a5a98507f1fe0ce10a2b8dbc/library/core/src/panic/unwind_safe.rs:271:9
[INFO] [stdout]   38:     0x559fe26e194b - std::panicking::try::do_call::h455dd2f7764a950f
[INFO] [stdout]                                at /rustc/84c898d65adf2f39a5a98507f1fe0ce10a2b8dbc/library/std/src/panicking.rs:487:40
[INFO] [stdout]   39:     0x559fe26e194b - std::panicking::try::had6f23b7b73ae72a
[INFO] [stdout]                                at /rustc/84c898d65adf2f39a5a98507f1fe0ce10a2b8dbc/library/std/src/panicking.rs:451:19
[INFO] [stdout]   40:     0x559fe26e194b - std::panic::catch_unwind::ha6a5ca3915b4dad0
[INFO] [stdout]                                at /rustc/84c898d65adf2f39a5a98507f1fe0ce10a2b8dbc/library/std/src/panic.rs:140:14
[INFO] [stdout]   41:     0x559fe26e194b - std::thread::Builder::spawn_unchecked_::{{closure}}::h883b72ef75da6231
[INFO] [stdout]                                at /rustc/84c898d65adf2f39a5a98507f1fe0ce10a2b8dbc/library/std/src/thread/mod.rs:559:30
[INFO] [stdout]   42:     0x559fe26e194b - core::ops::function::FnOnce::call_once{{vtable.shim}}::hb7dff73dc8bd2ccb
[INFO] [stdout]                                at /rustc/84c898d65adf2f39a5a98507f1fe0ce10a2b8dbc/library/core/src/ops/function.rs:250:5
[INFO] [stdout]   43:     0x559fe2ad87b3 - <alloc::boxed::Box<F,A> as core::ops::function::FnOnce<Args>>::call_once::h39990b24eedef2ab
[INFO] [stdout]                                at /rustc/84c898d65adf2f39a5a98507f1fe0ce10a2b8dbc/library/alloc/src/boxed.rs:1987:9
[INFO] [stdout]   44:     0x559fe2ad87b3 - <alloc::boxed::Box<F,A> as core::ops::function::FnOnce<Args>>::call_once::h01a027258444143b
[INFO] [stdout]                                at /rustc/84c898d65adf2f39a5a98507f1fe0ce10a2b8dbc/library/alloc/src/boxed.rs:1987:9
[INFO] [stdout]   45:     0x559fe2ad87b3 - std::sys::unix::thread::Thread::new::thread_start::ha4f1cdd9c25884ba
[INFO] [stdout]                                at /rustc/84c898d65adf2f39a5a98507f1fe0ce10a2b8dbc/library/std/src/sys/unix/thread.rs:108:17
[INFO] [stdout]   46:     0x7f11a0d3bb43 - <unknown>
[INFO] [stdout]   47:     0x7f11a0dccbb4 - __clone
[INFO] [stdout]   48:                0x0 - <unknown>
[INFO] [stdout] 
[INFO] [stdout] ---- audio_file_processor::test::test_audio_file_processor_stopped_is_silent stdout ----
[INFO] [stdout] thread 'audio_file_processor::test::test_audio_file_processor_stopped_is_silent' panicked at 'called `Result::unwrap()` on an `Err` value: FileReadError(Os { code: 2, kind: NotFound, message: "No such file or directory" })', src/audio_file_processor/mod.rs:321:71
[INFO] [stdout] stack backtrace:
[INFO] [stdout]    0:     0x559fe2ad194a - std::backtrace_rs::backtrace::libunwind::trace::ha9053a9a07ca49cb
[INFO] [stdout]                                at /rustc/84c898d65adf2f39a5a98507f1fe0ce10a2b8dbc/library/std/src/../../backtrace/src/backtrace/libunwind.rs:93:5
[INFO] [stdout]    1:     0x559fe2ad194a - std::backtrace_rs::backtrace::trace_unsynchronized::h9c2852a457ad564e
[INFO] [stdout]                                at /rustc/84c898d65adf2f39a5a98507f1fe0ce10a2b8dbc/library/std/src/../../backtrace/src/backtrace/mod.rs:66:5
[INFO] [stdout]    2:     0x559fe2ad194a - std::sys_common::backtrace::_print_fmt::h457936fbfaa0070f
[INFO] [stdout]                                at /rustc/84c898d65adf2f39a5a98507f1fe0ce10a2b8dbc/library/std/src/sys_common/backtrace.rs:65:5
[INFO] [stdout]    3:     0x559fe2ad194a - <std::sys_common::backtrace::_print::DisplayBacktrace as core::fmt::Display>::fmt::h5779d7bf7f70cb0c
[INFO] [stdout]                                at /rustc/84c898d65adf2f39a5a98507f1fe0ce10a2b8dbc/library/std/src/sys_common/backtrace.rs:44:22
[INFO] [stdout]    4:     0x559fe2af734e - core::fmt::write::h5a4baaff1bcd3eb5
[INFO] [stdout]                                at /rustc/84c898d65adf2f39a5a98507f1fe0ce10a2b8dbc/library/core/src/fmt/mod.rs:1232:17
[INFO] [stdout]    5:     0x559fe2aceb35 - std::io::Write::write_fmt::h478f79c628ef31d1
[INFO] [stdout]                                at /rustc/84c898d65adf2f39a5a98507f1fe0ce10a2b8dbc/library/std/src/io/mod.rs:1684:15
[INFO] [stdout]    6:     0x559fe2ad1715 - std::sys_common::backtrace::_print::h5fcdc36060f177e8
[INFO] [stdout]                                at /rustc/84c898d65adf2f39a5a98507f1fe0ce10a2b8dbc/library/std/src/sys_common/backtrace.rs:47:5
[INFO] [stdout]    7:     0x559fe2ad1715 - std::sys_common::backtrace::print::h54ca9458b876c8bf
[INFO] [stdout]                                at /rustc/84c898d65adf2f39a5a98507f1fe0ce10a2b8dbc/library/std/src/sys_common/backtrace.rs:34:9
[INFO] [stdout]    8:     0x559fe2ad34df - std::panicking::default_hook::{{closure}}::hbe471161c7664ed6
[INFO] [stdout]                                at /rustc/84c898d65adf2f39a5a98507f1fe0ce10a2b8dbc/library/std/src/panicking.rs:271:22
[INFO] [stdout]    9:     0x559fe2ad319f - std::panicking::default_hook::ha3500da57aa4ac4f
[INFO] [stdout]                                at /rustc/84c898d65adf2f39a5a98507f1fe0ce10a2b8dbc/library/std/src/panicking.rs:287:9
[INFO] [stdout]   10:     0x559fe270aeb7 - <alloc::boxed::Box<F,A> as core::ops::function::Fn<Args>>::call::hdf1b89dd137ece34
[INFO] [stdout]                                at /rustc/84c898d65adf2f39a5a98507f1fe0ce10a2b8dbc/library/alloc/src/boxed.rs:2001:9
[INFO] [stdout]   11:     0x559fe270aeb7 - test::test_main::{{closure}}::h9081a79f20e75698
[INFO] [stdout]                                at /rustc/84c898d65adf2f39a5a98507f1fe0ce10a2b8dbc/library/test/src/lib.rs:135:21
[INFO] [stdout]   12:     0x559fe2ad3c0d - <alloc::boxed::Box<F,A> as core::ops::function::Fn<Args>>::call::h6507bddc3eebb4a5
[INFO] [stdout]                                at /rustc/84c898d65adf2f39a5a98507f1fe0ce10a2b8dbc/library/alloc/src/boxed.rs:2001:9
[INFO] [stdout]   13:     0x559fe2ad3c0d - std::panicking::rust_panic_with_hook::h50c09d000dc561d2
[INFO] [stdout]                                at /rustc/84c898d65adf2f39a5a98507f1fe0ce10a2b8dbc/library/std/src/panicking.rs:696:13
[INFO] [stdout]   14:     0x559fe2ad3989 - std::panicking::begin_panic_handler::{{closure}}::h9e2b2176e00e0d9c
[INFO] [stdout]                                at /rustc/84c898d65adf2f39a5a98507f1fe0ce10a2b8dbc/library/std/src/panicking.rs:583:13
[INFO] [stdout]   15:     0x559fe2ad1db6 - std::sys_common::backtrace::__rust_end_short_backtrace::h5739b8e512c09d02
[INFO] [stdout]                                at /rustc/84c898d65adf2f39a5a98507f1fe0ce10a2b8dbc/library/std/src/sys_common/backtrace.rs:150:18
[INFO] [stdout]   16:     0x559fe2ad3692 - rust_begin_unwind
[INFO] [stdout]                                at /rustc/84c898d65adf2f39a5a98507f1fe0ce10a2b8dbc/library/std/src/panicking.rs:579:5
[INFO] [stdout]   17:     0x559fe1db43e3 - core::panicking::panic_fmt::hf33a1475b4dc5c3e
[INFO] [stdout]                                at /rustc/84c898d65adf2f39a5a98507f1fe0ce10a2b8dbc/library/core/src/panicking.rs:64:14
[INFO] [stdout]   18:     0x559fe1db4893 - core::result::unwrap_failed::hdff5465d74574b44
[INFO] [stdout]                                at /rustc/84c898d65adf2f39a5a98507f1fe0ce10a2b8dbc/library/core/src/result.rs:1750:5
[INFO] [stdout]   19:     0x559fe23ea829 - core::result::Result<T,E>::unwrap::h5636206d61cfdad1
[INFO] [stdout]                                at /rustc/84c898d65adf2f39a5a98507f1fe0ce10a2b8dbc/library/core/src/result.rs:1090:23
[INFO] [stdout]   20:     0x559fe24044e7 - audio_processor_file::audio_file_processor::test::setup::h2c2f1085ab60af10
[INFO] [stdout]                                at /opt/rustwide/workdir/src/audio_file_processor/mod.rs:321:35
[INFO] [stdout]   21:     0x559fe2404824 - audio_processor_file::audio_file_processor::test::test_audio_file_processor_stopped_is_silent::hbae309527e67d53e
[INFO] [stdout]                                at /opt/rustwide/workdir/src/audio_file_processor/mod.rs:341:56
[INFO] [stdout]   22:     0x559fe24047e7 - audio_processor_file::audio_file_processor::test::test_audio_file_processor_stopped_is_silent::{{closure}}::h21c0215aba2bb67f
[INFO] [stdout]                                at /opt/rustwide/workdir/src/audio_file_processor/mod.rs:340:54
[INFO] [stdout]   23:     0x559fe2495975 - core::ops::function::FnOnce::call_once::h16d93c4e50e1ccbd
[INFO] [stdout]                                at /rustc/84c898d65adf2f39a5a98507f1fe0ce10a2b8dbc/library/core/src/ops/function.rs:250:5
[INFO] [stdout]   24:     0x559fe271029f - core::ops::function::FnOnce::call_once::h7d969581be7d0075
[INFO] [stdout]                                at /rustc/84c898d65adf2f39a5a98507f1fe0ce10a2b8dbc/library/core/src/ops/function.rs:250:5
[INFO] [stdout]   25:     0x559fe271029f - test::__rust_begin_short_backtrace::hca25a52684e56655
[INFO] [stdout]                                at /rustc/84c898d65adf2f39a5a98507f1fe0ce10a2b8dbc/library/test/src/lib.rs:656:18
[INFO] [stdout]   26:     0x559fe26e18bc - test::run_test::{{closure}}::ha8ac744c4af1a4bb
[INFO] [stdout]                                at /rustc/84c898d65adf2f39a5a98507f1fe0ce10a2b8dbc/library/test/src/lib.rs:647:30
[INFO] [stdout]   27:     0x559fe26e18bc - core::ops::function::FnOnce::call_once{{vtable.shim}}::h7b411a9ed45bdecf
[INFO] [stdout]                                at /rustc/84c898d65adf2f39a5a98507f1fe0ce10a2b8dbc/library/core/src/ops/function.rs:250:5
[INFO] [stdout]   28:     0x559fe270f266 - <alloc::boxed::Box<F,A> as core::ops::function::FnOnce<Args>>::call_once::hd05328869a8ed200
[INFO] [stdout]                                at /rustc/84c898d65adf2f39a5a98507f1fe0ce10a2b8dbc/library/alloc/src/boxed.rs:1987:9
[INFO] [stdout]   29:     0x559fe270f266 - <core::panic::unwind_safe::AssertUnwindSafe<F> as core::ops::function::FnOnce<()>>::call_once::h0c601ce20bd5b2be
[INFO] [stdout]                                at /rustc/84c898d65adf2f39a5a98507f1fe0ce10a2b8dbc/library/core/src/panic/unwind_safe.rs:271:9
[INFO] [stdout]   30:     0x559fe270f266 - std::panicking::try::do_call::ha4be5c164fe30854
[INFO] [stdout]                                at /rustc/84c898d65adf2f39a5a98507f1fe0ce10a2b8dbc/library/std/src/panicking.rs:487:40
[INFO] [stdout]   31:     0x559fe270f266 - std::panicking::try::h604546f3609af05f
[INFO] [stdout]                                at /rustc/84c898d65adf2f39a5a98507f1fe0ce10a2b8dbc/library/std/src/panicking.rs:451:19
[INFO] [stdout]   32:     0x559fe270f266 - std::panic::catch_unwind::h5bfa8afe44c9c2f9
[INFO] [stdout]                                at /rustc/84c898d65adf2f39a5a98507f1fe0ce10a2b8dbc/library/std/src/panic.rs:140:14
[INFO] [stdout]   33:     0x559fe270f266 - test::run_test_in_process::hd50dee55dd63e6aa
[INFO] [stdout]                                at /rustc/84c898d65adf2f39a5a98507f1fe0ce10a2b8dbc/library/test/src/lib.rs:679:27
[INFO] [stdout]   34:     0x559fe270f266 - test::run_test::run_test_inner::{{closure}}::h4aa0f433aa85cea8
[INFO] [stdout]                                at /rustc/84c898d65adf2f39a5a98507f1fe0ce10a2b8dbc/library/test/src/lib.rs:573:39
[INFO] [stdout]   35:     0x559fe26dbf31 - test::run_test::run_test_inner::{{closure}}::had56431adf24b4d6
[INFO] [stdout]                                at /rustc/84c898d65adf2f39a5a98507f1fe0ce10a2b8dbc/library/test/src/lib.rs:600:37
[INFO] [stdout]   36:     0x559fe26dbf31 - std::sys_common::backtrace::__rust_begin_short_backtrace::ha8d9890e0c73bf13
[INFO] [stdout]                                at /rustc/84c898d65adf2f39a5a98507f1fe0ce10a2b8dbc/library/std/src/sys_common/backtrace.rs:134:18
[INFO] [stdout]   37:     0x559fe26e194b - std::thread::Builder::spawn_unchecked_::{{closure}}::{{closure}}::h251832bcb4a95327
[INFO] [stdout]                                at /rustc/84c898d65adf2f39a5a98507f1fe0ce10a2b8dbc/library/std/src/thread/mod.rs:560:17
[INFO] [stdout]   38:     0x559fe26e194b - <core::panic::unwind_safe::AssertUnwindSafe<F> as core::ops::function::FnOnce<()>>::call_once::h8fdff598fa414831
[INFO] [stdout]                                at /rustc/84c898d65adf2f39a5a98507f1fe0ce10a2b8dbc/library/core/src/panic/unwind_safe.rs:271:9
[INFO] [stdout]   39:     0x559fe26e194b - std::panicking::try::do_call::h455dd2f7764a950f
[INFO] [stdout]                                at /rustc/84c898d65adf2f39a5a98507f1fe0ce10a2b8dbc/library/std/src/panicking.rs:487:40
[INFO] [stdout]   40:     0x559fe26e194b - std::panicking::try::had6f23b7b73ae72a
[INFO] [stdout]                                at /rustc/84c898d65adf2f39a5a98507f1fe0ce10a2b8dbc/library/std/src/panicking.rs:451:19
[INFO] [stdout]   41:     0x559fe26e194b - std::panic::catch_unwind::ha6a5ca3915b4dad0
[INFO] [stdout]                                at /rustc/84c898d65adf2f39a5a98507f1fe0ce10a2b8dbc/library/std/src/panic.rs:140:14
[INFO] [stdout]   42:     0x559fe26e194b - std::thread::Builder::spawn_unchecked_::{{closure}}::h883b72ef75da6231
[INFO] [stdout]                                at /rustc/84c898d65adf2f39a5a98507f1fe0ce10a2b8dbc/library/std/src/thread/mod.rs:559:30
[INFO] [stdout]   43:     0x559fe26e194b - core::ops::function::FnOnce::call_once{{vtable.shim}}::hb7dff73dc8bd2ccb
[INFO] [stdout]                                at /rustc/84c898d65adf2f39a5a98507f1fe0ce10a2b8dbc/library/core/src/ops/function.rs:250:5
[INFO] [stdout]   44:     0x559fe2ad87b3 - <alloc::boxed::Box<F,A> as core::ops::function::FnOnce<Args>>::call_once::h39990b24eedef2ab
[INFO] [stdout]                                at /rustc/84c898d65adf2f39a5a98507f1fe0ce10a2b8dbc/library/alloc/src/boxed.rs:1987:9
[INFO] [stdout]   45:     0x559fe2ad87b3 - <alloc::boxed::Box<F,A> as core::ops::function::FnOnce<Args>>::call_once::h01a027258444143b
[INFO] [stdout]                                at /rustc/84c898d65adf2f39a5a98507f1fe0ce10a2b8dbc/library/alloc/src/boxed.rs:1987:9
[INFO] [stdout]   46:     0x559fe2ad87b3 - std::sys::unix::thread::Thread::new::thread_start::ha4f1cdd9c25884ba
[INFO] [stdout]                                at /rustc/84c898d65adf2f39a5a98507f1fe0ce10a2b8dbc/library/std/src/sys/unix/thread.rs:108:17
[INFO] [stdout]   47:     0x7f11a0d3bb43 - <unknown>
[INFO] [stdout]   48:     0x7f11a0dccbb4 - __clone
[INFO] [stdout]   49:                0x0 - <unknown>
[INFO] [stdout] 
[INFO] [stdout] ---- audio_file_processor::test::test_audio_file_processor_playing_is_not_silent stdout ----
[INFO] [stdout] thread 'audio_file_processor::test::test_audio_file_processor_playing_is_not_silent' panicked at 'called `Result::unwrap()` on an `Err` value: FileReadError(Os { code: 2, kind: NotFound, message: "No such file or directory" })', src/audio_file_processor/mod.rs:321:71
[INFO] [stdout] stack backtrace:
[INFO] [stdout]    0:     0x559fe2ad194a - std::backtrace_rs::backtrace::libunwind::trace::ha9053a9a07ca49cb
[INFO] [stdout]                                at /rustc/84c898d65adf2f39a5a98507f1fe0ce10a2b8dbc/library/std/src/../../backtrace/src/backtrace/libunwind.rs:93:5
[INFO] [stdout]    1:     0x559fe2ad194a - std::backtrace_rs::backtrace::trace_unsynchronized::h9c2852a457ad564e
[INFO] [stdout]                                at /rustc/84c898d65adf2f39a5a98507f1fe0ce10a2b8dbc/library/std/src/../../backtrace/src/backtrace/mod.rs:66:5
[INFO] [stdout]    2:     0x559fe2ad194a - std::sys_common::backtrace::_print_fmt::h457936fbfaa0070f
[INFO] [stdout]                                at /rustc/84c898d65adf2f39a5a98507f1fe0ce10a2b8dbc/library/std/src/sys_common/backtrace.rs:65:5
[INFO] [stdout]    3:     0x559fe2ad194a - <std::sys_common::backtrace::_print::DisplayBacktrace as core::fmt::Display>::fmt::h5779d7bf7f70cb0c
[INFO] [stdout]                                at /rustc/84c898d65adf2f39a5a98507f1fe0ce10a2b8dbc/library/std/src/sys_common/backtrace.rs:44:22
[INFO] [stdout]    4:     0x559fe2af734e - core::fmt::write::h5a4baaff1bcd3eb5
[INFO] [stdout]                                at /rustc/84c898d65adf2f39a5a98507f1fe0ce10a2b8dbc/library/core/src/fmt/mod.rs:1232:17
[INFO] [stdout]    5:     0x559fe2aceb35 - std::io::Write::write_fmt::h478f79c628ef31d1
[INFO] [stdout]                                at /rustc/84c898d65adf2f39a5a98507f1fe0ce10a2b8dbc/library/std/src/io/mod.rs:1684:15
[INFO] [stdout]    6:     0x559fe2ad1715 - std::sys_common::backtrace::_print::h5fcdc36060f177e8
[INFO] [stdout]                                at /rustc/84c898d65adf2f39a5a98507f1fe0ce10a2b8dbc/library/std/src/sys_common/backtrace.rs:47:5
[INFO] [stdout]    7:     0x559fe2ad1715 - std::sys_common::backtrace::print::h54ca9458b876c8bf
[INFO] [stdout]                                at /rustc/84c898d65adf2f39a5a98507f1fe0ce10a2b8dbc/library/std/src/sys_common/backtrace.rs:34:9
[INFO] [stdout]    8:     0x559fe2ad34df - std::panicking::default_hook::{{closure}}::hbe471161c7664ed6
[INFO] [stdout]                                at /rustc/84c898d65adf2f39a5a98507f1fe0ce10a2b8dbc/library/std/src/panicking.rs:271:22
[INFO] [stdout]    9:     0x559fe2ad319f - std::panicking::default_hook::ha3500da57aa4ac4f
[INFO] [stdout]                                at /rustc/84c898d65adf2f39a5a98507f1fe0ce10a2b8dbc/library/std/src/panicking.rs:287:9
[INFO] [stdout]   10:     0x559fe270aeb7 - <alloc::boxed::Box<F,A> as core::ops::function::Fn<Args>>::call::hdf1b89dd137ece34
[INFO] [stdout]                                at /rustc/84c898d65adf2f39a5a98507f1fe0ce10a2b8dbc/library/alloc/src/boxed.rs:2001:9
[INFO] [stdout]   11:     0x559fe270aeb7 - test::test_main::{{closure}}::h9081a79f20e75698
[INFO] [stdout]                                at /rustc/84c898d65adf2f39a5a98507f1fe0ce10a2b8dbc/library/test/src/lib.rs:135:21
[INFO] [stdout]   12:     0x559fe2ad3c0d - <alloc::boxed::Box<F,A> as core::ops::function::Fn<Args>>::call::h6507bddc3eebb4a5
[INFO] [stdout]                                at /rustc/84c898d65adf2f39a5a98507f1fe0ce10a2b8dbc/library/alloc/src/boxed.rs:2001:9
[INFO] [stdout]   13:     0x559fe2ad3c0d - std::panicking::rust_panic_with_hook::h50c09d000dc561d2
[INFO] [stdout]                                at /rustc/84c898d65adf2f39a5a98507f1fe0ce10a2b8dbc/library/std/src/panicking.rs:696:13
[INFO] [stdout]   14:     0x559fe2ad3989 - std::panicking::begin_panic_handler::{{closure}}::h9e2b2176e00e0d9c
[INFO] [stdout]                                at /rustc/84c898d65adf2f39a5a98507f1fe0ce10a2b8dbc/library/std/src/panicking.rs:583:13
[INFO] [stdout]   15:     0x559fe2ad1db6 - std::sys_common::backtrace::__rust_end_short_backtrace::h5739b8e512c09d02
[INFO] [stdout]                                at /rustc/84c898d65adf2f39a5a98507f1fe0ce10a2b8dbc/library/std/src/sys_common/backtrace.rs:150:18
[INFO] [stdout]   16:     0x559fe2ad3692 - rust_begin_unwind
[INFO] [stdout]                                at /rustc/84c898d65adf2f39a5a98507f1fe0ce10a2b8dbc/library/std/src/panicking.rs:579:5
[INFO] [stdout]   17:     0x559fe1db43e3 - core::panicking::panic_fmt::hf33a1475b4dc5c3e
[INFO] [stdout]                                at /rustc/84c898d65adf2f39a5a98507f1fe0ce10a2b8dbc/library/core/src/panicking.rs:64:14
[INFO] [stdout]   18:     0x559fe1db4893 - core::result::unwrap_failed::hdff5465d74574b44
[INFO] [stdout]                                at /rustc/84c898d65adf2f39a5a98507f1fe0ce10a2b8dbc/library/core/src/result.rs:1750:5
[INFO] [stdout]   19:     0x559fe23ea829 - core::result::Result<T,E>::unwrap::h5636206d61cfdad1
[INFO] [stdout]                                at /rustc/84c898d65adf2f39a5a98507f1fe0ce10a2b8dbc/library/core/src/result.rs:1090:23
[INFO] [stdout]   20:     0x559fe24044e7 - audio_processor_file::audio_file_processor::test::setup::h2c2f1085ab60af10
[INFO] [stdout]                                at /opt/rustwide/workdir/src/audio_file_processor/mod.rs:321:35
[INFO] [stdout]   21:     0x559fe2404b74 - audio_processor_file::audio_file_processor::test::test_audio_file_processor_playing_is_not_silent::h9e600f2db5a4160a
[INFO] [stdout]                                at /opt/rustwide/workdir/src/audio_file_processor/mod.rs:366:56
[INFO] [stdout]   22:     0x559fe2404b37 - audio_processor_file::audio_file_processor::test::test_audio_file_processor_playing_is_not_silent::{{closure}}::hd5a1714d75f3089b
[INFO] [stdout]                                at /opt/rustwide/workdir/src/audio_file_processor/mod.rs:365:58
[INFO] [stdout]   23:     0x559fe2495c35 - core::ops::function::FnOnce::call_once::h7a77bf153867c83e
[INFO] [stdout]                                at /rustc/84c898d65adf2f39a5a98507f1fe0ce10a2b8dbc/library/core/src/ops/function.rs:250:5
[INFO] [stdout]   24:     0x559fe271029f - core::ops::function::FnOnce::call_once::h7d969581be7d0075
[INFO] [stdout]                                at /rustc/84c898d65adf2f39a5a98507f1fe0ce10a2b8dbc/library/core/src/ops/function.rs:250:5
[INFO] [stdout]   25:     0x559fe271029f - test::__rust_begin_short_backtrace::hca25a52684e56655
[INFO] [stdout]                                at /rustc/84c898d65adf2f39a5a98507f1fe0ce10a2b8dbc/library/test/src/lib.rs:656:18
[INFO] [stdout]   26:     0x559fe26e18bc - test::run_test::{{closure}}::ha8ac744c4af1a4bb
[INFO] [stdout]                                at /rustc/84c898d65adf2f39a5a98507f1fe0ce10a2b8dbc/library/test/src/lib.rs:647:30
[INFO] [stdout]   27:     0x559fe26e18bc - core::ops::function::FnOnce::call_once{{vtable.shim}}::h7b411a9ed45bdecf
[INFO] [stdout]                                at /rustc/84c898d65adf2f39a5a98507f1fe0ce10a2b8dbc/library/core/src/ops/function.rs:250:5
[INFO] [stdout]   28:     0x559fe270f266 - <alloc::boxed::Box<F,A> as core::ops::function::FnOnce<Args>>::call_once::hd05328869a8ed200
[INFO] [stdout]                                at /rustc/84c898d65adf2f39a5a98507f1fe0ce10a2b8dbc/library/alloc/src/boxed.rs:1987:9
[INFO] [stdout]   29:     0x559fe270f266 - <core::panic::unwind_safe::AssertUnwindSafe<F> as core::ops::function::FnOnce<()>>::call_once::h0c601ce20bd5b2be
[INFO] [stdout]                                at /rustc/84c898d65adf2f39a5a98507f1fe0ce10a2b8dbc/library/core/src/panic/unwind_safe.rs:271:9
[INFO] [stdout]   30:     0x559fe270f266 - std::panicking::try::do_call::ha4be5c164fe30854
[INFO] [stdout]                                at /rustc/84c898d65adf2f39a5a98507f1fe0ce10a2b8dbc/library/std/src/panicking.rs:487:40
[INFO] [stdout]   31:     0x559fe270f266 - std::panicking::try::h604546f3609af05f
[INFO] [stdout]                                at /rustc/84c898d65adf2f39a5a98507f1fe0ce10a2b8dbc/library/std/src/panicking.rs:451:19
[INFO] [stdout]   32:     0x559fe270f266 - std::panic::catch_unwind::h5bfa8afe44c9c2f9
[INFO] [stdout]                                at /rustc/84c898d65adf2f39a5a98507f1fe0ce10a2b8dbc/library/std/src/panic.rs:140:14
[INFO] [stdout]   33:     0x559fe270f266 - test::run_test_in_process::hd50dee55dd63e6aa
[INFO] [stdout]                                at /rustc/84c898d65adf2f39a5a98507f1fe0ce10a2b8dbc/library/test/src/lib.rs:679:27
[INFO] [stdout]   34:     0x559fe270f266 - test::run_test::run_test_inner::{{closure}}::h4aa0f433aa85cea8
[INFO] [stdout]                                at /rustc/84c898d65adf2f39a5a98507f1fe0ce10a2b8dbc/library/test/src/lib.rs:573:39
[INFO] [stdout]   35:     0x559fe26dbf31 - test::run_test::run_test_inner::{{closure}}::had56431adf24b4d6
[INFO] [stdout]                                at /rustc/84c898d65adf2f39a5a98507f1fe0ce10a2b8dbc/library/test/src/lib.rs:600:37
[INFO] [stdout]   36:     0x559fe26dbf31 - std::sys_common::backtrace::__rust_begin_short_backtrace::ha8d9890e0c73bf13
[INFO] [stdout]                                at /rustc/84c898d65adf2f39a5a98507f1fe0ce10a2b8dbc/library/std/src/sys_common/backtrace.rs:134:18
[INFO] [stdout]   37:     0x559fe26e194b - std::thread::Builder::spawn_unchecked_::{{closure}}::{{closure}}::h251832bcb4a95327
[INFO] [stdout]                                at /rustc/84c898d65adf2f39a5a98507f1fe0ce10a2b8dbc/library/std/src/thread/mod.rs:560:17
[INFO] [stdout]   38:     0x559fe26e194b - <core::panic::unwind_safe::AssertUnwindSafe<F> as core::ops::function::FnOnce<()>>::call_once::h8fdff598fa414831
[INFO] [stdout]                                at /rustc/84c898d65adf2f39a5a98507f1fe0ce10a2b8dbc/library/core/src/panic/unwind_safe.rs:271:9
[INFO] [stdout]   39:     0x559fe26e194b - std::panicking::try::do_call::h455dd2f7764a950f
[INFO] [stdout]                                at /rustc/84c898d65adf2f39a5a98507f1fe0ce10a2b8dbc/library/std/src/panicking.rs:487:40
[INFO] [stdout]   40:     0x559fe26e194b - std::panicking::try::had6f23b7b73ae72a
[INFO] [stdout]                                at /rustc/84c898d65adf2f39a5a98507f1fe0ce10a2b8dbc/library/std/src/panicking.rs:451:19
[INFO] [stdout]   41:     0x559fe26e194b - std::panic::catch_unwind::ha6a5ca3915b4dad0
[INFO] [stdout]                                at /rustc/84c898d65adf2f39a5a98507f1fe0ce10a2b8dbc/library/std/src/panic.rs:140:14
[INFO] [stdout]   42:     0x559fe26e194b - std::thread::Builder::spawn_unchecked_::{{closure}}::h883b72ef75da6231
[INFO] [stdout]                                at /rustc/84c898d65adf2f39a5a98507f1fe0ce10a2b8dbc/library/std/src/thread/mod.rs:559:30
[INFO] [stdout]   43:     0x559fe26e194b - core::ops::function::FnOnce::call_once{{vtable.shim}}::hb7dff73dc8bd2ccb
[INFO] [stdout]                                at /rustc/84c898d65adf2f39a5a98507f1fe0ce10a2b8dbc/library/core/src/ops/function.rs:250:5
[INFO] [stdout]   44:     0x559fe2ad87b3 - <alloc::boxed::Box<F,A> as core::ops::function::FnOnce<Args>>::call_once::h39990b24eedef2ab
[INFO] [stdout]                                at /rustc/84c898d65adf2f39a5a98507f1fe0ce10a2b8dbc/library/alloc/src/boxed.rs:1987:9
[INFO] [stdout]   45:     0x559fe2ad87b3 - <alloc::boxed::Box<F,A> as core::ops::function::FnOnce<Args>>::call_once::h01a027258444143b
[INFO] [stdout]                                at /rustc/84c898d65adf2f39a5a98507f1fe0ce10a2b8dbc/library/alloc/src/boxed.rs:1987:9
[INFO] [stdout]   46:     0x559fe2ad87b3 - std::sys::unix::thread::Thread::new::thread_start::ha4f1cdd9c25884ba
[INFO] [stdout]                                at /rustc/84c898d65adf2f39a5a98507f1fe0ce10a2b8dbc/library/std/src/sys/unix/thread.rs:108:17
[INFO] [stdout]   47:     0x7f11a0d3bb43 - <unknown>
[INFO] [stdout]   48:     0x7f11a0dccbb4 - __clone
[INFO] [stdout]   49:                0x0 - <unknown>
[INFO] [stdout] 
[INFO] [stdout] 
[INFO] [stdout] failures:
[INFO] [stdout]     audio_file_processor::test::test_audio_file_processor_playing_is_not_silent
[INFO] [stdout]     audio_file_processor::test::test_audio_file_processor_stopped_is_silent
[INFO] [stdout]     audio_file_processor::test::test_in_memory_audio_file_can_be_created_from_probe
[INFO] [stdout] 
[INFO] [stdout] test result: FAILED. 10 passed; 3 failed; 0 ignored; 0 measured; 0 filtered out; finished in 0.34s
[INFO] [stdout] 
[INFO] [stderr] error: test failed, to rerun pass `--lib`
[INFO] running `Command { std: "docker" "inspect" "9168f58cb7a1d4c89684bd5929bd0873d69da166e6964e4d0ceeb0ceb42d7fe2", kill_on_drop: false }`
[INFO] running `Command { std: "docker" "rm" "-f" "9168f58cb7a1d4c89684bd5929bd0873d69da166e6964e4d0ceeb0ceb42d7fe2", kill_on_drop: false }`
[INFO] [stdout] 9168f58cb7a1d4c89684bd5929bd0873d69da166e6964e4d0ceeb0ceb42d7fe2
