[INFO] fetching crate attempt 0.1.0...
[INFO] testing attempt-0.1.0 against 1.69.0 for beta-1.70-1
[INFO] extracting crate attempt 0.1.0 into /workspace/builds/worker-5-tc1/source
[INFO] validating manifest of crates.io crate attempt 0.1.0 on toolchain 1.69.0
[INFO] running `Command { std: CARGO_HOME="/workspace/cargo-home" RUSTUP_HOME="/workspace/rustup-home" "/workspace/cargo-home/bin/cargo" "+1.69.0" "metadata" "--manifest-path" "Cargo.toml" "--no-deps", kill_on_drop: false }`
[INFO] started tweaking crates.io crate attempt 0.1.0
[INFO] finished tweaking crates.io crate attempt 0.1.0
[INFO] tweaked toml for crates.io crate attempt 0.1.0 written to /workspace/builds/worker-5-tc1/source/Cargo.toml
[INFO] running `Command { std: CARGO_HOME="/workspace/cargo-home" RUSTUP_HOME="/workspace/rustup-home" __CARGO_TEST_CHANNEL_OVERRIDE_DO_NOT_USE_THIS="nightly" "/workspace/cargo-home/bin/cargo" "+1.69.0" "generate-lockfile" "--manifest-path" "Cargo.toml" "-Zno-index-update", kill_on_drop: false }`
[INFO] running `Command { std: CARGO_HOME="/workspace/cargo-home" RUSTUP_HOME="/workspace/rustup-home" "/workspace/cargo-home/bin/cargo" "+1.69.0" "fetch" "--manifest-path" "Cargo.toml", kill_on_drop: false }`
[INFO] running `Command { std: "docker" "create" "-v" "/var/lib/crater-agent-workspace/builds/worker-5-tc1/target:/opt/rustwide/target:rw,Z" "-v" "/var/lib/crater-agent-workspace/builds/worker-5-tc1/source:/opt/rustwide/workdir:ro,Z" "-v" "/var/lib/crater-agent-workspace/cargo-home:/opt/rustwide/cargo-home:ro,Z" "-v" "/var/lib/crater-agent-workspace/rustup-home:/opt/rustwide/rustup-home:ro,Z" "-e" "SOURCE_DIR=/opt/rustwide/workdir" "-e" "CARGO_TARGET_DIR=/opt/rustwide/target" "-e" "CARGO_HOME=/opt/rustwide/cargo-home" "-e" "RUSTUP_HOME=/opt/rustwide/rustup-home" "-w" "/opt/rustwide/workdir" "-m" "1610612736" "--user" "0:0" "--network" "none" "ghcr.io/rust-lang/crates-build-env/linux@sha256:5ff2268d62e97bff2cde7d5815dd6ed5b47097566f13b8d0ca110b04b60e07ed" "/opt/rustwide/cargo-home/bin/cargo" "+1.69.0" "metadata" "--no-deps" "--format-version=1", kill_on_drop: false }`
[INFO] [stdout] d08661912cf1d2dc4d438f434648f0183d900c4200514082606c0ab3a9b2fdbf
[INFO] running `Command { std: "docker" "start" "-a" "d08661912cf1d2dc4d438f434648f0183d900c4200514082606c0ab3a9b2fdbf", kill_on_drop: false }`
[INFO] running `Command { std: "docker" "inspect" "d08661912cf1d2dc4d438f434648f0183d900c4200514082606c0ab3a9b2fdbf", kill_on_drop: false }`
[INFO] running `Command { std: "docker" "rm" "-f" "d08661912cf1d2dc4d438f434648f0183d900c4200514082606c0ab3a9b2fdbf", kill_on_drop: false }`
[INFO] [stdout] d08661912cf1d2dc4d438f434648f0183d900c4200514082606c0ab3a9b2fdbf
[INFO] running `Command { std: "docker" "create" "-v" "/var/lib/crater-agent-workspace/builds/worker-5-tc1/target:/opt/rustwide/target:rw,Z" "-v" "/var/lib/crater-agent-workspace/builds/worker-5-tc1/source:/opt/rustwide/workdir:ro,Z" "-v" "/var/lib/crater-agent-workspace/cargo-home:/opt/rustwide/cargo-home:ro,Z" "-v" "/var/lib/crater-agent-workspace/rustup-home:/opt/rustwide/rustup-home:ro,Z" "-e" "SOURCE_DIR=/opt/rustwide/workdir" "-e" "CARGO_TARGET_DIR=/opt/rustwide/target" "-e" "CARGO_INCREMENTAL=0" "-e" "RUST_BACKTRACE=full" "-e" "RUSTFLAGS=--cap-lints=warn" "-e" "RUSTDOCFLAGS=--cap-lints=warn" "-e" "CARGO_HOME=/opt/rustwide/cargo-home" "-e" "RUSTUP_HOME=/opt/rustwide/rustup-home" "-w" "/opt/rustwide/workdir" "-m" "1610612736" "--user" "0:0" "--network" "none" "ghcr.io/rust-lang/crates-build-env/linux@sha256:5ff2268d62e97bff2cde7d5815dd6ed5b47097566f13b8d0ca110b04b60e07ed" "/opt/rustwide/cargo-home/bin/cargo" "+1.69.0" "build" "--frozen" "--message-format=json", kill_on_drop: false }`
[INFO] [stdout] e9a0bd1cf4276d272a4940a2b11b27f3daf1a3db7ff67ea7606fca7ec3b6cb9e
[INFO] running `Command { std: "docker" "start" "-a" "e9a0bd1cf4276d272a4940a2b11b27f3daf1a3db7ff67ea7606fca7ec3b6cb9e", kill_on_drop: false }`
[INFO] [stderr]    Compiling attempt v0.1.0 (/opt/rustwide/workdir)
[INFO] [stderr]     Finished dev [unoptimized + debuginfo] target(s) in 0.07s
[INFO] running `Command { std: "docker" "inspect" "e9a0bd1cf4276d272a4940a2b11b27f3daf1a3db7ff67ea7606fca7ec3b6cb9e", kill_on_drop: false }`
[INFO] running `Command { std: "docker" "rm" "-f" "e9a0bd1cf4276d272a4940a2b11b27f3daf1a3db7ff67ea7606fca7ec3b6cb9e", kill_on_drop: false }`
[INFO] [stdout] e9a0bd1cf4276d272a4940a2b11b27f3daf1a3db7ff67ea7606fca7ec3b6cb9e
[INFO] running `Command { std: "docker" "create" "-v" "/var/lib/crater-agent-workspace/builds/worker-5-tc1/target:/opt/rustwide/target:rw,Z" "-v" "/var/lib/crater-agent-workspace/builds/worker-5-tc1/source:/opt/rustwide/workdir:ro,Z" "-v" "/var/lib/crater-agent-workspace/cargo-home:/opt/rustwide/cargo-home:ro,Z" "-v" "/var/lib/crater-agent-workspace/rustup-home:/opt/rustwide/rustup-home:ro,Z" "-e" "SOURCE_DIR=/opt/rustwide/workdir" "-e" "CARGO_TARGET_DIR=/opt/rustwide/target" "-e" "CARGO_INCREMENTAL=0" "-e" "RUST_BACKTRACE=full" "-e" "RUSTFLAGS=--cap-lints=warn" "-e" "RUSTDOCFLAGS=--cap-lints=warn" "-e" "CARGO_HOME=/opt/rustwide/cargo-home" "-e" "RUSTUP_HOME=/opt/rustwide/rustup-home" "-w" "/opt/rustwide/workdir" "-m" "1610612736" "--user" "0:0" "--network" "none" "ghcr.io/rust-lang/crates-build-env/linux@sha256:5ff2268d62e97bff2cde7d5815dd6ed5b47097566f13b8d0ca110b04b60e07ed" "/opt/rustwide/cargo-home/bin/cargo" "+1.69.0" "test" "--frozen" "--no-run" "--message-format=json", kill_on_drop: false }`
[INFO] [stdout] ad7bccb3ee03baefbbe177c494e50ba3b2d761ba429c7e3bc32c67184a141948
[INFO] running `Command { std: "docker" "start" "-a" "ad7bccb3ee03baefbbe177c494e50ba3b2d761ba429c7e3bc32c67184a141948", kill_on_drop: false }`
[INFO] [stderr]    Compiling attempt v0.1.0 (/opt/rustwide/workdir)
[INFO] [stderr]     Finished test [unoptimized + debuginfo] target(s) in 0.19s
[INFO] running `Command { std: "docker" "inspect" "ad7bccb3ee03baefbbe177c494e50ba3b2d761ba429c7e3bc32c67184a141948", kill_on_drop: false }`
[INFO] running `Command { std: "docker" "rm" "-f" "ad7bccb3ee03baefbbe177c494e50ba3b2d761ba429c7e3bc32c67184a141948", kill_on_drop: false }`
[INFO] [stdout] ad7bccb3ee03baefbbe177c494e50ba3b2d761ba429c7e3bc32c67184a141948
[INFO] running `Command { std: "docker" "create" "-v" "/var/lib/crater-agent-workspace/builds/worker-5-tc1/target:/opt/rustwide/target:rw,Z" "-v" "/var/lib/crater-agent-workspace/builds/worker-5-tc1/source:/opt/rustwide/workdir:ro,Z" "-v" "/var/lib/crater-agent-workspace/cargo-home:/opt/rustwide/cargo-home:ro,Z" "-v" "/var/lib/crater-agent-workspace/rustup-home:/opt/rustwide/rustup-home:ro,Z" "-e" "SOURCE_DIR=/opt/rustwide/workdir" "-e" "CARGO_TARGET_DIR=/opt/rustwide/target" "-e" "CARGO_INCREMENTAL=0" "-e" "RUST_BACKTRACE=full" "-e" "RUSTFLAGS=--cap-lints=warn" "-e" "RUSTDOCFLAGS=--cap-lints=warn" "-e" "CARGO_HOME=/opt/rustwide/cargo-home" "-e" "RUSTUP_HOME=/opt/rustwide/rustup-home" "-w" "/opt/rustwide/workdir" "-m" "1610612736" "--user" "0:0" "--network" "none" "ghcr.io/rust-lang/crates-build-env/linux@sha256:5ff2268d62e97bff2cde7d5815dd6ed5b47097566f13b8d0ca110b04b60e07ed" "/opt/rustwide/cargo-home/bin/cargo" "+1.69.0" "test" "--frozen", kill_on_drop: false }`
[INFO] [stdout] 47f64ab91f178eafb7f381da6777d47f6c6193cd194987ea30ef13b08a8f0d1a
[INFO] running `Command { std: "docker" "start" "-a" "47f64ab91f178eafb7f381da6777d47f6c6193cd194987ea30ef13b08a8f0d1a", kill_on_drop: false }`
[INFO] [stderr]     Blocking waiting for file lock on package cache
[INFO] [stderr]     Finished test [unoptimized + debuginfo] target(s) in 0.02s
[INFO] [stderr]      Running unittests src/lib.rs (/opt/rustwide/target/debug/deps/attempt-6ba378aa9e680981)
[INFO] [stdout] 
[INFO] [stdout] running 0 tests
[INFO] [stdout] 
[INFO] [stdout] test result: ok. 0 passed; 0 failed; 0 ignored; 0 measured; 0 filtered out; finished in 0.00s
[INFO] [stdout] 
[INFO] [stderr]    Doc-tests attempt
[INFO] [stdout] 
[INFO] [stdout] running 1 test
[INFO] [stdout] test src/lib.rs - (line 4) ... FAILED
[INFO] [stdout] 
[INFO] [stdout] failures:
[INFO] [stdout] 
[INFO] [stdout] ---- src/lib.rs - (line 4) stdout ----
[INFO] [stdout] error[E0599]: no method named `run_async` found for struct `Attempt` in the current scope
[INFO] [stdout]   --> src/lib.rs:40:10
[INFO] [stdout]    |
[INFO] [stdout] 35 | /     Attempt::to(fetch_data_from_unreliable_api_async)
[INFO] [stdout] 36 | |         .delay(std::time::Duration::from_secs(1))
[INFO] [stdout] 37 | |         .max_tries(1000)
[INFO] [stdout] 38 | |         .run_async()
[INFO] [stdout]    | |         -^^^^^^^^^ method not found in `Attempt<fn() -> impl Future<Output = Result<(), String>> {fetch_data_from_unreliable_api_async}>`
[INFO] [stdout]    | |_________|
[INFO] [stdout]    | 
[INFO] [stdout] 
[INFO] [stdout] error: aborting due to previous error
[INFO] [stdout] 
[INFO] [stdout] For more information about this error, try `rustc --explain E0599`.
[INFO] [stdout] Couldn't compile the test.
[INFO] [stdout] 
[INFO] [stdout] failures:
[INFO] [stdout]     src/lib.rs - (line 4)
[INFO] [stdout] 
[INFO] [stdout] test result: FAILED. 0 passed; 1 failed; 0 ignored; 0 measured; 0 filtered out; finished in 0.05s
[INFO] [stdout] 
[INFO] [stderr] error: doctest failed, to rerun pass `--doc`
[INFO] running `Command { std: "docker" "inspect" "47f64ab91f178eafb7f381da6777d47f6c6193cd194987ea30ef13b08a8f0d1a", kill_on_drop: false }`
[INFO] running `Command { std: "docker" "rm" "-f" "47f64ab91f178eafb7f381da6777d47f6c6193cd194987ea30ef13b08a8f0d1a", kill_on_drop: false }`
[INFO] [stdout] 47f64ab91f178eafb7f381da6777d47f6c6193cd194987ea30ef13b08a8f0d1a
