[INFO] fetching crate atomic_lib 0.34.3...
[INFO] testing atomic_lib-0.34.3 against beta-2023-04-20 for beta-1.70-1
[INFO] extracting crate atomic_lib 0.34.3 into /workspace/builds/worker-5-tc2/source
[INFO] validating manifest of crates.io crate atomic_lib 0.34.3 on toolchain beta-2023-04-20
[INFO] running `Command { std: CARGO_HOME="/workspace/cargo-home" RUSTUP_HOME="/workspace/rustup-home" "/workspace/cargo-home/bin/cargo" "+beta-2023-04-20" "metadata" "--manifest-path" "Cargo.toml" "--no-deps", kill_on_drop: false }`
[INFO] started tweaking crates.io crate atomic_lib 0.34.3
[INFO] finished tweaking crates.io crate atomic_lib 0.34.3
[INFO] tweaked toml for crates.io crate atomic_lib 0.34.3 written to /workspace/builds/worker-5-tc2/source/Cargo.toml
[INFO] crate crates.io crate atomic_lib 0.34.3 already has a lockfile, it will not be regenerated
[INFO] running `Command { std: CARGO_HOME="/workspace/cargo-home" RUSTUP_HOME="/workspace/rustup-home" "/workspace/cargo-home/bin/cargo" "+beta-2023-04-20" "fetch" "--manifest-path" "Cargo.toml", kill_on_drop: false }`
[INFO] [stderr]     Updating crates.io index
[INFO] [stderr]  Downloading crates ...
[INFO] [stderr]   Downloaded servo_arc v0.1.1
[INFO] [stderr]   Downloaded unicode-ident v1.0.7
[INFO] [stderr]   Downloaded futf v0.1.5
[INFO] [stderr]   Downloaded oxilangtag v0.1.3
[INFO] [stderr]   Downloaded selectors v0.22.0
[INFO] [stderr]   Downloaded jni v0.19.0
[INFO] [stderr]   Downloaded cesu8 v1.1.0
[INFO] [stderr]   Downloaded phf_codegen v0.10.0
[INFO] [stderr]   Downloaded phf_shared v0.8.0
[INFO] [stderr]   Downloaded new_debug_unreachable v1.0.4
[INFO] [stderr]   Downloaded phf_shared v0.10.0
[INFO] [stderr]   Downloaded phf v0.8.0
[INFO] [stderr]   Downloaded precomputed-hash v0.1.1
[INFO] [stderr]   Downloaded ntest_proc_macro_helper v0.7.5
[INFO] [stderr]   Downloaded ntest v0.7.5
[INFO] [stderr]   Downloaded iai v0.1.1
[INFO] [stderr]   Downloaded markup5ever v0.11.0
[INFO] [stderr]   Downloaded phf v0.10.1
[INFO] [stderr]   Downloaded convert_case v0.4.0
[INFO] [stderr]   Downloaded phf_codegen v0.8.0
[INFO] [stderr]   Downloaded derive_more v0.99.17
[INFO] [stderr]   Downloaded jni-sys v0.3.0
[INFO] [stderr]   Downloaded markup5ever v0.10.1
[INFO] [stderr]   Downloaded html5ever v0.26.0
[INFO] [stderr]   Downloaded toml_edit v0.19.4
[INFO] [stderr]   Downloaded plotters v0.3.4
[INFO] [stderr]   Downloaded itertools v0.10.5
[INFO] [stderr]   Downloaded xml5ever v0.17.0
[INFO] [stderr]   Downloaded winnow v0.3.3
[INFO] [stderr]   Downloaded markup5ever_rcdom v0.2.0
[INFO] [stderr]   Downloaded html2md v0.2.14
[INFO] [stderr]   Downloaded kuchiki v0.8.1
[INFO] [stderr]   Downloaded html5ever v0.25.2
[INFO] [stderr]   Downloaded cssparser v0.27.2
[INFO] [stderr]   Downloaded phf_generator v0.8.0
[INFO] [stderr]   Downloaded stable_deref_trait v1.2.0
[INFO] [stderr]   Downloaded oxiri v0.2.2
[INFO] [stderr]   Downloaded sled v0.34.7
[INFO] [stderr]   Downloaded thin-slice v0.1.1
[INFO] [stderr]   Downloaded ntest_test_cases v0.7.5
[INFO] [stderr]   Downloaded proc-macro-crate v1.3.1
[INFO] [stderr]   Downloaded ntest_timeout v0.7.5
[INFO] [stderr]   Downloaded phf_generator v0.10.0
[INFO] [stderr]   Downloaded cssparser-macros v0.6.0
[INFO] [stderr]   Downloaded phf_macros v0.8.0
[INFO] [stderr]   Downloaded rio_api v0.7.1
[INFO] [stderr]   Downloaded string_cache_codegen v0.5.2
[INFO] [stderr]   Downloaded mac v0.1.1
[INFO] [stderr]   Downloaded tendril v0.4.3
[INFO] [stderr]   Downloaded dtoa-short v0.3.3
[INFO] [stderr]   Downloaded csv v1.2.0
[INFO] [stderr]   Downloaded rio_turtle v0.7.1
[INFO] [stderr]   Downloaded encoding_rs v0.8.32
[INFO] [stderr]   Downloaded lol_html v0.3.2
[INFO] [stderr]   Downloaded siphasher v0.3.10
[INFO] [stderr]   Downloaded nodrop v0.1.14
[INFO] [stderr]   Downloaded fs2 v0.4.3
[INFO] [stderr]   Downloaded urlencoding v2.1.2
[INFO] [stderr]   Downloaded string_cache v0.8.6
[INFO] [stderr]   Downloaded matches v0.1.10
[INFO] running `Command { std: "docker" "create" "-v" "/var/lib/crater-agent-workspace/builds/worker-5-tc2/target:/opt/rustwide/target:rw,Z" "-v" "/var/lib/crater-agent-workspace/builds/worker-5-tc2/source:/opt/rustwide/workdir:ro,Z" "-v" "/var/lib/crater-agent-workspace/cargo-home:/opt/rustwide/cargo-home:ro,Z" "-v" "/var/lib/crater-agent-workspace/rustup-home:/opt/rustwide/rustup-home:ro,Z" "-e" "SOURCE_DIR=/opt/rustwide/workdir" "-e" "CARGO_TARGET_DIR=/opt/rustwide/target" "-e" "CARGO_HOME=/opt/rustwide/cargo-home" "-e" "RUSTUP_HOME=/opt/rustwide/rustup-home" "-w" "/opt/rustwide/workdir" "-m" "1610612736" "--user" "0:0" "--network" "none" "ghcr.io/rust-lang/crates-build-env/linux@sha256:5ff2268d62e97bff2cde7d5815dd6ed5b47097566f13b8d0ca110b04b60e07ed" "/opt/rustwide/cargo-home/bin/cargo" "+beta-2023-04-20" "metadata" "--no-deps" "--format-version=1", kill_on_drop: false }`
[INFO] [stdout] 2cc8955911f70a9cfb0cff9170254c88e38fd4815748ae6bccc6990977c84483
[INFO] running `Command { std: "docker" "start" "-a" "2cc8955911f70a9cfb0cff9170254c88e38fd4815748ae6bccc6990977c84483", kill_on_drop: false }`
[INFO] running `Command { std: "docker" "inspect" "2cc8955911f70a9cfb0cff9170254c88e38fd4815748ae6bccc6990977c84483", kill_on_drop: false }`
[INFO] running `Command { std: "docker" "rm" "-f" "2cc8955911f70a9cfb0cff9170254c88e38fd4815748ae6bccc6990977c84483", kill_on_drop: false }`
[INFO] [stdout] 2cc8955911f70a9cfb0cff9170254c88e38fd4815748ae6bccc6990977c84483
[INFO] running `Command { std: "docker" "create" "-v" "/var/lib/crater-agent-workspace/builds/worker-5-tc2/target:/opt/rustwide/target:rw,Z" "-v" "/var/lib/crater-agent-workspace/builds/worker-5-tc2/source:/opt/rustwide/workdir:ro,Z" "-v" "/var/lib/crater-agent-workspace/cargo-home:/opt/rustwide/cargo-home:ro,Z" "-v" "/var/lib/crater-agent-workspace/rustup-home:/opt/rustwide/rustup-home:ro,Z" "-e" "SOURCE_DIR=/opt/rustwide/workdir" "-e" "CARGO_TARGET_DIR=/opt/rustwide/target" "-e" "CARGO_INCREMENTAL=0" "-e" "RUST_BACKTRACE=full" "-e" "RUSTFLAGS=--cap-lints=warn" "-e" "RUSTDOCFLAGS=--cap-lints=warn" "-e" "CARGO_HOME=/opt/rustwide/cargo-home" "-e" "RUSTUP_HOME=/opt/rustwide/rustup-home" "-w" "/opt/rustwide/workdir" "-m" "1610612736" "--user" "0:0" "--network" "none" "ghcr.io/rust-lang/crates-build-env/linux@sha256:5ff2268d62e97bff2cde7d5815dd6ed5b47097566f13b8d0ca110b04b60e07ed" "/opt/rustwide/cargo-home/bin/cargo" "+beta-2023-04-20" "build" "--frozen" "--message-format=json", kill_on_drop: false }`
[INFO] [stdout] a74aa0d36454f1ddc15ec3353e39a5dffd9fc3da5d8a3cae67a6a94f7ec202c5
[INFO] running `Command { std: "docker" "start" "-a" "a74aa0d36454f1ddc15ec3353e39a5dffd9fc3da5d8a3cae67a6a94f7ec202c5", kill_on_drop: false }`
[INFO] [stderr]    Compiling libc v0.2.139
[INFO] [stderr]    Compiling cc v1.0.79
[INFO] [stderr]    Compiling proc-macro2 v1.0.51
[INFO] [stderr]    Compiling unicode-ident v1.0.7
[INFO] [stderr]    Compiling quote v1.0.23
[INFO] [stderr]    Compiling syn v1.0.109
[INFO] [stderr]    Compiling spin v0.5.2
[INFO] [stderr]    Compiling untrusted v0.7.1
[INFO] [stderr]    Compiling tinyvec_macros v0.1.1
[INFO] [stderr]    Compiling serde_derive v1.0.152
[INFO] [stderr]    Compiling log v0.4.17
[INFO] [stderr]    Compiling unicode-bidi v0.3.10
[INFO] [stderr]    Compiling rustls v0.20.8
[INFO] [stderr]    Compiling serde v1.0.152
[INFO] [stderr]    Compiling percent-encoding v2.2.0
[INFO] [stderr]    Compiling serde_json v1.0.93
[INFO] [stderr]    Compiling tracing-core v0.1.30
[INFO] [stderr]    Compiling form_urlencoded v1.1.0
[INFO] [stderr]    Compiling tinyvec v1.6.0
[INFO] [stderr]    Compiling regex-syntax v0.6.28
[INFO] [stderr]    Compiling pin-project-lite v0.2.9
[INFO] [stderr]    Compiling urlencoding v2.1.2
[INFO] [stderr]    Compiling ring v0.16.20
[INFO] [stderr]    Compiling unicode-normalization v0.1.22
[INFO] [stderr]    Compiling getrandom v0.2.8
[INFO] [stderr]    Compiling rand_core v0.6.4
[INFO] [stderr]    Compiling rand_chacha v0.3.1
[INFO] [stderr]    Compiling idna v0.3.0
[INFO] [stderr]    Compiling rand v0.8.5
[INFO] [stderr]    Compiling url v2.3.1
[INFO] [stderr]    Compiling regex v1.7.1
[INFO] [stderr]    Compiling webpki v0.22.0
[INFO] [stderr]    Compiling sct v0.7.0
[INFO] [stderr]    Compiling webpki-roots v0.22.6
[INFO] [stderr]    Compiling tracing-attributes v0.1.23
[INFO] [stderr]    Compiling ureq v2.6.2
[INFO] [stderr]    Compiling tracing v0.1.37
[INFO] [stderr]    Compiling atomic_lib v0.34.3 (/opt/rustwide/workdir)
[INFO] [stderr]     Finished dev [unoptimized + debuginfo] target(s) in 15.53s
[INFO] running `Command { std: "docker" "inspect" "a74aa0d36454f1ddc15ec3353e39a5dffd9fc3da5d8a3cae67a6a94f7ec202c5", kill_on_drop: false }`
[INFO] running `Command { std: "docker" "rm" "-f" "a74aa0d36454f1ddc15ec3353e39a5dffd9fc3da5d8a3cae67a6a94f7ec202c5", kill_on_drop: false }`
[INFO] [stdout] a74aa0d36454f1ddc15ec3353e39a5dffd9fc3da5d8a3cae67a6a94f7ec202c5
[INFO] running `Command { std: "docker" "create" "-v" "/var/lib/crater-agent-workspace/builds/worker-5-tc2/target:/opt/rustwide/target:rw,Z" "-v" "/var/lib/crater-agent-workspace/builds/worker-5-tc2/source:/opt/rustwide/workdir:ro,Z" "-v" "/var/lib/crater-agent-workspace/cargo-home:/opt/rustwide/cargo-home:ro,Z" "-v" "/var/lib/crater-agent-workspace/rustup-home:/opt/rustwide/rustup-home:ro,Z" "-e" "SOURCE_DIR=/opt/rustwide/workdir" "-e" "CARGO_TARGET_DIR=/opt/rustwide/target" "-e" "CARGO_INCREMENTAL=0" "-e" "RUST_BACKTRACE=full" "-e" "RUSTFLAGS=--cap-lints=warn" "-e" "RUSTDOCFLAGS=--cap-lints=warn" "-e" "CARGO_HOME=/opt/rustwide/cargo-home" "-e" "RUSTUP_HOME=/opt/rustwide/rustup-home" "-w" "/opt/rustwide/workdir" "-m" "1610612736" "--user" "0:0" "--network" "none" "ghcr.io/rust-lang/crates-build-env/linux@sha256:5ff2268d62e97bff2cde7d5815dd6ed5b47097566f13b8d0ca110b04b60e07ed" "/opt/rustwide/cargo-home/bin/cargo" "+beta-2023-04-20" "test" "--frozen" "--no-run" "--message-format=json", kill_on_drop: false }`
[INFO] [stdout] 236374ce2453b4f6ba87b983de46dc05c96bf274f1961ee19f7b2cd3e0da92a7
[INFO] running `Command { std: "docker" "start" "-a" "236374ce2453b4f6ba87b983de46dc05c96bf274f1961ee19f7b2cd3e0da92a7", kill_on_drop: false }`
[INFO] [stderr]    Compiling indexmap v1.9.2
[INFO] [stderr]    Compiling hashbrown v0.12.3
[INFO] [stderr]    Compiling num-traits v0.2.15
[INFO] [stderr]    Compiling toml_datetime v0.6.1
[INFO] [stderr]    Compiling winnow v0.3.3
[INFO] [stderr]    Compiling either v1.8.1
[INFO] [stderr]    Compiling num_cpus v1.15.0
[INFO] [stderr]    Compiling plotters-backend v0.3.4
[INFO] [stderr]    Compiling unicode-width v0.1.10
[INFO] [stderr]    Compiling same-file v1.0.6
[INFO] [stderr]    Compiling half v1.8.2
[INFO] [stderr]    Compiling cast v0.3.0
[INFO] [stderr]    Compiling ntest_proc_macro_helper v0.7.5
[INFO] [stderr]    Compiling csv v1.2.0
[INFO] [stderr]    Compiling tinytemplate v1.2.1
[INFO] [stderr]    Compiling ntest_test_cases v0.7.5
[INFO] [stderr]    Compiling atty v0.2.14
[INFO] [stderr]    Compiling textwrap v0.11.0
[INFO] [stderr]    Compiling rayon-core v1.11.0
[INFO] [stderr]    Compiling itertools v0.10.5
[INFO] [stderr]    Compiling walkdir v2.3.2
[INFO] [stderr]    Compiling oorandom v11.1.3
[INFO] [stderr]    Compiling iai v0.1.1
[INFO] [stderr]    Compiling plotters-svg v0.3.3
[INFO] [stderr]    Compiling serde_cbor v0.11.2
[INFO] [stderr]    Compiling clap v2.34.0
[INFO] [stderr]    Compiling rayon v1.7.0
[INFO] [stderr]    Compiling criterion-plot v0.4.5
[INFO] [stderr]    Compiling plotters v0.3.4
[INFO] [stderr]    Compiling toml_edit v0.19.4
[INFO] [stderr]    Compiling criterion v0.3.6
[INFO] [stderr]    Compiling proc-macro-crate v1.3.1
[INFO] [stderr]    Compiling ntest_timeout v0.7.5
[INFO] [stderr]    Compiling ntest v0.7.5
[INFO] [stderr]    Compiling atomic_lib v0.34.3 (/opt/rustwide/workdir)
[INFO] [stderr]     Finished test [unoptimized + debuginfo] target(s) in 15.41s
[INFO] running `Command { std: "docker" "inspect" "236374ce2453b4f6ba87b983de46dc05c96bf274f1961ee19f7b2cd3e0da92a7", kill_on_drop: false }`
[INFO] running `Command { std: "docker" "rm" "-f" "236374ce2453b4f6ba87b983de46dc05c96bf274f1961ee19f7b2cd3e0da92a7", kill_on_drop: false }`
[INFO] [stdout] 236374ce2453b4f6ba87b983de46dc05c96bf274f1961ee19f7b2cd3e0da92a7
[INFO] running `Command { std: "docker" "create" "-v" "/var/lib/crater-agent-workspace/builds/worker-5-tc2/target:/opt/rustwide/target:rw,Z" "-v" "/var/lib/crater-agent-workspace/builds/worker-5-tc2/source:/opt/rustwide/workdir:ro,Z" "-v" "/var/lib/crater-agent-workspace/cargo-home:/opt/rustwide/cargo-home:ro,Z" "-v" "/var/lib/crater-agent-workspace/rustup-home:/opt/rustwide/rustup-home:ro,Z" "-e" "SOURCE_DIR=/opt/rustwide/workdir" "-e" "CARGO_TARGET_DIR=/opt/rustwide/target" "-e" "CARGO_INCREMENTAL=0" "-e" "RUST_BACKTRACE=full" "-e" "RUSTFLAGS=--cap-lints=warn" "-e" "RUSTDOCFLAGS=--cap-lints=warn" "-e" "CARGO_HOME=/opt/rustwide/cargo-home" "-e" "RUSTUP_HOME=/opt/rustwide/rustup-home" "-w" "/opt/rustwide/workdir" "-m" "1610612736" "--user" "0:0" "--network" "none" "ghcr.io/rust-lang/crates-build-env/linux@sha256:5ff2268d62e97bff2cde7d5815dd6ed5b47097566f13b8d0ca110b04b60e07ed" "/opt/rustwide/cargo-home/bin/cargo" "+beta-2023-04-20" "test" "--frozen", kill_on_drop: false }`
[INFO] [stdout] f34dd196ed859e01cfb898dac23d922f18e61b91fd846b3205699f66c6c42f70
[INFO] running `Command { std: "docker" "start" "-a" "f34dd196ed859e01cfb898dac23d922f18e61b91fd846b3205699f66c6c42f70", kill_on_drop: false }`
[INFO] [stderr]     Finished test [unoptimized + debuginfo] target(s) in 0.12s
[INFO] [stderr]      Running unittests src/lib.rs (/opt/rustwide/target/debug/deps/atomic_lib-7d151b5b57bbea93)
[INFO] [stdout] 
[INFO] [stdout] running 52 tests
[INFO] [stdout] test client::test::fetch_resource_basic ... ignored
[INFO] [stdout] test client::test::post_commit_basic ... ignored
[INFO] [stdout] test collections::test::get_collection_params ... ignored
[INFO] [stdout] test agents::test::generate_from_private_key ... ok
[INFO] [stdout] test agents::test::verifies_public_keys ... ok
[INFO] [stdout] test hierarchy::test::display_right ... ok
[INFO] [stdout] test collections::test::sorting_resources ... ok
[INFO] [stdout] test agents::test::keypair ... ok
[INFO] [stdout] test commit::test::signature_basics ... ok
[INFO] [stdout] test parse::test::import_resources_localid_references ... ok
[INFO] [stdout] test hierarchy::test::authorization ... ok
[INFO] [stdout] test collections::test::create_collection_2 ... ok
[INFO] [stdout] test parse::test::parse_and_serialize_json_ad_wrong_datatype_int_to_str ... ok
[INFO] [stdout] test parse::test::parse_nested_resource_map_roundtrip ... ok
[INFO] [stdout] test commit::test::agent_and_commit ... ok
[INFO] [stdout] test parse::test::parse_nested_resource_array ... ok
[INFO] [stdout] test commit::test::serialize_commit ... ok
[INFO] [stdout] test resources::test::new_instance ... ok
[INFO] [stdout] test resources::test::iterate ... ok
[INFO] [stdout] test commit::test::invalid_subjects ... ok
[INFO] [stdout] test parse::test::import_resource_malicious ... ok
[INFO] [stdout] test resources::test::check_required_props ... ok
[INFO] [stdout] test collections::test::create_collection_nested_members_and_sorting ... ok
[INFO] [stdout] test collections::test::create_collection ... ok
[INFO] [stdout] test resources::test::save ... ok
[INFO] [stdout] test serialize::test::serialize_json_ad_multiple ... ok
[INFO] [stdout] test resources::test::get_and_set_resource_props ... ok
[INFO] [stdout] test parse::test::import_resource_with_localid ... ok
[INFO] [stdout] test store::test::populate_base_models ... ok
[INFO] [stdout] test serialize::test::serialize_json ... ok
[INFO] [stdout] test store::test::single_get_empty_server_to_class ... ok
[INFO] [stdout] test serialize::test::serialize_json_ld ... ok
[INFO] [stdout] test resources::test::push_propval ... ok
[INFO] [stdout] test commit::test::signature_matches ... ok
[INFO] [stdout] test values::test::formats_correct_value ... ok
[INFO] [stdout] test values::test::value_conversions_from_and_datatypes ... ok
[INFO] [stdout] test values::test::value_to_subjects ... ok
[INFO] [stdout] test parse::test::parse_and_serialize_json_ad ... ok
[INFO] [stdout] test serialize::test::serialize_json_ad ... ok
[INFO] [stdout] test store::test::tpf ... ok
[INFO] [stdout] test store::test::get_full_resource_and_shortname ... ok
[INFO] [stdout] test resources::test::new_instance_using_commit ... ok
[INFO] [stdout] test values::test::fails_wrong_values ... ok
[INFO] [stdout] test store::test::get_external_resource ... ok
[INFO] [stdout] test validate::test::validate_populated ... ok
[INFO] [stdout] test store::test::path ... ok
[INFO] [stdout] test parse::test::parse_and_serialize_json_ad_wrong_datatype_float - should panic ... ok
[INFO] [stdout] test store::test::path_fail - should panic ... ok
[INFO] [stdout] test store::test::path_fail2 - should panic ... ok
[INFO] [stdout] test parse::test::parse_and_serialize_json_ad_wrong_id - should panic ... ok
[INFO] [stdout] test parse::test::serialize_parse_roundtrip ... ok
[INFO] [stdout] test store::test::serialize ... ok
[INFO] [stdout] 
[INFO] [stdout] test result: ok. 49 passed; 0 failed; 3 ignored; 0 measured; 0 filtered out; finished in 0.89s
[INFO] [stdout] 
[INFO] [stderr]    Doc-tests atomic_lib
[INFO] [stdout] 
[INFO] [stdout] running 2 tests
[INFO] [stdout] test src/store.rs - store::Store::tpf (line 38) ... FAILED
[INFO] [stdout] test src/lib.rs - (line 25) ... ok
[INFO] [stdout] 
[INFO] [stdout] failures:
[INFO] [stdout] 
[INFO] [stdout] ---- src/store.rs - store::Store::tpf (line 38) stdout ----
[INFO] [stdout] error[E0624]: method `tpf` is private
[INFO] [stdout]   --> src/store.rs:42:19
[INFO] [stdout]    |
[INFO] [stdout] 7  |   let atoms = store.tpf(
[INFO] [stdout]    |                     ^^^ private method
[INFO] [stdout]    |
[INFO] [stdout]   ::: /opt/rustwide/workdir/src/store.rs:52:5
[INFO] [stdout]    |
[INFO] [stdout] 52 | /     fn tpf(
[INFO] [stdout] 53 | |         &self,
[INFO] [stdout] 54 | |         q_subject: Option<&str>,
[INFO] [stdout] 55 | |         q_property: Option<&str>,
[INFO] [stdout] ...  |
[INFO] [stdout] 58 | |         include_external: bool,
[INFO] [stdout] 59 | |     ) -> AtomicResult<Vec<Atom>> {
[INFO] [stdout]    | |________________________________- private method defined here
[INFO] [stdout] 
[INFO] [stdout] error: aborting due to previous error
[INFO] [stdout] 
[INFO] [stdout] For more information about this error, try `rustc --explain E0624`.
[INFO] [stdout] Couldn't compile the test.
[INFO] [stdout] 
[INFO] [stdout] failures:
[INFO] [stdout]     src/store.rs - store::Store::tpf (line 38)
[INFO] [stdout] 
[INFO] [stdout] test result: FAILED. 1 passed; 1 failed; 0 ignored; 0 measured; 0 filtered out; finished in 1.60s
[INFO] [stdout] 
[INFO] [stderr] error: doctest failed, to rerun pass `--doc`
[INFO] running `Command { std: "docker" "inspect" "f34dd196ed859e01cfb898dac23d922f18e61b91fd846b3205699f66c6c42f70", kill_on_drop: false }`
[INFO] running `Command { std: "docker" "rm" "-f" "f34dd196ed859e01cfb898dac23d922f18e61b91fd846b3205699f66c6c42f70", kill_on_drop: false }`
[INFO] [stdout] f34dd196ed859e01cfb898dac23d922f18e61b91fd846b3205699f66c6c42f70
