[INFO] fetching crate async-ws 0.3.3...
[INFO] testing async-ws-0.3.3 against beta-2023-04-20 for beta-1.70-1
[INFO] extracting crate async-ws 0.3.3 into /workspace/builds/worker-5-tc2/source
[INFO] validating manifest of crates.io crate async-ws 0.3.3 on toolchain beta-2023-04-20
[INFO] running `Command { std: CARGO_HOME="/workspace/cargo-home" RUSTUP_HOME="/workspace/rustup-home" "/workspace/cargo-home/bin/cargo" "+beta-2023-04-20" "metadata" "--manifest-path" "Cargo.toml" "--no-deps", kill_on_drop: false }`
[INFO] started tweaking crates.io crate async-ws 0.3.3
[INFO] finished tweaking crates.io crate async-ws 0.3.3
[INFO] tweaked toml for crates.io crate async-ws 0.3.3 written to /workspace/builds/worker-5-tc2/source/Cargo.toml
[INFO] crate crates.io crate async-ws 0.3.3 already has a lockfile, it will not be regenerated
[INFO] running `Command { std: CARGO_HOME="/workspace/cargo-home" RUSTUP_HOME="/workspace/rustup-home" "/workspace/cargo-home/bin/cargo" "+beta-2023-04-20" "fetch" "--manifest-path" "Cargo.toml", kill_on_drop: false }`
[INFO] [stderr]     Updating crates.io index
[INFO] [stderr]  Downloading crates ...
[INFO] [stderr]   Downloaded proc-macro2 v1.0.37
[INFO] [stderr]   Downloaded radium v0.5.3
[INFO] [stderr]   Downloaded rusticata-macros v3.2.0
[INFO] [stderr]   Downloaded futures-macro v0.3.21
[INFO] [stderr]   Downloaded der-parser v5.1.2
[INFO] [stderr]   Downloaded infer v0.2.3
[INFO] [stderr]   Downloaded nom v6.1.2
[INFO] [stderr]   Downloaded simple-mutex v1.1.5
[INFO] [stderr]   Downloaded rustls v0.19.1
[INFO] [stderr]   Downloaded hmac v0.10.1
[INFO] [stderr]   Downloaded sha1_smol v1.0.0
[INFO] [stderr]   Downloaded sha1 v0.6.1
[INFO] [stderr]   Downloaded pem v1.0.2
[INFO] [stderr]   Downloaded yasna v0.4.0
[INFO] [stderr]   Downloaded httparse v1.7.1
[INFO] [stderr]   Downloaded cipher v0.2.5
[INFO] [stderr]   Downloaded http v0.2.7
[INFO] [stderr]   Downloaded async-ws v0.3.2
[INFO] [stderr]   Downloaded async-http-codec v0.4.3
[INFO] [stderr]   Downloaded futures-executor v0.3.21
[INFO] [stderr]   Downloaded universal-hash v0.4.1
[INFO] [stderr]   Downloaded pem v0.8.3
[INFO] [stderr]   Downloaded aead v0.3.2
[INFO] [stderr]   Downloaded pin-project v1.0.10
[INFO] [stderr]   Downloaded sct v0.6.1
[INFO] [stderr]   Downloaded const_fn v0.4.9
[INFO] [stderr]   Downloaded num-bigint v0.4.3
[INFO] [stderr]   Downloaded pin-project-internal v1.0.10
[INFO] [stderr]   Downloaded regex v1.5.5
[INFO] [stderr]   Downloaded static_assertions v1.1.0
[INFO] [stderr]   Downloaded http-types v2.12.0
[INFO] [stderr]   Downloaded libc v0.2.125
[INFO] [stderr]   Downloaded lexical-core v0.7.6
[INFO] [stderr]   Downloaded cpufeatures v0.2.2
[INFO] [stderr]   Downloaded wyz v0.2.0
[INFO] [stderr]   Downloaded log v0.4.16
[INFO] [stderr]   Downloaded strum_macros v0.24.0
[INFO] [stderr]   Downloaded syn v1.0.92
[INFO] [stderr]   Downloaded webpki-roots v0.21.1
[INFO] [stderr]   Downloaded time v0.2.27
[INFO] [stderr]   Downloaded standback v0.2.17
[INFO] [stderr]   Downloaded arrayvec v0.5.2
[INFO] [stderr]   Downloaded data-encoding v2.3.2
[INFO] [stderr]   Downloaded funty v1.1.0
[INFO] [stderr]   Downloaded once_cell v1.10.0
[INFO] [stderr]   Downloaded smol-timeout v0.6.0
[INFO] [stderr]   Downloaded utf-8 v0.7.6
[INFO] [stderr]   Downloaded polyval v0.4.5
[INFO] [stderr]   Downloaded subtle v2.4.1
[INFO] [stderr]   Downloaded generic-array v0.14.5
[INFO] [stderr]   Downloaded sha2 v0.9.9
[INFO] [stderr]   Downloaded colored v1.9.3
[INFO] [stderr]   Downloaded value-bag v1.0.0-alpha.8
[INFO] [stderr]   Downloaded strum v0.24.0
[INFO] [stderr]   Downloaded async-rustls v0.2.0
[INFO] [stderr]   Downloaded base-x v0.2.10
[INFO] [stderr]   Downloaded bitvec v0.19.6
[INFO] [stderr]   Downloaded ghash v0.3.1
[INFO] [stderr]   Downloaded serde_json v1.0.80
[INFO] [stderr]   Downloaded async-web-server v0.2.1
[INFO] [stderr]   Downloaded async-h1 v2.3.3
[INFO] [stderr]   Downloaded aes-soft v0.6.4
[INFO] [stderr]   Downloaded aes v0.6.0
[INFO] [stderr]   Downloaded ctr v0.6.0
[INFO] [stderr]   Downloaded cpuid-bool v0.2.0
[INFO] [stderr]   Downloaded aes-gcm v0.8.0
[INFO] [stderr]   Downloaded rcgen v0.8.14
[INFO] [stderr]   Downloaded der-oid-macro v0.4.0
[INFO] [stderr]   Downloaded oid-registry v0.1.5
[INFO] [stderr]   Downloaded x509-parser v0.10.0
[INFO] [stderr]   Downloaded rustls-acme v0.2.0
[INFO] [stderr]   Downloaded futures v0.3.21
[INFO] [stderr]   Downloaded generic_static v0.2.0
[INFO] [stderr]   Downloaded getrandom v0.2.6
[INFO] [stderr]   Downloaded num_threads v0.1.5
[INFO] [stderr]   Downloaded simple_logger v1.16.0
[INFO] [stderr]   Downloaded rustversion v1.0.6
[INFO] [stderr]   Downloaded async-dup v1.2.2
[INFO] [stderr]   Downloaded aesni v0.10.0
[INFO] [stderr]   Downloaded hkdf v0.10.0
[INFO] [stderr]   Downloaded crypto-mac v0.10.1
[INFO] [stderr]   Downloaded time-macros-impl v0.1.2
[INFO] running `Command { std: "docker" "create" "-v" "/var/lib/crater-agent-workspace/builds/worker-5-tc2/target:/opt/rustwide/target:rw,Z" "-v" "/var/lib/crater-agent-workspace/builds/worker-5-tc2/source:/opt/rustwide/workdir:ro,Z" "-v" "/var/lib/crater-agent-workspace/cargo-home:/opt/rustwide/cargo-home:ro,Z" "-v" "/var/lib/crater-agent-workspace/rustup-home:/opt/rustwide/rustup-home:ro,Z" "-e" "SOURCE_DIR=/opt/rustwide/workdir" "-e" "CARGO_TARGET_DIR=/opt/rustwide/target" "-e" "CARGO_HOME=/opt/rustwide/cargo-home" "-e" "RUSTUP_HOME=/opt/rustwide/rustup-home" "-w" "/opt/rustwide/workdir" "-m" "1610612736" "--user" "0:0" "--network" "none" "ghcr.io/rust-lang/crates-build-env/linux@sha256:5ff2268d62e97bff2cde7d5815dd6ed5b47097566f13b8d0ca110b04b60e07ed" "/opt/rustwide/cargo-home/bin/cargo" "+beta-2023-04-20" "metadata" "--no-deps" "--format-version=1", kill_on_drop: false }`
[INFO] [stdout] adbe986863ccf3cd29717567a17cbfbe98906cb5ca9ac25110d023bb19ef21fb
[INFO] running `Command { std: "docker" "start" "-a" "adbe986863ccf3cd29717567a17cbfbe98906cb5ca9ac25110d023bb19ef21fb", kill_on_drop: false }`
[INFO] running `Command { std: "docker" "inspect" "adbe986863ccf3cd29717567a17cbfbe98906cb5ca9ac25110d023bb19ef21fb", kill_on_drop: false }`
[INFO] running `Command { std: "docker" "rm" "-f" "adbe986863ccf3cd29717567a17cbfbe98906cb5ca9ac25110d023bb19ef21fb", kill_on_drop: false }`
[INFO] [stdout] adbe986863ccf3cd29717567a17cbfbe98906cb5ca9ac25110d023bb19ef21fb
[INFO] running `Command { std: "docker" "create" "-v" "/var/lib/crater-agent-workspace/builds/worker-5-tc2/target:/opt/rustwide/target:rw,Z" "-v" "/var/lib/crater-agent-workspace/builds/worker-5-tc2/source:/opt/rustwide/workdir:ro,Z" "-v" "/var/lib/crater-agent-workspace/cargo-home:/opt/rustwide/cargo-home:ro,Z" "-v" "/var/lib/crater-agent-workspace/rustup-home:/opt/rustwide/rustup-home:ro,Z" "-e" "SOURCE_DIR=/opt/rustwide/workdir" "-e" "CARGO_TARGET_DIR=/opt/rustwide/target" "-e" "CARGO_INCREMENTAL=0" "-e" "RUST_BACKTRACE=full" "-e" "RUSTFLAGS=--cap-lints=warn" "-e" "RUSTDOCFLAGS=--cap-lints=warn" "-e" "CARGO_HOME=/opt/rustwide/cargo-home" "-e" "RUSTUP_HOME=/opt/rustwide/rustup-home" "-w" "/opt/rustwide/workdir" "-m" "1610612736" "--user" "0:0" "--network" "none" "ghcr.io/rust-lang/crates-build-env/linux@sha256:5ff2268d62e97bff2cde7d5815dd6ed5b47097566f13b8d0ca110b04b60e07ed" "/opt/rustwide/cargo-home/bin/cargo" "+beta-2023-04-20" "build" "--frozen" "--message-format=json", kill_on_drop: false }`
[INFO] [stdout] 66488f6a6565ac61b63f5904ab47e476ca8766668c820447d43886fbe5d52941
[INFO] running `Command { std: "docker" "start" "-a" "66488f6a6565ac61b63f5904ab47e476ca8766668c820447d43886fbe5d52941", kill_on_drop: false }`
[INFO] [stderr]    Compiling proc-macro2 v1.0.37
[INFO] [stderr]    Compiling unicode-xid v0.2.2
[INFO] [stderr]    Compiling syn v1.0.92
[INFO] [stderr]    Compiling libc v0.2.125
[INFO] [stderr]    Compiling futures-core v0.3.21
[INFO] [stderr]    Compiling memchr v2.5.0
[INFO] [stderr]    Compiling value-bag v1.0.0-alpha.8
[INFO] [stderr]    Compiling futures-channel v0.3.21
[INFO] [stderr]    Compiling futures-io v0.3.21
[INFO] [stderr]    Compiling futures-task v0.3.21
[INFO] [stderr]    Compiling log v0.4.16
[INFO] [stderr]    Compiling futures-util v0.3.21
[INFO] [stderr]    Compiling slab v0.4.6
[INFO] [stderr]    Compiling futures-sink v0.3.21
[INFO] [stderr]    Compiling rustversion v1.0.6
[INFO] [stderr]    Compiling cc v1.0.73
[INFO] [stderr]    Compiling once_cell v1.10.0
[INFO] [stderr]    Compiling parking v2.0.0
[INFO] [stderr]    Compiling quote v1.0.18
[INFO] [stderr]    Compiling fastrand v1.7.0
[INFO] [stderr]    Compiling cache-padded v1.2.0
[INFO] [stderr]    Compiling getrandom v0.2.6
[INFO] [stderr]    Compiling rand_core v0.6.3
[INFO] [stderr]    Compiling heck v0.4.0
[INFO] [stderr]    Compiling waker-fn v1.1.0
[INFO] [stderr]    Compiling futures-lite v1.12.0
[INFO] [stderr]    Compiling rand_chacha v0.3.1
[INFO] [stderr]    Compiling socket2 v0.4.4
[INFO] [stderr]    Compiling concurrent-queue v1.2.2
[INFO] [stderr]    Compiling untrusted v0.7.1
[INFO] [stderr]    Compiling itoa v1.0.1
[INFO] [stderr]    Compiling spin v0.5.2
[INFO] [stderr]    Compiling ring v0.16.20
[INFO] [stderr]    Compiling http v0.2.7
[INFO] [stderr]    Compiling rand v0.8.5
[INFO] [stderr]    Compiling generic_static v0.2.0
[INFO] [stderr]    Compiling utf-8 v0.7.6
[INFO] [stderr]    Compiling ctor v0.1.22
[INFO] [stderr]    Compiling futures-macro v0.3.21
[INFO] [stderr]    Compiling strum_macros v0.24.0
[INFO] [stderr]    Compiling thiserror-impl v1.0.31
[INFO] [stderr]    Compiling thiserror v1.0.31
[INFO] [stderr]    Compiling polling v2.2.0
[INFO] [stderr]    Compiling async-io v1.6.0
[INFO] [stderr]    Compiling strum v0.24.0
[INFO] [stderr]    Compiling futures-executor v0.3.21
[INFO] [stderr]    Compiling futures v0.3.21
[INFO] [stderr]    Compiling async-ws v0.3.3 (/opt/rustwide/workdir)
[INFO] [stderr]     Finished dev [unoptimized + debuginfo] target(s) in 16.37s
[INFO] running `Command { std: "docker" "inspect" "66488f6a6565ac61b63f5904ab47e476ca8766668c820447d43886fbe5d52941", kill_on_drop: false }`
[INFO] running `Command { std: "docker" "rm" "-f" "66488f6a6565ac61b63f5904ab47e476ca8766668c820447d43886fbe5d52941", kill_on_drop: false }`
[INFO] [stdout] 66488f6a6565ac61b63f5904ab47e476ca8766668c820447d43886fbe5d52941
[INFO] running `Command { std: "docker" "create" "-v" "/var/lib/crater-agent-workspace/builds/worker-5-tc2/target:/opt/rustwide/target:rw,Z" "-v" "/var/lib/crater-agent-workspace/builds/worker-5-tc2/source:/opt/rustwide/workdir:ro,Z" "-v" "/var/lib/crater-agent-workspace/cargo-home:/opt/rustwide/cargo-home:ro,Z" "-v" "/var/lib/crater-agent-workspace/rustup-home:/opt/rustwide/rustup-home:ro,Z" "-e" "SOURCE_DIR=/opt/rustwide/workdir" "-e" "CARGO_TARGET_DIR=/opt/rustwide/target" "-e" "CARGO_INCREMENTAL=0" "-e" "RUST_BACKTRACE=full" "-e" "RUSTFLAGS=--cap-lints=warn" "-e" "RUSTDOCFLAGS=--cap-lints=warn" "-e" "CARGO_HOME=/opt/rustwide/cargo-home" "-e" "RUSTUP_HOME=/opt/rustwide/rustup-home" "-w" "/opt/rustwide/workdir" "-m" "1610612736" "--user" "0:0" "--network" "none" "ghcr.io/rust-lang/crates-build-env/linux@sha256:5ff2268d62e97bff2cde7d5815dd6ed5b47097566f13b8d0ca110b04b60e07ed" "/opt/rustwide/cargo-home/bin/cargo" "+beta-2023-04-20" "test" "--frozen" "--no-run" "--message-format=json", kill_on_drop: false }`
[INFO] [stdout] b57a2b44502a0dcc8fc1925e721e223265566874ec9dfcfe1d0c1081855c39c2
[INFO] running `Command { std: "docker" "start" "-a" "b57a2b44502a0dcc8fc1925e721e223265566874ec9dfcfe1d0c1081855c39c2", kill_on_drop: false }`
[INFO] [stderr]    Compiling typenum v1.15.0
[INFO] [stderr]    Compiling generic-array v0.14.5
[INFO] [stderr]    Compiling num-traits v0.2.14
[INFO] [stderr]    Compiling ryu v1.0.9
[INFO] [stderr]    Compiling event-listener v2.5.2
[INFO] [stderr]    Compiling num-integer v0.1.45
[INFO] [stderr]    Compiling subtle v2.4.1
[INFO] [stderr]    Compiling radium v0.5.3
[INFO] [stderr]    Compiling standback v0.2.17
[INFO] [stderr]    Compiling lexical-core v0.7.6
[INFO] [stderr]    Compiling serde v1.0.137
[INFO] [stderr]    Compiling serde_derive v1.0.137
[INFO] [stderr]    Compiling nom v6.1.2
[INFO] [stderr]    Compiling arrayvec v0.5.2
[INFO] [stderr]    Compiling static_assertions v1.1.0
[INFO] [stderr]    Compiling funty v1.1.0
[INFO] [stderr]    Compiling wyz v0.2.0
[INFO] [stderr]    Compiling async-task v4.2.0
[INFO] [stderr]    Compiling async-channel v1.6.1
[INFO] [stderr]    Compiling num-bigint v0.4.3
[INFO] [stderr]    Compiling matches v0.1.9
[INFO] [stderr]    Compiling bitvec v0.19.6
[INFO] [stderr]    Compiling cpuid-bool v0.2.0
[INFO] [stderr]    Compiling atomic-waker v1.0.0
[INFO] [stderr]    Compiling const_fn v0.4.9
[INFO] [stderr]    Compiling blocking v1.2.0
[INFO] [stderr]    Compiling cipher v0.2.5
[INFO] [stderr]    Compiling digest v0.9.0
[INFO] [stderr]    Compiling universal-hash v0.4.1
[INFO] [stderr]    Compiling aes-soft v0.6.4
[INFO] [stderr]    Compiling polyval v0.4.5
[INFO] [stderr]    Compiling crypto-mac v0.10.1
[INFO] [stderr]    Compiling tinyvec v1.6.0
[INFO] [stderr]    Compiling time-macros-impl v0.1.2
[INFO] [stderr]    Compiling getrandom v0.1.16
[INFO] [stderr]    Compiling time v0.2.27
[INFO] [stderr]    Compiling crossbeam-utils v0.8.8
[INFO] [stderr]    Compiling anyhow v1.0.57
[INFO] [stderr]    Compiling rand_core v0.5.1
[INFO] [stderr]    Compiling ghash v0.3.1
[INFO] [stderr]    Compiling hmac v0.10.1
[INFO] [stderr]    Compiling aes v0.6.0
[INFO] [stderr]    Compiling ctr v0.6.0
[INFO] [stderr]    Compiling aead v0.3.2
[INFO] [stderr]    Compiling block-buffer v0.9.0
[INFO] [stderr]    Compiling unicode-normalization v0.1.19
[INFO] [stderr]    Compiling time-macros v0.1.1
[INFO] [stderr]    Compiling form_urlencoded v1.0.1
[INFO] [stderr]    Compiling async-executor v1.4.1
[INFO] [stderr]    Compiling async-mutex v1.4.0
[INFO] [stderr]    Compiling num_cpus v1.13.1
[INFO] [stderr]    Compiling time v0.1.43
[INFO] [stderr]    Compiling cookie v0.14.4
[INFO] [stderr]    Compiling unicode-bidi v0.3.8
[INFO] [stderr]    Compiling httparse v1.7.1
[INFO] [stderr]    Compiling serde_json v1.0.80
[INFO] [stderr]    Compiling cpufeatures v0.2.2
[INFO] [stderr]    Compiling idna v0.2.3
[INFO] [stderr]    Compiling sha2 v0.9.9
[INFO] [stderr]    Compiling chrono v0.4.19
[INFO] [stderr]    Compiling async-global-executor v2.0.4
[INFO] [stderr]    Compiling aes-gcm v0.8.0
[INFO] [stderr]    Compiling hkdf v0.10.0
[INFO] [stderr]    Compiling rand_chacha v0.2.2
[INFO] [stderr]    Compiling rusticata-macros v3.2.0
[INFO] [stderr]    Compiling der-oid-macro v0.4.0
[INFO] [stderr]    Compiling webpki v0.21.4
[INFO] [stderr]    Compiling async-lock v2.5.0
[INFO] [stderr]    Compiling kv-log-macro v1.0.7
[INFO] [stderr]    Compiling pin-project-internal v1.0.10
[INFO] [stderr]    Compiling oid-registry v0.1.5
[INFO] [stderr]    Compiling http-types v2.12.0
[INFO] [stderr]    Compiling async-std v1.11.0
[INFO] [stderr]    Compiling der-parser v5.1.2
[INFO] [stderr]    Compiling rand v0.7.3
[INFO] [stderr]    Compiling sct v0.6.1
[INFO] [stderr]    Compiling simple-mutex v1.1.5
[INFO] [stderr]    Compiling regex-syntax v0.6.25
[INFO] [stderr]    Compiling infer v0.2.3
[INFO] [stderr]    Compiling async-dup v1.2.2
[INFO] [stderr]    Compiling rustls v0.19.1
[INFO] [stderr]    Compiling yasna v0.4.0
[INFO] [stderr]    Compiling pin-project v1.0.10
[INFO] [stderr]    Compiling pem v1.0.2
[INFO] [stderr]    Compiling data-encoding v2.3.2
[INFO] [stderr]    Compiling regex v1.5.5
[INFO] [stderr]    Compiling x509-parser v0.10.0
[INFO] [stderr]    Compiling rcgen v0.8.14
[INFO] [stderr]    Compiling pem v0.8.3
[INFO] [stderr]    Compiling webpki-roots v0.21.1
[INFO] [stderr]    Compiling atty v0.2.14
[INFO] [stderr]    Compiling num_threads v0.1.5
[INFO] [stderr]    Compiling colored v1.9.3
[INFO] [stderr]    Compiling url v2.2.2
[INFO] [stderr]    Compiling serde_urlencoded v0.7.1
[INFO] [stderr]    Compiling serde_qs v0.8.5
[INFO] [stderr]    Compiling async-rustls v0.2.0
[INFO] [stderr]    Compiling time v0.3.9
[INFO] [stderr]    Compiling async-ws v0.3.2
[INFO] [stderr]    Compiling async-http-codec v0.4.3
[INFO] [stderr]    Compiling async-net v1.6.1
[INFO] [stderr]    Compiling smol-timeout v0.6.0
[INFO] [stderr]    Compiling simple_logger v1.16.0
[INFO] [stderr]    Compiling async-h1 v2.3.3
[INFO] [stderr]    Compiling rustls-acme v0.2.0
[INFO] [stderr]    Compiling async-web-server v0.2.1
[INFO] [stderr]    Compiling async-ws v0.3.3 (/opt/rustwide/workdir)
[INFO] [stderr]     Finished test [unoptimized + debuginfo] target(s) in 57.29s
[INFO] [stderr] warning: the following packages contain code that will be rejected by a future version of Rust: nom v6.1.2
[INFO] [stderr] note: to see what the problems were, use the option `--future-incompat-report`, or run `cargo report future-incompatibilities --id 1`
[INFO] running `Command { std: "docker" "inspect" "b57a2b44502a0dcc8fc1925e721e223265566874ec9dfcfe1d0c1081855c39c2", kill_on_drop: false }`
[INFO] running `Command { std: "docker" "rm" "-f" "b57a2b44502a0dcc8fc1925e721e223265566874ec9dfcfe1d0c1081855c39c2", kill_on_drop: false }`
[INFO] [stdout] b57a2b44502a0dcc8fc1925e721e223265566874ec9dfcfe1d0c1081855c39c2
[INFO] running `Command { std: "docker" "create" "-v" "/var/lib/crater-agent-workspace/builds/worker-5-tc2/target:/opt/rustwide/target:rw,Z" "-v" "/var/lib/crater-agent-workspace/builds/worker-5-tc2/source:/opt/rustwide/workdir:ro,Z" "-v" "/var/lib/crater-agent-workspace/cargo-home:/opt/rustwide/cargo-home:ro,Z" "-v" "/var/lib/crater-agent-workspace/rustup-home:/opt/rustwide/rustup-home:ro,Z" "-e" "SOURCE_DIR=/opt/rustwide/workdir" "-e" "CARGO_TARGET_DIR=/opt/rustwide/target" "-e" "CARGO_INCREMENTAL=0" "-e" "RUST_BACKTRACE=full" "-e" "RUSTFLAGS=--cap-lints=warn" "-e" "RUSTDOCFLAGS=--cap-lints=warn" "-e" "CARGO_HOME=/opt/rustwide/cargo-home" "-e" "RUSTUP_HOME=/opt/rustwide/rustup-home" "-w" "/opt/rustwide/workdir" "-m" "1610612736" "--user" "0:0" "--network" "none" "ghcr.io/rust-lang/crates-build-env/linux@sha256:5ff2268d62e97bff2cde7d5815dd6ed5b47097566f13b8d0ca110b04b60e07ed" "/opt/rustwide/cargo-home/bin/cargo" "+beta-2023-04-20" "test" "--frozen", kill_on_drop: false }`
[INFO] [stdout] 51d11a9e8883992ab34a46ae52276d0f199d8b3a9924d538dddb17058aac56be
[INFO] running `Command { std: "docker" "start" "-a" "51d11a9e8883992ab34a46ae52276d0f199d8b3a9924d538dddb17058aac56be", kill_on_drop: false }`
[INFO] [stderr]     Blocking waiting for file lock on package cache
[INFO] [stderr]     Finished test [unoptimized + debuginfo] target(s) in 0.38s
[INFO] [stderr] warning: the following packages contain code that will be rejected by a future version of Rust: nom v6.1.2
[INFO] [stderr] note: to see what the problems were, use the option `--future-incompat-report`, or run `cargo report future-incompatibilities --id 1`
[INFO] [stderr]      Running unittests src/lib.rs (/opt/rustwide/target/debug/deps/async_ws-569aa472540a16d9)
[INFO] [stdout] 
[INFO] [stdout] running 1 test
[INFO] [stderr]      Running tests/timeout.rs (/opt/rustwide/target/debug/deps/timeout-5729e8508984f386)
[INFO] [stdout] test http::tests::challenge_response ... ok
[INFO] [stdout] 
[INFO] [stdout] test result: ok. 1 passed; 0 failed; 0 ignored; 0 measured; 0 filtered out; finished in 0.00s
[INFO] [stdout] 
[INFO] [stdout] 
[INFO] [stdout] running 3 tests
[INFO] [stdout] test idle_keepalive_failure ... ok
[INFO] [stdout] test idle_keepalive ... ok
[INFO] [stderr] error: test failed, to rerun pass `--test timeout`
[INFO] [stdout] test idle_keepalive_timing ... FAILED
[INFO] [stdout] 
[INFO] [stdout] failures:
[INFO] [stdout] 
[INFO] [stdout] ---- idle_keepalive_timing stdout ----
[INFO] [stdout] thread 'idle_keepalive_timing' panicked at 'assertion failed: completed', tests/timeout.rs:87:9
[INFO] [stdout] stack backtrace:
[INFO] [stdout]    0:     0x5620f7ed300a - std::backtrace_rs::backtrace::libunwind::trace::h2f05d0192276a8f6
[INFO] [stdout]                                at /rustc/1b7dd2252b99671ce5d1cb9664c5f8636329436d/library/std/src/../../backtrace/src/backtrace/libunwind.rs:93:5
[INFO] [stdout]    1:     0x5620f7ed300a - std::backtrace_rs::backtrace::trace_unsynchronized::hedc23dff7a1af150
[INFO] [stdout]                                at /rustc/1b7dd2252b99671ce5d1cb9664c5f8636329436d/library/std/src/../../backtrace/src/backtrace/mod.rs:66:5
[INFO] [stdout]    2:     0x5620f7ed300a - std::sys_common::backtrace::_print_fmt::h17541ef7592f3ce2
[INFO] [stdout]                                at /rustc/1b7dd2252b99671ce5d1cb9664c5f8636329436d/library/std/src/sys_common/backtrace.rs:65:5
[INFO] [stdout]    3:     0x5620f7ed300a - <std::sys_common::backtrace::_print::DisplayBacktrace as core::fmt::Display>::fmt::h20f75df5ab0c0792
[INFO] [stdout]                                at /rustc/1b7dd2252b99671ce5d1cb9664c5f8636329436d/library/std/src/sys_common/backtrace.rs:44:22
[INFO] [stdout]    4:     0x5620f7ef71bf - core::fmt::write::h78109e6f466b3af6
[INFO] [stdout]                                at /rustc/1b7dd2252b99671ce5d1cb9664c5f8636329436d/library/core/src/fmt/mod.rs:1254:17
[INFO] [stdout]    5:     0x5620f7ecff05 - std::io::Write::write_fmt::hd24bfb68a1b35a25
[INFO] [stdout]                                at /rustc/1b7dd2252b99671ce5d1cb9664c5f8636329436d/library/std/src/io/mod.rs:1698:15
[INFO] [stdout]    6:     0x5620f7ed2dd5 - std::sys_common::backtrace::_print::h8dac57a9f8fbf9a5
[INFO] [stdout]                                at /rustc/1b7dd2252b99671ce5d1cb9664c5f8636329436d/library/std/src/sys_common/backtrace.rs:47:5
[INFO] [stdout]    7:     0x5620f7ed2dd5 - std::sys_common::backtrace::print::hf9ecbf41d1aa712f
[INFO] [stdout]                                at /rustc/1b7dd2252b99671ce5d1cb9664c5f8636329436d/library/std/src/sys_common/backtrace.rs:34:9
[INFO] [stdout]    8:     0x5620f7ed4a8e - std::panicking::default_hook::{{closure}}::h04c07acfc84ca028
[INFO] [stdout]                                at /rustc/1b7dd2252b99671ce5d1cb9664c5f8636329436d/library/std/src/panicking.rs:269:22
[INFO] [stdout]    9:     0x5620f7ed47c1 - std::panicking::default_hook::h01f6bb23e1eceb2c
[INFO] [stdout]                                at /rustc/1b7dd2252b99671ce5d1cb9664c5f8636329436d/library/std/src/panicking.rs:285:9
[INFO] [stdout]   10:     0x5620f7e0bd9b - <alloc::boxed::Box<F,A> as core::ops::function::Fn<Args>>::call::h87fe9f7b2fd49e4c
[INFO] [stdout]                                at /rustc/1b7dd2252b99671ce5d1cb9664c5f8636329436d/library/alloc/src/boxed.rs:1987:9
[INFO] [stdout]   11:     0x5620f7e0bd9b - test::test_main::{{closure}}::he94d679243a7531b
[INFO] [stdout]                                at /rustc/1b7dd2252b99671ce5d1cb9664c5f8636329436d/library/test/src/lib.rs:134:21
[INFO] [stdout]   12:     0x5620f7ed5174 - <alloc::boxed::Box<F,A> as core::ops::function::Fn<Args>>::call::h3f2d6d8b14c4769f
[INFO] [stdout]                                at /rustc/1b7dd2252b99671ce5d1cb9664c5f8636329436d/library/alloc/src/boxed.rs:1987:9
[INFO] [stdout]   13:     0x5620f7ed5174 - std::panicking::rust_panic_with_hook::h2bb3722bbaf2f6df
[INFO] [stdout]                                at /rustc/1b7dd2252b99671ce5d1cb9664c5f8636329436d/library/std/src/panicking.rs:695:13
[INFO] [stdout]   14:     0x5620f7ed4ea2 - std::panicking::begin_panic_handler::{{closure}}::h91bc7f36a4be011b
[INFO] [stdout]                                at /rustc/1b7dd2252b99671ce5d1cb9664c5f8636329436d/library/std/src/panicking.rs:580:13
[INFO] [stdout]   15:     0x5620f7ed3476 - std::sys_common::backtrace::__rust_end_short_backtrace::h8b3d3717114f9e59
[INFO] [stdout]                                at /rustc/1b7dd2252b99671ce5d1cb9664c5f8636329436d/library/std/src/sys_common/backtrace.rs:150:18
[INFO] [stdout]   16:     0x5620f7ed4c42 - rust_begin_unwind
[INFO] [stdout]                                at /rustc/1b7dd2252b99671ce5d1cb9664c5f8636329436d/library/std/src/panicking.rs:578:5
[INFO] [stdout]   17:     0x5620f7dc3ff3 - core::panicking::panic_fmt::hfd368e3fbdabea26
[INFO] [stdout]                                at /rustc/1b7dd2252b99671ce5d1cb9664c5f8636329436d/library/core/src/panicking.rs:67:14
[INFO] [stdout]   18:     0x5620f7dc408d - core::panicking::panic::h3f9042d09bd0bf2e
[INFO] [stdout]                                at /rustc/1b7dd2252b99671ce5d1cb9664c5f8636329436d/library/core/src/panicking.rs:117:5
[INFO] [stdout]   19:     0x5620f7dd0574 - timeout::idle_keepalive_timing::{{closure}}::h8126739a0fcd0924
[INFO] [stdout]                                at /opt/rustwide/workdir/tests/timeout.rs:87:9
[INFO] [stdout]   20:     0x5620f7dcbcb9 - futures_executor::local_pool::block_on::{{closure}}::hb1741b8f953a15e4
[INFO] [stdout]                                at /opt/rustwide/cargo-home/registry/src/index.crates.io-6f17d22bba15001f/futures-executor-0.3.21/src/local_pool.rs:315:23
[INFO] [stdout]   21:     0x5620f7dcb724 - futures_executor::local_pool::run_executor::{{closure}}::ha788b76f765cbdae
[INFO] [stdout]                                at /opt/rustwide/cargo-home/registry/src/index.crates.io-6f17d22bba15001f/futures-executor-0.3.21/src/local_pool.rs:90:37
[INFO] [stdout]   22:     0x5620f7dd4c01 - std::thread::local::LocalKey<T>::try_with::hc43f6e5332605f5b
[INFO] [stdout]                                at /rustc/1b7dd2252b99671ce5d1cb9664c5f8636329436d/library/std/src/thread/local.rs:252:16
[INFO] [stdout]   23:     0x5620f7dd4ac3 - std::thread::local::LocalKey<T>::with::hf9ca435073bc493e
[INFO] [stdout]                                at /rustc/1b7dd2252b99671ce5d1cb9664c5f8636329436d/library/std/src/thread/local.rs:228:9
[INFO] [stdout]   24:     0x5620f7dcb4f7 - futures_executor::local_pool::run_executor::h11c7fb05cb49eeee
[INFO] [stdout]                                at /opt/rustwide/cargo-home/registry/src/index.crates.io-6f17d22bba15001f/futures-executor-0.3.21/src/local_pool.rs:86:5
[INFO] [stdout]   25:     0x5620f7dcba2c - futures_executor::local_pool::block_on::h756d64a142a206f7
[INFO] [stdout]                                at /opt/rustwide/cargo-home/registry/src/index.crates.io-6f17d22bba15001f/futures-executor-0.3.21/src/local_pool.rs:315:5
[INFO] [stdout]   26:     0x5620f7dd00f6 - timeout::idle_keepalive_timing::hc48aa455b6ef4240
[INFO] [stdout]                                at /opt/rustwide/workdir/tests/timeout.rs:47:5
[INFO] [stdout]   27:     0x5620f7dd00c7 - timeout::idle_keepalive_timing::{{closure}}::hb7533318a4707fda
[INFO] [stdout]                                at /opt/rustwide/workdir/tests/timeout.rs:46:28
[INFO] [stdout]   28:     0x5620f7dc61b5 - core::ops::function::FnOnce::call_once::hd83052fafa3c702f
[INFO] [stdout]                                at /rustc/1b7dd2252b99671ce5d1cb9664c5f8636329436d/library/core/src/ops/function.rs:250:5
[INFO] [stdout]   29:     0x5620f7e10c6f - core::ops::function::FnOnce::call_once::ha6a70e79f7481a7e
[INFO] [stdout]                                at /rustc/1b7dd2252b99671ce5d1cb9664c5f8636329436d/library/core/src/ops/function.rs:250:5
[INFO] [stdout]   30:     0x5620f7e10c6f - test::__rust_begin_short_backtrace::hce33033019b61e69
[INFO] [stdout]                                at /rustc/1b7dd2252b99671ce5d1cb9664c5f8636329436d/library/test/src/lib.rs:655:18
[INFO] [stdout]   31:     0x5620f7dde45c - test::run_test::{{closure}}::h858d3528838ae3e5
[INFO] [stdout]                                at /rustc/1b7dd2252b99671ce5d1cb9664c5f8636329436d/library/test/src/lib.rs:646:30
[INFO] [stdout]   32:     0x5620f7dde45c - core::ops::function::FnOnce::call_once{{vtable.shim}}::he8ac2b00f01ae79e
[INFO] [stdout]                                at /rustc/1b7dd2252b99671ce5d1cb9664c5f8636329436d/library/core/src/ops/function.rs:250:5
[INFO] [stdout]   33:     0x5620f7e0fd46 - <alloc::boxed::Box<F,A> as core::ops::function::FnOnce<Args>>::call_once::h8093d25b522725ef
[INFO] [stdout]                                at /rustc/1b7dd2252b99671ce5d1cb9664c5f8636329436d/library/alloc/src/boxed.rs:1973:9
[INFO] [stdout]   34:     0x5620f7e0fd46 - <core::panic::unwind_safe::AssertUnwindSafe<F> as core::ops::function::FnOnce<()>>::call_once::h5c334c204e4a3913
[INFO] [stdout]                                at /rustc/1b7dd2252b99671ce5d1cb9664c5f8636329436d/library/core/src/panic/unwind_safe.rs:271:9
[INFO] [stdout]   35:     0x5620f7e0fd46 - std::panicking::try::do_call::ha8b740c7b9478074
[INFO] [stdout]                                at /rustc/1b7dd2252b99671ce5d1cb9664c5f8636329436d/library/std/src/panicking.rs:485:40
[INFO] [stdout]   36:     0x5620f7e0fd46 - std::panicking::try::h5d34f63d0e41b64e
[INFO] [stdout]                                at /rustc/1b7dd2252b99671ce5d1cb9664c5f8636329436d/library/std/src/panicking.rs:449:19
[INFO] [stdout]   37:     0x5620f7e0fd46 - std::panic::catch_unwind::hcfbb511e1aa7fc67
[INFO] [stdout]                                at /rustc/1b7dd2252b99671ce5d1cb9664c5f8636329436d/library/std/src/panic.rs:140:14
[INFO] [stdout]   38:     0x5620f7e0fd46 - test::run_test_in_process::h9abda90f802eaf21
[INFO] [stdout]                                at /rustc/1b7dd2252b99671ce5d1cb9664c5f8636329436d/library/test/src/lib.rs:678:27
[INFO] [stdout]   39:     0x5620f7e0fd46 - test::run_test::run_test_inner::{{closure}}::h0f058de91f6c6edf
[INFO] [stdout]                                at /rustc/1b7dd2252b99671ce5d1cb9664c5f8636329436d/library/test/src/lib.rs:572:39
[INFO] [stdout]   40:     0x5620f7dd8c65 - test::run_test::run_test_inner::{{closure}}::h5ca48a4c59c6c1fb
[INFO] [stdout]                                at /rustc/1b7dd2252b99671ce5d1cb9664c5f8636329436d/library/test/src/lib.rs:599:37
[INFO] [stdout]   41:     0x5620f7dd8c65 - std::sys_common::backtrace::__rust_begin_short_backtrace::h32bd51e1495d4a33
[INFO] [stdout]                                at /rustc/1b7dd2252b99671ce5d1cb9664c5f8636329436d/library/std/src/sys_common/backtrace.rs:134:18
[INFO] [stdout]   42:     0x5620f7dde1a1 - std::thread::Builder::spawn_unchecked_::{{closure}}::{{closure}}::hc086fae9b128b2db
[INFO] [stdout]                                at /rustc/1b7dd2252b99671ce5d1cb9664c5f8636329436d/library/std/src/thread/mod.rs:526:17
[INFO] [stdout]   43:     0x5620f7dde1a1 - <core::panic::unwind_safe::AssertUnwindSafe<F> as core::ops::function::FnOnce<()>>::call_once::hb66571888d270d43
[INFO] [stdout]                                at /rustc/1b7dd2252b99671ce5d1cb9664c5f8636329436d/library/core/src/panic/unwind_safe.rs:271:9
[INFO] [stdout]   44:     0x5620f7dde1a1 - std::panicking::try::do_call::h4fa2ef4f6e51fecf
[INFO] [stdout]                                at /rustc/1b7dd2252b99671ce5d1cb9664c5f8636329436d/library/std/src/panicking.rs:485:40
[INFO] [stdout]   45:     0x5620f7dde1a1 - std::panicking::try::h1e9e22b8584489b5
[INFO] [stdout]                                at /rustc/1b7dd2252b99671ce5d1cb9664c5f8636329436d/library/std/src/panicking.rs:449:19
[INFO] [stdout]   46:     0x5620f7dde1a1 - std::panic::catch_unwind::h44698a3de0e0769e
[INFO] [stdout]                                at /rustc/1b7dd2252b99671ce5d1cb9664c5f8636329436d/library/std/src/panic.rs:140:14
[INFO] [stdout]   47:     0x5620f7dde1a1 - std::thread::Builder::spawn_unchecked_::{{closure}}::h50153abde3fe239e
[INFO] [stdout]                                at /rustc/1b7dd2252b99671ce5d1cb9664c5f8636329436d/library/std/src/thread/mod.rs:525:30
[INFO] [stdout]   48:     0x5620f7dde1a1 - core::ops::function::FnOnce::call_once{{vtable.shim}}::hbe5bbf6f38394364
[INFO] [stdout]                                at /rustc/1b7dd2252b99671ce5d1cb9664c5f8636329436d/library/core/src/ops/function.rs:250:5
[INFO] [stdout]   49:     0x5620f7ed9675 - <alloc::boxed::Box<F,A> as core::ops::function::FnOnce<Args>>::call_once::h0d83cb2920a49046
[INFO] [stdout]                                at /rustc/1b7dd2252b99671ce5d1cb9664c5f8636329436d/library/alloc/src/boxed.rs:1973:9
[INFO] [stdout]   50:     0x5620f7ed9675 - <alloc::boxed::Box<F,A> as core::ops::function::FnOnce<Args>>::call_once::hbe0a008aa7d9ef59
[INFO] [stdout]                                at /rustc/1b7dd2252b99671ce5d1cb9664c5f8636329436d/library/alloc/src/boxed.rs:1973:9
[INFO] [stdout]   51:     0x5620f7ed9675 - std::sys::unix::thread::Thread::new::thread_start::h3a466996bdf6b1f9
[INFO] [stdout]                                at /rustc/1b7dd2252b99671ce5d1cb9664c5f8636329436d/library/std/src/sys/unix/thread.rs:108:17
[INFO] [stdout]   52:     0x7f7e4f4a3b43 - <unknown>
[INFO] [stdout]   53:     0x7f7e4f534bb4 - __clone
[INFO] [stdout]   54:                0x0 - <unknown>
[INFO] [stdout] 
[INFO] [stdout] 
[INFO] [stdout] failures:
[INFO] [stdout]     idle_keepalive_timing
[INFO] [stdout] 
[INFO] [stdout] test result: FAILED. 2 passed; 1 failed; 0 ignored; 0 measured; 0 filtered out; finished in 0.06s
[INFO] [stdout] 
[INFO] running `Command { std: "docker" "inspect" "51d11a9e8883992ab34a46ae52276d0f199d8b3a9924d538dddb17058aac56be", kill_on_drop: false }`
[INFO] running `Command { std: "docker" "rm" "-f" "51d11a9e8883992ab34a46ae52276d0f199d8b3a9924d538dddb17058aac56be", kill_on_drop: false }`
[INFO] [stdout] 51d11a9e8883992ab34a46ae52276d0f199d8b3a9924d538dddb17058aac56be
