[INFO] fetching crate async-winit 0.1.1...
[INFO] testing async-winit-0.1.1 against 1.69.0 for beta-1.70-1
[INFO] extracting crate async-winit 0.1.1 into /workspace/builds/worker-7-tc1/source
[INFO] validating manifest of crates.io crate async-winit 0.1.1 on toolchain 1.69.0
[INFO] running `Command { std: CARGO_HOME="/workspace/cargo-home" RUSTUP_HOME="/workspace/rustup-home" "/workspace/cargo-home/bin/cargo" "+1.69.0" "metadata" "--manifest-path" "Cargo.toml" "--no-deps", kill_on_drop: false }`
[INFO] started tweaking crates.io crate async-winit 0.1.1
[INFO] finished tweaking crates.io crate async-winit 0.1.1
[INFO] tweaked toml for crates.io crate async-winit 0.1.1 written to /workspace/builds/worker-7-tc1/source/Cargo.toml
[INFO] crate crates.io crate async-winit 0.1.1 already has a lockfile, it will not be regenerated
[INFO] running `Command { std: CARGO_HOME="/workspace/cargo-home" RUSTUP_HOME="/workspace/rustup-home" "/workspace/cargo-home/bin/cargo" "+1.69.0" "fetch" "--manifest-path" "Cargo.toml", kill_on_drop: false }`
[INFO] [stderr]  Downloading crates ...
[INFO] [stderr]   Downloaded wayland-sys v0.30.1
[INFO] [stderr]   Downloaded cocoa-foundation v0.1.1
[INFO] [stderr]   Downloaded async-broadcast v0.5.1
[INFO] [stderr]   Downloaded cocoa v0.24.1
[INFO] [stderr]   Downloaded softbuffer v0.2.0
[INFO] [stderr]   Downloaded winnow v0.4.1
[INFO] [stderr]   Downloaded x11rb v0.11.1
[INFO] [stderr]   Downloaded syn v2.0.14
[INFO] [stderr]   Downloaded nix v0.26.2
[INFO] [stderr]   Downloaded x11rb-protocol v0.11.1
[INFO] [stderr]   Downloaded orbclient v0.3.44
[INFO] [stderr]   Downloaded libc v0.2.141
[INFO] running `Command { std: "docker" "create" "-v" "/var/lib/crater-agent-workspace/builds/worker-7-tc1/target:/opt/rustwide/target:rw,Z" "-v" "/var/lib/crater-agent-workspace/builds/worker-7-tc1/source:/opt/rustwide/workdir:ro,Z" "-v" "/var/lib/crater-agent-workspace/cargo-home:/opt/rustwide/cargo-home:ro,Z" "-v" "/var/lib/crater-agent-workspace/rustup-home:/opt/rustwide/rustup-home:ro,Z" "-e" "SOURCE_DIR=/opt/rustwide/workdir" "-e" "CARGO_TARGET_DIR=/opt/rustwide/target" "-e" "CARGO_HOME=/opt/rustwide/cargo-home" "-e" "RUSTUP_HOME=/opt/rustwide/rustup-home" "-w" "/opt/rustwide/workdir" "-m" "1610612736" "--user" "0:0" "--network" "none" "ghcr.io/rust-lang/crates-build-env/linux@sha256:5ff2268d62e97bff2cde7d5815dd6ed5b47097566f13b8d0ca110b04b60e07ed" "/opt/rustwide/cargo-home/bin/cargo" "+1.69.0" "metadata" "--no-deps" "--format-version=1", kill_on_drop: false }`
[INFO] [stdout] 0f6ad7bd8c5a7e68ae7f29a09ee45fe544c74bae3d4ab112c5d08a7749cf9bcf
[INFO] running `Command { std: "docker" "start" "-a" "0f6ad7bd8c5a7e68ae7f29a09ee45fe544c74bae3d4ab112c5d08a7749cf9bcf", kill_on_drop: false }`
[INFO] running `Command { std: "docker" "inspect" "0f6ad7bd8c5a7e68ae7f29a09ee45fe544c74bae3d4ab112c5d08a7749cf9bcf", kill_on_drop: false }`
[INFO] running `Command { std: "docker" "rm" "-f" "0f6ad7bd8c5a7e68ae7f29a09ee45fe544c74bae3d4ab112c5d08a7749cf9bcf", kill_on_drop: false }`
[INFO] [stdout] 0f6ad7bd8c5a7e68ae7f29a09ee45fe544c74bae3d4ab112c5d08a7749cf9bcf
[INFO] running `Command { std: "docker" "create" "-v" "/var/lib/crater-agent-workspace/builds/worker-7-tc1/target:/opt/rustwide/target:rw,Z" "-v" "/var/lib/crater-agent-workspace/builds/worker-7-tc1/source:/opt/rustwide/workdir:ro,Z" "-v" "/var/lib/crater-agent-workspace/cargo-home:/opt/rustwide/cargo-home:ro,Z" "-v" "/var/lib/crater-agent-workspace/rustup-home:/opt/rustwide/rustup-home:ro,Z" "-e" "SOURCE_DIR=/opt/rustwide/workdir" "-e" "CARGO_TARGET_DIR=/opt/rustwide/target" "-e" "CARGO_INCREMENTAL=0" "-e" "RUST_BACKTRACE=full" "-e" "RUSTFLAGS=--cap-lints=warn" "-e" "RUSTDOCFLAGS=--cap-lints=warn" "-e" "CARGO_HOME=/opt/rustwide/cargo-home" "-e" "RUSTUP_HOME=/opt/rustwide/rustup-home" "-w" "/opt/rustwide/workdir" "-m" "1610612736" "--user" "0:0" "--network" "none" "ghcr.io/rust-lang/crates-build-env/linux@sha256:5ff2268d62e97bff2cde7d5815dd6ed5b47097566f13b8d0ca110b04b60e07ed" "/opt/rustwide/cargo-home/bin/cargo" "+1.69.0" "build" "--frozen" "--message-format=json", kill_on_drop: false }`
[INFO] [stdout] 59e2e3012ae226357e719e962c9a26b8ab47f7ed25b57f30a7ecb7fa78033f3d
[INFO] running `Command { std: "docker" "start" "-a" "59e2e3012ae226357e719e962c9a26b8ab47f7ed25b57f30a7ecb7fa78033f3d", kill_on_drop: false }`
[INFO] [stderr]    Compiling pkg-config v0.3.26
[INFO] [stderr]    Compiling libc v0.2.141
[INFO] [stderr]    Compiling xml-rs v0.8.4
[INFO] [stderr]    Compiling memchr v2.5.0
[INFO] [stderr]    Compiling minimal-lexical v0.2.1
[INFO] [stderr]    Compiling memoffset v0.6.5
[INFO] [stderr]    Compiling libloading v0.7.4
[INFO] [stderr]    Compiling slotmap v1.0.6
[INFO] [stderr]    Compiling scoped-tls v1.0.1
[INFO] [stderr]    Compiling crossbeam-utils v0.8.15
[INFO] [stderr]    Compiling event-listener v2.5.3
[INFO] [stderr]    Compiling cfg_aliases v0.1.1
[INFO] [stderr]    Compiling syn v2.0.14
[INFO] [stderr]    Compiling vec_map v0.8.2
[INFO] [stderr]    Compiling instant v0.1.12
[INFO] [stderr]    Compiling percent-encoding v2.2.0
[INFO] [stderr]    Compiling raw-window-handle v0.5.2
[INFO] [stderr]    Compiling futures-lite v1.13.0
[INFO] [stderr]    Compiling async-lock v2.7.0
[INFO] [stderr]    Compiling dlib v0.5.0
[INFO] [stderr]    Compiling async-broadcast v0.5.1
[INFO] [stderr]    Compiling parking v2.1.0
[INFO] [stderr]    Compiling wayland-scanner v0.29.5
[INFO] [stderr]    Compiling wayland-sys v0.29.5
[INFO] [stderr]    Compiling x11-dl v2.21.0
[INFO] [stderr]    Compiling smithay-client-toolkit v0.16.0
[INFO] [stderr]    Compiling concurrent-queue v2.2.0
[INFO] [stderr]    Compiling async-channel v1.8.0
[INFO] [stderr]    Compiling nom v7.1.3
[INFO] [stderr]    Compiling wayland-client v0.29.5
[INFO] [stderr]    Compiling wayland-protocols v0.29.5
[INFO] [stderr]    Compiling winit v0.28.3
[INFO] [stderr]    Compiling nix v0.24.3
[INFO] [stderr]    Compiling nix v0.25.1
[INFO] [stderr]    Compiling memmap2 v0.5.10
[INFO] [stderr]    Compiling mio v0.8.6
[INFO] [stderr]    Compiling thiserror-impl v1.0.40
[INFO] [stderr]    Compiling xcursor v0.3.4
[INFO] [stderr]    Compiling thiserror v1.0.40
[INFO] [stderr]    Compiling calloop v0.10.5
[INFO] [stderr]    Compiling wayland-commons v0.29.5
[INFO] [stderr]    Compiling wayland-cursor v0.29.5
[INFO] [stderr]    Compiling async-winit v0.1.1 (/opt/rustwide/workdir)
[INFO] [stderr]     Finished dev [unoptimized + debuginfo] target(s) in 50.91s
[INFO] running `Command { std: "docker" "inspect" "59e2e3012ae226357e719e962c9a26b8ab47f7ed25b57f30a7ecb7fa78033f3d", kill_on_drop: false }`
[INFO] running `Command { std: "docker" "rm" "-f" "59e2e3012ae226357e719e962c9a26b8ab47f7ed25b57f30a7ecb7fa78033f3d", kill_on_drop: false }`
[INFO] [stdout] 59e2e3012ae226357e719e962c9a26b8ab47f7ed25b57f30a7ecb7fa78033f3d
[INFO] running `Command { std: "docker" "create" "-v" "/var/lib/crater-agent-workspace/builds/worker-7-tc1/target:/opt/rustwide/target:rw,Z" "-v" "/var/lib/crater-agent-workspace/builds/worker-7-tc1/source:/opt/rustwide/workdir:ro,Z" "-v" "/var/lib/crater-agent-workspace/cargo-home:/opt/rustwide/cargo-home:ro,Z" "-v" "/var/lib/crater-agent-workspace/rustup-home:/opt/rustwide/rustup-home:ro,Z" "-e" "SOURCE_DIR=/opt/rustwide/workdir" "-e" "CARGO_TARGET_DIR=/opt/rustwide/target" "-e" "CARGO_INCREMENTAL=0" "-e" "RUST_BACKTRACE=full" "-e" "RUSTFLAGS=--cap-lints=warn" "-e" "RUSTDOCFLAGS=--cap-lints=warn" "-e" "CARGO_HOME=/opt/rustwide/cargo-home" "-e" "RUSTUP_HOME=/opt/rustwide/rustup-home" "-w" "/opt/rustwide/workdir" "-m" "1610612736" "--user" "0:0" "--network" "none" "ghcr.io/rust-lang/crates-build-env/linux@sha256:5ff2268d62e97bff2cde7d5815dd6ed5b47097566f13b8d0ca110b04b60e07ed" "/opt/rustwide/cargo-home/bin/cargo" "+1.69.0" "test" "--frozen" "--no-run" "--message-format=json", kill_on_drop: false }`
[INFO] [stdout] 1d2ace818b370a2a7e05be856a0efde79e533acc531464c769014535479d638f
[INFO] running `Command { std: "docker" "start" "-a" "1d2ace818b370a2a7e05be856a0efde79e533acc531464c769014535479d638f", kill_on_drop: false }`
[INFO] [stderr]    Compiling memoffset v0.7.1
[INFO] [stderr]    Compiling wayland-sys v0.30.1
[INFO] [stderr]    Compiling nom v7.1.3
[INFO] [stderr]    Compiling gethostname v0.2.3
[INFO] [stderr]    Compiling nix v0.25.1
[INFO] [stderr]    Compiling softbuffer v0.2.0
[INFO] [stderr]    Compiling static_assertions v1.1.0
[INFO] [stderr]    Compiling waker-fn v1.1.0
[INFO] [stderr]    Compiling futures-io v0.3.28
[INFO] [stderr]    Compiling fastrand v1.9.0
[INFO] [stderr]    Compiling futures-lite v1.13.0
[INFO] [stderr]    Compiling nix v0.26.2
[INFO] [stderr]    Compiling xcursor v0.3.4
[INFO] [stderr]    Compiling calloop v0.10.5
[INFO] [stderr]    Compiling x11rb-protocol v0.11.1
[INFO] [stderr]    Compiling wayland-cursor v0.29.5
[INFO] [stderr]    Compiling smithay-client-toolkit v0.16.0
[INFO] [stderr]    Compiling winit v0.28.3
[INFO] [stderr]    Compiling async-winit v0.1.1 (/opt/rustwide/workdir)
[INFO] [stderr]    Compiling x11rb v0.11.1
[INFO] [stderr]     Finished test [unoptimized + debuginfo] target(s) in 24.68s
[INFO] running `Command { std: "docker" "inspect" "1d2ace818b370a2a7e05be856a0efde79e533acc531464c769014535479d638f", kill_on_drop: false }`
[INFO] running `Command { std: "docker" "rm" "-f" "1d2ace818b370a2a7e05be856a0efde79e533acc531464c769014535479d638f", kill_on_drop: false }`
[INFO] [stdout] 1d2ace818b370a2a7e05be856a0efde79e533acc531464c769014535479d638f
[INFO] running `Command { std: "docker" "create" "-v" "/var/lib/crater-agent-workspace/builds/worker-7-tc1/target:/opt/rustwide/target:rw,Z" "-v" "/var/lib/crater-agent-workspace/builds/worker-7-tc1/source:/opt/rustwide/workdir:ro,Z" "-v" "/var/lib/crater-agent-workspace/cargo-home:/opt/rustwide/cargo-home:ro,Z" "-v" "/var/lib/crater-agent-workspace/rustup-home:/opt/rustwide/rustup-home:ro,Z" "-e" "SOURCE_DIR=/opt/rustwide/workdir" "-e" "CARGO_TARGET_DIR=/opt/rustwide/target" "-e" "CARGO_INCREMENTAL=0" "-e" "RUST_BACKTRACE=full" "-e" "RUSTFLAGS=--cap-lints=warn" "-e" "RUSTDOCFLAGS=--cap-lints=warn" "-e" "CARGO_HOME=/opt/rustwide/cargo-home" "-e" "RUSTUP_HOME=/opt/rustwide/rustup-home" "-w" "/opt/rustwide/workdir" "-m" "1610612736" "--user" "0:0" "--network" "none" "ghcr.io/rust-lang/crates-build-env/linux@sha256:5ff2268d62e97bff2cde7d5815dd6ed5b47097566f13b8d0ca110b04b60e07ed" "/opt/rustwide/cargo-home/bin/cargo" "+1.69.0" "test" "--frozen", kill_on_drop: false }`
[INFO] [stdout] 1ee7a3f4fb2fe2c7433d91c8c2cad0ceea3416d5f3716b6fdca2ad75379f7f6b
[INFO] running `Command { std: "docker" "start" "-a" "1ee7a3f4fb2fe2c7433d91c8c2cad0ceea3416d5f3716b6fdca2ad75379f7f6b", kill_on_drop: false }`
[INFO] [stderr]     Finished test [unoptimized + debuginfo] target(s) in 0.15s
[INFO] [stderr]      Running unittests src/lib.rs (/opt/rustwide/target/debug/deps/async_winit-eced830724883372)
[INFO] [stdout] 
[INFO] [stdout] running 0 tests
[INFO] [stdout] 
[INFO] [stdout] test result: ok. 0 passed; 0 failed; 0 ignored; 0 measured; 0 filtered out; finished in 0.00s
[INFO] [stdout] 
[INFO] [stderr]    Doc-tests async-winit
[INFO] [stdout] 
[INFO] [stdout] running 4 tests
[INFO] [stdout] test src/platform/x11.rs - platform::x11::WindowBuilderExtX11::with_base_size (line 147) - compile ... ok
[INFO] [stdout] test src/event_loop.rs - event_loop (line 30) - compile ... FAILED
[INFO] [stdout] test src/lib.rs - (line 79) ... FAILED
[INFO] [stdout] test src/lib.rs - (line 32) ... ok
[INFO] [stdout] 
[INFO] [stdout] failures:
[INFO] [stdout] 
[INFO] [stdout] ---- src/event_loop.rs - event_loop (line 30) stdout ----
[INFO] [stdout] error[E0271]: expected `[async block@src/event_loop.rs:10:27: 13:2]` to be a future that resolves to `Infallible`, but it resolves to `()`
[INFO] [stdout]    --> src/event_loop.rs:37:27
[INFO] [stdout]     |
[INFO] [stdout] 10  |   EventLoop::new().block_on(async move {
[INFO] [stdout]     |  __________________--------_^
[INFO] [stdout]     | |                  |
[INFO] [stdout]     | |                  required by a bound introduced by this call
[INFO] [stdout] 11  | |     // Wait for a message from the channel.
[INFO] [stdout] 12  | |     let message = receiver.recv().await.unwrap();
[INFO] [stdout] 13  | | });
[INFO] [stdout]     | |_^ expected `Infallible`, found `()`
[INFO] [stdout]     |
[INFO] [stdout] note: required by a bound in `EventLoop::block_on`
[INFO] [stdout]    --> /opt/rustwide/workdir/src/event_loop.rs:312:47
[INFO] [stdout]     |
[INFO] [stdout] 312 |     pub fn block_on(self, future: impl Future<Output = Infallible> + 'static) -> ! {
[INFO] [stdout]     |                                               ^^^^^^^^^^^^^^^^^^^ required by this bound in `EventLoop::block_on`
[INFO] [stdout] 
[INFO] [stdout] error: aborting due to previous error
[INFO] [stdout] 
[INFO] [stdout] For more information about this error, try `rustc --explain E0271`.
[INFO] [stdout] Couldn't compile the test.
[INFO] [stdout] ---- src/lib.rs - (line 79) stdout ----
[INFO] [stdout] error[E0425]: cannot find value `clos` in this scope
[INFO] [stdout]   --> src/lib.rs:117:44
[INFO] [stdout]    |
[INFO] [stdout] 40 |             let needs_exit = print_size.or(clos).or(suspend).await;
[INFO] [stdout]    |                                            ^^^^ help: a local variable with a similar name exists: `close`
[INFO] [stdout] 
[INFO] [stdout] error[E0599]: no method named `resume` found for struct `EventLoop` in the current scope
[INFO] [stdout]   --> src/lib.rs:90:17
[INFO] [stdout]    |
[INFO] [stdout] 13 |             evl.resume().await;
[INFO] [stdout]    |                 ^^^^^^ help: there is a method with a similar name: `resumed`
[INFO] [stdout] 
[INFO] [stdout] error[E0061]: this function takes 0 arguments but 1 argument was supplied
[INFO] [stdout]    --> src/lib.rs:93:26
[INFO] [stdout]     |
[INFO] [stdout] 16  |             let window = Window::new(&window_target).await.unwrap();
[INFO] [stdout]     |                          ^^^^^^^^^^^ --------------
[INFO] [stdout]     |                                      |
[INFO] [stdout]     |                                      unexpected argument of type `&EventLoopWindowTarget`
[INFO] [stdout]     |                                      help: remove the extra argument
[INFO] [stdout]     |
[INFO] [stdout] note: associated function defined here
[INFO] [stdout]    --> /opt/rustwide/workdir/src/window.rs:466:18
[INFO] [stdout]     |
[INFO] [stdout] 466 |     pub async fn new() -> Result<Window, OsError> {
[INFO] [stdout]     |                  ^^^
[INFO] [stdout] 
[INFO] [stdout] error[E0308]: mismatched types
[INFO] [stdout]   --> src/lib.rs:120:16
[INFO] [stdout]    |
[INFO] [stdout] 28 |               let close = async {
[INFO] [stdout]    |  _________________________-
[INFO] [stdout] 29 | |                 window.close_requested().wait_once().await;
[INFO] [stdout] 30 | |                 true
[INFO] [stdout] 31 | |             };
[INFO] [stdout]    | |_____________- the found `async` block
[INFO] [stdout] ...
[INFO] [stdout] 43 |               if close {
[INFO] [stdout]    |                  ^^^^^ expected `bool`, found `async` block
[INFO] [stdout]    |
[INFO] [stdout]    = note:       expected type `bool`
[INFO] [stdout]            found `async` block `[async block@src/lib.rs:28:25: 31:14]`
[INFO] [stdout] 
[INFO] [stdout] error: aborting due to 4 previous errors
[INFO] [stdout] 
[INFO] [stdout] Some errors have detailed explanations: E0061, E0308, E0425, E0599.
[INFO] [stdout] For more information about an error, try `rustc --explain E0061`.
[INFO] [stdout] Couldn't compile the test.
[INFO] [stdout] 
[INFO] [stdout] failures:
[INFO] [stdout]     src/event_loop.rs - event_loop (line 30)
[INFO] [stdout]     src/lib.rs - (line 79)
[INFO] [stdout] 
[INFO] [stdout] test result: FAILED. 2 passed; 2 failed; 0 ignored; 0 measured; 0 filtered out; finished in 0.35s
[INFO] [stdout] 
[INFO] [stderr] error: doctest failed, to rerun pass `--doc`
[INFO] running `Command { std: "docker" "inspect" "1ee7a3f4fb2fe2c7433d91c8c2cad0ceea3416d5f3716b6fdca2ad75379f7f6b", kill_on_drop: false }`
[INFO] running `Command { std: "docker" "rm" "-f" "1ee7a3f4fb2fe2c7433d91c8c2cad0ceea3416d5f3716b6fdca2ad75379f7f6b", kill_on_drop: false }`
[INFO] [stdout] 1ee7a3f4fb2fe2c7433d91c8c2cad0ceea3416d5f3716b6fdca2ad75379f7f6b
