[INFO] fetching crate async-proto-derive 0.16.6...
[INFO] testing async-proto-derive-0.16.6 against 1.69.0 for beta-1.70-1
[INFO] extracting crate async-proto-derive 0.16.6 into /workspace/builds/worker-3-tc1/source
[INFO] validating manifest of crates.io crate async-proto-derive 0.16.6 on toolchain 1.69.0
[INFO] running `Command { std: CARGO_HOME="/workspace/cargo-home" RUSTUP_HOME="/workspace/rustup-home" "/workspace/cargo-home/bin/cargo" "+1.69.0" "metadata" "--manifest-path" "Cargo.toml" "--no-deps", kill_on_drop: false }`
[INFO] started tweaking crates.io crate async-proto-derive 0.16.6
[INFO] finished tweaking crates.io crate async-proto-derive 0.16.6
[INFO] tweaked toml for crates.io crate async-proto-derive 0.16.6 written to /workspace/builds/worker-3-tc1/source/Cargo.toml
[INFO] running `Command { std: CARGO_HOME="/workspace/cargo-home" RUSTUP_HOME="/workspace/rustup-home" __CARGO_TEST_CHANNEL_OVERRIDE_DO_NOT_USE_THIS="nightly" "/workspace/cargo-home/bin/cargo" "+1.69.0" "generate-lockfile" "--manifest-path" "Cargo.toml" "-Zno-index-update", kill_on_drop: false }`
[INFO] running `Command { std: CARGO_HOME="/workspace/cargo-home" RUSTUP_HOME="/workspace/rustup-home" "/workspace/cargo-home/bin/cargo" "+1.69.0" "fetch" "--manifest-path" "Cargo.toml", kill_on_drop: false }`
[INFO] running `Command { std: "docker" "create" "-v" "/var/lib/crater-agent-workspace/builds/worker-3-tc1/target:/opt/rustwide/target:rw,Z" "-v" "/var/lib/crater-agent-workspace/builds/worker-3-tc1/source:/opt/rustwide/workdir:ro,Z" "-v" "/var/lib/crater-agent-workspace/cargo-home:/opt/rustwide/cargo-home:ro,Z" "-v" "/var/lib/crater-agent-workspace/rustup-home:/opt/rustwide/rustup-home:ro,Z" "-e" "SOURCE_DIR=/opt/rustwide/workdir" "-e" "CARGO_TARGET_DIR=/opt/rustwide/target" "-e" "CARGO_HOME=/opt/rustwide/cargo-home" "-e" "RUSTUP_HOME=/opt/rustwide/rustup-home" "-w" "/opt/rustwide/workdir" "-m" "1610612736" "--user" "0:0" "--network" "none" "ghcr.io/rust-lang/crates-build-env/linux@sha256:97d61d7686bf65f8ecb15491ab51835e82dc9176a96a831f143a431b191fc501" "/opt/rustwide/cargo-home/bin/cargo" "+1.69.0" "metadata" "--no-deps" "--format-version=1", kill_on_drop: false }`
[INFO] [stdout] 5bf365eb03033b1d4d51c31e001fdcb3429b0d69491ea4a281e39f708fa70aae
[INFO] running `Command { std: "docker" "start" "-a" "5bf365eb03033b1d4d51c31e001fdcb3429b0d69491ea4a281e39f708fa70aae", kill_on_drop: false }`
[INFO] running `Command { std: "docker" "inspect" "5bf365eb03033b1d4d51c31e001fdcb3429b0d69491ea4a281e39f708fa70aae", kill_on_drop: false }`
[INFO] running `Command { std: "docker" "rm" "-f" "5bf365eb03033b1d4d51c31e001fdcb3429b0d69491ea4a281e39f708fa70aae", kill_on_drop: false }`
[INFO] [stdout] 5bf365eb03033b1d4d51c31e001fdcb3429b0d69491ea4a281e39f708fa70aae
[INFO] running `Command { std: "docker" "create" "-v" "/var/lib/crater-agent-workspace/builds/worker-3-tc1/target:/opt/rustwide/target:rw,Z" "-v" "/var/lib/crater-agent-workspace/builds/worker-3-tc1/source:/opt/rustwide/workdir:ro,Z" "-v" "/var/lib/crater-agent-workspace/cargo-home:/opt/rustwide/cargo-home:ro,Z" "-v" "/var/lib/crater-agent-workspace/rustup-home:/opt/rustwide/rustup-home:ro,Z" "-e" "SOURCE_DIR=/opt/rustwide/workdir" "-e" "CARGO_TARGET_DIR=/opt/rustwide/target" "-e" "CARGO_INCREMENTAL=0" "-e" "RUST_BACKTRACE=full" "-e" "RUSTFLAGS=--cap-lints=warn" "-e" "RUSTDOCFLAGS=--cap-lints=warn" "-e" "CARGO_HOME=/opt/rustwide/cargo-home" "-e" "RUSTUP_HOME=/opt/rustwide/rustup-home" "-w" "/opt/rustwide/workdir" "-m" "1610612736" "--user" "0:0" "--network" "none" "ghcr.io/rust-lang/crates-build-env/linux@sha256:97d61d7686bf65f8ecb15491ab51835e82dc9176a96a831f143a431b191fc501" "/opt/rustwide/cargo-home/bin/cargo" "+1.69.0" "build" "--frozen" "--message-format=json", kill_on_drop: false }`
[INFO] [stdout] 58fb3891139741468a45feaa45e2c91391edb251c1e0fdde502484644a633c37
[INFO] running `Command { std: "docker" "start" "-a" "58fb3891139741468a45feaa45e2c91391edb251c1e0fdde502484644a633c37", kill_on_drop: false }`
[INFO] [stderr]    Compiling either v1.8.1
[INFO] [stderr]    Compiling itertools v0.10.5
[INFO] [stderr]    Compiling async-proto-derive v0.16.6 (/opt/rustwide/workdir)
[INFO] [stderr]     Finished dev [unoptimized + debuginfo] target(s) in 3.38s
[INFO] running `Command { std: "docker" "inspect" "58fb3891139741468a45feaa45e2c91391edb251c1e0fdde502484644a633c37", kill_on_drop: false }`
[INFO] running `Command { std: "docker" "rm" "-f" "58fb3891139741468a45feaa45e2c91391edb251c1e0fdde502484644a633c37", kill_on_drop: false }`
[INFO] [stdout] 58fb3891139741468a45feaa45e2c91391edb251c1e0fdde502484644a633c37
[INFO] running `Command { std: "docker" "create" "-v" "/var/lib/crater-agent-workspace/builds/worker-3-tc1/target:/opt/rustwide/target:rw,Z" "-v" "/var/lib/crater-agent-workspace/builds/worker-3-tc1/source:/opt/rustwide/workdir:ro,Z" "-v" "/var/lib/crater-agent-workspace/cargo-home:/opt/rustwide/cargo-home:ro,Z" "-v" "/var/lib/crater-agent-workspace/rustup-home:/opt/rustwide/rustup-home:ro,Z" "-e" "SOURCE_DIR=/opt/rustwide/workdir" "-e" "CARGO_TARGET_DIR=/opt/rustwide/target" "-e" "CARGO_INCREMENTAL=0" "-e" "RUST_BACKTRACE=full" "-e" "RUSTFLAGS=--cap-lints=warn" "-e" "RUSTDOCFLAGS=--cap-lints=warn" "-e" "CARGO_HOME=/opt/rustwide/cargo-home" "-e" "RUSTUP_HOME=/opt/rustwide/rustup-home" "-w" "/opt/rustwide/workdir" "-m" "1610612736" "--user" "0:0" "--network" "none" "ghcr.io/rust-lang/crates-build-env/linux@sha256:97d61d7686bf65f8ecb15491ab51835e82dc9176a96a831f143a431b191fc501" "/opt/rustwide/cargo-home/bin/cargo" "+1.69.0" "test" "--frozen" "--no-run" "--message-format=json", kill_on_drop: false }`
[INFO] [stdout] 60c1ff4512ab0f2f4ff0f999ceea4f3dfa0743e08e029ecdec39ab987be626fa
[INFO] running `Command { std: "docker" "start" "-a" "60c1ff4512ab0f2f4ff0f999ceea4f3dfa0743e08e029ecdec39ab987be626fa", kill_on_drop: false }`
[INFO] [stderr]    Compiling async-proto-derive v0.16.6 (/opt/rustwide/workdir)
[INFO] [stderr]     Finished test [unoptimized + debuginfo] target(s) in 1.20s
[INFO] running `Command { std: "docker" "inspect" "60c1ff4512ab0f2f4ff0f999ceea4f3dfa0743e08e029ecdec39ab987be626fa", kill_on_drop: false }`
[INFO] running `Command { std: "docker" "rm" "-f" "60c1ff4512ab0f2f4ff0f999ceea4f3dfa0743e08e029ecdec39ab987be626fa", kill_on_drop: false }`
[INFO] [stdout] 60c1ff4512ab0f2f4ff0f999ceea4f3dfa0743e08e029ecdec39ab987be626fa
[INFO] running `Command { std: "docker" "create" "-v" "/var/lib/crater-agent-workspace/builds/worker-3-tc1/target:/opt/rustwide/target:rw,Z" "-v" "/var/lib/crater-agent-workspace/builds/worker-3-tc1/source:/opt/rustwide/workdir:ro,Z" "-v" "/var/lib/crater-agent-workspace/cargo-home:/opt/rustwide/cargo-home:ro,Z" "-v" "/var/lib/crater-agent-workspace/rustup-home:/opt/rustwide/rustup-home:ro,Z" "-e" "SOURCE_DIR=/opt/rustwide/workdir" "-e" "CARGO_TARGET_DIR=/opt/rustwide/target" "-e" "CARGO_INCREMENTAL=0" "-e" "RUST_BACKTRACE=full" "-e" "RUSTFLAGS=--cap-lints=warn" "-e" "RUSTDOCFLAGS=--cap-lints=warn" "-e" "CARGO_HOME=/opt/rustwide/cargo-home" "-e" "RUSTUP_HOME=/opt/rustwide/rustup-home" "-w" "/opt/rustwide/workdir" "-m" "1610612736" "--user" "0:0" "--network" "none" "ghcr.io/rust-lang/crates-build-env/linux@sha256:97d61d7686bf65f8ecb15491ab51835e82dc9176a96a831f143a431b191fc501" "/opt/rustwide/cargo-home/bin/cargo" "+1.69.0" "test" "--frozen", kill_on_drop: false }`
[INFO] [stdout] f2fa7988dd62c7e8a63c322f891041ec78296af08e5f3be70c65920a94077a25
[INFO] running `Command { std: "docker" "start" "-a" "f2fa7988dd62c7e8a63c322f891041ec78296af08e5f3be70c65920a94077a25", kill_on_drop: false }`
[INFO] [stderr]     Blocking waiting for file lock on package cache
[INFO] [stderr]     Finished test [unoptimized + debuginfo] target(s) in 0.02s
[INFO] [stderr]      Running unittests src/lib.rs (/opt/rustwide/target/debug/deps/async_proto_derive-5b2b7068193b2351)
[INFO] [stderr]    Doc-tests async-proto-derive
[INFO] [stdout] 
[INFO] [stdout] running 0 tests
[INFO] [stdout] 
[INFO] [stdout] test result: ok. 0 passed; 0 failed; 0 ignored; 0 measured; 0 filtered out; finished in 0.00s
[INFO] [stdout] 
[INFO] [stdout] 
[INFO] [stdout] running 1 test
[INFO] [stdout] test src/lib.rs - bitflags (line 479) ... FAILED
[INFO] [stdout] 
[INFO] [stdout] failures:
[INFO] [stdout] 
[INFO] [stdout] ---- src/lib.rs - bitflags (line 479) stdout ----
[INFO] [stdout] error[E0433]: failed to resolve: use of undeclared crate or module `async_proto`
[INFO] [stderr] error: doctest failed, to rerun pass `--doc`
[INFO] [stdout]   --> src/lib.rs:489:1
[INFO] [stdout]    |
[INFO] [stdout] 12 | async_proto::bitflags!(Flags: u32);
[INFO] [stdout]    | ^^^^^^^^^^^ use of undeclared crate or module `async_proto`
[INFO] [stdout] 
[INFO] [stdout] error[E0433]: failed to resolve: use of undeclared crate or module `bitflags`
[INFO] [stdout]  --> src/lib.rs:480:1
[INFO] [stdout]   |
[INFO] [stdout] 3 | bitflags::bitflags! {
[INFO] [stdout]   | ^^^^^^^^ use of undeclared crate or module `bitflags`
[INFO] [stdout] 
[INFO] [stdout] error: aborting due to 2 previous errors
[INFO] [stdout] 
[INFO] [stdout] For more information about this error, try `rustc --explain E0433`.
[INFO] [stdout] Couldn't compile the test.
[INFO] [stdout] 
[INFO] [stdout] failures:
[INFO] [stdout]     src/lib.rs - bitflags (line 479)
[INFO] [stdout] 
[INFO] [stdout] test result: FAILED. 0 passed; 1 failed; 0 ignored; 0 measured; 0 filtered out; finished in 0.06s
[INFO] [stdout] 
[INFO] running `Command { std: "docker" "inspect" "f2fa7988dd62c7e8a63c322f891041ec78296af08e5f3be70c65920a94077a25", kill_on_drop: false }`
[INFO] running `Command { std: "docker" "rm" "-f" "f2fa7988dd62c7e8a63c322f891041ec78296af08e5f3be70c65920a94077a25", kill_on_drop: false }`
[INFO] [stdout] f2fa7988dd62c7e8a63c322f891041ec78296af08e5f3be70c65920a94077a25
