[INFO] fetching crate async-mpd 0.6.0...
[INFO] testing async-mpd-0.6.0 against 1.69.0 for beta-1.70-1
[INFO] extracting crate async-mpd 0.6.0 into /workspace/builds/worker-4-tc1/source
[INFO] validating manifest of crates.io crate async-mpd 0.6.0 on toolchain 1.69.0
[INFO] running `Command { std: CARGO_HOME="/workspace/cargo-home" RUSTUP_HOME="/workspace/rustup-home" "/workspace/cargo-home/bin/cargo" "+1.69.0" "metadata" "--manifest-path" "Cargo.toml" "--no-deps", kill_on_drop: false }`
[INFO] started tweaking crates.io crate async-mpd 0.6.0
[INFO] finished tweaking crates.io crate async-mpd 0.6.0
[INFO] tweaked toml for crates.io crate async-mpd 0.6.0 written to /workspace/builds/worker-4-tc1/source/Cargo.toml
[INFO] crate crates.io crate async-mpd 0.6.0 already has a lockfile, it will not be regenerated
[INFO] running `Command { std: CARGO_HOME="/workspace/cargo-home" RUSTUP_HOME="/workspace/rustup-home" "/workspace/cargo-home/bin/cargo" "+1.69.0" "fetch" "--manifest-path" "Cargo.toml", kill_on_drop: false }`
[INFO] [stderr]     Blocking waiting for file lock on package cache
[INFO] [stderr]  Downloading crates ...
[INFO] [stderr]   Downloaded concurrent-queue v1.2.2
[INFO] [stderr]   Downloaded blocking v1.0.2
[INFO] [stderr]   Downloaded ctor v0.1.20
[INFO] [stderr]   Downloaded async-global-executor v2.0.2
[INFO] [stderr]   Downloaded cache-padded v1.1.1
[INFO] [stderr]   Downloaded async-io v1.6.0
[INFO] [stderr]   Downloaded structopt v0.3.22
[INFO] [stderr]   Downloaded wasm-bindgen-macro-support v0.2.76
[INFO] [stderr]   Downloaded parking v2.0.0
[INFO] [stderr]   Downloaded async-executor v1.4.1
[INFO] [stderr]   Downloaded async-mutex v1.4.0
[INFO] [stderr]   Downloaded wasm-bindgen-macro v0.2.76
[INFO] [stderr]   Downloaded structopt-derive v0.4.15
[INFO] [stderr]   Downloaded futures-lite v1.12.0
[INFO] [stderr]   Downloaded serde v1.0.127
[INFO] [stderr]   Downloaded thiserror v1.0.26
[INFO] [stderr]   Downloaded serde_json v1.0.66
[INFO] [stderr]   Downloaded thiserror-impl v1.0.26
[INFO] [stderr]   Downloaded wepoll-ffi v0.1.2
[INFO] [stderr]   Downloaded async-channel v1.6.1
[INFO] [stderr]   Downloaded gloo-timers v0.2.1
[INFO] [stderr]   Downloaded wasm-bindgen-shared v0.2.76
[INFO] [stderr]   Downloaded futures-io v0.3.16
[INFO] [stderr]   Downloaded event-listener v2.5.1
[INFO] [stderr]   Downloaded async-trait v0.1.51
[INFO] [stderr]   Downloaded polling v2.1.0
[INFO] [stderr]   Downloaded async-lock v2.4.0
[INFO] [stderr]   Downloaded wasm-bindgen-backend v0.2.76
[INFO] [stderr]   Downloaded value-bag v1.0.0-alpha.7
[INFO] [stderr]   Downloaded async-net v1.6.1
[INFO] [stderr]   Downloaded atomic-waker v1.0.0
[INFO] [stderr]   Downloaded wasm-bindgen-futures v0.4.26
[INFO] [stderr]   Downloaded fastrand v1.5.0
[INFO] [stderr]   Downloaded futures-channel v0.3.16
[INFO] [stderr]   Downloaded async-task v4.0.3
[INFO] [stderr]   Downloaded futures-core v0.3.16
[INFO] [stderr]   Downloaded js-sys v0.3.53
[INFO] [stderr]   Downloaded cc v1.0.69
[INFO] [stderr]   Downloaded serde_derive v1.0.127
[INFO] [stderr]   Downloaded socket2 v0.4.1
[INFO] [stderr]   Downloaded async-std v1.9.0
[INFO] [stderr]   Downloaded wasm-bindgen v0.2.76
[INFO] [stderr]   Downloaded tokio v1.10.0
[INFO] [stderr]   Downloaded web-sys v0.3.53
[INFO] [stderr]   Downloaded femme v2.1.1
[INFO] [stderr]   Downloaded libc v0.2.99
[INFO] running `Command { std: "docker" "create" "-v" "/var/lib/crater-agent-workspace/builds/worker-4-tc1/target:/opt/rustwide/target:rw,Z" "-v" "/var/lib/crater-agent-workspace/builds/worker-4-tc1/source:/opt/rustwide/workdir:ro,Z" "-v" "/var/lib/crater-agent-workspace/cargo-home:/opt/rustwide/cargo-home:ro,Z" "-v" "/var/lib/crater-agent-workspace/rustup-home:/opt/rustwide/rustup-home:ro,Z" "-e" "SOURCE_DIR=/opt/rustwide/workdir" "-e" "CARGO_TARGET_DIR=/opt/rustwide/target" "-e" "CARGO_HOME=/opt/rustwide/cargo-home" "-e" "RUSTUP_HOME=/opt/rustwide/rustup-home" "-w" "/opt/rustwide/workdir" "-m" "1610612736" "--user" "0:0" "--network" "none" "ghcr.io/rust-lang/crates-build-env/linux@sha256:97d61d7686bf65f8ecb15491ab51835e82dc9176a96a831f143a431b191fc501" "/opt/rustwide/cargo-home/bin/cargo" "+1.69.0" "metadata" "--no-deps" "--format-version=1", kill_on_drop: false }`
[INFO] [stdout] 209dc1770cf323b3f0d1a9d80355542c2aeb1ebf4bd9b5845a53b18594a401a8
[INFO] running `Command { std: "docker" "start" "-a" "209dc1770cf323b3f0d1a9d80355542c2aeb1ebf4bd9b5845a53b18594a401a8", kill_on_drop: false }`
[INFO] running `Command { std: "docker" "inspect" "209dc1770cf323b3f0d1a9d80355542c2aeb1ebf4bd9b5845a53b18594a401a8", kill_on_drop: false }`
[INFO] running `Command { std: "docker" "rm" "-f" "209dc1770cf323b3f0d1a9d80355542c2aeb1ebf4bd9b5845a53b18594a401a8", kill_on_drop: false }`
[INFO] [stdout] 209dc1770cf323b3f0d1a9d80355542c2aeb1ebf4bd9b5845a53b18594a401a8
[INFO] running `Command { std: "docker" "create" "-v" "/var/lib/crater-agent-workspace/builds/worker-4-tc1/target:/opt/rustwide/target:rw,Z" "-v" "/var/lib/crater-agent-workspace/builds/worker-4-tc1/source:/opt/rustwide/workdir:ro,Z" "-v" "/var/lib/crater-agent-workspace/cargo-home:/opt/rustwide/cargo-home:ro,Z" "-v" "/var/lib/crater-agent-workspace/rustup-home:/opt/rustwide/rustup-home:ro,Z" "-e" "SOURCE_DIR=/opt/rustwide/workdir" "-e" "CARGO_TARGET_DIR=/opt/rustwide/target" "-e" "CARGO_INCREMENTAL=0" "-e" "RUST_BACKTRACE=full" "-e" "RUSTFLAGS=--cap-lints=warn" "-e" "RUSTDOCFLAGS=--cap-lints=warn" "-e" "CARGO_HOME=/opt/rustwide/cargo-home" "-e" "RUSTUP_HOME=/opt/rustwide/rustup-home" "-w" "/opt/rustwide/workdir" "-m" "1610612736" "--user" "0:0" "--network" "none" "ghcr.io/rust-lang/crates-build-env/linux@sha256:97d61d7686bf65f8ecb15491ab51835e82dc9176a96a831f143a431b191fc501" "/opt/rustwide/cargo-home/bin/cargo" "+1.69.0" "build" "--frozen" "--message-format=json", kill_on_drop: false }`
[INFO] [stdout] ebc8aaa96f348b90327f8747eb14531b63b89379b3050cdacd228c43125c185c
[INFO] running `Command { std: "docker" "start" "-a" "ebc8aaa96f348b90327f8747eb14531b63b89379b3050cdacd228c43125c185c", kill_on_drop: false }`
[INFO] [stderr]    Compiling proc-macro2 v1.0.28
[INFO] [stderr]    Compiling unicode-xid v0.2.2
[INFO] [stderr]    Compiling syn v1.0.74
[INFO] [stderr]    Compiling libc v0.2.99
[INFO] [stderr]    Compiling autocfg v1.0.1
[INFO] [stderr]    Compiling futures-core v0.3.16
[INFO] [stderr]    Compiling version_check v0.9.3
[INFO] [stderr]    Compiling memchr v2.4.1
[INFO] [stderr]    Compiling log v0.4.14
[INFO] [stderr]    Compiling cache-padded v1.1.1
[INFO] [stderr]    Compiling serde_derive v1.0.127
[INFO] [stderr]    Compiling num-traits v0.2.14
[INFO] [stderr]    Compiling concurrent-queue v1.2.2
[INFO] [stderr]    Compiling value-bag v1.0.0-alpha.7
[INFO] [stderr]    Compiling parking v2.0.0
[INFO] [stderr]    Compiling serde v1.0.127
[INFO] [stderr]    Compiling fastrand v1.5.0
[INFO] [stderr]    Compiling pin-project-lite v0.2.7
[INFO] [stderr]    Compiling waker-fn v1.1.0
[INFO] [stderr]    Compiling quote v1.0.9
[INFO] [stderr]    Compiling futures-io v0.3.16
[INFO] [stderr]    Compiling futures-lite v1.12.0
[INFO] [stderr]    Compiling num-integer v0.1.44
[INFO] [stderr]    Compiling once_cell v1.8.0
[INFO] [stderr]    Compiling event-listener v2.5.1
[INFO] [stderr]    Compiling socket2 v0.4.1
[INFO] [stderr]    Compiling atomic-waker v1.0.0
[INFO] [stderr]    Compiling async-channel v1.6.1
[INFO] [stderr]    Compiling slab v0.4.4
[INFO] [stderr]    Compiling async-task v4.0.3
[INFO] [stderr]    Compiling async-trait v0.1.51
[INFO] [stderr]    Compiling time v0.1.44
[INFO] [stderr]    Compiling either v1.6.1
[INFO] [stderr]    Compiling blocking v1.0.2
[INFO] [stderr]    Compiling itertools v0.10.1
[INFO] [stderr]    Compiling ctor v0.1.20
[INFO] [stderr]    Compiling thiserror-impl v1.0.26
[INFO] [stderr]    Compiling thiserror v1.0.26
[INFO] [stderr]    Compiling polling v2.1.0
[INFO] [stderr]    Compiling async-io v1.6.0
[INFO] [stderr]    Compiling async-net v1.6.1
[INFO] [stderr]    Compiling chrono v0.4.19
[INFO] [stderr]    Compiling multimap v0.8.3
[INFO] [stderr]    Compiling async-mpd v0.6.0 (/opt/rustwide/workdir)
[INFO] [stderr]     Finished dev [unoptimized + debuginfo] target(s) in 15.16s
[INFO] running `Command { std: "docker" "inspect" "ebc8aaa96f348b90327f8747eb14531b63b89379b3050cdacd228c43125c185c", kill_on_drop: false }`
[INFO] running `Command { std: "docker" "rm" "-f" "ebc8aaa96f348b90327f8747eb14531b63b89379b3050cdacd228c43125c185c", kill_on_drop: false }`
[INFO] [stdout] ebc8aaa96f348b90327f8747eb14531b63b89379b3050cdacd228c43125c185c
[INFO] running `Command { std: "docker" "create" "-v" "/var/lib/crater-agent-workspace/builds/worker-4-tc1/target:/opt/rustwide/target:rw,Z" "-v" "/var/lib/crater-agent-workspace/builds/worker-4-tc1/source:/opt/rustwide/workdir:ro,Z" "-v" "/var/lib/crater-agent-workspace/cargo-home:/opt/rustwide/cargo-home:ro,Z" "-v" "/var/lib/crater-agent-workspace/rustup-home:/opt/rustwide/rustup-home:ro,Z" "-e" "SOURCE_DIR=/opt/rustwide/workdir" "-e" "CARGO_TARGET_DIR=/opt/rustwide/target" "-e" "CARGO_INCREMENTAL=0" "-e" "RUST_BACKTRACE=full" "-e" "RUSTFLAGS=--cap-lints=warn" "-e" "RUSTDOCFLAGS=--cap-lints=warn" "-e" "CARGO_HOME=/opt/rustwide/cargo-home" "-e" "RUSTUP_HOME=/opt/rustwide/rustup-home" "-w" "/opt/rustwide/workdir" "-m" "1610612736" "--user" "0:0" "--network" "none" "ghcr.io/rust-lang/crates-build-env/linux@sha256:97d61d7686bf65f8ecb15491ab51835e82dc9176a96a831f143a431b191fc501" "/opt/rustwide/cargo-home/bin/cargo" "+1.69.0" "test" "--frozen" "--no-run" "--message-format=json", kill_on_drop: false }`
[INFO] [stdout] 1de77ad724541db1e48099d67d56dc4f6b2abc32f38d9e0bddd37c24d9d5b50b
[INFO] running `Command { std: "docker" "start" "-a" "1de77ad724541db1e48099d67d56dc4f6b2abc32f38d9e0bddd37c24d9d5b50b", kill_on_drop: false }`
[INFO] [stderr]    Compiling proc-macro-error-attr v1.0.4
[INFO] [stderr]    Compiling proc-macro-error v1.0.4
[INFO] [stderr]    Compiling ryu v1.0.5
[INFO] [stderr]    Compiling num_cpus v1.13.0
[INFO] [stderr]    Compiling instant v0.1.10
[INFO] [stderr]    Compiling serde_json v1.0.66
[INFO] [stderr]    Compiling crossbeam-utils v0.8.5
[INFO] [stderr]    Compiling unicode-width v0.1.8
[INFO] [stderr]    Compiling unicode-segmentation v1.8.0
[INFO] [stderr]    Compiling smallvec v1.6.1
[INFO] [stderr]    Compiling textwrap v0.11.0
[INFO] [stderr]    Compiling parking_lot_core v0.8.3
[INFO] [stderr]    Compiling heck v0.3.3
[INFO] [stderr]    Compiling lock_api v0.4.4
[INFO] [stderr]    Compiling async-executor v1.4.1
[INFO] [stderr]    Compiling async-mutex v1.4.0
[INFO] [stderr]    Compiling atty v0.2.14
[INFO] [stderr]    Compiling tokio v1.10.0
[INFO] [stderr]    Compiling ansi_term v0.11.0
[INFO] [stderr]    Compiling strsim v0.8.0
[INFO] [stderr]    Compiling itoa v0.4.7
[INFO] [stderr]    Compiling vec_map v0.8.2
[INFO] [stderr]    Compiling async-global-executor v2.0.2
[INFO] [stderr]    Compiling parking_lot v0.11.1
[INFO] [stderr]    Compiling clap v2.33.3
[INFO] [stderr]    Compiling kv-log-macro v1.0.7
[INFO] [stderr]    Compiling mio v0.7.13
[INFO] [stderr]    Compiling structopt-derive v0.4.15
[INFO] [stderr]    Compiling async-lock v2.4.0
[INFO] [stderr]    Compiling tokio-macros v1.3.0
[INFO] [stderr]    Compiling async-attributes v1.1.2
[INFO] [stderr]    Compiling signal-hook-registry v1.4.0
[INFO] [stderr]    Compiling bytes v1.0.1
[INFO] [stderr]    Compiling femme v2.1.1
[INFO] [stderr]    Compiling async-std v1.9.0
[INFO] [stderr]    Compiling structopt v0.3.22
[INFO] [stderr]    Compiling async-mpd v0.6.0 (/opt/rustwide/workdir)
[INFO] [stderr]     Finished test [unoptimized + debuginfo] target(s) in 20.36s
[INFO] running `Command { std: "docker" "inspect" "1de77ad724541db1e48099d67d56dc4f6b2abc32f38d9e0bddd37c24d9d5b50b", kill_on_drop: false }`
[INFO] running `Command { std: "docker" "rm" "-f" "1de77ad724541db1e48099d67d56dc4f6b2abc32f38d9e0bddd37c24d9d5b50b", kill_on_drop: false }`
[INFO] [stdout] 1de77ad724541db1e48099d67d56dc4f6b2abc32f38d9e0bddd37c24d9d5b50b
[INFO] running `Command { std: "docker" "create" "-v" "/var/lib/crater-agent-workspace/builds/worker-4-tc1/target:/opt/rustwide/target:rw,Z" "-v" "/var/lib/crater-agent-workspace/builds/worker-4-tc1/source:/opt/rustwide/workdir:ro,Z" "-v" "/var/lib/crater-agent-workspace/cargo-home:/opt/rustwide/cargo-home:ro,Z" "-v" "/var/lib/crater-agent-workspace/rustup-home:/opt/rustwide/rustup-home:ro,Z" "-e" "SOURCE_DIR=/opt/rustwide/workdir" "-e" "CARGO_TARGET_DIR=/opt/rustwide/target" "-e" "CARGO_INCREMENTAL=0" "-e" "RUST_BACKTRACE=full" "-e" "RUSTFLAGS=--cap-lints=warn" "-e" "RUSTDOCFLAGS=--cap-lints=warn" "-e" "CARGO_HOME=/opt/rustwide/cargo-home" "-e" "RUSTUP_HOME=/opt/rustwide/rustup-home" "-w" "/opt/rustwide/workdir" "-m" "1610612736" "--user" "0:0" "--network" "none" "ghcr.io/rust-lang/crates-build-env/linux@sha256:97d61d7686bf65f8ecb15491ab51835e82dc9176a96a831f143a431b191fc501" "/opt/rustwide/cargo-home/bin/cargo" "+1.69.0" "test" "--frozen", kill_on_drop: false }`
[INFO] [stdout] 215b2312429b3ee6410d13d1d513e70ac57819bf75badfd3e2c4a381369e8cad
[INFO] running `Command { std: "docker" "start" "-a" "215b2312429b3ee6410d13d1d513e70ac57819bf75badfd3e2c4a381369e8cad", kill_on_drop: false }`
[INFO] [stderr]     Finished test [unoptimized + debuginfo] target(s) in 0.12s
[INFO] [stderr]      Running unittests src/lib.rs (/opt/rustwide/target/debug/deps/async_mpd-f52b499da24c81d8)
[INFO] [stdout] 
[INFO] [stdout] running 1 test
[INFO] [stdout] test client::resp::respmap_handlers::test::parse_status ... ok
[INFO] [stdout] 
[INFO] [stdout] test result: ok. 1 passed; 0 failed; 0 ignored; 0 measured; 0 filtered out; finished in 0.00s
[INFO] [stdout] 
[INFO] [stderr]    Doc-tests async-mpd
[INFO] [stdout] 
[INFO] [stdout] running 2 tests
[INFO] [stdout] test src/client/mpdclient.rs - client::mpdclient::MpdClient::search (line 167) ... FAILED
[INFO] [stdout] test src/lib.rs - (line 9) ... FAILED
[INFO] [stdout] 
[INFO] [stdout] failures:
[INFO] [stdout] 
[INFO] [stdout] ---- src/client/mpdclient.rs - client::mpdclient::MpdClient::search (line 167) stdout ----
[INFO] [stdout] Test executable failed (exit status: 1).
[INFO] [stdout] 
[INFO] [stdout] stderr:
[INFO] [stdout] Error: IOError(Os { code: 99, kind: AddrNotAvailable, message: "Cannot assign requested address" })
[INFO] [stdout] 
[INFO] [stdout] 
[INFO] [stdout] ---- src/lib.rs - (line 9) stdout ----
[INFO] [stdout] Test executable failed (exit status: 1).
[INFO] [stdout] 
[INFO] [stdout] stderr:
[INFO] [stdout] Error: IOError(Os { code: 99, kind: AddrNotAvailable, message: "Cannot assign requested address" })
[INFO] [stdout] 
[INFO] [stdout] 
[INFO] [stdout] 
[INFO] [stdout] failures:
[INFO] [stdout]     src/client/mpdclient.rs - client::mpdclient::MpdClient::search (line 167)
[INFO] [stdout]     src/lib.rs - (line 9)
[INFO] [stdout] 
[INFO] [stdout] test result: FAILED. 0 passed; 2 failed; 0 ignored; 0 measured; 0 filtered out; finished in 1.08s
[INFO] [stdout] 
[INFO] [stderr] error: doctest failed, to rerun pass `--doc`
[INFO] running `Command { std: "docker" "inspect" "215b2312429b3ee6410d13d1d513e70ac57819bf75badfd3e2c4a381369e8cad", kill_on_drop: false }`
[INFO] running `Command { std: "docker" "rm" "-f" "215b2312429b3ee6410d13d1d513e70ac57819bf75badfd3e2c4a381369e8cad", kill_on_drop: false }`
[INFO] [stdout] 215b2312429b3ee6410d13d1d513e70ac57819bf75badfd3e2c4a381369e8cad
