[INFO] fetching crate async-fuse 0.11.4...
[INFO] testing async-fuse-0.11.4 against beta-2023-04-20 for beta-1.70-1
[INFO] extracting crate async-fuse 0.11.4 into /workspace/builds/worker-0-tc2/source
[INFO] validating manifest of crates.io crate async-fuse 0.11.4 on toolchain beta-2023-04-20
[INFO] running `Command { std: CARGO_HOME="/workspace/cargo-home" RUSTUP_HOME="/workspace/rustup-home" "/workspace/cargo-home/bin/cargo" "+beta-2023-04-20" "metadata" "--manifest-path" "Cargo.toml" "--no-deps", kill_on_drop: false }`
[INFO] started tweaking crates.io crate async-fuse 0.11.4
[INFO] finished tweaking crates.io crate async-fuse 0.11.4
[INFO] tweaked toml for crates.io crate async-fuse 0.11.4 written to /workspace/builds/worker-0-tc2/source/Cargo.toml
[INFO] crate crates.io crate async-fuse 0.11.4 already has a lockfile, it will not be regenerated
[INFO] running `Command { std: CARGO_HOME="/workspace/cargo-home" RUSTUP_HOME="/workspace/rustup-home" "/workspace/cargo-home/bin/cargo" "+beta-2023-04-20" "fetch" "--manifest-path" "Cargo.toml", kill_on_drop: false }`
[INFO] [stderr]     Blocking waiting for file lock on package cache
[INFO] [stderr]  Downloading crates ...
[INFO] [stderr]   Downloaded futures-core v0.3.27
[INFO] [stderr]   Downloaded async-stream-impl v0.3.4
[INFO] [stderr]   Downloaded bytes v1.2.1
[INFO] [stderr]   Downloaded async-stream v0.3.4
[INFO] [stderr]   Downloaded syn v1.0.102
[INFO] [stderr]   Downloaded libc v0.2.135
[INFO] running `Command { std: "docker" "create" "-v" "/var/lib/crater-agent-workspace/builds/worker-0-tc2/target:/opt/rustwide/target:rw,Z" "-v" "/var/lib/crater-agent-workspace/builds/worker-0-tc2/source:/opt/rustwide/workdir:ro,Z" "-v" "/var/lib/crater-agent-workspace/cargo-home:/opt/rustwide/cargo-home:ro,Z" "-v" "/var/lib/crater-agent-workspace/rustup-home:/opt/rustwide/rustup-home:ro,Z" "-e" "SOURCE_DIR=/opt/rustwide/workdir" "-e" "CARGO_TARGET_DIR=/opt/rustwide/target" "-e" "CARGO_HOME=/opt/rustwide/cargo-home" "-e" "RUSTUP_HOME=/opt/rustwide/rustup-home" "-w" "/opt/rustwide/workdir" "-m" "1610612736" "--user" "0:0" "--network" "none" "ghcr.io/rust-lang/crates-build-env/linux@sha256:5ff2268d62e97bff2cde7d5815dd6ed5b47097566f13b8d0ca110b04b60e07ed" "/opt/rustwide/cargo-home/bin/cargo" "+beta-2023-04-20" "metadata" "--no-deps" "--format-version=1", kill_on_drop: false }`
[INFO] [stdout] de968d49aedc773e3537db26a24a555d4f512225158bd90ea7009aa5ed87451e
[INFO] running `Command { std: "docker" "start" "-a" "de968d49aedc773e3537db26a24a555d4f512225158bd90ea7009aa5ed87451e", kill_on_drop: false }`
[INFO] running `Command { std: "docker" "inspect" "de968d49aedc773e3537db26a24a555d4f512225158bd90ea7009aa5ed87451e", kill_on_drop: false }`
[INFO] running `Command { std: "docker" "rm" "-f" "de968d49aedc773e3537db26a24a555d4f512225158bd90ea7009aa5ed87451e", kill_on_drop: false }`
[INFO] [stdout] de968d49aedc773e3537db26a24a555d4f512225158bd90ea7009aa5ed87451e
[INFO] running `Command { std: "docker" "create" "-v" "/var/lib/crater-agent-workspace/builds/worker-0-tc2/target:/opt/rustwide/target:rw,Z" "-v" "/var/lib/crater-agent-workspace/builds/worker-0-tc2/source:/opt/rustwide/workdir:ro,Z" "-v" "/var/lib/crater-agent-workspace/cargo-home:/opt/rustwide/cargo-home:ro,Z" "-v" "/var/lib/crater-agent-workspace/rustup-home:/opt/rustwide/rustup-home:ro,Z" "-e" "SOURCE_DIR=/opt/rustwide/workdir" "-e" "CARGO_TARGET_DIR=/opt/rustwide/target" "-e" "CARGO_INCREMENTAL=0" "-e" "RUST_BACKTRACE=full" "-e" "RUSTFLAGS=--cap-lints=warn" "-e" "RUSTDOCFLAGS=--cap-lints=warn" "-e" "CARGO_HOME=/opt/rustwide/cargo-home" "-e" "RUSTUP_HOME=/opt/rustwide/rustup-home" "-w" "/opt/rustwide/workdir" "-m" "1610612736" "--user" "0:0" "--network" "none" "ghcr.io/rust-lang/crates-build-env/linux@sha256:5ff2268d62e97bff2cde7d5815dd6ed5b47097566f13b8d0ca110b04b60e07ed" "/opt/rustwide/cargo-home/bin/cargo" "+beta-2023-04-20" "build" "--frozen" "--message-format=json", kill_on_drop: false }`
[INFO] [stdout] c6545559922c57e9dcf32bbc049b078635936aaf83708c7a9bff9d6f4879a59d
[INFO] running `Command { std: "docker" "start" "-a" "c6545559922c57e9dcf32bbc049b078635936aaf83708c7a9bff9d6f4879a59d", kill_on_drop: false }`
[INFO] [stderr]    Compiling async-fuse v0.11.4 (/opt/rustwide/workdir)
[INFO] [stderr]     Finished dev [unoptimized + debuginfo] target(s) in 0.24s
[INFO] running `Command { std: "docker" "inspect" "c6545559922c57e9dcf32bbc049b078635936aaf83708c7a9bff9d6f4879a59d", kill_on_drop: false }`
[INFO] running `Command { std: "docker" "rm" "-f" "c6545559922c57e9dcf32bbc049b078635936aaf83708c7a9bff9d6f4879a59d", kill_on_drop: false }`
[INFO] [stdout] c6545559922c57e9dcf32bbc049b078635936aaf83708c7a9bff9d6f4879a59d
[INFO] running `Command { std: "docker" "create" "-v" "/var/lib/crater-agent-workspace/builds/worker-0-tc2/target:/opt/rustwide/target:rw,Z" "-v" "/var/lib/crater-agent-workspace/builds/worker-0-tc2/source:/opt/rustwide/workdir:ro,Z" "-v" "/var/lib/crater-agent-workspace/cargo-home:/opt/rustwide/cargo-home:ro,Z" "-v" "/var/lib/crater-agent-workspace/rustup-home:/opt/rustwide/rustup-home:ro,Z" "-e" "SOURCE_DIR=/opt/rustwide/workdir" "-e" "CARGO_TARGET_DIR=/opt/rustwide/target" "-e" "CARGO_INCREMENTAL=0" "-e" "RUST_BACKTRACE=full" "-e" "RUSTFLAGS=--cap-lints=warn" "-e" "RUSTDOCFLAGS=--cap-lints=warn" "-e" "CARGO_HOME=/opt/rustwide/cargo-home" "-e" "RUSTUP_HOME=/opt/rustwide/rustup-home" "-w" "/opt/rustwide/workdir" "-m" "1610612736" "--user" "0:0" "--network" "none" "ghcr.io/rust-lang/crates-build-env/linux@sha256:5ff2268d62e97bff2cde7d5815dd6ed5b47097566f13b8d0ca110b04b60e07ed" "/opt/rustwide/cargo-home/bin/cargo" "+beta-2023-04-20" "test" "--frozen" "--no-run" "--message-format=json", kill_on_drop: false }`
[INFO] [stdout] 69a2153033c35164da5df530af180c67c455410b7c749fabbca4599cabb32860
[INFO] running `Command { std: "docker" "start" "-a" "69a2153033c35164da5df530af180c67c455410b7c749fabbca4599cabb32860", kill_on_drop: false }`
[INFO] [stderr]    Compiling libc v0.2.135
[INFO] [stderr]    Compiling proc-macro2 v1.0.47
[INFO] [stderr]    Compiling autocfg v1.1.0
[INFO] [stderr]    Compiling unicode-ident v1.0.5
[INFO] [stderr]    Compiling quote v1.0.21
[INFO] [stderr]    Compiling syn v1.0.102
[INFO] [stderr]    Compiling parking_lot_core v0.9.3
[INFO] [stderr]    Compiling log v0.4.17
[INFO] [stderr]    Compiling memchr v2.5.0
[INFO] [stderr]    Compiling smallvec v1.10.0
[INFO] [stderr]    Compiling futures-core v0.3.27
[INFO] [stderr]    Compiling pin-project-lite v0.2.9
[INFO] [stderr]    Compiling bytes v1.2.1
[INFO] [stderr]    Compiling lock_api v0.4.9
[INFO] [stderr]    Compiling tokio v1.26.0
[INFO] [stderr]    Compiling signal-hook-registry v1.4.0
[INFO] [stderr]    Compiling socket2 v0.4.7
[INFO] [stderr]    Compiling mio v0.8.4
[INFO] [stderr]    Compiling num_cpus v1.13.1
[INFO] [stderr]    Compiling parking_lot v0.12.1
[INFO] [stderr]    Compiling async-stream-impl v0.3.4
[INFO] [stderr]    Compiling tokio-macros v1.8.0
[INFO] [stderr]    Compiling async-stream v0.3.4
[INFO] [stderr]    Compiling async-fuse v0.11.4 (/opt/rustwide/workdir)
[INFO] [stderr]     Finished test [unoptimized + debuginfo] target(s) in 17.14s
[INFO] running `Command { std: "docker" "inspect" "69a2153033c35164da5df530af180c67c455410b7c749fabbca4599cabb32860", kill_on_drop: false }`
[INFO] running `Command { std: "docker" "rm" "-f" "69a2153033c35164da5df530af180c67c455410b7c749fabbca4599cabb32860", kill_on_drop: false }`
[INFO] [stdout] 69a2153033c35164da5df530af180c67c455410b7c749fabbca4599cabb32860
[INFO] running `Command { std: "docker" "create" "-v" "/var/lib/crater-agent-workspace/builds/worker-0-tc2/target:/opt/rustwide/target:rw,Z" "-v" "/var/lib/crater-agent-workspace/builds/worker-0-tc2/source:/opt/rustwide/workdir:ro,Z" "-v" "/var/lib/crater-agent-workspace/cargo-home:/opt/rustwide/cargo-home:ro,Z" "-v" "/var/lib/crater-agent-workspace/rustup-home:/opt/rustwide/rustup-home:ro,Z" "-e" "SOURCE_DIR=/opt/rustwide/workdir" "-e" "CARGO_TARGET_DIR=/opt/rustwide/target" "-e" "CARGO_INCREMENTAL=0" "-e" "RUST_BACKTRACE=full" "-e" "RUSTFLAGS=--cap-lints=warn" "-e" "RUSTDOCFLAGS=--cap-lints=warn" "-e" "CARGO_HOME=/opt/rustwide/cargo-home" "-e" "RUSTUP_HOME=/opt/rustwide/rustup-home" "-w" "/opt/rustwide/workdir" "-m" "1610612736" "--user" "0:0" "--network" "none" "ghcr.io/rust-lang/crates-build-env/linux@sha256:5ff2268d62e97bff2cde7d5815dd6ed5b47097566f13b8d0ca110b04b60e07ed" "/opt/rustwide/cargo-home/bin/cargo" "+beta-2023-04-20" "test" "--frozen", kill_on_drop: false }`
[INFO] [stdout] 3f7204502f393430f6b96fcf4edf85d7a47d31f1e1d0a6abfe6f411051271d53
[INFO] running `Command { std: "docker" "start" "-a" "3f7204502f393430f6b96fcf4edf85d7a47d31f1e1d0a6abfe6f411051271d53", kill_on_drop: false }`
[INFO] [stderr]     Finished test [unoptimized + debuginfo] target(s) in 0.04s
[INFO] [stderr]      Running unittests src/lib.rs (/opt/rustwide/target/debug/deps/async_fuse-3167dc683f40073d)
[INFO] [stdout] 
[INFO] [stderr]    Doc-tests async-fuse
[INFO] [stdout] running 0 tests
[INFO] [stdout] 
[INFO] [stdout] test result: ok. 0 passed; 0 failed; 0 ignored; 0 measured; 0 filtered out; finished in 0.00s
[INFO] [stdout] 
[INFO] [stdout] 
[INFO] [stdout] running 20 tests
[INFO] [stdout] test src/fuse.rs - fuse::Fuse<T>::poll_stream (line 341) ... FAILED
[INFO] [stdout] test src/fuse.rs - fuse::Fuse<T>::as_inner_mut (line 378) ... ok
[INFO] [stdout] test src/fuse.rs - fuse::Fuse<T>::as_pin_mut (line 397) ... FAILED
[INFO] [stdout] test src/lib.rs - (line 209) ... FAILED
[INFO] [stdout] test src/lib.rs - (line 164) ... FAILED
[INFO] [stdout] test src/fuse.rs - fuse::Fuse<T>::new (line 59) ... FAILED
[INFO] [stdout] test src/fuse.rs - fuse::Fuse<T>::poll_future (line 300) ... FAILED
[INFO] [stdout] test src/lib.rs - (line 64) ... FAILED
[INFO] [stdout] test src/lib.rs - (line 119) ... FAILED
[INFO] [stdout] test src/lib.rs - (line 86) ... FAILED
[INFO] [stdout] test src/fuse.rs - fuse::Fuse<T>::new (line 82) ... FAILED
[INFO] [stdout] test src/lib.rs - (line 37) ... FAILED
[INFO] [stdout] test src/fuse.rs - fuse::Fuse<T>::poll_inner (line 262) ... FAILED
[INFO] [stdout] test src/fuse.rs - fuse::Fuse<T>::clear (line 166) ... ok
[INFO] [stdout] test src/fuse.rs - fuse::Fuse<T>::set (line 117) ... ok
[INFO] [stdout] test src/fuse.rs - fuse::Fuse<Pin<Box<T>>>::pin (line 31) ... ok
[INFO] [stdout] test src/fuse.rs - fuse::Fuse<T>::is_empty (line 212) ... ok
[INFO] [stdout] test src/fuse.rs - fuse::Fuse<T>::as_inner_ref (line 235) ... ok
[INFO] [stdout] test src/fuse.rs - fuse::Fuse<T>::set (line 134) ... ok
[INFO] [stdout] test src/fuse.rs - fuse::Fuse<T>::empty (line 191) ... ok
[INFO] [stdout] 
[INFO] [stdout] failures:
[INFO] [stdout] 
[INFO] [stdout] ---- src/fuse.rs - fuse::Fuse<T>::poll_stream (line 341) stdout ----
[INFO] [stdout] error[E0432]: unresolved import `async_fuse::Stream`
[INFO] [stdout]  --> src/fuse.rs:342:24
[INFO] [stdout]   |
[INFO] [stdout] 3 | use async_fuse::{Fuse, Stream};
[INFO] [stdout]   |                        ^^^^^^ no `Stream` in the root
[INFO] [stdout] 
[INFO] [stdout] error: aborting due to previous error
[INFO] [stdout] 
[INFO] [stdout] For more information about this error, try `rustc --explain E0432`.
[INFO] [stdout] Couldn't compile the test.
[INFO] [stdout] ---- src/fuse.rs - fuse::Fuse<T>::as_pin_mut (line 397) stdout ----
[INFO] [stdout] Couldn't compile the test.
[INFO] [stdout] ---- src/lib.rs - (line 209) stdout ----
[INFO] [stdout] Couldn't compile the test.
[INFO] [stdout] ---- src/lib.rs - (line 164) stdout ----
[INFO] [stdout] Couldn't compile the test.
[INFO] [stdout] ---- src/fuse.rs - fuse::Fuse<T>::new (line 59) stdout ----
[INFO] [stdout] Couldn't compile the test.
[INFO] [stdout] ---- src/fuse.rs - fuse::Fuse<T>::poll_future (line 300) stdout ----
[INFO] [stdout] Couldn't compile the test.
[INFO] [stdout] ---- src/lib.rs - (line 64) stdout ----
[INFO] [stdout] Couldn't compile the test.
[INFO] [stdout] ---- src/lib.rs - (line 119) stdout ----
[INFO] [stdout] Couldn't compile the test.
[INFO] [stdout] ---- src/lib.rs - (line 86) stdout ----
[INFO] [stdout] Couldn't compile the test.
[INFO] [stdout] ---- src/fuse.rs - fuse::Fuse<T>::new (line 82) stdout ----
[INFO] [stdout] Couldn't compile the test.
[INFO] [stdout] ---- src/lib.rs - (line 37) stdout ----
[INFO] [stdout] Couldn't compile the test.
[INFO] [stdout] ---- src/fuse.rs - fuse::Fuse<T>::poll_inner (line 262) stdout ----
[INFO] [stdout] Couldn't compile the test.
[INFO] [stdout] 
[INFO] [stdout] failures:
[INFO] [stdout]     src/fuse.rs - fuse::Fuse<T>::as_pin_mut (line 397)
[INFO] [stdout]     src/fuse.rs - fuse::Fuse<T>::new (line 59)
[INFO] [stdout]     src/fuse.rs - fuse::Fuse<T>::new (line 82)
[INFO] [stdout]     src/fuse.rs - fuse::Fuse<T>::poll_future (line 300)
[INFO] [stdout]     src/fuse.rs - fuse::Fuse<T>::poll_inner (line 262)
[INFO] [stdout]     src/fuse.rs - fuse::Fuse<T>::poll_stream (line 341)
[INFO] [stdout]     src/lib.rs - (line 119)
[INFO] [stdout]     src/lib.rs - (line 164)
[INFO] [stdout]     src/lib.rs - (line 209)
[INFO] [stdout]     src/lib.rs - (line 37)
[INFO] [stdout]     src/lib.rs - (line 64)
[INFO] [stdout]     src/lib.rs - (line 86)
[INFO] [stdout] 
[INFO] [stdout] test result: FAILED. 8 passed; 12 failed; 0 ignored; 0 measured; 0 filtered out; finished in 11.05s
[INFO] [stdout] 
[INFO] [stderr] error: doctest failed, to rerun pass `--doc`
[INFO] running `Command { std: "docker" "inspect" "3f7204502f393430f6b96fcf4edf85d7a47d31f1e1d0a6abfe6f411051271d53", kill_on_drop: false }`
[INFO] running `Command { std: "docker" "rm" "-f" "3f7204502f393430f6b96fcf4edf85d7a47d31f1e1d0a6abfe6f411051271d53", kill_on_drop: false }`
[INFO] [stdout] 3f7204502f393430f6b96fcf4edf85d7a47d31f1e1d0a6abfe6f411051271d53
