[INFO] fetching crate async-cron-scheduler 1.0.0...
[INFO] testing async-cron-scheduler-1.0.0 against beta-2023-04-20 for beta-1.70-1
[INFO] extracting crate async-cron-scheduler 1.0.0 into /workspace/builds/worker-6-tc2/source
[INFO] validating manifest of crates.io crate async-cron-scheduler 1.0.0 on toolchain beta-2023-04-20
[INFO] running `Command { std: CARGO_HOME="/workspace/cargo-home" RUSTUP_HOME="/workspace/rustup-home" "/workspace/cargo-home/bin/cargo" "+beta-2023-04-20" "metadata" "--manifest-path" "Cargo.toml" "--no-deps", kill_on_drop: false }`
[INFO] started tweaking crates.io crate async-cron-scheduler 1.0.0
[INFO] finished tweaking crates.io crate async-cron-scheduler 1.0.0
[INFO] tweaked toml for crates.io crate async-cron-scheduler 1.0.0 written to /workspace/builds/worker-6-tc2/source/Cargo.toml
[INFO] crate crates.io crate async-cron-scheduler 1.0.0 already has a lockfile, it will not be regenerated
[INFO] running `Command { std: CARGO_HOME="/workspace/cargo-home" RUSTUP_HOME="/workspace/rustup-home" "/workspace/cargo-home/bin/cargo" "+beta-2023-04-20" "fetch" "--manifest-path" "Cargo.toml", kill_on_drop: false }`
[INFO] [stderr]     Updating crates.io index
[INFO] [stderr]  Downloading crates ...
[INFO] [stderr]   Downloaded flume v0.10.12
[INFO] [stderr]   Downloaded pin-project v1.0.10
[INFO] [stderr]   Downloaded tracing-attributes v0.1.20
[INFO] [stderr]   Downloaded proc-macro2 v1.0.37
[INFO] [stderr]   Downloaded tracing-core v0.1.26
[INFO] [stderr]   Downloaded tracing v0.1.34
[INFO] [stderr]   Downloaded smol v1.2.5
[INFO] [stderr]   Downloaded signal-hook v0.3.13
[INFO] [stderr]   Downloaded async-task v4.2.0
[INFO] [stderr]   Downloaded nanorand v0.7.0
[INFO] [stderr]   Downloaded cron v0.11.0
[INFO] [stderr]   Downloaded wasm-bindgen-backend v0.2.80
[INFO] [stderr]   Downloaded wasm-bindgen-macro v0.2.80
[INFO] [stderr]   Downloaded async-fs v1.5.0
[INFO] [stderr]   Downloaded getrandom v0.2.6
[INFO] [stderr]   Downloaded wasm-bindgen-shared v0.2.80
[INFO] [stderr]   Downloaded libc v0.2.124
[INFO] [stderr]   Downloaded parking v2.0.0
[INFO] [stderr]   Downloaded log v0.4.16
[INFO] [stderr]   Downloaded wepoll-ffi v0.1.2
[INFO] [stderr]   Downloaded async-executor v1.4.1
[INFO] [stderr]   Downloaded async-io v1.6.0
[INFO] [stderr]   Downloaded async-process v1.3.0
[INFO] [stderr]   Downloaded polling v2.2.0
[INFO] [stderr]   Downloaded atomic-waker v1.0.0
[INFO] [stderr]   Downloaded waker-fn v1.1.0
[INFO] [stderr]   Downloaded futures-lite v1.12.0
[INFO] [stderr]   Downloaded once_cell v1.10.0
[INFO] [stderr]   Downloaded wasm-bindgen v0.2.80
[INFO] [stderr]   Downloaded pin-project-internal v1.0.10
[INFO] [stderr]   Downloaded js-sys v0.3.57
[INFO] [stderr]   Downloaded wasm-bindgen-macro-support v0.2.80
[INFO] [stderr]   Downloaded async-net v1.6.1
[INFO] [stderr]   Downloaded async-lock v2.5.0
[INFO] [stderr]   Downloaded blocking v1.2.0
[INFO] [stderr]   Downloaded syn v1.0.91
[INFO] running `Command { std: "docker" "create" "-v" "/var/lib/crater-agent-workspace/builds/worker-6-tc2/target:/opt/rustwide/target:rw,Z" "-v" "/var/lib/crater-agent-workspace/builds/worker-6-tc2/source:/opt/rustwide/workdir:ro,Z" "-v" "/var/lib/crater-agent-workspace/cargo-home:/opt/rustwide/cargo-home:ro,Z" "-v" "/var/lib/crater-agent-workspace/rustup-home:/opt/rustwide/rustup-home:ro,Z" "-e" "SOURCE_DIR=/opt/rustwide/workdir" "-e" "CARGO_TARGET_DIR=/opt/rustwide/target" "-e" "CARGO_HOME=/opt/rustwide/cargo-home" "-e" "RUSTUP_HOME=/opt/rustwide/rustup-home" "-w" "/opt/rustwide/workdir" "-m" "1610612736" "--user" "0:0" "--network" "none" "ghcr.io/rust-lang/crates-build-env/linux@sha256:5ff2268d62e97bff2cde7d5815dd6ed5b47097566f13b8d0ca110b04b60e07ed" "/opt/rustwide/cargo-home/bin/cargo" "+beta-2023-04-20" "metadata" "--no-deps" "--format-version=1", kill_on_drop: false }`
[INFO] [stdout] 76158b7f7ced857b905287b78b2af6599a4e6e2ebb519844e81a3aa38dc908f5
[INFO] running `Command { std: "docker" "start" "-a" "76158b7f7ced857b905287b78b2af6599a4e6e2ebb519844e81a3aa38dc908f5", kill_on_drop: false }`
[INFO] running `Command { std: "docker" "inspect" "76158b7f7ced857b905287b78b2af6599a4e6e2ebb519844e81a3aa38dc908f5", kill_on_drop: false }`
[INFO] running `Command { std: "docker" "rm" "-f" "76158b7f7ced857b905287b78b2af6599a4e6e2ebb519844e81a3aa38dc908f5", kill_on_drop: false }`
[INFO] [stdout] 76158b7f7ced857b905287b78b2af6599a4e6e2ebb519844e81a3aa38dc908f5
[INFO] running `Command { std: "docker" "create" "-v" "/var/lib/crater-agent-workspace/builds/worker-6-tc2/target:/opt/rustwide/target:rw,Z" "-v" "/var/lib/crater-agent-workspace/builds/worker-6-tc2/source:/opt/rustwide/workdir:ro,Z" "-v" "/var/lib/crater-agent-workspace/cargo-home:/opt/rustwide/cargo-home:ro,Z" "-v" "/var/lib/crater-agent-workspace/rustup-home:/opt/rustwide/rustup-home:ro,Z" "-e" "SOURCE_DIR=/opt/rustwide/workdir" "-e" "CARGO_TARGET_DIR=/opt/rustwide/target" "-e" "CARGO_INCREMENTAL=0" "-e" "RUST_BACKTRACE=full" "-e" "RUSTFLAGS=--cap-lints=warn" "-e" "RUSTDOCFLAGS=--cap-lints=warn" "-e" "CARGO_HOME=/opt/rustwide/cargo-home" "-e" "RUSTUP_HOME=/opt/rustwide/rustup-home" "-w" "/opt/rustwide/workdir" "-m" "1610612736" "--user" "0:0" "--network" "none" "ghcr.io/rust-lang/crates-build-env/linux@sha256:5ff2268d62e97bff2cde7d5815dd6ed5b47097566f13b8d0ca110b04b60e07ed" "/opt/rustwide/cargo-home/bin/cargo" "+beta-2023-04-20" "build" "--frozen" "--message-format=json", kill_on_drop: false }`
[INFO] [stdout] 2a4243856a2dfc08f27a12d12aecd5784d7fe0e4948d056cf636d1c357cc3ceb
[INFO] running `Command { std: "docker" "start" "-a" "2a4243856a2dfc08f27a12d12aecd5784d7fe0e4948d056cf636d1c357cc3ceb", kill_on_drop: false }`
[INFO] [stderr]    Compiling proc-macro2 v1.0.37
[INFO] [stderr]    Compiling syn v1.0.91
[INFO] [stderr]    Compiling libc v0.2.124
[INFO] [stderr]    Compiling futures-core v0.3.21
[INFO] [stderr]    Compiling num-traits v0.2.14
[INFO] [stderr]    Compiling futures-sink v0.3.21
[INFO] [stderr]    Compiling futures-task v0.3.21
[INFO] [stderr]    Compiling futures-channel v0.3.21
[INFO] [stderr]    Compiling num-integer v0.1.44
[INFO] [stderr]    Compiling lock_api v0.4.7
[INFO] [stderr]    Compiling futures-util v0.3.21
[INFO] [stderr]    Compiling pin-utils v0.1.0
[INFO] [stderr]    Compiling pin-project-lite v0.2.8
[INFO] [stderr]    Compiling futures-io v0.3.21
[INFO] [stderr]    Compiling slab v0.4.6
[INFO] [stderr]    Compiling slotmap v1.0.6
[INFO] [stderr]    Compiling minimal-lexical v0.2.1
[INFO] [stderr]    Compiling once_cell v1.10.0
[INFO] [stderr]    Compiling nom v7.1.1
[INFO] [stderr]    Compiling spin v0.9.3
[INFO] [stderr]    Compiling quote v1.0.18
[INFO] [stderr]    Compiling time v0.1.44
[INFO] [stderr]    Compiling getrandom v0.2.6
[INFO] [stderr]    Compiling nanorand v0.7.0
[INFO] [stderr]    Compiling chrono v0.4.19
[INFO] [stderr]    Compiling cron v0.11.0
[INFO] [stderr]    Compiling futures-macro v0.3.21
[INFO] [stderr]    Compiling pin-project-internal v1.0.10
[INFO] [stderr]    Compiling pin-project v1.0.10
[INFO] [stderr]    Compiling flume v0.10.12
[INFO] [stderr]    Compiling futures-executor v0.3.21
[INFO] [stderr]    Compiling futures v0.3.21
[INFO] [stderr]    Compiling async-cron-scheduler v1.0.0 (/opt/rustwide/workdir)
[INFO] [stderr]     Finished dev [unoptimized + debuginfo] target(s) in 13.72s
[INFO] running `Command { std: "docker" "inspect" "2a4243856a2dfc08f27a12d12aecd5784d7fe0e4948d056cf636d1c357cc3ceb", kill_on_drop: false }`
[INFO] running `Command { std: "docker" "rm" "-f" "2a4243856a2dfc08f27a12d12aecd5784d7fe0e4948d056cf636d1c357cc3ceb", kill_on_drop: false }`
[INFO] [stdout] 2a4243856a2dfc08f27a12d12aecd5784d7fe0e4948d056cf636d1c357cc3ceb
[INFO] running `Command { std: "docker" "create" "-v" "/var/lib/crater-agent-workspace/builds/worker-6-tc2/target:/opt/rustwide/target:rw,Z" "-v" "/var/lib/crater-agent-workspace/builds/worker-6-tc2/source:/opt/rustwide/workdir:ro,Z" "-v" "/var/lib/crater-agent-workspace/cargo-home:/opt/rustwide/cargo-home:ro,Z" "-v" "/var/lib/crater-agent-workspace/rustup-home:/opt/rustwide/rustup-home:ro,Z" "-e" "SOURCE_DIR=/opt/rustwide/workdir" "-e" "CARGO_TARGET_DIR=/opt/rustwide/target" "-e" "CARGO_INCREMENTAL=0" "-e" "RUST_BACKTRACE=full" "-e" "RUSTFLAGS=--cap-lints=warn" "-e" "RUSTDOCFLAGS=--cap-lints=warn" "-e" "CARGO_HOME=/opt/rustwide/cargo-home" "-e" "RUSTUP_HOME=/opt/rustwide/rustup-home" "-w" "/opt/rustwide/workdir" "-m" "1610612736" "--user" "0:0" "--network" "none" "ghcr.io/rust-lang/crates-build-env/linux@sha256:5ff2268d62e97bff2cde7d5815dd6ed5b47097566f13b8d0ca110b04b60e07ed" "/opt/rustwide/cargo-home/bin/cargo" "+beta-2023-04-20" "test" "--frozen" "--no-run" "--message-format=json", kill_on_drop: false }`
[INFO] [stdout] 527703dabee773a918164b30bc4704d262ac544f3e4cb178006c768e0d1e3eac
[INFO] running `Command { std: "docker" "start" "-a" "527703dabee773a918164b30bc4704d262ac544f3e4cb178006c768e0d1e3eac", kill_on_drop: false }`
[INFO] [stderr]    Compiling futures-core v0.3.21
[INFO] [stderr]    Compiling futures-io v0.3.21
[INFO] [stderr]    Compiling cache-padded v1.2.0
[INFO] [stderr]    Compiling parking v2.0.0
[INFO] [stderr]    Compiling waker-fn v1.1.0
[INFO] [stderr]    Compiling fastrand v1.7.0
[INFO] [stderr]    Compiling log v0.4.16
[INFO] [stderr]    Compiling event-listener v2.5.2
[INFO] [stderr]    Compiling async-task v4.2.0
[INFO] [stderr]    Compiling socket2 v0.4.4
[INFO] [stderr]    Compiling signal-hook v0.3.13
[INFO] [stderr]    Compiling atomic-waker v1.0.0
[INFO] [stderr]    Compiling signal-hook-registry v1.4.0
[INFO] [stderr]    Compiling concurrent-queue v1.2.2
[INFO] [stderr]    Compiling async-lock v2.5.0
[INFO] [stderr]    Compiling futures-lite v1.12.0
[INFO] [stderr]    Compiling async-channel v1.6.1
[INFO] [stderr]    Compiling futures-channel v0.3.21
[INFO] [stderr]    Compiling flume v0.10.12
[INFO] [stderr]    Compiling polling v2.2.0
[INFO] [stderr]    Compiling futures-util v0.3.21
[INFO] [stderr]    Compiling blocking v1.2.0
[INFO] [stderr]    Compiling async-io v1.6.0
[INFO] [stderr]    Compiling async-executor v1.4.1
[INFO] [stderr]    Compiling async-fs v1.5.0
[INFO] [stderr]    Compiling async-process v1.3.0
[INFO] [stderr]    Compiling async-net v1.6.1
[INFO] [stderr]    Compiling smol v1.2.5
[INFO] [stderr]    Compiling futures-executor v0.3.21
[INFO] [stderr]    Compiling futures v0.3.21
[INFO] [stderr]    Compiling async-cron-scheduler v1.0.0 (/opt/rustwide/workdir)
[INFO] [stderr]     Finished test [unoptimized + debuginfo] target(s) in 5.68s
[INFO] running `Command { std: "docker" "inspect" "527703dabee773a918164b30bc4704d262ac544f3e4cb178006c768e0d1e3eac", kill_on_drop: false }`
[INFO] running `Command { std: "docker" "rm" "-f" "527703dabee773a918164b30bc4704d262ac544f3e4cb178006c768e0d1e3eac", kill_on_drop: false }`
[INFO] [stdout] 527703dabee773a918164b30bc4704d262ac544f3e4cb178006c768e0d1e3eac
[INFO] running `Command { std: "docker" "create" "-v" "/var/lib/crater-agent-workspace/builds/worker-6-tc2/target:/opt/rustwide/target:rw,Z" "-v" "/var/lib/crater-agent-workspace/builds/worker-6-tc2/source:/opt/rustwide/workdir:ro,Z" "-v" "/var/lib/crater-agent-workspace/cargo-home:/opt/rustwide/cargo-home:ro,Z" "-v" "/var/lib/crater-agent-workspace/rustup-home:/opt/rustwide/rustup-home:ro,Z" "-e" "SOURCE_DIR=/opt/rustwide/workdir" "-e" "CARGO_TARGET_DIR=/opt/rustwide/target" "-e" "CARGO_INCREMENTAL=0" "-e" "RUST_BACKTRACE=full" "-e" "RUSTFLAGS=--cap-lints=warn" "-e" "RUSTDOCFLAGS=--cap-lints=warn" "-e" "CARGO_HOME=/opt/rustwide/cargo-home" "-e" "RUSTUP_HOME=/opt/rustwide/rustup-home" "-w" "/opt/rustwide/workdir" "-m" "1610612736" "--user" "0:0" "--network" "none" "ghcr.io/rust-lang/crates-build-env/linux@sha256:5ff2268d62e97bff2cde7d5815dd6ed5b47097566f13b8d0ca110b04b60e07ed" "/opt/rustwide/cargo-home/bin/cargo" "+beta-2023-04-20" "test" "--frozen", kill_on_drop: false }`
[INFO] [stdout] e234ab6d113eca9b02ad25f2e5eeefd45f43947163e2f70a32c75d6a7fb48cca
[INFO] running `Command { std: "docker" "start" "-a" "e234ab6d113eca9b02ad25f2e5eeefd45f43947163e2f70a32c75d6a7fb48cca", kill_on_drop: false }`
[INFO] [stderr]     Finished test [unoptimized + debuginfo] target(s) in 0.16s
[INFO] [stderr]      Running unittests src/lib.rs (/opt/rustwide/target/debug/deps/async_cron_scheduler-37007dcc627665c7)
[INFO] [stdout] 
[INFO] [stdout] running 0 tests
[INFO] [stdout] 
[INFO] [stdout] test result: ok. 0 passed; 0 failed; 0 ignored; 0 measured; 0 filtered out; finished in 0.00s
[INFO] [stdout] 
[INFO] [stderr]    Doc-tests async-cron-scheduler
[INFO] [stdout] 
[INFO] [stdout] running 6 tests
[INFO] [stdout] test src/scheduler.rs - scheduler::Scheduler (line 28) ... FAILED
[INFO] [stdout] test src/scheduler.rs - scheduler::Scheduler<Tz>::remove (line 74) ... FAILED
[INFO] [stdout] test src/scheduler.rs - scheduler::Scheduler<Tz>::launch (line 100) ... FAILED
[INFO] [stdout] test src/scheduler.rs - scheduler::Scheduler<Tz>::launch (line 93) ... FAILED
[INFO] [stdout] test src/scheduler.rs - scheduler::Scheduler<Tz>::insert (line 55) ... FAILED
[INFO] [stdout] test src/lib.rs - (line 28) ... ok
[INFO] [stdout] 
[INFO] [stdout] failures:
[INFO] [stdout] 
[INFO] [stdout] ---- src/scheduler.rs - scheduler::Scheduler (line 28) stdout ----
[INFO] [stdout] error[E0433]: failed to resolve: use of undeclared type `Scheduler`
[INFO] [stdout]  --> src/scheduler.rs:32:32
[INFO] [stdout]   |
[INFO] [stdout] 6 | let (mut scheduler, service) = Scheduler::<Local>::launch(Timer::after);
[INFO] [stdout]   |                                ^^^^^^^^^ use of undeclared type `Scheduler`
[INFO] [stdout]   |
[INFO] [stdout] help: consider importing this struct
[INFO] [stdout]   |
[INFO] [stdout] 2 + use async_cron_scheduler::Scheduler;
[INFO] [stdout]   |
[INFO] [stdout] 
[INFO] [stdout] error[E0433]: failed to resolve: use of undeclared type `Job`
[INFO] [stdout]  --> src/scheduler.rs:35:11
[INFO] [stdout]   |
[INFO] [stdout] 9 | let job = Job::cron("1/3 * * * * *").unwrap();
[INFO] [stdout]   |           ^^^ use of undeclared type `Job`
[INFO] [stdout]   |
[INFO] [stdout] help: consider importing this struct
[INFO] [stdout]   |
[INFO] [stdout] 2 + use async_cron_scheduler::Job;
[INFO] [stdout]   |
[INFO] [stdout] 
[INFO] [stdout] error[E0433]: failed to resolve: use of undeclared type `Job`
[INFO] [stdout]   --> src/scheduler.rs:39:11
[INFO] [stdout]    |
[INFO] [stdout] 13 | let job = Job::cron("1/5 * * * * *").unwrap();
[INFO] [stdout]    |           ^^^ use of undeclared type `Job`
[INFO] [stdout]    |
[INFO] [stdout] help: consider importing this struct
[INFO] [stdout]    |
[INFO] [stdout] 2  + use async_cron_scheduler::Job;
[INFO] [stdout]    |
[INFO] [stdout] 
[INFO] [stdout] error[E0728]: `await` is only allowed inside `async` functions and blocks
[INFO] [stdout]   --> src/scheduler.rs:42:8
[INFO] [stdout]    |
[INFO] [stdout] 2  | fn main() { #[allow(non_snake_case)] fn _doctest_main_src_scheduler_rs_28_0() {
[INFO] [stdout]    |                                         ----------------------------------- this is not `async`
[INFO] [stdout] ...
[INFO] [stdout] 16 | service.await;
[INFO] [stdout]    |        ^^^^^^ only allowed inside `async` functions and blocks
[INFO] [stdout] 
[INFO] [stdout] error: aborting due to 4 previous errors
[INFO] [stdout] 
[INFO] [stdout] Some errors have detailed explanations: E0433, E0728.
[INFO] [stdout] For more information about an error, try `rustc --explain E0433`.
[INFO] [stdout] Couldn't compile the test.
[INFO] [stdout] ---- src/scheduler.rs - scheduler::Scheduler<Tz>::remove (line 74) stdout ----
[INFO] [stdout] error[E0425]: cannot find value `scheduler` in this scope
[INFO] [stdout]  --> src/scheduler.rs:75:1
[INFO] [stdout]   |
[INFO] [stdout] 3 | scheduler.remove(fizz_id);
[INFO] [stdout]   | ^^^^^^^^^ not found in this scope
[INFO] [stdout] 
[INFO] [stdout] error[E0425]: cannot find value `fizz_id` in this scope
[INFO] [stdout]  --> src/scheduler.rs:75:18
[INFO] [stdout]   |
[INFO] [stdout] 3 | scheduler.remove(fizz_id);
[INFO] [stdout]   |                  ^^^^^^^ not found in this scope
[INFO] [stdout] 
[INFO] [stdout] error: aborting due to 2 previous errors
[INFO] [stdout] 
[INFO] [stdout] For more information about this error, try `rustc --explain E0425`.
[INFO] [stdout] Couldn't compile the test.
[INFO] [stdout] ---- src/scheduler.rs - scheduler::Scheduler<Tz>::launch (line 100) stdout ----
[INFO] [stdout] error[E0433]: failed to resolve: use of undeclared crate or module `tokio`
[INFO] [stdout]  --> src/scheduler.rs:101:65
[INFO] [stdout]   |
[INFO] [stdout] 3 | let (mut scheduler, sched_service) = Scheduler::<Local>::launch(tokio::time::sleep);
[INFO] [stdout]   |                                                                 ^^^^^ use of undeclared crate or module `tokio`
[INFO] [stdout] 
[INFO] [stdout] error[E0433]: failed to resolve: use of undeclared type `Scheduler`
[INFO] [stdout]  --> src/scheduler.rs:101:38
[INFO] [stdout]   |
[INFO] [stdout] 3 | let (mut scheduler, sched_service) = Scheduler::<Local>::launch(tokio::time::sleep);
[INFO] [stdout]   |                                      ^^^^^^^^^ use of undeclared type `Scheduler`
[INFO] [stdout]   |
[INFO] [stdout] help: consider importing this struct
[INFO] [stdout]   |
[INFO] [stdout] 2 + use async_cron_scheduler::Scheduler;
[INFO] [stdout]   |
[INFO] [stdout] 
[INFO] [stdout] error[E0412]: cannot find type `Local` in this scope
[INFO] [stdout]  --> src/scheduler.rs:101:50
[INFO] [stdout]   |
[INFO] [stdout] 3 | let (mut scheduler, sched_service) = Scheduler::<Local>::launch(tokio::time::sleep);
[INFO] [stdout]   |                                                  ^^^^^ not found in this scope
[INFO] [stdout]   |
[INFO] [stdout] help: consider importing this struct
[INFO] [stdout]   |
[INFO] [stdout] 2 + use chrono::Local;
[INFO] [stdout]   |
[INFO] [stdout] 
[INFO] [stdout] error[E0433]: failed to resolve: use of undeclared crate or module `tokio`
[INFO] [stdout]  --> src/scheduler.rs:102:1
[INFO] [stdout]   |
[INFO] [stdout] 4 | tokio::spawn(sched_service);
[INFO] [stdout]   | ^^^^^ use of undeclared crate or module `tokio`
[INFO] [stdout] 
[INFO] [stdout] error: aborting due to 4 previous errors
[INFO] [stdout] 
[INFO] [stdout] Some errors have detailed explanations: E0412, E0433.
[INFO] [stdout] For more information about an error, try `rustc --explain E0412`.
[INFO] [stdout] Couldn't compile the test.
[INFO] [stdout] ---- src/scheduler.rs - scheduler::Scheduler<Tz>::launch (line 93) stdout ----
[INFO] [stdout] error[E0433]: failed to resolve: use of undeclared type `Scheduler`
[INFO] [stdout]  --> src/scheduler.rs:94:38
[INFO] [stdout]   |
[INFO] [stdout] 3 | let (mut scheduler, sched_service) = Scheduler::<Local>::launch(smol::Timer::after);
[INFO] [stdout]   |                                      ^^^^^^^^^ use of undeclared type `Scheduler`
[INFO] [stdout]   |
[INFO] [stdout] help: consider importing this struct
[INFO] [stdout]   |
[INFO] [stdout] 2 + use async_cron_scheduler::Scheduler;
[INFO] [stdout]   |
[INFO] [stdout] 
[INFO] [stdout] error[E0412]: cannot find type `Local` in this scope
[INFO] [stdout]  --> src/scheduler.rs:94:50
[INFO] [stdout]   |
[INFO] [stdout] 3 | let (mut scheduler, sched_service) = Scheduler::<Local>::launch(smol::Timer::after);
[INFO] [stdout]   |                                                  ^^^^^ not found in this scope
[INFO] [stdout]   |
[INFO] [stdout] help: consider importing this struct
[INFO] [stdout]   |
[INFO] [stdout] 2 + use chrono::Local;
[INFO] [stdout]   |
[INFO] [stdout] 
[INFO] [stdout] error: aborting due to 2 previous errors
[INFO] [stdout] 
[INFO] [stdout] Some errors have detailed explanations: E0412, E0433.
[INFO] [stdout] For more information about an error, try `rustc --explain E0412`.
[INFO] [stdout] Couldn't compile the test.
[INFO] [stdout] ---- src/scheduler.rs - scheduler::Scheduler<Tz>::insert (line 55) stdout ----
[INFO] [stdout] error[E0433]: failed to resolve: use of undeclared type `Job`
[INFO] [stdout]  --> src/scheduler.rs:57:11
[INFO] [stdout]   |
[INFO] [stdout] 4 | let job = Job::cron("1/3 * * * * *").unwrap();
[INFO] [stdout]   |           ^^^ use of undeclared type `Job`
[INFO] [stdout]   |
[INFO] [stdout] help: consider importing this struct
[INFO] [stdout]   |
[INFO] [stdout] 3 + use async_cron_scheduler::Job;
[INFO] [stdout]   |
[INFO] [stdout] 
[INFO] [stdout] error[E0425]: cannot find value `scheduler` in this scope
[INFO] [stdout]  --> src/scheduler.rs:58:15
[INFO] [stdout]   |
[INFO] [stdout] 5 | let fizz_id = scheduler.insert(job, |id| println!("Fizz"));
[INFO] [stdout]   |               ^^^^^^^^^ not found in this scope
[INFO] [stdout] 
[INFO] [stdout] error: aborting due to 2 previous errors
[INFO] [stdout] 
[INFO] [stdout] Some errors have detailed explanations: E0425, E0433.
[INFO] [stdout] For more information about an error, try `rustc --explain E0425`.
[INFO] [stdout] Couldn't compile the test.
[INFO] [stdout] 
[INFO] [stdout] failures:
[INFO] [stdout]     src/scheduler.rs - scheduler::Scheduler (line 28)
[INFO] [stdout]     src/scheduler.rs - scheduler::Scheduler<Tz>::insert (line 55)
[INFO] [stdout]     src/scheduler.rs - scheduler::Scheduler<Tz>::launch (line 100)
[INFO] [stdout]     src/scheduler.rs - scheduler::Scheduler<Tz>::launch (line 93)
[INFO] [stdout]     src/scheduler.rs - scheduler::Scheduler<Tz>::remove (line 74)
[INFO] [stdout] 
[INFO] [stdout] test result: FAILED. 1 passed; 5 failed; 0 ignored; 0 measured; 0 filtered out; finished in 13.69s
[INFO] [stdout] 
[INFO] [stderr] error: doctest failed, to rerun pass `--doc`
[INFO] running `Command { std: "docker" "inspect" "e234ab6d113eca9b02ad25f2e5eeefd45f43947163e2f70a32c75d6a7fb48cca", kill_on_drop: false }`
[INFO] running `Command { std: "docker" "rm" "-f" "e234ab6d113eca9b02ad25f2e5eeefd45f43947163e2f70a32c75d6a7fb48cca", kill_on_drop: false }`
[INFO] [stdout] e234ab6d113eca9b02ad25f2e5eeefd45f43947163e2f70a32c75d6a7fb48cca
