[INFO] fetching crate associated-derive 0.1.1...
[INFO] testing associated-derive-0.1.1 against 1.69.0 for beta-1.70-1
[INFO] extracting crate associated-derive 0.1.1 into /workspace/builds/worker-3-tc1/source
[INFO] validating manifest of crates.io crate associated-derive 0.1.1 on toolchain 1.69.0
[INFO] running `Command { std: CARGO_HOME="/workspace/cargo-home" RUSTUP_HOME="/workspace/rustup-home" "/workspace/cargo-home/bin/cargo" "+1.69.0" "metadata" "--manifest-path" "Cargo.toml" "--no-deps", kill_on_drop: false }`
[INFO] started tweaking crates.io crate associated-derive 0.1.1
[INFO] finished tweaking crates.io crate associated-derive 0.1.1
[INFO] tweaked toml for crates.io crate associated-derive 0.1.1 written to /workspace/builds/worker-3-tc1/source/Cargo.toml
[INFO] running `Command { std: CARGO_HOME="/workspace/cargo-home" RUSTUP_HOME="/workspace/rustup-home" __CARGO_TEST_CHANNEL_OVERRIDE_DO_NOT_USE_THIS="nightly" "/workspace/cargo-home/bin/cargo" "+1.69.0" "generate-lockfile" "--manifest-path" "Cargo.toml" "-Zno-index-update", kill_on_drop: false }`
[INFO] running `Command { std: CARGO_HOME="/workspace/cargo-home" RUSTUP_HOME="/workspace/rustup-home" "/workspace/cargo-home/bin/cargo" "+1.69.0" "fetch" "--manifest-path" "Cargo.toml", kill_on_drop: false }`
[INFO] running `Command { std: "docker" "create" "-v" "/var/lib/crater-agent-workspace/builds/worker-3-tc1/target:/opt/rustwide/target:rw,Z" "-v" "/var/lib/crater-agent-workspace/builds/worker-3-tc1/source:/opt/rustwide/workdir:ro,Z" "-v" "/var/lib/crater-agent-workspace/cargo-home:/opt/rustwide/cargo-home:ro,Z" "-v" "/var/lib/crater-agent-workspace/rustup-home:/opt/rustwide/rustup-home:ro,Z" "-e" "SOURCE_DIR=/opt/rustwide/workdir" "-e" "CARGO_TARGET_DIR=/opt/rustwide/target" "-e" "CARGO_HOME=/opt/rustwide/cargo-home" "-e" "RUSTUP_HOME=/opt/rustwide/rustup-home" "-w" "/opt/rustwide/workdir" "-m" "1610612736" "--user" "0:0" "--network" "none" "ghcr.io/rust-lang/crates-build-env/linux@sha256:5ff2268d62e97bff2cde7d5815dd6ed5b47097566f13b8d0ca110b04b60e07ed" "/opt/rustwide/cargo-home/bin/cargo" "+1.69.0" "metadata" "--no-deps" "--format-version=1", kill_on_drop: false }`
[INFO] [stdout] 8ba9c6f610f9f36296a1fce61b5969e5a249c0f9a910923b76709461be21858f
[INFO] running `Command { std: "docker" "start" "-a" "8ba9c6f610f9f36296a1fce61b5969e5a249c0f9a910923b76709461be21858f", kill_on_drop: false }`
[INFO] running `Command { std: "docker" "inspect" "8ba9c6f610f9f36296a1fce61b5969e5a249c0f9a910923b76709461be21858f", kill_on_drop: false }`
[INFO] running `Command { std: "docker" "rm" "-f" "8ba9c6f610f9f36296a1fce61b5969e5a249c0f9a910923b76709461be21858f", kill_on_drop: false }`
[INFO] [stdout] 8ba9c6f610f9f36296a1fce61b5969e5a249c0f9a910923b76709461be21858f
[INFO] running `Command { std: "docker" "create" "-v" "/var/lib/crater-agent-workspace/builds/worker-3-tc1/target:/opt/rustwide/target:rw,Z" "-v" "/var/lib/crater-agent-workspace/builds/worker-3-tc1/source:/opt/rustwide/workdir:ro,Z" "-v" "/var/lib/crater-agent-workspace/cargo-home:/opt/rustwide/cargo-home:ro,Z" "-v" "/var/lib/crater-agent-workspace/rustup-home:/opt/rustwide/rustup-home:ro,Z" "-e" "SOURCE_DIR=/opt/rustwide/workdir" "-e" "CARGO_TARGET_DIR=/opt/rustwide/target" "-e" "CARGO_INCREMENTAL=0" "-e" "RUST_BACKTRACE=full" "-e" "RUSTFLAGS=--cap-lints=warn" "-e" "RUSTDOCFLAGS=--cap-lints=warn" "-e" "CARGO_HOME=/opt/rustwide/cargo-home" "-e" "RUSTUP_HOME=/opt/rustwide/rustup-home" "-w" "/opt/rustwide/workdir" "-m" "1610612736" "--user" "0:0" "--network" "none" "ghcr.io/rust-lang/crates-build-env/linux@sha256:5ff2268d62e97bff2cde7d5815dd6ed5b47097566f13b8d0ca110b04b60e07ed" "/opt/rustwide/cargo-home/bin/cargo" "+1.69.0" "build" "--frozen" "--message-format=json", kill_on_drop: false }`
[INFO] [stdout] a8a3a47ebd6a56a05bc2cdd2b529b8c5c7beec23cdba6980e9182b366fbea383
[INFO] running `Command { std: "docker" "start" "-a" "a8a3a47ebd6a56a05bc2cdd2b529b8c5c7beec23cdba6980e9182b366fbea383", kill_on_drop: false }`
[INFO] [stderr]    Compiling associated-derive v0.1.1 (/opt/rustwide/workdir)
[INFO] [stderr]     Finished dev [unoptimized + debuginfo] target(s) in 0.43s
[INFO] running `Command { std: "docker" "inspect" "a8a3a47ebd6a56a05bc2cdd2b529b8c5c7beec23cdba6980e9182b366fbea383", kill_on_drop: false }`
[INFO] running `Command { std: "docker" "rm" "-f" "a8a3a47ebd6a56a05bc2cdd2b529b8c5c7beec23cdba6980e9182b366fbea383", kill_on_drop: false }`
[INFO] [stdout] a8a3a47ebd6a56a05bc2cdd2b529b8c5c7beec23cdba6980e9182b366fbea383
[INFO] running `Command { std: "docker" "create" "-v" "/var/lib/crater-agent-workspace/builds/worker-3-tc1/target:/opt/rustwide/target:rw,Z" "-v" "/var/lib/crater-agent-workspace/builds/worker-3-tc1/source:/opt/rustwide/workdir:ro,Z" "-v" "/var/lib/crater-agent-workspace/cargo-home:/opt/rustwide/cargo-home:ro,Z" "-v" "/var/lib/crater-agent-workspace/rustup-home:/opt/rustwide/rustup-home:ro,Z" "-e" "SOURCE_DIR=/opt/rustwide/workdir" "-e" "CARGO_TARGET_DIR=/opt/rustwide/target" "-e" "CARGO_INCREMENTAL=0" "-e" "RUST_BACKTRACE=full" "-e" "RUSTFLAGS=--cap-lints=warn" "-e" "RUSTDOCFLAGS=--cap-lints=warn" "-e" "CARGO_HOME=/opt/rustwide/cargo-home" "-e" "RUSTUP_HOME=/opt/rustwide/rustup-home" "-w" "/opt/rustwide/workdir" "-m" "1610612736" "--user" "0:0" "--network" "none" "ghcr.io/rust-lang/crates-build-env/linux@sha256:5ff2268d62e97bff2cde7d5815dd6ed5b47097566f13b8d0ca110b04b60e07ed" "/opt/rustwide/cargo-home/bin/cargo" "+1.69.0" "test" "--frozen" "--no-run" "--message-format=json", kill_on_drop: false }`
[INFO] [stdout] 698feaf432010548c7f170bb3cb6ba2a8be16bf4e7379a374b11aa83ba54039f
[INFO] running `Command { std: "docker" "start" "-a" "698feaf432010548c7f170bb3cb6ba2a8be16bf4e7379a374b11aa83ba54039f", kill_on_drop: false }`
[INFO] [stderr]    Compiling associated-derive v0.1.1 (/opt/rustwide/workdir)
[INFO] [stderr]     Finished test [unoptimized + debuginfo] target(s) in 0.36s
[INFO] running `Command { std: "docker" "inspect" "698feaf432010548c7f170bb3cb6ba2a8be16bf4e7379a374b11aa83ba54039f", kill_on_drop: false }`
[INFO] running `Command { std: "docker" "rm" "-f" "698feaf432010548c7f170bb3cb6ba2a8be16bf4e7379a374b11aa83ba54039f", kill_on_drop: false }`
[INFO] [stdout] 698feaf432010548c7f170bb3cb6ba2a8be16bf4e7379a374b11aa83ba54039f
[INFO] running `Command { std: "docker" "create" "-v" "/var/lib/crater-agent-workspace/builds/worker-3-tc1/target:/opt/rustwide/target:rw,Z" "-v" "/var/lib/crater-agent-workspace/builds/worker-3-tc1/source:/opt/rustwide/workdir:ro,Z" "-v" "/var/lib/crater-agent-workspace/cargo-home:/opt/rustwide/cargo-home:ro,Z" "-v" "/var/lib/crater-agent-workspace/rustup-home:/opt/rustwide/rustup-home:ro,Z" "-e" "SOURCE_DIR=/opt/rustwide/workdir" "-e" "CARGO_TARGET_DIR=/opt/rustwide/target" "-e" "CARGO_INCREMENTAL=0" "-e" "RUST_BACKTRACE=full" "-e" "RUSTFLAGS=--cap-lints=warn" "-e" "RUSTDOCFLAGS=--cap-lints=warn" "-e" "CARGO_HOME=/opt/rustwide/cargo-home" "-e" "RUSTUP_HOME=/opt/rustwide/rustup-home" "-w" "/opt/rustwide/workdir" "-m" "1610612736" "--user" "0:0" "--network" "none" "ghcr.io/rust-lang/crates-build-env/linux@sha256:5ff2268d62e97bff2cde7d5815dd6ed5b47097566f13b8d0ca110b04b60e07ed" "/opt/rustwide/cargo-home/bin/cargo" "+1.69.0" "test" "--frozen", kill_on_drop: false }`
[INFO] [stdout] 9006fd0a0ac0704ad2b31cfbc7a035bd811a0932b45d0ca362165590c2337c3f
[INFO] running `Command { std: "docker" "start" "-a" "9006fd0a0ac0704ad2b31cfbc7a035bd811a0932b45d0ca362165590c2337c3f", kill_on_drop: false }`
[INFO] [stderr]     Finished test [unoptimized + debuginfo] target(s) in 0.00s
[INFO] [stderr]      Running unittests src/lib.rs (/opt/rustwide/target/debug/deps/associated_derive-b5ed69473619bda0)
[INFO] [stdout] 
[INFO] [stdout] running 0 tests
[INFO] [stdout] 
[INFO] [stdout] test result: ok. 0 passed; 0 failed; 0 ignored; 0 measured; 0 filtered out; finished in 0.00s
[INFO] [stdout] 
[INFO] [stderr]    Doc-tests associated-derive
[INFO] [stdout] 
[INFO] [stdout] running 2 tests
[INFO] [stdout] test src/lib.rs - (line 32) ... FAILED
[INFO] [stdout] test src/lib.rs - (line 17) ... FAILED
[INFO] [stdout] 
[INFO] [stdout] failures:
[INFO] [stdout] 
[INFO] [stdout] ---- src/lib.rs - (line 32) stdout ----
[INFO] [stdout] error[E0433]: failed to resolve: use of undeclared crate or module `associated`
[INFO] [stdout]  --> src/lib.rs:33:6
[INFO] [stdout]   |
[INFO] [stdout] 3 | impl associated::Associated for Phonetic {
[INFO] [stdout]   |      ^^^^^^^^^^ use of undeclared crate or module `associated`
[INFO] [stdout] 
[INFO] [stdout] error[E0433]: failed to resolve: use of undeclared type `Phonetic`
[INFO] [stdout]  --> src/lib.rs:37:13
[INFO] [stdout]   |
[INFO] [stdout] 7 |             Phonetic::Alpha => {
[INFO] [stdout]   |             ^^^^^^^^ use of undeclared type `Phonetic`
[INFO] [stdout] 
[INFO] [stdout] error[E0433]: failed to resolve: use of undeclared type `Phonetic`
[INFO] [stdout]   --> src/lib.rs:41:13
[INFO] [stdout]    |
[INFO] [stdout] 11 |             Phonetic::Bravo => &"Bravo",
[INFO] [stdout]    |             ^^^^^^^^ use of undeclared type `Phonetic`
[INFO] [stdout] 
[INFO] [stdout] error[E0412]: cannot find type `Phonetic` in this scope
[INFO] [stdout]  --> src/lib.rs:33:33
[INFO] [stdout]   |
[INFO] [stdout] 3 | impl associated::Associated for Phonetic {
[INFO] [stdout]   |                                 ^^^^^^^^ not found in this scope
[INFO] [stdout] 
[INFO] [stdout] error: aborting due to 4 previous errors
[INFO] [stdout] 
[INFO] [stdout] Some errors have detailed explanations: E0412, E0433.
[INFO] [stdout] For more information about an error, try `rustc --explain E0412`.
[INFO] [stdout] Couldn't compile the test.
[INFO] [stdout] ---- src/lib.rs - (line 17) stdout ----
[INFO] [stdout] error: cannot find derive macro `Associated` in this scope
[INFO] [stdout]  --> src/lib.rs:18:10
[INFO] [stdout]   |
[INFO] [stdout] 3 | #[derive(Associated)]
[INFO] [stdout]   |          ^^^^^^^^^^
[INFO] [stdout]   |
[INFO] [stdout]   = help: consider importing this derive macro:
[INFO] [stdout]           associated_derive::Associated
[INFO] [stdout] 
[INFO] [stdout] error: cannot find attribute `associated` in this scope
[INFO] [stdout]  --> src/lib.rs:19:3
[INFO] [stdout]   |
[INFO] [stdout] 4 | #[associated(Type = &'static str)]
[INFO] [stdout]   |   ^^^^^^^^^^
[INFO] [stdout] 
[INFO] [stdout] error: cannot find attribute `assoc_const` in this scope
[INFO] [stdout]  --> src/lib.rs:21:7
[INFO] [stdout]   |
[INFO] [stdout] 6 |     #[assoc_const("Alpha")] Alpha,
[INFO] [stdout]   |       ^^^^^^^^^^^
[INFO] [stdout] 
[INFO] [stdout] error: cannot find attribute `assoc` in this scope
[INFO] [stdout]  --> src/lib.rs:22:7
[INFO] [stdout]   |
[INFO] [stdout] 7 |     #[assoc(&"Bravo")] // #[assoc] requires an expression of type &'static Type
[INFO] [stdout]   |       ^^^^^
[INFO] [stdout] 
[INFO] [stdout] error[E0599]: no method named `get_associated` found for enum `Phonetic` in the current scope
[INFO] [stdout]   --> src/lib.rs:27:17
[INFO] [stdout]    |
[INFO] [stdout] 5  | enum Phonetic {
[INFO] [stdout]    | ------------- method `get_associated` not found for this enum
[INFO] [stdout] ...
[INFO] [stdout] 12 | Phonetic::Alpha.get_associated() // returns a static lifetime reference to "Alpha"
[INFO] [stdout]    |                 ^^^^^^^^^^^^^^ method not found in `Phonetic`
[INFO] [stdout] 
[INFO] [stdout] error: aborting due to 5 previous errors
[INFO] [stdout] 
[INFO] [stdout] For more information about this error, try `rustc --explain E0599`.
[INFO] [stdout] Couldn't compile the test.
[INFO] [stdout] 
[INFO] [stdout] failures:
[INFO] [stdout]     src/lib.rs - (line 17)
[INFO] [stdout]     src/lib.rs - (line 32)
[INFO] [stdout] 
[INFO] [stdout] test result: FAILED. 0 passed; 2 failed; 0 ignored; 0 measured; 0 filtered out; finished in 0.05s
[INFO] [stdout] 
[INFO] [stderr] error: doctest failed, to rerun pass `--doc`
[INFO] running `Command { std: "docker" "inspect" "9006fd0a0ac0704ad2b31cfbc7a035bd811a0932b45d0ca362165590c2337c3f", kill_on_drop: false }`
[INFO] running `Command { std: "docker" "rm" "-f" "9006fd0a0ac0704ad2b31cfbc7a035bd811a0932b45d0ca362165590c2337c3f", kill_on_drop: false }`
[INFO] [stdout] 9006fd0a0ac0704ad2b31cfbc7a035bd811a0932b45d0ca362165590c2337c3f
