[INFO] fetching crate asset_procmac 0.2.3...
[INFO] testing asset_procmac-0.2.3 against beta-2023-04-20 for beta-1.70-1
[INFO] extracting crate asset_procmac 0.2.3 into /workspace/builds/worker-5-tc2/source
[INFO] validating manifest of crates.io crate asset_procmac 0.2.3 on toolchain beta-2023-04-20
[INFO] running `Command { std: CARGO_HOME="/workspace/cargo-home" RUSTUP_HOME="/workspace/rustup-home" "/workspace/cargo-home/bin/cargo" "+beta-2023-04-20" "metadata" "--manifest-path" "Cargo.toml" "--no-deps", kill_on_drop: false }`
[INFO] started tweaking crates.io crate asset_procmac 0.2.3
[INFO] finished tweaking crates.io crate asset_procmac 0.2.3
[INFO] tweaked toml for crates.io crate asset_procmac 0.2.3 written to /workspace/builds/worker-5-tc2/source/Cargo.toml
[INFO] crate crates.io crate asset_procmac 0.2.3 already has a lockfile, it will not be regenerated
[INFO] running `Command { std: CARGO_HOME="/workspace/cargo-home" RUSTUP_HOME="/workspace/rustup-home" "/workspace/cargo-home/bin/cargo" "+beta-2023-04-20" "fetch" "--manifest-path" "Cargo.toml", kill_on_drop: false }`
[INFO] [stderr]  Downloading crates ...
[INFO] [stderr]   Downloaded syn v2.0.15
[INFO] running `Command { std: "docker" "create" "-v" "/var/lib/crater-agent-workspace/builds/worker-5-tc2/target:/opt/rustwide/target:rw,Z" "-v" "/var/lib/crater-agent-workspace/builds/worker-5-tc2/source:/opt/rustwide/workdir:ro,Z" "-v" "/var/lib/crater-agent-workspace/cargo-home:/opt/rustwide/cargo-home:ro,Z" "-v" "/var/lib/crater-agent-workspace/rustup-home:/opt/rustwide/rustup-home:ro,Z" "-e" "SOURCE_DIR=/opt/rustwide/workdir" "-e" "CARGO_TARGET_DIR=/opt/rustwide/target" "-e" "CARGO_HOME=/opt/rustwide/cargo-home" "-e" "RUSTUP_HOME=/opt/rustwide/rustup-home" "-w" "/opt/rustwide/workdir" "-m" "1610612736" "--user" "0:0" "--network" "none" "ghcr.io/rust-lang/crates-build-env/linux@sha256:5ff2268d62e97bff2cde7d5815dd6ed5b47097566f13b8d0ca110b04b60e07ed" "/opt/rustwide/cargo-home/bin/cargo" "+beta-2023-04-20" "metadata" "--no-deps" "--format-version=1", kill_on_drop: false }`
[INFO] [stdout] 72dcc6fd65b98c6d711ea9a7922d1c66c32c8dcf84b4261130a535c9caf0e5e9
[INFO] running `Command { std: "docker" "start" "-a" "72dcc6fd65b98c6d711ea9a7922d1c66c32c8dcf84b4261130a535c9caf0e5e9", kill_on_drop: false }`
[INFO] running `Command { std: "docker" "inspect" "72dcc6fd65b98c6d711ea9a7922d1c66c32c8dcf84b4261130a535c9caf0e5e9", kill_on_drop: false }`
[INFO] running `Command { std: "docker" "rm" "-f" "72dcc6fd65b98c6d711ea9a7922d1c66c32c8dcf84b4261130a535c9caf0e5e9", kill_on_drop: false }`
[INFO] [stdout] 72dcc6fd65b98c6d711ea9a7922d1c66c32c8dcf84b4261130a535c9caf0e5e9
[INFO] running `Command { std: "docker" "create" "-v" "/var/lib/crater-agent-workspace/builds/worker-5-tc2/target:/opt/rustwide/target:rw,Z" "-v" "/var/lib/crater-agent-workspace/builds/worker-5-tc2/source:/opt/rustwide/workdir:ro,Z" "-v" "/var/lib/crater-agent-workspace/cargo-home:/opt/rustwide/cargo-home:ro,Z" "-v" "/var/lib/crater-agent-workspace/rustup-home:/opt/rustwide/rustup-home:ro,Z" "-e" "SOURCE_DIR=/opt/rustwide/workdir" "-e" "CARGO_TARGET_DIR=/opt/rustwide/target" "-e" "CARGO_INCREMENTAL=0" "-e" "RUST_BACKTRACE=full" "-e" "RUSTFLAGS=--cap-lints=warn" "-e" "RUSTDOCFLAGS=--cap-lints=warn" "-e" "CARGO_HOME=/opt/rustwide/cargo-home" "-e" "RUSTUP_HOME=/opt/rustwide/rustup-home" "-w" "/opt/rustwide/workdir" "-m" "1610612736" "--user" "0:0" "--network" "none" "ghcr.io/rust-lang/crates-build-env/linux@sha256:5ff2268d62e97bff2cde7d5815dd6ed5b47097566f13b8d0ca110b04b60e07ed" "/opt/rustwide/cargo-home/bin/cargo" "+beta-2023-04-20" "build" "--frozen" "--message-format=json", kill_on_drop: false }`
[INFO] [stdout] a7fc809ed54e7d279afb007ba5736c071b322ca6764d0661a19226aeb409fd93
[INFO] running `Command { std: "docker" "start" "-a" "a7fc809ed54e7d279afb007ba5736c071b322ca6764d0661a19226aeb409fd93", kill_on_drop: false }`
[INFO] [stderr]    Compiling proc-macro2 v1.0.56
[INFO] [stderr]    Compiling quote v1.0.26
[INFO] [stderr]    Compiling unicode-ident v1.0.8
[INFO] [stderr]    Compiling syn v2.0.15
[INFO] [stderr]    Compiling asset_procmac v0.2.3 (/opt/rustwide/workdir)
[INFO] [stderr]     Finished dev [unoptimized + debuginfo] target(s) in 6.16s
[INFO] running `Command { std: "docker" "inspect" "a7fc809ed54e7d279afb007ba5736c071b322ca6764d0661a19226aeb409fd93", kill_on_drop: false }`
[INFO] running `Command { std: "docker" "rm" "-f" "a7fc809ed54e7d279afb007ba5736c071b322ca6764d0661a19226aeb409fd93", kill_on_drop: false }`
[INFO] [stdout] a7fc809ed54e7d279afb007ba5736c071b322ca6764d0661a19226aeb409fd93
[INFO] running `Command { std: "docker" "create" "-v" "/var/lib/crater-agent-workspace/builds/worker-5-tc2/target:/opt/rustwide/target:rw,Z" "-v" "/var/lib/crater-agent-workspace/builds/worker-5-tc2/source:/opt/rustwide/workdir:ro,Z" "-v" "/var/lib/crater-agent-workspace/cargo-home:/opt/rustwide/cargo-home:ro,Z" "-v" "/var/lib/crater-agent-workspace/rustup-home:/opt/rustwide/rustup-home:ro,Z" "-e" "SOURCE_DIR=/opt/rustwide/workdir" "-e" "CARGO_TARGET_DIR=/opt/rustwide/target" "-e" "CARGO_INCREMENTAL=0" "-e" "RUST_BACKTRACE=full" "-e" "RUSTFLAGS=--cap-lints=warn" "-e" "RUSTDOCFLAGS=--cap-lints=warn" "-e" "CARGO_HOME=/opt/rustwide/cargo-home" "-e" "RUSTUP_HOME=/opt/rustwide/rustup-home" "-w" "/opt/rustwide/workdir" "-m" "1610612736" "--user" "0:0" "--network" "none" "ghcr.io/rust-lang/crates-build-env/linux@sha256:5ff2268d62e97bff2cde7d5815dd6ed5b47097566f13b8d0ca110b04b60e07ed" "/opt/rustwide/cargo-home/bin/cargo" "+beta-2023-04-20" "test" "--frozen" "--no-run" "--message-format=json", kill_on_drop: false }`
[INFO] [stdout] 185ad5191742cbf2c12707e96f07f2360c1d49c931a138e9411971875e2d29ac
[INFO] running `Command { std: "docker" "start" "-a" "185ad5191742cbf2c12707e96f07f2360c1d49c931a138e9411971875e2d29ac", kill_on_drop: false }`
[INFO] [stderr]    Compiling asset_procmac v0.2.3 (/opt/rustwide/workdir)
[INFO] [stderr]     Finished test [unoptimized + debuginfo] target(s) in 1.28s
[INFO] running `Command { std: "docker" "inspect" "185ad5191742cbf2c12707e96f07f2360c1d49c931a138e9411971875e2d29ac", kill_on_drop: false }`
[INFO] running `Command { std: "docker" "rm" "-f" "185ad5191742cbf2c12707e96f07f2360c1d49c931a138e9411971875e2d29ac", kill_on_drop: false }`
[INFO] [stdout] 185ad5191742cbf2c12707e96f07f2360c1d49c931a138e9411971875e2d29ac
[INFO] running `Command { std: "docker" "create" "-v" "/var/lib/crater-agent-workspace/builds/worker-5-tc2/target:/opt/rustwide/target:rw,Z" "-v" "/var/lib/crater-agent-workspace/builds/worker-5-tc2/source:/opt/rustwide/workdir:ro,Z" "-v" "/var/lib/crater-agent-workspace/cargo-home:/opt/rustwide/cargo-home:ro,Z" "-v" "/var/lib/crater-agent-workspace/rustup-home:/opt/rustwide/rustup-home:ro,Z" "-e" "SOURCE_DIR=/opt/rustwide/workdir" "-e" "CARGO_TARGET_DIR=/opt/rustwide/target" "-e" "CARGO_INCREMENTAL=0" "-e" "RUST_BACKTRACE=full" "-e" "RUSTFLAGS=--cap-lints=warn" "-e" "RUSTDOCFLAGS=--cap-lints=warn" "-e" "CARGO_HOME=/opt/rustwide/cargo-home" "-e" "RUSTUP_HOME=/opt/rustwide/rustup-home" "-w" "/opt/rustwide/workdir" "-m" "1610612736" "--user" "0:0" "--network" "none" "ghcr.io/rust-lang/crates-build-env/linux@sha256:5ff2268d62e97bff2cde7d5815dd6ed5b47097566f13b8d0ca110b04b60e07ed" "/opt/rustwide/cargo-home/bin/cargo" "+beta-2023-04-20" "test" "--frozen", kill_on_drop: false }`
[INFO] [stdout] 0a2a9e3aa810ef6af6f5b994abdc866d1dc34282ec5a0d19a9f1e060a0347968
[INFO] running `Command { std: "docker" "start" "-a" "0a2a9e3aa810ef6af6f5b994abdc866d1dc34282ec5a0d19a9f1e060a0347968", kill_on_drop: false }`
[INFO] [stderr]     Finished test [unoptimized + debuginfo] target(s) in 0.01s
[INFO] [stderr]      Running unittests src/lib.rs (/opt/rustwide/target/debug/deps/asset_procmac-d996cb3f3ad2e0f4)
[INFO] [stderr]      Running unittests src/main.rs (/opt/rustwide/target/debug/deps/asset_procmac-a1611893b07f35bc)
[INFO] [stdout] 
[INFO] [stdout] running 0 tests
[INFO] [stdout] 
[INFO] [stdout] test result: ok. 0 passed; 0 failed; 0 ignored; 0 measured; 0 filtered out; finished in 0.00s
[INFO] [stdout] 
[INFO] [stdout] 
[INFO] [stderr]    Doc-tests asset_procmac
[INFO] [stdout] running 0 tests
[INFO] [stdout] 
[INFO] [stdout] test result: ok. 0 passed; 0 failed; 0 ignored; 0 measured; 0 filtered out; finished in 0.00s
[INFO] [stdout] 
[INFO] [stdout] 
[INFO] [stdout] running 1 test
[INFO] [stdout] test src/lib.rs - include_if_release (line 14) ... FAILED
[INFO] [stdout] 
[INFO] [stdout] failures:
[INFO] [stdout] 
[INFO] [stdout] ---- src/lib.rs - include_if_release (line 14) stdout ----
[INFO] [stdout] error: cannot find macro `prinln` in this scope
[INFO] [stdout]   --> src/lib.rs:24:1
[INFO] [stdout]    |
[INFO] [stdout] 13 | prinln!("{}", include_if_release!("a.txt")); // Panics in debug builds, but prints the contents of a.txt in release builds.
[INFO] [stdout]    | ^^^^^^ help: a macro with a similar name exists: `println`
[INFO] [stdout]   --> /rustc/1b7dd2252b99671ce5d1cb9664c5f8636329436d/library/std/src/macros.rs:132:1
[INFO] [stdout]    |
[INFO] [stdout]    = note: similarly named macro `println` defined here
[INFO] [stdout] 
[INFO] [stdout] error[E0433]: failed to resolve: could not find `Duration` in `std`
[INFO] [stdout]   --> src/lib.rs:23:25
[INFO] [stdout]    |
[INFO] [stdout] 12 | std::thread::sleep(std::Duration::from_secs(3));
[INFO] [stdout]    |                         ^^^^^^^^ could not find `Duration` in `std`
[INFO] [stdout]    |
[INFO] [stdout] help: consider importing one of these items
[INFO] [stdout]    |
[INFO] [stdout] 2  + use core::time::Duration;
[INFO] [stdout]    |
[INFO] [stdout] 2  + use std::time::Duration;
[INFO] [stdout]    |
[INFO] [stdout] help: if you import `Duration`, refer to it directly
[INFO] [stdout]    |
[INFO] [stdout] 12 - std::thread::sleep(std::Duration::from_secs(3));
[INFO] [stdout] 12 + std::thread::sleep(Duration::from_secs(3));
[INFO] [stdout]    |
[INFO] [stdout] 
[INFO] [stdout] error: aborting due to 2 previous errors
[INFO] [stdout] 
[INFO] [stdout] For more information about this error, try `rustc --explain E0433`.
[INFO] [stdout] Couldn't compile the test.
[INFO] [stdout] 
[INFO] [stdout] failures:
[INFO] [stdout]     src/lib.rs - include_if_release (line 14)
[INFO] [stdout] 
[INFO] [stdout] test result: FAILED. 0 passed; 1 failed; 0 ignored; 0 measured; 0 filtered out; finished in 0.07s
[INFO] [stdout] 
[INFO] [stderr] error: doctest failed, to rerun pass `--doc`
[INFO] running `Command { std: "docker" "inspect" "0a2a9e3aa810ef6af6f5b994abdc866d1dc34282ec5a0d19a9f1e060a0347968", kill_on_drop: false }`
[INFO] running `Command { std: "docker" "rm" "-f" "0a2a9e3aa810ef6af6f5b994abdc866d1dc34282ec5a0d19a9f1e060a0347968", kill_on_drop: false }`
[INFO] [stdout] 0a2a9e3aa810ef6af6f5b994abdc866d1dc34282ec5a0d19a9f1e060a0347968
