[INFO] fetching crate ascii 1.1.0...
[INFO] testing ascii-1.1.0 against beta-2023-04-20 for beta-1.70-1
[INFO] extracting crate ascii 1.1.0 into /workspace/builds/worker-5-tc2/source
[INFO] validating manifest of crates.io crate ascii 1.1.0 on toolchain beta-2023-04-20
[INFO] running `Command { std: CARGO_HOME="/workspace/cargo-home" RUSTUP_HOME="/workspace/rustup-home" "/workspace/cargo-home/bin/cargo" "+beta-2023-04-20" "metadata" "--manifest-path" "Cargo.toml" "--no-deps", kill_on_drop: false }`
[INFO] started tweaking crates.io crate ascii 1.1.0
[INFO] removed 0 missing tests
[INFO] finished tweaking crates.io crate ascii 1.1.0
[INFO] tweaked toml for crates.io crate ascii 1.1.0 written to /workspace/builds/worker-5-tc2/source/Cargo.toml
[INFO] running `Command { std: CARGO_HOME="/workspace/cargo-home" RUSTUP_HOME="/workspace/rustup-home" __CARGO_TEST_CHANNEL_OVERRIDE_DO_NOT_USE_THIS="nightly" "/workspace/cargo-home/bin/cargo" "+beta-2023-04-20" "generate-lockfile" "--manifest-path" "Cargo.toml" "-Zno-index-update", kill_on_drop: false }`
[INFO] running `Command { std: CARGO_HOME="/workspace/cargo-home" RUSTUP_HOME="/workspace/rustup-home" "/workspace/cargo-home/bin/cargo" "+beta-2023-04-20" "fetch" "--manifest-path" "Cargo.toml", kill_on_drop: false }`
[INFO] [stderr]  Downloading crates ...
[INFO] [stderr]   Downloaded serde_test v1.0.160
[INFO] running `Command { std: "docker" "create" "-v" "/var/lib/crater-agent-workspace/builds/worker-5-tc2/target:/opt/rustwide/target:rw,Z" "-v" "/var/lib/crater-agent-workspace/builds/worker-5-tc2/source:/opt/rustwide/workdir:ro,Z" "-v" "/var/lib/crater-agent-workspace/cargo-home:/opt/rustwide/cargo-home:ro,Z" "-v" "/var/lib/crater-agent-workspace/rustup-home:/opt/rustwide/rustup-home:ro,Z" "-e" "SOURCE_DIR=/opt/rustwide/workdir" "-e" "CARGO_TARGET_DIR=/opt/rustwide/target" "-e" "CARGO_HOME=/opt/rustwide/cargo-home" "-e" "RUSTUP_HOME=/opt/rustwide/rustup-home" "-w" "/opt/rustwide/workdir" "-m" "1610612736" "--user" "0:0" "--network" "none" "ghcr.io/rust-lang/crates-build-env/linux@sha256:5ff2268d62e97bff2cde7d5815dd6ed5b47097566f13b8d0ca110b04b60e07ed" "/opt/rustwide/cargo-home/bin/cargo" "+beta-2023-04-20" "metadata" "--no-deps" "--format-version=1", kill_on_drop: false }`
[INFO] [stdout] 2345a86e3811e91488eae399fde6db31cd22999b729e808d80528289b6926dec
[INFO] running `Command { std: "docker" "start" "-a" "2345a86e3811e91488eae399fde6db31cd22999b729e808d80528289b6926dec", kill_on_drop: false }`
[INFO] running `Command { std: "docker" "inspect" "2345a86e3811e91488eae399fde6db31cd22999b729e808d80528289b6926dec", kill_on_drop: false }`
[INFO] running `Command { std: "docker" "rm" "-f" "2345a86e3811e91488eae399fde6db31cd22999b729e808d80528289b6926dec", kill_on_drop: false }`
[INFO] [stdout] 2345a86e3811e91488eae399fde6db31cd22999b729e808d80528289b6926dec
[INFO] running `Command { std: "docker" "create" "-v" "/var/lib/crater-agent-workspace/builds/worker-5-tc2/target:/opt/rustwide/target:rw,Z" "-v" "/var/lib/crater-agent-workspace/builds/worker-5-tc2/source:/opt/rustwide/workdir:ro,Z" "-v" "/var/lib/crater-agent-workspace/cargo-home:/opt/rustwide/cargo-home:ro,Z" "-v" "/var/lib/crater-agent-workspace/rustup-home:/opt/rustwide/rustup-home:ro,Z" "-e" "SOURCE_DIR=/opt/rustwide/workdir" "-e" "CARGO_TARGET_DIR=/opt/rustwide/target" "-e" "CARGO_INCREMENTAL=0" "-e" "RUST_BACKTRACE=full" "-e" "RUSTFLAGS=--cap-lints=warn" "-e" "RUSTDOCFLAGS=--cap-lints=warn" "-e" "CARGO_HOME=/opt/rustwide/cargo-home" "-e" "RUSTUP_HOME=/opt/rustwide/rustup-home" "-w" "/opt/rustwide/workdir" "-m" "1610612736" "--user" "0:0" "--network" "none" "ghcr.io/rust-lang/crates-build-env/linux@sha256:5ff2268d62e97bff2cde7d5815dd6ed5b47097566f13b8d0ca110b04b60e07ed" "/opt/rustwide/cargo-home/bin/cargo" "+beta-2023-04-20" "build" "--frozen" "--message-format=json", kill_on_drop: false }`
[INFO] [stdout] eb95d738bf67904a87e64166c4106c83f1d44e4a47b6ca09430b703ac03a69f9
[INFO] running `Command { std: "docker" "start" "-a" "eb95d738bf67904a87e64166c4106c83f1d44e4a47b6ca09430b703ac03a69f9", kill_on_drop: false }`
[INFO] [stderr]    Compiling ascii v1.1.0 (/opt/rustwide/workdir)
[INFO] [stdout] warning[E0170]: pattern binding `a` is named the same as one of the variants of the type `ascii_char::AsciiChar`
[INFO] [stdout]    --> src/ascii_char.rs:759:21
[INFO] [stdout]     |
[INFO] [stdout] 759 |             fn from(a: AsciiChar) -> $wider {
[INFO] [stdout]     |                     ^
[INFO] [stdout] ...
[INFO] [stdout] 789 | impl_into_partial_eq_ord! {u8, AsciiChar::as_byte}
[INFO] [stdout]     | -------------------------------------------------- in this macro invocation
[INFO] [stdout]     |
[INFO] [stdout]     = note: `#[warn(bindings_with_variant_name)]` on by default
[INFO] [stdout]     = note: this warning originates in the macro `impl_into_partial_eq_ord` (in Nightly builds, run with -Z macro-backtrace for more info)
[INFO] [stdout] 
[INFO] [stdout] 
[INFO] [stdout] warning[E0170]: pattern binding `a` is named the same as one of the variants of the type `ascii_char::AsciiChar`
[INFO] [stdout]    --> src/ascii_char.rs:759:21
[INFO] [stdout]     |
[INFO] [stdout] 759 |             fn from(a: AsciiChar) -> $wider {
[INFO] [stdout]     |                     ^
[INFO] [stdout] ...
[INFO] [stdout] 790 | impl_into_partial_eq_ord! {char, AsciiChar::as_char}
[INFO] [stdout]     | ---------------------------------------------------- in this macro invocation
[INFO] [stdout]     |
[INFO] [stdout]     = note: this warning originates in the macro `impl_into_partial_eq_ord` (in Nightly builds, run with -Z macro-backtrace for more info)
[INFO] [stdout] 
[INFO] [stdout] 
[INFO] [stdout] warning: 2 warnings emitted
[INFO] [stdout] 
[INFO] [stdout] 
[INFO] [stdout] For more information about this error, try `rustc --explain E0170`.
[INFO] [stdout] 
[INFO] [stderr]     Finished dev [unoptimized + debuginfo] target(s) in 0.57s
[INFO] running `Command { std: "docker" "inspect" "eb95d738bf67904a87e64166c4106c83f1d44e4a47b6ca09430b703ac03a69f9", kill_on_drop: false }`
[INFO] running `Command { std: "docker" "rm" "-f" "eb95d738bf67904a87e64166c4106c83f1d44e4a47b6ca09430b703ac03a69f9", kill_on_drop: false }`
[INFO] [stdout] eb95d738bf67904a87e64166c4106c83f1d44e4a47b6ca09430b703ac03a69f9
[INFO] running `Command { std: "docker" "create" "-v" "/var/lib/crater-agent-workspace/builds/worker-5-tc2/target:/opt/rustwide/target:rw,Z" "-v" "/var/lib/crater-agent-workspace/builds/worker-5-tc2/source:/opt/rustwide/workdir:ro,Z" "-v" "/var/lib/crater-agent-workspace/cargo-home:/opt/rustwide/cargo-home:ro,Z" "-v" "/var/lib/crater-agent-workspace/rustup-home:/opt/rustwide/rustup-home:ro,Z" "-e" "SOURCE_DIR=/opt/rustwide/workdir" "-e" "CARGO_TARGET_DIR=/opt/rustwide/target" "-e" "CARGO_INCREMENTAL=0" "-e" "RUST_BACKTRACE=full" "-e" "RUSTFLAGS=--cap-lints=warn" "-e" "RUSTDOCFLAGS=--cap-lints=warn" "-e" "CARGO_HOME=/opt/rustwide/cargo-home" "-e" "RUSTUP_HOME=/opt/rustwide/rustup-home" "-w" "/opt/rustwide/workdir" "-m" "1610612736" "--user" "0:0" "--network" "none" "ghcr.io/rust-lang/crates-build-env/linux@sha256:5ff2268d62e97bff2cde7d5815dd6ed5b47097566f13b8d0ca110b04b60e07ed" "/opt/rustwide/cargo-home/bin/cargo" "+beta-2023-04-20" "test" "--frozen" "--no-run" "--message-format=json", kill_on_drop: false }`
[INFO] [stdout] 2e52e7e677ac281b404b0ffb79367631348fa8a5550fdc4e658fe36fb70b2ff6
[INFO] running `Command { std: "docker" "start" "-a" "2e52e7e677ac281b404b0ffb79367631348fa8a5550fdc4e658fe36fb70b2ff6", kill_on_drop: false }`
[INFO] [stdout] warning[E0170]: pattern binding `a` is named the same as one of the variants of the type `ascii_char::AsciiChar`
[INFO] [stdout]    --> src/ascii_char.rs:759:21
[INFO] [stdout]     |
[INFO] [stdout] 759 |             fn from(a: AsciiChar) -> $wider {
[INFO] [stdout]     |                     ^
[INFO] [stdout] ...
[INFO] [stdout] 789 | impl_into_partial_eq_ord! {u8, AsciiChar::as_byte}
[INFO] [stdout]     | -------------------------------------------------- in this macro invocation
[INFO] [stdout]     |
[INFO] [stdout]     = note: `#[warn(bindings_with_variant_name)]` on by default
[INFO] [stdout]     = note: this warning originates in the macro `impl_into_partial_eq_ord` (in Nightly builds, run with -Z macro-backtrace for more info)
[INFO] [stdout] 
[INFO] [stdout] 
[INFO] [stderr]    Compiling ascii v1.1.0 (/opt/rustwide/workdir)
[INFO] [stdout] warning[E0170]: pattern binding `a` is named the same as one of the variants of the type `ascii_char::AsciiChar`
[INFO] [stdout]    --> src/ascii_char.rs:759:21
[INFO] [stdout]     |
[INFO] [stdout] 759 |             fn from(a: AsciiChar) -> $wider {
[INFO] [stdout]     |                     ^
[INFO] [stdout] ...
[INFO] [stdout] 790 | impl_into_partial_eq_ord! {char, AsciiChar::as_char}
[INFO] [stdout]     | ---------------------------------------------------- in this macro invocation
[INFO] [stdout]     |
[INFO] [stdout]     = note: this warning originates in the macro `impl_into_partial_eq_ord` (in Nightly builds, run with -Z macro-backtrace for more info)
[INFO] [stdout] 
[INFO] [stdout] 
[INFO] [stdout] warning: 2 warnings emitted
[INFO] [stdout] 
[INFO] [stdout] 
[INFO] [stdout] For more information about this error, try `rustc --explain E0170`.
[INFO] [stdout] 
[INFO] [stdout] warning[E0170]: pattern binding `a` is named the same as one of the variants of the type `ascii_char::AsciiChar`
[INFO] [stdout]    --> src/ascii_char.rs:759:21
[INFO] [stdout]     |
[INFO] [stdout] 759 |             fn from(a: AsciiChar) -> $wider {
[INFO] [stdout]     |                     ^
[INFO] [stdout] ...
[INFO] [stdout] 789 | impl_into_partial_eq_ord! {u8, AsciiChar::as_byte}
[INFO] [stdout]     | -------------------------------------------------- in this macro invocation
[INFO] [stdout]     |
[INFO] [stdout]     = note: `#[warn(bindings_with_variant_name)]` on by default
[INFO] [stdout]     = note: this warning originates in the macro `impl_into_partial_eq_ord` (in Nightly builds, run with -Z macro-backtrace for more info)
[INFO] [stdout] 
[INFO] [stdout] 
[INFO] [stdout] warning[E0170]: pattern binding `a` is named the same as one of the variants of the type `ascii_char::AsciiChar`
[INFO] [stdout]    --> src/ascii_char.rs:759:21
[INFO] [stdout]     |
[INFO] [stdout] 759 |             fn from(a: AsciiChar) -> $wider {
[INFO] [stdout]     |                     ^
[INFO] [stdout] ...
[INFO] [stdout] 790 | impl_into_partial_eq_ord! {char, AsciiChar::as_char}
[INFO] [stdout]     | ---------------------------------------------------- in this macro invocation
[INFO] [stdout]     |
[INFO] [stdout]     = note: this warning originates in the macro `impl_into_partial_eq_ord` (in Nightly builds, run with -Z macro-backtrace for more info)
[INFO] [stdout] 
[INFO] [stdout] 
[INFO] [stdout] warning: 2 warnings emitted
[INFO] [stdout] 
[INFO] [stdout] 
[INFO] [stdout] For more information about this error, try `rustc --explain E0170`.
[INFO] [stdout] 
[INFO] [stderr]     Finished test [unoptimized + debuginfo] target(s) in 1.43s
[INFO] running `Command { std: "docker" "inspect" "2e52e7e677ac281b404b0ffb79367631348fa8a5550fdc4e658fe36fb70b2ff6", kill_on_drop: false }`
[INFO] running `Command { std: "docker" "rm" "-f" "2e52e7e677ac281b404b0ffb79367631348fa8a5550fdc4e658fe36fb70b2ff6", kill_on_drop: false }`
[INFO] [stdout] 2e52e7e677ac281b404b0ffb79367631348fa8a5550fdc4e658fe36fb70b2ff6
[INFO] running `Command { std: "docker" "create" "-v" "/var/lib/crater-agent-workspace/builds/worker-5-tc2/target:/opt/rustwide/target:rw,Z" "-v" "/var/lib/crater-agent-workspace/builds/worker-5-tc2/source:/opt/rustwide/workdir:ro,Z" "-v" "/var/lib/crater-agent-workspace/cargo-home:/opt/rustwide/cargo-home:ro,Z" "-v" "/var/lib/crater-agent-workspace/rustup-home:/opt/rustwide/rustup-home:ro,Z" "-e" "SOURCE_DIR=/opt/rustwide/workdir" "-e" "CARGO_TARGET_DIR=/opt/rustwide/target" "-e" "CARGO_INCREMENTAL=0" "-e" "RUST_BACKTRACE=full" "-e" "RUSTFLAGS=--cap-lints=warn" "-e" "RUSTDOCFLAGS=--cap-lints=warn" "-e" "CARGO_HOME=/opt/rustwide/cargo-home" "-e" "RUSTUP_HOME=/opt/rustwide/rustup-home" "-w" "/opt/rustwide/workdir" "-m" "1610612736" "--user" "0:0" "--network" "none" "ghcr.io/rust-lang/crates-build-env/linux@sha256:5ff2268d62e97bff2cde7d5815dd6ed5b47097566f13b8d0ca110b04b60e07ed" "/opt/rustwide/cargo-home/bin/cargo" "+beta-2023-04-20" "test" "--frozen", kill_on_drop: false }`
[INFO] [stdout] 1bd9aeb65c84867ae1e567a7051dd899bdc122704e0cb85cf9683706905f2ab8
[INFO] running `Command { std: "docker" "start" "-a" "1bd9aeb65c84867ae1e567a7051dd899bdc122704e0cb85cf9683706905f2ab8", kill_on_drop: false }`
[INFO] [stderr] warning[E0170]: pattern binding `a` is named the same as one of the variants of the type `ascii_char::AsciiChar`
[INFO] [stderr]    --> src/ascii_char.rs:759:21
[INFO] [stderr]     |
[INFO] [stderr] 759 |             fn from(a: AsciiChar) -> $wider {
[INFO] [stderr]     |                     ^
[INFO] [stderr] ...
[INFO] [stderr] 789 | impl_into_partial_eq_ord! {u8, AsciiChar::as_byte}
[INFO] [stderr]     | -------------------------------------------------- in this macro invocation
[INFO] [stderr]     |
[INFO] [stderr]     = note: `#[warn(bindings_with_variant_name)]` on by default
[INFO] [stderr]     = note: this warning originates in the macro `impl_into_partial_eq_ord` (in Nightly builds, run with -Z macro-backtrace for more info)
[INFO] [stderr] 
[INFO] [stderr] warning[E0170]: pattern binding `a` is named the same as one of the variants of the type `ascii_char::AsciiChar`
[INFO] [stderr]    --> src/ascii_char.rs:759:21
[INFO] [stderr]     |
[INFO] [stderr] 759 |             fn from(a: AsciiChar) -> $wider {
[INFO] [stderr]     |                     ^
[INFO] [stderr] ...
[INFO] [stderr] 790 | impl_into_partial_eq_ord! {char, AsciiChar::as_char}
[INFO] [stderr]     | ---------------------------------------------------- in this macro invocation
[INFO] [stderr]     |
[INFO] [stderr]     = note: this warning originates in the macro `impl_into_partial_eq_ord` (in Nightly builds, run with -Z macro-backtrace for more info)
[INFO] [stderr] 
[INFO] [stderr] For more information about this error, try `rustc --explain E0170`.
[INFO] [stderr] warning: `ascii` (lib) generated 2 warnings
[INFO] [stderr] warning: `ascii` (lib test) generated 2 warnings (2 duplicates)
[INFO] [stderr]     Finished test [unoptimized + debuginfo] target(s) in 0.01s
[INFO] [stderr]      Running unittests src/lib.rs (/opt/rustwide/target/debug/deps/ascii-340b4d87ff09e918)
[INFO] [stdout] 
[INFO] [stdout] running 37 tests
[INFO] [stdout] test ascii_char::tests::ascii_case ... ok
[INFO] [stdout] test ascii_char::tests::cmp_wider ... ok
[INFO] [stdout] test ascii_char::tests::as_byte_and_char ... ok
[INFO] [stdout] test ascii_char::tests::is_digit_strange_radixes ... ok
[INFO] [stdout] test ascii_char::tests::to_ascii_char ... ok
[INFO] [stdout] test ascii_str::tests::as_ascii_str ... ok
[INFO] [stdout] test ascii_str::tests::as_bytes ... ok
[INFO] [stdout] test ascii_str::tests::as_mut_ascii_str ... ok
[INFO] [stdout] test ascii_char::tests::fmt_ascii ... ok
[INFO] [stdout] test ascii_char::tests::is_all ... ok
[INFO] [stdout] test ascii_str::tests::chars_iter_mut ... ok
[INFO] [stdout] test ascii_str::tests::as_str ... ok
[INFO] [stdout] test ascii_str::tests::chars_iter ... ok
[INFO] [stdout] test ascii_char::tests::new_array_is_correct ... ok
[INFO] [stdout] test ascii_str::tests::cstring_as_ascii_str ... ok
[INFO] [stdout] test ascii_str::tests::fmt_ascii_str ... ok
[INFO] [stdout] test ascii_str::tests::cstr_as_ascii_str ... ok
[INFO] [stdout] test ascii_str::tests::generic_as_ascii_str ... ok
[INFO] [stdout] test ascii_str::tests::generic_as_mut_ascii_str ... ok
[INFO] [stdout] test ascii_str::tests::index ... ok
[INFO] [stdout] test ascii_str::tests::lines_iter ... ok
[INFO] [stdout] test ascii_str::tests::make_ascii_case ... ok
[INFO] [stdout] test ascii_str::tests::split_str ... ok
[INFO] [stdout] test ascii_str::tests::split_str_empty ... ok
[INFO] [stdout] test ascii_str::tests::lines_iter_empty ... ok
[INFO] [stdout] test ascii_str::tests::lines_iter_rev ... ok
[INFO] [stdout] test ascii_string::tests::from_cstring ... ok
[INFO] [stdout] test ascii_str::tests::to_ascii_case ... ok
[INFO] [stdout] test ascii_string::tests::fmt_ascii_string ... ok
[INFO] [stdout] test ascii_string::tests::from_ascii_vec ... ok
[INFO] [stdout] test ascii_str::tests::split_str_rev ... ok
[INFO] [stdout] test ascii_string::tests::into_bytes ... ok
[INFO] [stdout] test ascii_str::tests::default ... ok
[INFO] [stdout] test ascii_string::tests::into_string ... ok
[INFO] [stdout] test ascii_string::tests::to_and_from_box ... ok
[INFO] [stdout] test ascii_char::tests::is_digit_bad_radix - should panic ... ok
[INFO] [stdout] test ascii_string::tests::write_fmt ... ok
[INFO] [stdout] 
[INFO] [stdout] test result: ok. 37 passed; 0 failed; 0 ignored; 0 measured; 0 filtered out; finished in 0.03s
[INFO] [stdout] 
[INFO] [stderr]      Running tests.rs (/opt/rustwide/target/debug/deps/tests-a39eaccbd197dd96)
[INFO] [stdout] 
[INFO] [stdout] running 11 tests
[INFO] [stdout] test compare_ascii_str_slice ... ok
[INFO] [stdout] test ascii_vec ... ok
[INFO] [stdout] test compare_ascii_str_string ... ok
[INFO] [stdout] test compare_ascii_string_ascii_str ... ok
[INFO] [stdout] test compare_ascii_string_slice ... ok
[INFO] [stdout] test compare_ascii_string_str ... ok
[INFO] [stdout] test compare_ascii_string_string ... ok
[INFO] [stdout] test to_ascii ... ok
[INFO] [stdout] test into_ascii ... ok
[INFO] [stdout] test extend_from_iterator ... ok
[INFO] [stderr]    Doc-tests ascii
[INFO] [stdout] test compare_ascii_str_str ... ok
[INFO] [stdout] 
[INFO] [stdout] test result: ok. 11 passed; 0 failed; 0 ignored; 0 measured; 0 filtered out; finished in 0.01s
[INFO] [stdout] 
[INFO] [stdout] 
[INFO] [stdout] running 49 tests
[INFO] [stdout] test src/ascii_char.rs - ascii_char::AsciiChar::from_ascii (line 287) ... FAILED
[INFO] [stdout] test src/ascii_char.rs - ascii_char::AsciiChar::is_ascii_digit (line 449) ... ok
[INFO] [stdout] test src/ascii_char.rs - ascii_char::AsciiChar::as_printable_char (line 654) ... ok
[INFO] [stdout] test src/ascii_char.rs - ascii_char::AsciiChar::is_ascii_blank (line 482) ... ok
[INFO] [stdout] test src/ascii_char.rs - ascii_char::AsciiChar::is_ascii_graphic (line 539) ... ok
[INFO] [stdout] test src/ascii_char.rs - ascii_char::AsciiChar::is_ascii_hexdigit (line 633) ... ok
[INFO] [stdout] test src/ascii_char.rs - ascii_char::AsciiChar::is_ascii_punctuation (line 617) ... ok
[INFO] [stdout] test src/ascii_char.rs - ascii_char::AsciiChar::is_ascii_printable (line 554) ... ok
[INFO] [stdout] test src/ascii_char.rs - ascii_char::AsciiChar::is_ascii_control (line 521) ... ok
[INFO] [stdout] test src/ascii_char.rs - ascii_char::AsciiChar::new (line 320) - compile fail ... ok
[INFO] [stdout] test src/ascii_char.rs - ascii_char::AsciiChar::is_lowercase (line 569) ... ok
[INFO] [stdout] test src/ascii_char.rs - ascii_char::AsciiChar::is_uppercase (line 593) ... ok
[INFO] [stdout] test src/ascii_char.rs - ascii_char::AsciiChar::to_ascii_lowercase (line 711) ... ok
[INFO] [stdout] test src/ascii_char.rs - ascii_char::AsciiChar::new (line 314) ... ok
[INFO] [stdout] test src/ascii_char.rs - ascii_char::AsciiChar::new (line 307) ... ok
[INFO] [stdout] test src/ascii_str.rs - ascii_str::AsAsciiStr::slice_ascii (line 857) ... ok
[INFO] [stdout] test src/ascii_str.rs - ascii_str::AsAsciiStr::as_ascii_str (line 874) ... ok
[INFO] [stdout] test src/ascii_str.rs - ascii_str::AsciiStr::from_ascii_unchecked (line 119) ... ok
[INFO] [stdout] test src/ascii_str.rs - ascii_str::AsAsciiStr::get_ascii (line 890) ... ok
[INFO] [stdout] test src/ascii_char.rs - ascii_char::AsciiChar::to_ascii_uppercase (line 693) ... ok
[INFO] [stdout] test src/ascii_str.rs - ascii_str::AsciiStr::from_ascii (line 96) ... ok
[INFO] [stdout] test src/ascii_str.rs - ascii_str::AsciiStr::len (line 135) ... ok
[INFO] [stdout] test src/ascii_str.rs - ascii_str::AsciiStr::is_empty (line 149) ... ok
[INFO] [stdout] test src/ascii_str.rs - ascii_str::AsciiStr::trim_start (line 224) ... ok
[INFO] [stdout] test src/ascii_str.rs - ascii_str::AsciiStr::trim_end (line 243) ... ok
[INFO] [stdout] test src/ascii_str.rs - ascii_str::AsciiStr::trim (line 211) ... ok
[INFO] [stdout] test src/ascii_str.rs - ascii_str::AsciiStr::split (line 180) ... ok
[INFO] [stdout] test src/ascii_string.rs - ascii_string::AsciiString::capacity (line 201) ... ok
[INFO] [stdout] test src/ascii_string.rs - ascii_string::AsciiString::clear (line 400) ... ok
[INFO] [stdout] test src/ascii_string.rs - ascii_string::AsciiString::pop (line 310) ... FAILED
[INFO] [stdout] test src/ascii_string.rs - ascii_string::AsciiString::from_ascii (line 143) ... ok
[INFO] [stdout] test src/ascii_string.rs - ascii_string::AsciiString::insert (line 355) ... ok
[INFO] [stdout] test src/ascii_string.rs - ascii_string::AsciiString::from_raw_parts (line 80) ... ok
[INFO] [stdout] test src/ascii_string.rs - ascii_string::AsciiString::is_empty (line 384) ... ok
[INFO] [stdout] test src/ascii_string.rs - ascii_string::AsciiString::insert_str (line 186) ... ok
[INFO] [stdout] test src/ascii_string.rs - ascii_string::AsciiString::len (line 370) ... ok
[INFO] [stdout] test src/ascii_string.rs - ascii_string::AsciiString::new (line 33) ... ok
[INFO] [stdout] test src/ascii_string.rs - ascii_string::AsciiString::push_str (line 167) ... ok
[INFO] [stdout] test src/ascii_string.rs - ascii_string::AsciiString::push (line 274) ... ok
[INFO] [stdout] test src/ascii_string.rs - ascii_string::AsciiString::reserve (line 219) ... ok
[INFO] [stdout] test src/ascii_string.rs - ascii_string::AsciiString::shrink_to_fit (line 256) ... ok
[INFO] [stdout] test src/ascii_string.rs - ascii_string::AsciiString::reserve_exact (line 241) ... ok
[INFO] [stdout] test src/ascii_string.rs - ascii_string::AsciiString::remove (line 333) ... ok
[INFO] [stdout] test src/free_functions.rs - free_functions::caret_encode (line 10) ... ok
[INFO] [stdout] test src/ascii_string.rs - ascii_string::FromAsciiError (line 747) ... ok
[INFO] [stdout] test src/free_functions.rs - free_functions::caret_decode (line 37) ... ok
[INFO] [stdout] test src/ascii_string.rs - ascii_string::AsciiString::truncate (line 294) ... ok
[INFO] [stdout] test src/ascii_string.rs - ascii_string::AsciiString::with_capacity (line 48) ... ok
[INFO] [stdout] test src/free_functions.rs - free_functions::caret_decode (line 46) ... ok
[INFO] [stdout] 
[INFO] [stdout] failures:
[INFO] [stdout] 
[INFO] [stdout] ---- src/ascii_char.rs - ascii_char::AsciiChar::from_ascii (line 287) stdout ----
[INFO] [stdout] error[E0170]: pattern binding `a` is named the same as one of the variants of the type `ascii::AsciiChar`
[INFO] [stdout]  --> src/ascii_char.rs:289:5
[INFO] [stdout]   |
[INFO] [stdout] 5 | let a = AsciiChar::from_ascii('g').unwrap();
[INFO] [stdout]   |     ^
[INFO] [stdout]   |
[INFO] [stdout]   = note: `#[deny(bindings_with_variant_name)]` on by default
[INFO] [stdout] 
[INFO] [stdout] error: aborting due to previous error
[INFO] [stdout] 
[INFO] [stdout] For more information about this error, try `rustc --explain E0170`.
[INFO] [stdout] Couldn't compile the test.
[INFO] [stdout] ---- src/ascii_string.rs - ascii_string::AsciiString::pop (line 310) stdout ----
[INFO] [stdout] error[E0170]: pattern binding `c` is named the same as one of the variants of the type `ascii::AsciiChar`
[INFO] [stdout]  --> src/ascii_string.rs:313:25
[INFO] [stdout]   |
[INFO] [stdout] 6 | assert_eq!(s.pop().map(|c| c.as_char()), Some('o'));
[INFO] [stdout]   |                         ^
[INFO] [stdout]   |
[INFO] [stdout]   = note: `#[deny(bindings_with_variant_name)]` on by default
[INFO] [stdout] 
[INFO] [stdout] error[E0170]: pattern binding `c` is named the same as one of the variants of the type `ascii::AsciiChar`
[INFO] [stdout]  --> src/ascii_string.rs:314:25
[INFO] [stdout]   |
[INFO] [stdout] 7 | assert_eq!(s.pop().map(|c| c.as_char()), Some('o'));
[INFO] [stdout]   |                         ^
[INFO] [stdout] 
[INFO] [stdout] error[E0170]: pattern binding `c` is named the same as one of the variants of the type `ascii::AsciiChar`
[INFO] [stdout]  --> src/ascii_string.rs:315:25
[INFO] [stdout]   |
[INFO] [stdout] 8 | assert_eq!(s.pop().map(|c| c.as_char()), Some('f'));
[INFO] [stdout]   |                         ^
[INFO] [stdout] 
[INFO] [stdout] error: aborting due to 3 previous errors
[INFO] [stdout] 
[INFO] [stdout] For more information about this error, try `rustc --explain E0170`.
[INFO] [stdout] Couldn't compile the test.
[INFO] [stdout] 
[INFO] [stdout] failures:
[INFO] [stdout]     src/ascii_char.rs - ascii_char::AsciiChar::from_ascii (line 287)
[INFO] [stdout]     src/ascii_string.rs - ascii_string::AsciiString::pop (line 310)
[INFO] [stdout] 
[INFO] [stdout] test result: FAILED. 47 passed; 2 failed; 0 ignored; 0 measured; 0 filtered out; finished in 3.38s
[INFO] [stdout] 
[INFO] [stderr] error: doctest failed, to rerun pass `--doc`
[INFO] running `Command { std: "docker" "inspect" "1bd9aeb65c84867ae1e567a7051dd899bdc122704e0cb85cf9683706905f2ab8", kill_on_drop: false }`
[INFO] running `Command { std: "docker" "rm" "-f" "1bd9aeb65c84867ae1e567a7051dd899bdc122704e0cb85cf9683706905f2ab8", kill_on_drop: false }`
[INFO] [stdout] 1bd9aeb65c84867ae1e567a7051dd899bdc122704e0cb85cf9683706905f2ab8
