[INFO] fetching crate asar 0.2.0...
[INFO] testing asar-0.2.0 against beta-2023-04-20 for beta-1.70-1
[INFO] extracting crate asar 0.2.0 into /workspace/builds/worker-1-tc2/source
[INFO] validating manifest of crates.io crate asar 0.2.0 on toolchain beta-2023-04-20
[INFO] running `Command { std: CARGO_HOME="/workspace/cargo-home" RUSTUP_HOME="/workspace/rustup-home" "/workspace/cargo-home/bin/cargo" "+beta-2023-04-20" "metadata" "--manifest-path" "Cargo.toml" "--no-deps", kill_on_drop: false }`
[INFO] started tweaking crates.io crate asar 0.2.0
[INFO] finished tweaking crates.io crate asar 0.2.0
[INFO] tweaked toml for crates.io crate asar 0.2.0 written to /workspace/builds/worker-1-tc2/source/Cargo.toml
[INFO] crate crates.io crate asar 0.2.0 already has a lockfile, it will not be regenerated
[INFO] running `Command { std: CARGO_HOME="/workspace/cargo-home" RUSTUP_HOME="/workspace/rustup-home" "/workspace/cargo-home/bin/cargo" "+beta-2023-04-20" "fetch" "--manifest-path" "Cargo.toml", kill_on_drop: false }`
[INFO] [stderr]     Blocking waiting for file lock on package cache
[INFO] [stderr]     Updating crates.io index
[INFO] [stderr]     Blocking waiting for file lock on package cache
[INFO] [stderr]  Downloading crates ...
[INFO] [stderr]   Downloaded joinery v2.1.0
[INFO] [stderr]   Downloaded include_dir_macros v0.7.3
[INFO] [stderr]   Downloaded include_dir v0.7.3
[INFO] [stderr]   Downloaded tracing-subscriber v0.3.16
[INFO] [stderr]   Downloaded object v0.30.2
[INFO] [stderr]   Downloaded color-spantrace v0.2.0
[INFO] [stderr]   Downloaded scratch v1.0.3
[INFO] [stderr]   Downloaded cxx-build v1.0.86
[INFO] [stderr]   Downloaded iana-time-zone v0.1.53
[INFO] [stderr]   Downloaded is_executable v1.0.1
[INFO] [stderr]   Downloaded link-cplusplus v1.0.8
[INFO] [stderr]   Downloaded time-macros v0.2.6
[INFO] [stderr]   Downloaded digest v0.10.6
[INFO] [stderr]   Downloaded sha2 v0.10.6
[INFO] [stderr]   Downloaded android_system_properties v0.1.5
[INFO] [stderr]   Downloaded cxx v1.0.86
[INFO] [stderr]   Downloaded typenum v1.16.0
[INFO] [stderr]   Downloaded crypto-common v0.1.6
[INFO] [stderr]   Downloaded const_format_proc_macros v0.2.29
[INFO] [stderr]   Downloaded hex v0.4.3
[INFO] [stderr]   Downloaded time-core v0.1.0
[INFO] [stderr]   Downloaded time v0.3.17
[INFO] [stderr]   Downloaded iana-time-zone-haiku v0.1.1
[INFO] [stderr]   Downloaded chrono v0.4.23
[INFO] [stderr]   Downloaded darling_macro v0.14.2
[INFO] [stderr]   Downloaded cpufeatures v0.2.5
[INFO] [stderr]   Downloaded block-buffer v0.10.3
[INFO] [stderr]   Downloaded unicode-xid v0.2.4
[INFO] [stderr]   Downloaded arrayvec v0.7.2
[INFO] [stderr]   Downloaded indent_write v2.2.0
[INFO] [stderr]   Downloaded walkdir v2.3.2
[INFO] [stderr]   Downloaded cxxbridge-flags v1.0.86
[INFO] [stderr]   Downloaded cxxbridge-macro v1.0.86
[INFO] [stderr]   Downloaded codespan-reporting v0.11.1
[INFO] [stderr]   Downloaded darling_core v0.14.2
[INFO] [stderr]   Downloaded darling v0.14.2
[INFO] [stderr]   Downloaded serde_with_macros v2.2.0
[INFO] [stderr]   Downloaded serde_with v2.2.0
[INFO] [stderr]   Downloaded const_format v0.2.30
[INFO] [stderr]   Downloaded brownstone v3.0.0
[INFO] [stderr]   Downloaded nom-supreme v0.8.0
[INFO] [stderr]   Downloaded nom v7.1.2
[INFO] [stderr]   Downloaded pori v0.0.0
[INFO] [stderr]   Downloaded tracing-error v0.2.0
[INFO] [stderr]   Downloaded wax v0.5.0
[INFO] running `Command { std: "docker" "create" "-v" "/var/lib/crater-agent-workspace/builds/worker-1-tc2/target:/opt/rustwide/target:rw,Z" "-v" "/var/lib/crater-agent-workspace/builds/worker-1-tc2/source:/opt/rustwide/workdir:ro,Z" "-v" "/var/lib/crater-agent-workspace/cargo-home:/opt/rustwide/cargo-home:ro,Z" "-v" "/var/lib/crater-agent-workspace/rustup-home:/opt/rustwide/rustup-home:ro,Z" "-e" "SOURCE_DIR=/opt/rustwide/workdir" "-e" "CARGO_TARGET_DIR=/opt/rustwide/target" "-e" "CARGO_HOME=/opt/rustwide/cargo-home" "-e" "RUSTUP_HOME=/opt/rustwide/rustup-home" "-w" "/opt/rustwide/workdir" "-m" "1610612736" "--user" "0:0" "--network" "none" "ghcr.io/rust-lang/crates-build-env/linux@sha256:5ff2268d62e97bff2cde7d5815dd6ed5b47097566f13b8d0ca110b04b60e07ed" "/opt/rustwide/cargo-home/bin/cargo" "+beta-2023-04-20" "metadata" "--no-deps" "--format-version=1", kill_on_drop: false }`
[INFO] [stdout] 48681a18a12439104ae06a4f90084470c46c344bc3a7c9d9a04c31b89582c13c
[INFO] running `Command { std: "docker" "start" "-a" "48681a18a12439104ae06a4f90084470c46c344bc3a7c9d9a04c31b89582c13c", kill_on_drop: false }`
[INFO] running `Command { std: "docker" "inspect" "48681a18a12439104ae06a4f90084470c46c344bc3a7c9d9a04c31b89582c13c", kill_on_drop: false }`
[INFO] running `Command { std: "docker" "rm" "-f" "48681a18a12439104ae06a4f90084470c46c344bc3a7c9d9a04c31b89582c13c", kill_on_drop: false }`
[INFO] [stdout] 48681a18a12439104ae06a4f90084470c46c344bc3a7c9d9a04c31b89582c13c
[INFO] running `Command { std: "docker" "create" "-v" "/var/lib/crater-agent-workspace/builds/worker-1-tc2/target:/opt/rustwide/target:rw,Z" "-v" "/var/lib/crater-agent-workspace/builds/worker-1-tc2/source:/opt/rustwide/workdir:ro,Z" "-v" "/var/lib/crater-agent-workspace/cargo-home:/opt/rustwide/cargo-home:ro,Z" "-v" "/var/lib/crater-agent-workspace/rustup-home:/opt/rustwide/rustup-home:ro,Z" "-e" "SOURCE_DIR=/opt/rustwide/workdir" "-e" "CARGO_TARGET_DIR=/opt/rustwide/target" "-e" "CARGO_INCREMENTAL=0" "-e" "RUST_BACKTRACE=full" "-e" "RUSTFLAGS=--cap-lints=warn" "-e" "RUSTDOCFLAGS=--cap-lints=warn" "-e" "CARGO_HOME=/opt/rustwide/cargo-home" "-e" "RUSTUP_HOME=/opt/rustwide/rustup-home" "-w" "/opt/rustwide/workdir" "-m" "1610612736" "--user" "0:0" "--network" "none" "ghcr.io/rust-lang/crates-build-env/linux@sha256:5ff2268d62e97bff2cde7d5815dd6ed5b47097566f13b8d0ca110b04b60e07ed" "/opt/rustwide/cargo-home/bin/cargo" "+beta-2023-04-20" "build" "--frozen" "--message-format=json", kill_on_drop: false }`
[INFO] [stdout] 8ff487a4e3640e347767089ea0b03d4c2fbb9e83beb10f82c364e6f61aab2787
[INFO] running `Command { std: "docker" "start" "-a" "8ff487a4e3640e347767089ea0b03d4c2fbb9e83beb10f82c364e6f61aab2787", kill_on_drop: false }`
[INFO] [stderr]    Compiling proc-macro2 v1.0.49
[INFO] [stderr]    Compiling quote v1.0.23
[INFO] [stderr]    Compiling unicode-ident v1.0.6
[INFO] [stderr]    Compiling syn v1.0.107
[INFO] [stderr]    Compiling version_check v0.9.4
[INFO] [stderr]    Compiling memchr v2.5.0
[INFO] [stderr]    Compiling once_cell v1.17.0
[INFO] [stderr]    Compiling libc v0.2.139
[INFO] [stderr]    Compiling lazy_static v1.4.0
[INFO] [stderr]    Compiling typenum v1.16.0
[INFO] [stderr]    Compiling strsim v0.10.0
[INFO] [stderr]    Compiling ident_case v1.0.1
[INFO] [stderr]    Compiling fnv v1.0.7
[INFO] [stderr]    Compiling io-lifetimes v1.0.3
[INFO] [stderr]    Compiling serde_derive v1.0.152
[INFO] [stderr]    Compiling rustix v0.36.6
[INFO] [stderr]    Compiling sharded-slab v0.1.4
[INFO] [stderr]    Compiling serde v1.0.152
[INFO] [stderr]    Compiling pin-project-lite v0.2.9
[INFO] [stderr]    Compiling minimal-lexical v0.2.1
[INFO] [stderr]    Compiling tracing-core v0.1.30
[INFO] [stderr]    Compiling thread_local v1.1.4
[INFO] [stderr]    Compiling cc v1.0.78
[INFO] [stderr]    Compiling generic-array v0.14.6
[INFO] [stderr]    Compiling proc-macro-error-attr v1.0.4
[INFO] [stderr]    Compiling proc-macro-error v1.0.4
[INFO] [stderr]    Compiling thiserror v1.0.38
[INFO] [stderr]    Compiling eyre v0.6.8
[INFO] [stderr]    Compiling unicode-xid v0.2.4
[INFO] [stderr]    Compiling arrayvec v0.7.2
[INFO] [stderr]    Compiling tracing v0.1.37
[INFO] [stderr]    Compiling adler v1.0.2
[INFO] [stderr]    Compiling gimli v0.27.0
[INFO] [stderr]    Compiling miniz_oxide v0.6.2
[INFO] [stderr]    Compiling same-file v1.0.6
[INFO] [stderr]    Compiling serde_json v1.0.91
[INFO] [stderr]    Compiling brownstone v3.0.0
[INFO] [stderr]    Compiling heck v0.4.0
[INFO] [stderr]    Compiling joinery v2.1.0
[INFO] [stderr]    Compiling regex-automata v0.1.10
[INFO] [stderr]    Compiling either v1.8.0
[INFO] [stderr]    Compiling nom v7.1.2
[INFO] [stderr]    Compiling tracing-subscriber v0.3.16
[INFO] [stderr]    Compiling object v0.30.2
[INFO] [stderr]    Compiling aho-corasick v0.7.20
[INFO] [stderr]    Compiling indenter v0.3.3
[INFO] [stderr]    Compiling os_str_bytes v6.4.1
[INFO] [stderr]    Compiling owo-colors v3.5.0
[INFO] [stderr]    Compiling rustc-demangle v0.1.21
[INFO] [stderr]    Compiling regex-syntax v0.6.28
[INFO] [stderr]    Compiling indent_write v2.2.0
[INFO] [stderr]    Compiling clap_lex v0.3.0
[INFO] [stderr]    Compiling const_format_proc_macros v0.2.29
[INFO] [stderr]    Compiling backtrace v0.3.67
[INFO] [stderr]    Compiling itertools v0.10.5
[INFO] [stderr]    Compiling bstr v0.2.17
[INFO] [stderr]    Compiling crypto-common v0.1.6
[INFO] [stderr]    Compiling block-buffer v0.10.3
[INFO] [stderr]    Compiling walkdir v2.3.2
[INFO] [stderr]    Compiling smallvec v1.10.0
[INFO] [stderr]    Compiling digest v0.10.6
[INFO] [stderr]    Compiling cpufeatures v0.2.5
[INFO] [stderr]    Compiling ryu v1.0.12
[INFO] [stderr]    Compiling itoa v1.0.5
[INFO] [stderr]    Compiling hex v0.4.3
[INFO] [stderr]    Compiling termcolor v1.1.3
[INFO] [stderr]    Compiling sha2 v0.10.6
[INFO] [stderr]    Compiling tracing-error v0.2.0
[INFO] [stderr]    Compiling byteorder v1.4.3
[INFO] [stderr]    Compiling color-spantrace v0.2.0
[INFO] [stderr]    Compiling is_executable v1.0.1
[INFO] [stderr]    Compiling is-terminal v0.4.2
[INFO] [stderr]    Compiling const_format v0.2.30
[INFO] [stderr]    Compiling regex v1.7.1
[INFO] [stderr]    Compiling pori v0.0.0
[INFO] [stderr]    Compiling nom-supreme v0.8.0
[INFO] [stderr]    Compiling addr2line v0.19.0
[INFO] [stderr]    Compiling darling_core v0.14.2
[INFO] [stderr]    Compiling thiserror-impl v1.0.38
[INFO] [stderr]    Compiling clap_derive v4.0.21
[INFO] [stderr]    Compiling color-eyre v0.6.2
[INFO] [stderr]    Compiling darling_macro v0.14.2
[INFO] [stderr]    Compiling wax v0.5.0
[INFO] [stderr]    Compiling clap v4.0.32
[INFO] [stderr]    Compiling darling v0.14.2
[INFO] [stderr]    Compiling serde_with_macros v2.2.0
[INFO] [stderr]    Compiling serde_with v2.2.0
[INFO] [stderr]    Compiling asar v0.2.0 (/opt/rustwide/workdir)
[INFO] [stderr]     Finished dev [unoptimized + debuginfo] target(s) in 39.94s
[INFO] running `Command { std: "docker" "inspect" "8ff487a4e3640e347767089ea0b03d4c2fbb9e83beb10f82c364e6f61aab2787", kill_on_drop: false }`
[INFO] running `Command { std: "docker" "rm" "-f" "8ff487a4e3640e347767089ea0b03d4c2fbb9e83beb10f82c364e6f61aab2787", kill_on_drop: false }`
[INFO] [stdout] 8ff487a4e3640e347767089ea0b03d4c2fbb9e83beb10f82c364e6f61aab2787
[INFO] running `Command { std: "docker" "create" "-v" "/var/lib/crater-agent-workspace/builds/worker-1-tc2/target:/opt/rustwide/target:rw,Z" "-v" "/var/lib/crater-agent-workspace/builds/worker-1-tc2/source:/opt/rustwide/workdir:ro,Z" "-v" "/var/lib/crater-agent-workspace/cargo-home:/opt/rustwide/cargo-home:ro,Z" "-v" "/var/lib/crater-agent-workspace/rustup-home:/opt/rustwide/rustup-home:ro,Z" "-e" "SOURCE_DIR=/opt/rustwide/workdir" "-e" "CARGO_TARGET_DIR=/opt/rustwide/target" "-e" "CARGO_INCREMENTAL=0" "-e" "RUST_BACKTRACE=full" "-e" "RUSTFLAGS=--cap-lints=warn" "-e" "RUSTDOCFLAGS=--cap-lints=warn" "-e" "CARGO_HOME=/opt/rustwide/cargo-home" "-e" "RUSTUP_HOME=/opt/rustwide/rustup-home" "-w" "/opt/rustwide/workdir" "-m" "1610612736" "--user" "0:0" "--network" "none" "ghcr.io/rust-lang/crates-build-env/linux@sha256:5ff2268d62e97bff2cde7d5815dd6ed5b47097566f13b8d0ca110b04b60e07ed" "/opt/rustwide/cargo-home/bin/cargo" "+beta-2023-04-20" "test" "--frozen" "--no-run" "--message-format=json", kill_on_drop: false }`
[INFO] [stdout] 11f0c28bf5bab7b8e4e0ae0701ad85ba9cd00f62c4c256305e2d9db4f867fc7c
[INFO] running `Command { std: "docker" "start" "-a" "11f0c28bf5bab7b8e4e0ae0701ad85ba9cd00f62c4c256305e2d9db4f867fc7c", kill_on_drop: false }`
[INFO] [stderr]    Compiling include_dir_macros v0.7.3
[INFO] [stderr]    Compiling include_dir v0.7.3
[INFO] [stderr]    Compiling asar v0.2.0 (/opt/rustwide/workdir)
[INFO] [stderr]     Finished test [unoptimized + debuginfo] target(s) in 3.11s
[INFO] running `Command { std: "docker" "inspect" "11f0c28bf5bab7b8e4e0ae0701ad85ba9cd00f62c4c256305e2d9db4f867fc7c", kill_on_drop: false }`
[INFO] running `Command { std: "docker" "rm" "-f" "11f0c28bf5bab7b8e4e0ae0701ad85ba9cd00f62c4c256305e2d9db4f867fc7c", kill_on_drop: false }`
[INFO] [stdout] 11f0c28bf5bab7b8e4e0ae0701ad85ba9cd00f62c4c256305e2d9db4f867fc7c
[INFO] running `Command { std: "docker" "create" "-v" "/var/lib/crater-agent-workspace/builds/worker-1-tc2/target:/opt/rustwide/target:rw,Z" "-v" "/var/lib/crater-agent-workspace/builds/worker-1-tc2/source:/opt/rustwide/workdir:ro,Z" "-v" "/var/lib/crater-agent-workspace/cargo-home:/opt/rustwide/cargo-home:ro,Z" "-v" "/var/lib/crater-agent-workspace/rustup-home:/opt/rustwide/rustup-home:ro,Z" "-e" "SOURCE_DIR=/opt/rustwide/workdir" "-e" "CARGO_TARGET_DIR=/opt/rustwide/target" "-e" "CARGO_INCREMENTAL=0" "-e" "RUST_BACKTRACE=full" "-e" "RUSTFLAGS=--cap-lints=warn" "-e" "RUSTDOCFLAGS=--cap-lints=warn" "-e" "CARGO_HOME=/opt/rustwide/cargo-home" "-e" "RUSTUP_HOME=/opt/rustwide/rustup-home" "-w" "/opt/rustwide/workdir" "-m" "1610612736" "--user" "0:0" "--network" "none" "ghcr.io/rust-lang/crates-build-env/linux@sha256:5ff2268d62e97bff2cde7d5815dd6ed5b47097566f13b8d0ca110b04b60e07ed" "/opt/rustwide/cargo-home/bin/cargo" "+beta-2023-04-20" "test" "--frozen", kill_on_drop: false }`
[INFO] [stdout] c24da3a6ef4a03020d29f314b1bee03a2a94c913bde8a1bdeca97f39555e89d3
[INFO] running `Command { std: "docker" "start" "-a" "c24da3a6ef4a03020d29f314b1bee03a2a94c913bde8a1bdeca97f39555e89d3", kill_on_drop: false }`
[INFO] [stderr]     Finished test [unoptimized + debuginfo] target(s) in 0.13s
[INFO] [stderr]      Running unittests src/lib.rs (/opt/rustwide/target/debug/deps/asar-39adf80ec525e834)
[INFO] [stdout] 
[INFO] [stdout] running 3 tests
[INFO] [stdout] test header::test::test_read ... ok
[INFO] [stdout] test writer::test::round_trip ... ok
[INFO] [stdout] test reader::test::test_reading ... ok
[INFO] [stdout] 
[INFO] [stdout] test result: ok. 3 passed; 0 failed; 0 ignored; 0 measured; 0 filtered out; finished in 0.00s
[INFO] [stdout] 
[INFO] [stderr]      Running unittests src/main.rs (/opt/rustwide/target/debug/deps/asar-197558f19593850d)
[INFO] [stdout] 
[INFO] [stdout] running 0 tests
[INFO] [stdout] 
[INFO] [stdout] test result: ok. 0 passed; 0 failed; 0 ignored; 0 measured; 0 filtered out; finished in 0.00s
[INFO] [stdout] 
[INFO] [stderr]    Doc-tests asar
[INFO] [stdout] 
[INFO] [stdout] running 28 tests
[INFO] [stdout] test src/header.rs - header::FileIntegrity::block_size (line 354) - compile ... ok
[INFO] [stdout] test src/header.rs - header::File::size (line 194) - compile ... ok
[INFO] [stdout] test src/header.rs - header::File::executable (line 217) - compile ... ok
[INFO] [stdout] test src/header.rs - header::File::integrity (line 243) - compile ... ok
[INFO] [stdout] test src/header.rs - header::FileIntegrity::algorithm (line 304) - compile ... ok
[INFO] [stdout] test src/header.rs - header::FileIntegrity::blocks (line 381) - compile ... ok
[INFO] [stdout] test src/reader.rs - reader::AsarFile<'a>::integrity (line 230) - compile ... FAILED
[INFO] [stdout] test src/reader.rs - reader::AsarFile<'a>::data (line 211) - compile ... FAILED
[INFO] [stdout] test src/lib.rs - (line 19) - compile ... FAILED
[INFO] [stdout] test src/header.rs - header::Header::read (line 39) - compile ... ok
[INFO] [stdout] test src/reader.rs - reader::AsarReader (line 24) - compile ... FAILED
[INFO] [stdout] test src/header.rs - header::FileIntegrity::hash (line 328) - compile ... ok
[INFO] [stdout] test src/header.rs - header::File::unpacked (line 169) - compile ... ok
[INFO] [stdout] test src/lib.rs - (line 53) - compile ... ok
[INFO] [stdout] test src/header.rs - header::File::offset (line 140) - compile ... FAILED
[INFO] [stdout] test src/lib.rs - (line 36) - compile ... FAILED
[INFO] [stdout] test src/reader.rs - reader::AsarReader<'a>::new (line 52) - compile ... ok
[INFO] [stdout] test src/writer.rs - writer::AsarWriter::write_file (line 76) - compile ... ok
[INFO] [stdout] test src/reader.rs - reader::AsarReader<'a>::files (line 112) - compile ... FAILED
[INFO] [stdout] test src/reader.rs - reader::AsarReader<'a>::read_dir (line 180) - compile ... FAILED
[INFO] [stdout] test src/writer.rs - writer::AsarWriter::add_from_reader (line 47) - compile ... FAILED
[INFO] [stdout] test src/reader.rs - reader::AsarReader<'a>::new_from_header (line 73) - compile ... FAILED
[INFO] [stdout] test src/writer.rs - writer::AsarWriter::finalize (line 130) - compile ... ok
[INFO] [stdout] test src/reader.rs - reader::AsarReader<'a>::directories (line 137) - compile ... FAILED
[INFO] [stdout] test src/reader.rs - reader::AsarReader<'a>::read (line 160) - compile ... FAILED
[INFO] [stdout] test src/integrity.rs - integrity::HashAlgorithm::hash_len (line 12) ... ok
[INFO] [stdout] test src/integrity.rs - integrity::HashAlgorithm::hash (line 26) ... ok
[INFO] [stdout] test src/integrity.rs - integrity::HashAlgorithm::hash_blocks (line 47) ... ok
[INFO] [stdout] 
[INFO] [stdout] failures:
[INFO] [stdout] 
[INFO] [stdout] ---- src/reader.rs - reader::AsarFile<'a>::integrity (line 230) stdout ----
[INFO] [stdout] error[E0061]: this function takes 2 arguments but 1 argument was supplied
[INFO] [stdout]   --> src/reader.rs:236:12
[INFO] [stdout]    |
[INFO] [stdout] 9  | let asar = AsarReader::new(&asar_file)?;
[INFO] [stdout]    |            ^^^^^^^^^^^^^^^------------ an argument is missing
[INFO] [stdout]    |
[INFO] [stdout] note: associated function defined here
[INFO] [stdout]   --> /opt/rustwide/workdir/src/reader.rs:60:9
[INFO] [stdout]    |
[INFO] [stdout] 60 |     pub fn new(data: &'a [u8], asar_path: impl Into<Option<PathBuf>>) -> Result<Self> {
[INFO] [stdout]    |            ^^^
[INFO] [stdout] help: provide the argument
[INFO] [stdout]    |
[INFO] [stdout] 9  | let asar = AsarReader::new(&asar_file, /* asar_path */)?;
[INFO] [stdout]    |                           ~~~~~~~~~~~~~~~~~~~~~~~~~~~~~
[INFO] [stdout] 
[INFO] [stdout] error: aborting due to previous error
[INFO] [stdout] 
[INFO] [stdout] For more information about this error, try `rustc --explain E0061`.
[INFO] [stdout] Couldn't compile the test.
[INFO] [stdout] ---- src/reader.rs - reader::AsarFile<'a>::data (line 211) stdout ----
[INFO] [stdout] error[E0061]: this function takes 2 arguments but 1 argument was supplied
[INFO] [stdout]   --> src/reader.rs:217:12
[INFO] [stdout]    |
[INFO] [stdout] 9  | let asar = AsarReader::new(&asar_file)?;
[INFO] [stdout]    |            ^^^^^^^^^^^^^^^------------ an argument is missing
[INFO] [stdout]    |
[INFO] [stdout] note: associated function defined here
[INFO] [stdout]   --> /opt/rustwide/workdir/src/reader.rs:60:9
[INFO] [stdout]    |
[INFO] [stdout] 60 |     pub fn new(data: &'a [u8], asar_path: impl Into<Option<PathBuf>>) -> Result<Self> {
[INFO] [stdout]    |            ^^^
[INFO] [stdout] help: provide the argument
[INFO] [stdout]    |
[INFO] [stdout] 9  | let asar = AsarReader::new(&asar_file, /* asar_path */)?;
[INFO] [stdout]    |                           ~~~~~~~~~~~~~~~~~~~~~~~~~~~~~
[INFO] [stdout] 
[INFO] [stdout] error: aborting due to previous error
[INFO] [stdout] 
[INFO] [stdout] For more information about this error, try `rustc --explain E0061`.
[INFO] [stdout] Couldn't compile the test.
[INFO] [stdout] ---- src/lib.rs - (line 19) stdout ----
[INFO] [stdout] error[E0061]: this function takes 2 arguments but 1 argument was supplied
[INFO] [stdout]   --> src/lib.rs:25:13
[INFO] [stdout]    |
[INFO] [stdout] 8  |     let asar = AsarReader::new(&asar_file)?;
[INFO] [stdout]    |                ^^^^^^^^^^^^^^^------------ an argument is missing
[INFO] [stdout]    |
[INFO] [stdout] note: associated function defined here
[INFO] [stdout]   --> /opt/rustwide/workdir/src/reader.rs:60:9
[INFO] [stdout]    |
[INFO] [stdout] 60 |     pub fn new(data: &'a [u8], asar_path: impl Into<Option<PathBuf>>) -> Result<Self> {
[INFO] [stdout]    |            ^^^
[INFO] [stdout] help: provide the argument
[INFO] [stdout]    |
[INFO] [stdout] 8  |     let asar = AsarReader::new(&asar_file, /* asar_path */)?;
[INFO] [stdout]    |                               ~~~~~~~~~~~~~~~~~~~~~~~~~~~~~
[INFO] [stdout] 
[INFO] [stdout] error: aborting due to previous error
[INFO] [stdout] 
[INFO] [stdout] For more information about this error, try `rustc --explain E0061`.
[INFO] [stdout] Couldn't compile the test.
[INFO] [stdout] ---- src/reader.rs - reader::AsarReader (line 24) stdout ----
[INFO] [stdout] error[E0061]: this function takes 2 arguments but 1 argument was supplied
[INFO] [stdout]   --> src/reader.rs:30:15
[INFO] [stdout]    |
[INFO] [stdout] 8  |     let reader = AsarReader::new(&asar_file)?;
[INFO] [stdout]    |                  ^^^^^^^^^^^^^^^------------ an argument is missing
[INFO] [stdout]    |
[INFO] [stdout] note: associated function defined here
[INFO] [stdout]   --> /opt/rustwide/workdir/src/reader.rs:60:9
[INFO] [stdout]    |
[INFO] [stdout] 60 |     pub fn new(data: &'a [u8], asar_path: impl Into<Option<PathBuf>>) -> Result<Self> {
[INFO] [stdout]    |            ^^^
[INFO] [stdout] help: provide the argument
[INFO] [stdout]    |
[INFO] [stdout] 8  |     let reader = AsarReader::new(&asar_file, /* asar_path */)?;
[INFO] [stdout]    |                                 ~~~~~~~~~~~~~~~~~~~~~~~~~~~~~
[INFO] [stdout] 
[INFO] [stdout] error: aborting due to previous error
[INFO] [stdout] 
[INFO] [stdout] For more information about this error, try `rustc --explain E0061`.
[INFO] [stdout] Couldn't compile the test.
[INFO] [stdout] ---- src/header.rs - header::File::offset (line 140) stdout ----
[INFO] [stdout] error[E0277]: `Option<usize>` doesn't implement `std::fmt::Display`
[INFO] [stdout]   --> src/header.rs:150:31
[INFO] [stdout]    |
[INFO] [stdout] 13 | println!("File begins at {}", file.offset());
[INFO] [stdout]    |                               ^^^^^^^^^^^^^ `Option<usize>` cannot be formatted with the default formatter
[INFO] [stdout]    |
[INFO] [stdout]    = help: the trait `std::fmt::Display` is not implemented for `Option<usize>`
[INFO] [stdout]    = note: in format strings you may be able to use `{:?}` (or {:#?} for pretty-print) instead
[INFO] [stdout]    = note: this error originates in the macro `$crate::format_args_nl` which comes from the expansion of the macro `println` (in Nightly builds, run with -Z macro-backtrace for more info)
[INFO] [stdout] 
[INFO] [stdout] error: aborting due to previous error
[INFO] [stdout] 
[INFO] [stdout] For more information about this error, try `rustc --explain E0277`.
[INFO] [stdout] Couldn't compile the test.
[INFO] [stdout] ---- src/lib.rs - (line 36) stdout ----
[INFO] [stdout] error[E0061]: this function takes 2 arguments but 1 argument was supplied
[INFO] [stdout]   --> src/lib.rs:42:13
[INFO] [stdout]    |
[INFO] [stdout] 8  |     let asar = AsarReader::new(&asar_file)?;
[INFO] [stdout]    |                ^^^^^^^^^^^^^^^------------ an argument is missing
[INFO] [stdout]    |
[INFO] [stdout] note: associated function defined here
[INFO] [stdout]   --> /opt/rustwide/workdir/src/reader.rs:60:9
[INFO] [stdout]    |
[INFO] [stdout] 60 |     pub fn new(data: &'a [u8], asar_path: impl Into<Option<PathBuf>>) -> Result<Self> {
[INFO] [stdout]    |            ^^^
[INFO] [stdout] help: provide the argument
[INFO] [stdout]    |
[INFO] [stdout] 8  |     let asar = AsarReader::new(&asar_file, /* asar_path */)?;
[INFO] [stdout]    |                               ~~~~~~~~~~~~~~~~~~~~~~~~~~~~~
[INFO] [stdout] 
[INFO] [stdout] error: aborting due to previous error
[INFO] [stdout] 
[INFO] [stdout] For more information about this error, try `rustc --explain E0061`.
[INFO] [stdout] Couldn't compile the test.
[INFO] [stdout] ---- src/reader.rs - reader::AsarReader<'a>::files (line 112) stdout ----
[INFO] [stdout] error[E0061]: this function takes 2 arguments but 1 argument was supplied
[INFO] [stdout]   --> src/reader.rs:117:12
[INFO] [stdout]    |
[INFO] [stdout] 8  | let asar = AsarReader::new(&asar_file)?;
[INFO] [stdout]    |            ^^^^^^^^^^^^^^^------------ an argument is missing
[INFO] [stdout]    |
[INFO] [stdout] note: associated function defined here
[INFO] [stdout]   --> /opt/rustwide/workdir/src/reader.rs:60:9
[INFO] [stdout]    |
[INFO] [stdout] 60 |     pub fn new(data: &'a [u8], asar_path: impl Into<Option<PathBuf>>) -> Result<Self> {
[INFO] [stdout]    |            ^^^
[INFO] [stdout] help: provide the argument
[INFO] [stdout]    |
[INFO] [stdout] 8  | let asar = AsarReader::new(&asar_file, /* asar_path */)?;
[INFO] [stdout]    |                           ~~~~~~~~~~~~~~~~~~~~~~~~~~~~~
[INFO] [stdout] 
[INFO] [stdout] error: aborting due to previous error
[INFO] [stdout] 
[INFO] [stdout] For more information about this error, try `rustc --explain E0061`.
[INFO] [stdout] Couldn't compile the test.
[INFO] [stdout] ---- src/reader.rs - reader::AsarReader<'a>::read_dir (line 180) stdout ----
[INFO] [stdout] error[E0061]: this function takes 2 arguments but 1 argument was supplied
[INFO] [stdout]   --> src/reader.rs:186:12
[INFO] [stdout]    |
[INFO] [stdout] 9  | let asar = AsarReader::new(&asar_file)?;
[INFO] [stdout]    |            ^^^^^^^^^^^^^^^------------ an argument is missing
[INFO] [stdout]    |
[INFO] [stdout] note: associated function defined here
[INFO] [stdout]   --> /opt/rustwide/workdir/src/reader.rs:60:9
[INFO] [stdout]    |
[INFO] [stdout] 60 |     pub fn new(data: &'a [u8], asar_path: impl Into<Option<PathBuf>>) -> Result<Self> {
[INFO] [stdout]    |            ^^^
[INFO] [stdout] help: provide the argument
[INFO] [stdout]    |
[INFO] [stdout] 9  | let asar = AsarReader::new(&asar_file, /* asar_path */)?;
[INFO] [stdout]    |                           ~~~~~~~~~~~~~~~~~~~~~~~~~~~~~
[INFO] [stdout] 
[INFO] [stdout] error: aborting due to previous error
[INFO] [stdout] 
[INFO] [stdout] For more information about this error, try `rustc --explain E0061`.
[INFO] [stdout] Couldn't compile the test.
[INFO] [stdout] ---- src/writer.rs - writer::AsarWriter::add_from_reader (line 47) stdout ----
[INFO] [stdout] error[E0061]: this function takes 2 arguments but 1 argument was supplied
[INFO] [stdout]   --> src/writer.rs:52:14
[INFO] [stdout]    |
[INFO] [stdout] 8  | let reader = AsarReader::new(&asar_file)?;
[INFO] [stdout]    |              ^^^^^^^^^^^^^^^------------ an argument is missing
[INFO] [stdout]    |
[INFO] [stdout] note: associated function defined here
[INFO] [stdout]   --> /opt/rustwide/workdir/src/reader.rs:60:9
[INFO] [stdout]    |
[INFO] [stdout] 60 |     pub fn new(data: &'a [u8], asar_path: impl Into<Option<PathBuf>>) -> Result<Self> {
[INFO] [stdout]    |            ^^^
[INFO] [stdout] help: provide the argument
[INFO] [stdout]    |
[INFO] [stdout] 8  | let reader = AsarReader::new(&asar_file, /* asar_path */)?;
[INFO] [stdout]    |                             ~~~~~~~~~~~~~~~~~~~~~~~~~~~~~
[INFO] [stdout] 
[INFO] [stdout] error: aborting due to previous error
[INFO] [stdout] 
[INFO] [stdout] For more information about this error, try `rustc --explain E0061`.
[INFO] [stdout] Couldn't compile the test.
[INFO] [stdout] ---- src/reader.rs - reader::AsarReader<'a>::new_from_header (line 73) stdout ----
[INFO] [stdout] error[E0061]: this function takes 4 arguments but 3 arguments were supplied
[INFO] [stdout]   --> src/reader.rs:79:12
[INFO] [stdout]    |
[INFO] [stdout] 9  | let asar = AsarReader::new_from_header(header, offset, &asar_file)?;
[INFO] [stdout]    |            ^^^^^^^^^^^^^^^^^^^^^^^^^^^---------------------------- an argument is missing
[INFO] [stdout]    |
[INFO] [stdout] note: associated function defined here
[INFO] [stdout]   --> /opt/rustwide/workdir/src/reader.rs:82:9
[INFO] [stdout]    |
[INFO] [stdout] 82 |     pub fn new_from_header(
[INFO] [stdout]    |            ^^^^^^^^^^^^^^^
[INFO] [stdout] help: provide the argument
[INFO] [stdout]    |
[INFO] [stdout] 9  | let asar = AsarReader::new_from_header(header, offset, &asar_file, /* asar_path */)?;
[INFO] [stdout]    |                                       ~~~~~~~~~~~~~~~~~~~~~~~~~~~~~~~~~~~~~~~~~~~~~
[INFO] [stdout] 
[INFO] [stdout] error: aborting due to previous error
[INFO] [stdout] 
[INFO] [stdout] For more information about this error, try `rustc --explain E0061`.
[INFO] [stdout] Couldn't compile the test.
[INFO] [stdout] ---- src/reader.rs - reader::AsarReader<'a>::directories (line 137) stdout ----
[INFO] [stdout] error[E0061]: this function takes 2 arguments but 1 argument was supplied
[INFO] [stdout]   --> src/reader.rs:142:12
[INFO] [stdout]    |
[INFO] [stdout] 8  | let asar = AsarReader::new(&asar_file)?;
[INFO] [stdout]    |            ^^^^^^^^^^^^^^^------------ an argument is missing
[INFO] [stdout]    |
[INFO] [stdout] note: associated function defined here
[INFO] [stdout]   --> /opt/rustwide/workdir/src/reader.rs:60:9
[INFO] [stdout]    |
[INFO] [stdout] 60 |     pub fn new(data: &'a [u8], asar_path: impl Into<Option<PathBuf>>) -> Result<Self> {
[INFO] [stdout]    |            ^^^
[INFO] [stdout] help: provide the argument
[INFO] [stdout]    |
[INFO] [stdout] 8  | let asar = AsarReader::new(&asar_file, /* asar_path */)?;
[INFO] [stdout]    |                           ~~~~~~~~~~~~~~~~~~~~~~~~~~~~~
[INFO] [stdout] 
[INFO] [stdout] error: aborting due to previous error
[INFO] [stdout] 
[INFO] [stdout] For more information about this error, try `rustc --explain E0061`.
[INFO] [stdout] Couldn't compile the test.
[INFO] [stdout] ---- src/reader.rs - reader::AsarReader<'a>::read (line 160) stdout ----
[INFO] [stdout] error[E0061]: this function takes 2 arguments but 1 argument was supplied
[INFO] [stdout]   --> src/reader.rs:166:12
[INFO] [stdout]    |
[INFO] [stdout] 9  | let asar = AsarReader::new(&asar_file)?;
[INFO] [stdout]    |            ^^^^^^^^^^^^^^^------------ an argument is missing
[INFO] [stdout]    |
[INFO] [stdout] note: associated function defined here
[INFO] [stdout]   --> /opt/rustwide/workdir/src/reader.rs:60:9
[INFO] [stdout]    |
[INFO] [stdout] 60 |     pub fn new(data: &'a [u8], asar_path: impl Into<Option<PathBuf>>) -> Result<Self> {
[INFO] [stdout]    |            ^^^
[INFO] [stdout] help: provide the argument
[INFO] [stdout]    |
[INFO] [stdout] 9  | let asar = AsarReader::new(&asar_file, /* asar_path */)?;
[INFO] [stdout]    |                           ~~~~~~~~~~~~~~~~~~~~~~~~~~~~~
[INFO] [stdout] 
[INFO] [stdout] error: aborting due to previous error
[INFO] [stdout] 
[INFO] [stdout] For more information about this error, try `rustc --explain E0061`.
[INFO] [stdout] Couldn't compile the test.
[INFO] [stdout] 
[INFO] [stdout] failures:
[INFO] [stdout]     src/header.rs - header::File::offset (line 140)
[INFO] [stdout]     src/lib.rs - (line 19)
[INFO] [stdout]     src/lib.rs - (line 36)
[INFO] [stdout]     src/reader.rs - reader::AsarFile<'a>::data (line 211)
[INFO] [stdout]     src/reader.rs - reader::AsarFile<'a>::integrity (line 230)
[INFO] [stdout]     src/reader.rs - reader::AsarReader (line 24)
[INFO] [stdout]     src/reader.rs - reader::AsarReader<'a>::directories (line 137)
[INFO] [stdout]     src/reader.rs - reader::AsarReader<'a>::files (line 112)
[INFO] [stdout]     src/reader.rs - reader::AsarReader<'a>::new_from_header (line 73)
[INFO] [stdout]     src/reader.rs - reader::AsarReader<'a>::read (line 160)
[INFO] [stdout]     src/reader.rs - reader::AsarReader<'a>::read_dir (line 180)
[INFO] [stdout]     src/writer.rs - writer::AsarWriter::add_from_reader (line 47)
[INFO] [stdout] 
[INFO] [stdout] test result: FAILED. 16 passed; 12 failed; 0 ignored; 0 measured; 0 filtered out; finished in 0.70s
[INFO] [stdout] 
[INFO] [stderr] error: doctest failed, to rerun pass `--doc`
[INFO] running `Command { std: "docker" "inspect" "c24da3a6ef4a03020d29f314b1bee03a2a94c913bde8a1bdeca97f39555e89d3", kill_on_drop: false }`
[INFO] running `Command { std: "docker" "rm" "-f" "c24da3a6ef4a03020d29f314b1bee03a2a94c913bde8a1bdeca97f39555e89d3", kill_on_drop: false }`
[INFO] [stdout] c24da3a6ef4a03020d29f314b1bee03a2a94c913bde8a1bdeca97f39555e89d3
