[INFO] fetching crate armor 1.2.0...
[INFO] testing armor-1.2.0 against beta-2023-04-20 for beta-1.70-1
[INFO] extracting crate armor 1.2.0 into /workspace/builds/worker-0-tc2/source
[INFO] validating manifest of crates.io crate armor 1.2.0 on toolchain beta-2023-04-20
[INFO] running `Command { std: CARGO_HOME="/workspace/cargo-home" RUSTUP_HOME="/workspace/rustup-home" "/workspace/cargo-home/bin/cargo" "+beta-2023-04-20" "metadata" "--manifest-path" "Cargo.toml" "--no-deps", kill_on_drop: false }`
[INFO] started tweaking crates.io crate armor 1.2.0
[INFO] finished tweaking crates.io crate armor 1.2.0
[INFO] tweaked toml for crates.io crate armor 1.2.0 written to /workspace/builds/worker-0-tc2/source/Cargo.toml
[INFO] crate crates.io crate armor 1.2.0 already has a lockfile, it will not be regenerated
[INFO] running `Command { std: CARGO_HOME="/workspace/cargo-home" RUSTUP_HOME="/workspace/rustup-home" "/workspace/cargo-home/bin/cargo" "+beta-2023-04-20" "fetch" "--manifest-path" "Cargo.toml", kill_on_drop: false }`
[INFO] [stderr]     Updating crates.io index
[INFO] [stderr]  Downloading crates ...
[INFO] [stderr]   Downloaded itoa v0.4.4
[INFO] [stderr]   Downloaded byteorder v1.3.1
[INFO] [stderr]   Downloaded iovec v0.1.2
[INFO] [stderr]   Downloaded bytes v0.4.12
[INFO] [stderr]   Downloaded ryu v1.0.1
[INFO] [stderr]   Downloaded serde_derive v1.0.101
[INFO] [stderr]   Downloaded serde v1.0.101
[INFO] [stderr]   Downloaded serde_json v1.0.41
[INFO] [stderr]   Downloaded libc v0.2.55
[INFO] [stderr]   Downloaded http v0.1.17
[INFO] running `Command { std: "docker" "create" "-v" "/var/lib/crater-agent-workspace/builds/worker-0-tc2/target:/opt/rustwide/target:rw,Z" "-v" "/var/lib/crater-agent-workspace/builds/worker-0-tc2/source:/opt/rustwide/workdir:ro,Z" "-v" "/var/lib/crater-agent-workspace/cargo-home:/opt/rustwide/cargo-home:ro,Z" "-v" "/var/lib/crater-agent-workspace/rustup-home:/opt/rustwide/rustup-home:ro,Z" "-e" "SOURCE_DIR=/opt/rustwide/workdir" "-e" "CARGO_TARGET_DIR=/opt/rustwide/target" "-e" "CARGO_HOME=/opt/rustwide/cargo-home" "-e" "RUSTUP_HOME=/opt/rustwide/rustup-home" "-w" "/opt/rustwide/workdir" "-m" "1610612736" "--user" "0:0" "--network" "none" "ghcr.io/rust-lang/crates-build-env/linux@sha256:5ff2268d62e97bff2cde7d5815dd6ed5b47097566f13b8d0ca110b04b60e07ed" "/opt/rustwide/cargo-home/bin/cargo" "+beta-2023-04-20" "metadata" "--no-deps" "--format-version=1", kill_on_drop: false }`
[INFO] [stdout] fb7fb17fed621992d4c02356fd16902d1af89cae24b6fd5abb7219ca6f87fda8
[INFO] running `Command { std: "docker" "start" "-a" "fb7fb17fed621992d4c02356fd16902d1af89cae24b6fd5abb7219ca6f87fda8", kill_on_drop: false }`
[INFO] running `Command { std: "docker" "inspect" "fb7fb17fed621992d4c02356fd16902d1af89cae24b6fd5abb7219ca6f87fda8", kill_on_drop: false }`
[INFO] running `Command { std: "docker" "rm" "-f" "fb7fb17fed621992d4c02356fd16902d1af89cae24b6fd5abb7219ca6f87fda8", kill_on_drop: false }`
[INFO] [stdout] fb7fb17fed621992d4c02356fd16902d1af89cae24b6fd5abb7219ca6f87fda8
[INFO] running `Command { std: "docker" "create" "-v" "/var/lib/crater-agent-workspace/builds/worker-0-tc2/target:/opt/rustwide/target:rw,Z" "-v" "/var/lib/crater-agent-workspace/builds/worker-0-tc2/source:/opt/rustwide/workdir:ro,Z" "-v" "/var/lib/crater-agent-workspace/cargo-home:/opt/rustwide/cargo-home:ro,Z" "-v" "/var/lib/crater-agent-workspace/rustup-home:/opt/rustwide/rustup-home:ro,Z" "-e" "SOURCE_DIR=/opt/rustwide/workdir" "-e" "CARGO_TARGET_DIR=/opt/rustwide/target" "-e" "CARGO_INCREMENTAL=0" "-e" "RUST_BACKTRACE=full" "-e" "RUSTFLAGS=--cap-lints=warn" "-e" "RUSTDOCFLAGS=--cap-lints=warn" "-e" "CARGO_HOME=/opt/rustwide/cargo-home" "-e" "RUSTUP_HOME=/opt/rustwide/rustup-home" "-w" "/opt/rustwide/workdir" "-m" "1610612736" "--user" "0:0" "--network" "none" "ghcr.io/rust-lang/crates-build-env/linux@sha256:5ff2268d62e97bff2cde7d5815dd6ed5b47097566f13b8d0ca110b04b60e07ed" "/opt/rustwide/cargo-home/bin/cargo" "+beta-2023-04-20" "build" "--frozen" "--message-format=json", kill_on_drop: false }`
[INFO] [stdout] 377b3aeb300278d94f7669ddee307c45746c38596e69c33401f306b42ffa2705
[INFO] running `Command { std: "docker" "start" "-a" "377b3aeb300278d94f7669ddee307c45746c38596e69c33401f306b42ffa2705", kill_on_drop: false }`
[INFO] [stderr]    Compiling proc-macro2 v1.0.5
[INFO] [stderr]    Compiling libc v0.2.55
[INFO] [stderr]    Compiling syn v1.0.5
[INFO] [stderr]    Compiling byteorder v1.3.1
[INFO] [stderr]    Compiling serde v1.0.101
[INFO] [stderr]    Compiling ryu v1.0.1
[INFO] [stderr]    Compiling itoa v0.4.4
[INFO] [stderr]    Compiling iovec v0.1.2
[INFO] [stderr]    Compiling quote v1.0.2
[INFO] [stderr]    Compiling bytes v0.4.12
[INFO] [stderr]    Compiling http v0.1.17
[INFO] [stderr]    Compiling serde_derive v1.0.101
[INFO] [stderr]    Compiling serde_json v1.0.41
[INFO] [stderr]    Compiling armor v1.2.0 (/opt/rustwide/workdir)
[INFO] [stderr]     Finished dev [unoptimized + debuginfo] target(s) in 8.67s
[INFO] running `Command { std: "docker" "inspect" "377b3aeb300278d94f7669ddee307c45746c38596e69c33401f306b42ffa2705", kill_on_drop: false }`
[INFO] running `Command { std: "docker" "rm" "-f" "377b3aeb300278d94f7669ddee307c45746c38596e69c33401f306b42ffa2705", kill_on_drop: false }`
[INFO] [stdout] 377b3aeb300278d94f7669ddee307c45746c38596e69c33401f306b42ffa2705
[INFO] running `Command { std: "docker" "create" "-v" "/var/lib/crater-agent-workspace/builds/worker-0-tc2/target:/opt/rustwide/target:rw,Z" "-v" "/var/lib/crater-agent-workspace/builds/worker-0-tc2/source:/opt/rustwide/workdir:ro,Z" "-v" "/var/lib/crater-agent-workspace/cargo-home:/opt/rustwide/cargo-home:ro,Z" "-v" "/var/lib/crater-agent-workspace/rustup-home:/opt/rustwide/rustup-home:ro,Z" "-e" "SOURCE_DIR=/opt/rustwide/workdir" "-e" "CARGO_TARGET_DIR=/opt/rustwide/target" "-e" "CARGO_INCREMENTAL=0" "-e" "RUST_BACKTRACE=full" "-e" "RUSTFLAGS=--cap-lints=warn" "-e" "RUSTDOCFLAGS=--cap-lints=warn" "-e" "CARGO_HOME=/opt/rustwide/cargo-home" "-e" "RUSTUP_HOME=/opt/rustwide/rustup-home" "-w" "/opt/rustwide/workdir" "-m" "1610612736" "--user" "0:0" "--network" "none" "ghcr.io/rust-lang/crates-build-env/linux@sha256:5ff2268d62e97bff2cde7d5815dd6ed5b47097566f13b8d0ca110b04b60e07ed" "/opt/rustwide/cargo-home/bin/cargo" "+beta-2023-04-20" "test" "--frozen" "--no-run" "--message-format=json", kill_on_drop: false }`
[INFO] [stdout] d46348d566ab53fc8843eca3c908d867b1c5778943e770ac9f08b60a90326bbb
[INFO] running `Command { std: "docker" "start" "-a" "d46348d566ab53fc8843eca3c908d867b1c5778943e770ac9f08b60a90326bbb", kill_on_drop: false }`
[INFO] [stderr]    Compiling armor v1.2.0 (/opt/rustwide/workdir)
[INFO] [stderr]     Finished test [unoptimized + debuginfo] target(s) in 0.35s
[INFO] running `Command { std: "docker" "inspect" "d46348d566ab53fc8843eca3c908d867b1c5778943e770ac9f08b60a90326bbb", kill_on_drop: false }`
[INFO] running `Command { std: "docker" "rm" "-f" "d46348d566ab53fc8843eca3c908d867b1c5778943e770ac9f08b60a90326bbb", kill_on_drop: false }`
[INFO] [stdout] d46348d566ab53fc8843eca3c908d867b1c5778943e770ac9f08b60a90326bbb
[INFO] running `Command { std: "docker" "create" "-v" "/var/lib/crater-agent-workspace/builds/worker-0-tc2/target:/opt/rustwide/target:rw,Z" "-v" "/var/lib/crater-agent-workspace/builds/worker-0-tc2/source:/opt/rustwide/workdir:ro,Z" "-v" "/var/lib/crater-agent-workspace/cargo-home:/opt/rustwide/cargo-home:ro,Z" "-v" "/var/lib/crater-agent-workspace/rustup-home:/opt/rustwide/rustup-home:ro,Z" "-e" "SOURCE_DIR=/opt/rustwide/workdir" "-e" "CARGO_TARGET_DIR=/opt/rustwide/target" "-e" "CARGO_INCREMENTAL=0" "-e" "RUST_BACKTRACE=full" "-e" "RUSTFLAGS=--cap-lints=warn" "-e" "RUSTDOCFLAGS=--cap-lints=warn" "-e" "CARGO_HOME=/opt/rustwide/cargo-home" "-e" "RUSTUP_HOME=/opt/rustwide/rustup-home" "-w" "/opt/rustwide/workdir" "-m" "1610612736" "--user" "0:0" "--network" "none" "ghcr.io/rust-lang/crates-build-env/linux@sha256:5ff2268d62e97bff2cde7d5815dd6ed5b47097566f13b8d0ca110b04b60e07ed" "/opt/rustwide/cargo-home/bin/cargo" "+beta-2023-04-20" "test" "--frozen", kill_on_drop: false }`
[INFO] [stdout] da1a0c8461e7f30c5a0aa55554b7e21ae1c7fa67c0f1b628df281b75700ce5cf
[INFO] running `Command { std: "docker" "start" "-a" "da1a0c8461e7f30c5a0aa55554b7e21ae1c7fa67c0f1b628df281b75700ce5cf", kill_on_drop: false }`
[INFO] [stderr]     Finished test [unoptimized + debuginfo] target(s) in 0.01s
[INFO] [stderr]      Running unittests src/lib.rs (/opt/rustwide/target/debug/deps/armor-ebc20a2d0f3e0680)
[INFO] [stdout] 
[INFO] [stdout] running 0 tests
[INFO] [stdout] 
[INFO] [stdout] test result: ok. 0 passed; 0 failed; 0 ignored; 0 measured; 0 filtered out; finished in 0.00s
[INFO] [stdout] 
[INFO] [stderr]      Running tests/test.rs (/opt/rustwide/target/debug/deps/test-71d9368e89c873a1)
[INFO] [stdout] 
[INFO] [stdout] running 2 tests
[INFO] [stdout] test should_work ... ok
[INFO] [stdout] test csp_test ... ok
[INFO] [stdout] 
[INFO] [stdout] test result: ok. 2 passed; 0 failed; 0 ignored; 0 measured; 0 filtered out; finished in 0.00s
[INFO] [stdout] 
[INFO] [stderr]    Doc-tests armor
[INFO] [stderr] warning: unknown lint: `rustdoc::missing_doc_code_examples`
[INFO] [stderr]   --> /opt/rustwide/workdir/src/lib.rs:15:1
[INFO] [stderr]    |
[INFO] [stderr] 15 | #![warn(missing_docs, missing_doc_code_examples)]
[INFO] [stderr]    | ^^^^^^^^^^^^^^^^^^^^^^^^^^^^^^^^^^^^^^^^^^^^^^^^^
[INFO] [stderr]    |
[INFO] [stderr]    = note: the `rustdoc::missing_doc_code_examples` lint is unstable
[INFO] [stderr]    = note: see issue #101730 <https://github.com/rust-lang/rust/issues/101730> for more information
[INFO] [stderr]    = note: `#[warn(unknown_lints)]` on by default
[INFO] [stderr] 
[INFO] [stderr] warning: lint `missing_doc_code_examples` has been renamed to `rustdoc::missing_doc_code_examples`
[INFO] [stderr]   --> /opt/rustwide/workdir/src/lib.rs:15:23
[INFO] [stderr]    |
[INFO] [stderr] 15 | #![warn(missing_docs, missing_doc_code_examples)]
[INFO] [stderr]    |                       ^^^^^^^^^^^^^^^^^^^^^^^^^ help: use the new name: `rustdoc::missing_doc_code_examples`
[INFO] [stderr]    |
[INFO] [stderr]    = note: `#[warn(renamed_and_removed_lints)]` on by default
[INFO] [stderr] 
[INFO] [stderr] warning: 2 warnings emitted
[INFO] [stderr] 
[INFO] [stdout] 
[INFO] [stdout] running 10 tests
[INFO] [stdout] test src/csp.rs - csp (line 10) ... FAILED
[INFO] [stdout] test src/lib.rs - hsts (line 107) ... ok
[INFO] [stdout] test src/lib.rs - frameguard (line 68) ... ok
[INFO] [stdout] test src/lib.rs - dns_prefetch_control (line 44) ... ok
[INFO] [stdout] test src/lib.rs - armor (line 24) ... ok
[INFO] [stdout] test src/lib.rs - dont_sniff_mimetype (line 124) ... ok
[INFO] [stdout] test src/lib.rs - xss_filter (line 139) ... ok
[INFO] [stdout] test src/lib.rs - hide_powered_by (line 88) ... ok
[INFO] [stdout] test src/lib.rs - (line 6) ... ok
[INFO] [stdout] test src/lib.rs - referrer_policy (line 178) ... ok
[INFO] [stdout] 
[INFO] [stdout] failures:
[INFO] [stdout] 
[INFO] [stdout] ---- src/csp.rs - csp (line 10) stdout ----
[INFO] [stdout] error[E0716]: temporary value dropped while borrowed
[INFO] [stdout]   --> src/csp.rs:11:18
[INFO] [stdout]    |
[INFO] [stdout] 4  | let mut policy = armor::csp::new()
[INFO] [stdout]    |                  ^^^^^^^^^^^^^^^^^ creates a temporary value which is freed while still in use
[INFO] [stdout] ...
[INFO] [stdout] 10 |     .upgrade_insecure_requests();
[INFO] [stdout]    |                                 - temporary value is freed at the end of this statement
[INFO] [stdout] ...
[INFO] [stdout] 13 | policy.apply(&mut headers);
[INFO] [stdout]    | -------------------------- borrow later used here
[INFO] [stdout]    |
[INFO] [stdout] help: consider using a `let` binding to create a longer lived value
[INFO] [stdout]    |
[INFO] [stdout] 4  + let binding = armor::csp::new();
[INFO] [stdout] 5  ~ let mut policy = binding
[INFO] [stdout]    |
[INFO] [stdout] 
[INFO] [stdout] error: aborting due to previous error
[INFO] [stdout] 
[INFO] [stdout] For more information about this error, try `rustc --explain E0716`.
[INFO] [stdout] Couldn't compile the test.
[INFO] [stdout] 
[INFO] [stdout] failures:
[INFO] [stdout]     src/csp.rs - csp (line 10)
[INFO] [stdout] 
[INFO] [stdout] test result: FAILED. 9 passed; 1 failed; 0 ignored; 0 measured; 0 filtered out; finished in 0.38s
[INFO] [stdout] 
[INFO] [stderr] error: doctest failed, to rerun pass `--doc`
[INFO] running `Command { std: "docker" "inspect" "da1a0c8461e7f30c5a0aa55554b7e21ae1c7fa67c0f1b628df281b75700ce5cf", kill_on_drop: false }`
[INFO] running `Command { std: "docker" "rm" "-f" "da1a0c8461e7f30c5a0aa55554b7e21ae1c7fa67c0f1b628df281b75700ce5cf", kill_on_drop: false }`
[INFO] [stdout] da1a0c8461e7f30c5a0aa55554b7e21ae1c7fa67c0f1b628df281b75700ce5cf
