[INFO] fetching crate armc 1.4.5...
[INFO] testing armc-1.4.5 against 1.69.0 for beta-1.70-1
[INFO] extracting crate armc 1.4.5 into /workspace/builds/worker-2-tc1/source
[INFO] validating manifest of crates.io crate armc 1.4.5 on toolchain 1.69.0
[INFO] running `Command { std: CARGO_HOME="/workspace/cargo-home" RUSTUP_HOME="/workspace/rustup-home" "/workspace/cargo-home/bin/cargo" "+1.69.0" "metadata" "--manifest-path" "Cargo.toml" "--no-deps", kill_on_drop: false }`
[INFO] started tweaking crates.io crate armc 1.4.5
[INFO] finished tweaking crates.io crate armc 1.4.5
[INFO] tweaked toml for crates.io crate armc 1.4.5 written to /workspace/builds/worker-2-tc1/source/Cargo.toml
[INFO] running `Command { std: CARGO_HOME="/workspace/cargo-home" RUSTUP_HOME="/workspace/rustup-home" __CARGO_TEST_CHANNEL_OVERRIDE_DO_NOT_USE_THIS="nightly" "/workspace/cargo-home/bin/cargo" "+1.69.0" "generate-lockfile" "--manifest-path" "Cargo.toml" "-Zno-index-update", kill_on_drop: false }`
[INFO] [stderr]     Blocking waiting for file lock on package cache
[INFO] running `Command { std: CARGO_HOME="/workspace/cargo-home" RUSTUP_HOME="/workspace/rustup-home" "/workspace/cargo-home/bin/cargo" "+1.69.0" "fetch" "--manifest-path" "Cargo.toml", kill_on_drop: false }`
[INFO] running `Command { std: "docker" "create" "-v" "/var/lib/crater-agent-workspace/builds/worker-2-tc1/target:/opt/rustwide/target:rw,Z" "-v" "/var/lib/crater-agent-workspace/builds/worker-2-tc1/source:/opt/rustwide/workdir:ro,Z" "-v" "/var/lib/crater-agent-workspace/cargo-home:/opt/rustwide/cargo-home:ro,Z" "-v" "/var/lib/crater-agent-workspace/rustup-home:/opt/rustwide/rustup-home:ro,Z" "-e" "SOURCE_DIR=/opt/rustwide/workdir" "-e" "CARGO_TARGET_DIR=/opt/rustwide/target" "-e" "CARGO_HOME=/opt/rustwide/cargo-home" "-e" "RUSTUP_HOME=/opt/rustwide/rustup-home" "-w" "/opt/rustwide/workdir" "-m" "1610612736" "--user" "0:0" "--network" "none" "ghcr.io/rust-lang/crates-build-env/linux@sha256:5ff2268d62e97bff2cde7d5815dd6ed5b47097566f13b8d0ca110b04b60e07ed" "/opt/rustwide/cargo-home/bin/cargo" "+1.69.0" "metadata" "--no-deps" "--format-version=1", kill_on_drop: false }`
[INFO] [stdout] 8daae39ea1f519bd091bcc1800aaf6954c7a5bab5df323fe19246c8f5d5fd409
[INFO] running `Command { std: "docker" "start" "-a" "8daae39ea1f519bd091bcc1800aaf6954c7a5bab5df323fe19246c8f5d5fd409", kill_on_drop: false }`
[INFO] running `Command { std: "docker" "inspect" "8daae39ea1f519bd091bcc1800aaf6954c7a5bab5df323fe19246c8f5d5fd409", kill_on_drop: false }`
[INFO] running `Command { std: "docker" "rm" "-f" "8daae39ea1f519bd091bcc1800aaf6954c7a5bab5df323fe19246c8f5d5fd409", kill_on_drop: false }`
[INFO] [stdout] 8daae39ea1f519bd091bcc1800aaf6954c7a5bab5df323fe19246c8f5d5fd409
[INFO] running `Command { std: "docker" "create" "-v" "/var/lib/crater-agent-workspace/builds/worker-2-tc1/target:/opt/rustwide/target:rw,Z" "-v" "/var/lib/crater-agent-workspace/builds/worker-2-tc1/source:/opt/rustwide/workdir:ro,Z" "-v" "/var/lib/crater-agent-workspace/cargo-home:/opt/rustwide/cargo-home:ro,Z" "-v" "/var/lib/crater-agent-workspace/rustup-home:/opt/rustwide/rustup-home:ro,Z" "-e" "SOURCE_DIR=/opt/rustwide/workdir" "-e" "CARGO_TARGET_DIR=/opt/rustwide/target" "-e" "CARGO_INCREMENTAL=0" "-e" "RUST_BACKTRACE=full" "-e" "RUSTFLAGS=--cap-lints=warn" "-e" "RUSTDOCFLAGS=--cap-lints=warn" "-e" "CARGO_HOME=/opt/rustwide/cargo-home" "-e" "RUSTUP_HOME=/opt/rustwide/rustup-home" "-w" "/opt/rustwide/workdir" "-m" "1610612736" "--user" "0:0" "--network" "none" "ghcr.io/rust-lang/crates-build-env/linux@sha256:5ff2268d62e97bff2cde7d5815dd6ed5b47097566f13b8d0ca110b04b60e07ed" "/opt/rustwide/cargo-home/bin/cargo" "+1.69.0" "build" "--frozen" "--message-format=json", kill_on_drop: false }`
[INFO] [stdout] bd8eabf5760caaadfdce3d11524220dd36d26e613fd55d34052dee51ad9d5cd6
[INFO] running `Command { std: "docker" "start" "-a" "bd8eabf5760caaadfdce3d11524220dd36d26e613fd55d34052dee51ad9d5cd6", kill_on_drop: false }`
[INFO] [stderr]    Compiling paste v1.0.12
[INFO] [stderr]    Compiling armc v1.4.5 (/opt/rustwide/workdir)
[INFO] [stderr]     Finished dev [unoptimized + debuginfo] target(s) in 1.09s
[INFO] running `Command { std: "docker" "inspect" "bd8eabf5760caaadfdce3d11524220dd36d26e613fd55d34052dee51ad9d5cd6", kill_on_drop: false }`
[INFO] running `Command { std: "docker" "rm" "-f" "bd8eabf5760caaadfdce3d11524220dd36d26e613fd55d34052dee51ad9d5cd6", kill_on_drop: false }`
[INFO] [stdout] bd8eabf5760caaadfdce3d11524220dd36d26e613fd55d34052dee51ad9d5cd6
[INFO] running `Command { std: "docker" "create" "-v" "/var/lib/crater-agent-workspace/builds/worker-2-tc1/target:/opt/rustwide/target:rw,Z" "-v" "/var/lib/crater-agent-workspace/builds/worker-2-tc1/source:/opt/rustwide/workdir:ro,Z" "-v" "/var/lib/crater-agent-workspace/cargo-home:/opt/rustwide/cargo-home:ro,Z" "-v" "/var/lib/crater-agent-workspace/rustup-home:/opt/rustwide/rustup-home:ro,Z" "-e" "SOURCE_DIR=/opt/rustwide/workdir" "-e" "CARGO_TARGET_DIR=/opt/rustwide/target" "-e" "CARGO_INCREMENTAL=0" "-e" "RUST_BACKTRACE=full" "-e" "RUSTFLAGS=--cap-lints=warn" "-e" "RUSTDOCFLAGS=--cap-lints=warn" "-e" "CARGO_HOME=/opt/rustwide/cargo-home" "-e" "RUSTUP_HOME=/opt/rustwide/rustup-home" "-w" "/opt/rustwide/workdir" "-m" "1610612736" "--user" "0:0" "--network" "none" "ghcr.io/rust-lang/crates-build-env/linux@sha256:5ff2268d62e97bff2cde7d5815dd6ed5b47097566f13b8d0ca110b04b60e07ed" "/opt/rustwide/cargo-home/bin/cargo" "+1.69.0" "test" "--frozen" "--no-run" "--message-format=json", kill_on_drop: false }`
[INFO] [stdout] 62798129212c4ce26dd6beee2c666a004e95592f24a0d2badfea38d0297c7689
[INFO] running `Command { std: "docker" "start" "-a" "62798129212c4ce26dd6beee2c666a004e95592f24a0d2badfea38d0297c7689", kill_on_drop: false }`
[INFO] [stderr]    Compiling armc v1.4.5 (/opt/rustwide/workdir)
[INFO] [stderr]     Finished test [unoptimized + debuginfo] target(s) in 0.68s
[INFO] running `Command { std: "docker" "inspect" "62798129212c4ce26dd6beee2c666a004e95592f24a0d2badfea38d0297c7689", kill_on_drop: false }`
[INFO] running `Command { std: "docker" "rm" "-f" "62798129212c4ce26dd6beee2c666a004e95592f24a0d2badfea38d0297c7689", kill_on_drop: false }`
[INFO] [stdout] 62798129212c4ce26dd6beee2c666a004e95592f24a0d2badfea38d0297c7689
[INFO] running `Command { std: "docker" "create" "-v" "/var/lib/crater-agent-workspace/builds/worker-2-tc1/target:/opt/rustwide/target:rw,Z" "-v" "/var/lib/crater-agent-workspace/builds/worker-2-tc1/source:/opt/rustwide/workdir:ro,Z" "-v" "/var/lib/crater-agent-workspace/cargo-home:/opt/rustwide/cargo-home:ro,Z" "-v" "/var/lib/crater-agent-workspace/rustup-home:/opt/rustwide/rustup-home:ro,Z" "-e" "SOURCE_DIR=/opt/rustwide/workdir" "-e" "CARGO_TARGET_DIR=/opt/rustwide/target" "-e" "CARGO_INCREMENTAL=0" "-e" "RUST_BACKTRACE=full" "-e" "RUSTFLAGS=--cap-lints=warn" "-e" "RUSTDOCFLAGS=--cap-lints=warn" "-e" "CARGO_HOME=/opt/rustwide/cargo-home" "-e" "RUSTUP_HOME=/opt/rustwide/rustup-home" "-w" "/opt/rustwide/workdir" "-m" "1610612736" "--user" "0:0" "--network" "none" "ghcr.io/rust-lang/crates-build-env/linux@sha256:5ff2268d62e97bff2cde7d5815dd6ed5b47097566f13b8d0ca110b04b60e07ed" "/opt/rustwide/cargo-home/bin/cargo" "+1.69.0" "test" "--frozen", kill_on_drop: false }`
[INFO] [stdout] 1949f962c85a5eb27f85466b943041b3eb88c58c844a428c8fa2f0070a01dfc7
[INFO] running `Command { std: "docker" "start" "-a" "1949f962c85a5eb27f85466b943041b3eb88c58c844a428c8fa2f0070a01dfc7", kill_on_drop: false }`
[INFO] [stderr]     Finished test [unoptimized + debuginfo] target(s) in 0.01s
[INFO] [stdout] 
[INFO] [stderr]      Running unittests src/lib.rs (/opt/rustwide/target/debug/deps/armc-dac35493d822e2fa)
[INFO] [stdout] running 6 tests
[INFO] [stdout] test tests::it_works ... ok
[INFO] [stdout] test tests::test_cast_to_arc ... ok
[INFO] [stdout] test tests::test_cast_pointer_address_in_usize ... ok
[INFO] [stdout] test tests::test_object ... ok
[INFO] [stdout] test tests::test_unwrap ... ok
[INFO] [stdout] test tests::it_works_async ... ok
[INFO] [stdout] 
[INFO] [stdout] test result: ok. 6 passed; 0 failed; 0 ignored; 0 measured; 0 filtered out; finished in 0.01s
[INFO] [stdout] 
[INFO] [stderr]    Doc-tests armc
[INFO] [stdout] 
[INFO] [stdout] running 5 tests
[INFO] [stdout] test src/object.rs - object::object_with_new (line 35) ... FAILED
[INFO] [stdout] test src/object.rs - object::object (line 5) ... FAILED
[INFO] [stdout] test src/object.rs - object::object_ref_access (line 85) ... FAILED
[INFO] [stdout] test src/object.rs - object::object_mut_access (line 132) ... FAILED
[INFO] [stdout] test src/lib.rs - Armc<T>::lock (line 25) has been running for over 60 seconds
[ERROR] error running command: no output for 300 seconds
[INFO] running `Command { std: "docker" "inspect" "1949f962c85a5eb27f85466b943041b3eb88c58c844a428c8fa2f0070a01dfc7", kill_on_drop: false }`
[INFO] running `Command { std: "docker" "rm" "-f" "1949f962c85a5eb27f85466b943041b3eb88c58c844a428c8fa2f0070a01dfc7", kill_on_drop: false }`
[INFO] [stdout] 1949f962c85a5eb27f85466b943041b3eb88c58c844a428c8fa2f0070a01dfc7
