[INFO] fetching crate argpars 0.1.3...
[INFO] testing argpars-0.1.3 against 1.69.0 for beta-1.70-1
[INFO] extracting crate argpars 0.1.3 into /workspace/builds/worker-4-tc1/source
[INFO] validating manifest of crates.io crate argpars 0.1.3 on toolchain 1.69.0
[INFO] running `Command { std: CARGO_HOME="/workspace/cargo-home" RUSTUP_HOME="/workspace/rustup-home" "/workspace/cargo-home/bin/cargo" "+1.69.0" "metadata" "--manifest-path" "Cargo.toml" "--no-deps", kill_on_drop: false }`
[INFO] started tweaking crates.io crate argpars 0.1.3
[INFO] finished tweaking crates.io crate argpars 0.1.3
[INFO] tweaked toml for crates.io crate argpars 0.1.3 written to /workspace/builds/worker-4-tc1/source/Cargo.toml
[INFO] crate crates.io crate argpars 0.1.3 already has a lockfile, it will not be regenerated
[INFO] running `Command { std: CARGO_HOME="/workspace/cargo-home" RUSTUP_HOME="/workspace/rustup-home" "/workspace/cargo-home/bin/cargo" "+1.69.0" "fetch" "--manifest-path" "Cargo.toml", kill_on_drop: false }`
[INFO] running `Command { std: "docker" "create" "-v" "/var/lib/crater-agent-workspace/builds/worker-4-tc1/target:/opt/rustwide/target:rw,Z" "-v" "/var/lib/crater-agent-workspace/builds/worker-4-tc1/source:/opt/rustwide/workdir:ro,Z" "-v" "/var/lib/crater-agent-workspace/cargo-home:/opt/rustwide/cargo-home:ro,Z" "-v" "/var/lib/crater-agent-workspace/rustup-home:/opt/rustwide/rustup-home:ro,Z" "-e" "SOURCE_DIR=/opt/rustwide/workdir" "-e" "CARGO_TARGET_DIR=/opt/rustwide/target" "-e" "CARGO_HOME=/opt/rustwide/cargo-home" "-e" "RUSTUP_HOME=/opt/rustwide/rustup-home" "-w" "/opt/rustwide/workdir" "-m" "1610612736" "--user" "0:0" "--network" "none" "ghcr.io/rust-lang/crates-build-env/linux@sha256:97d61d7686bf65f8ecb15491ab51835e82dc9176a96a831f143a431b191fc501" "/opt/rustwide/cargo-home/bin/cargo" "+1.69.0" "metadata" "--no-deps" "--format-version=1", kill_on_drop: false }`
[INFO] [stdout] 5a64df5fb34430914f8d9c6504865363cde875e78987a5e6cbf6b2d64f1989d9
[INFO] running `Command { std: "docker" "start" "-a" "5a64df5fb34430914f8d9c6504865363cde875e78987a5e6cbf6b2d64f1989d9", kill_on_drop: false }`
[INFO] running `Command { std: "docker" "inspect" "5a64df5fb34430914f8d9c6504865363cde875e78987a5e6cbf6b2d64f1989d9", kill_on_drop: false }`
[INFO] running `Command { std: "docker" "rm" "-f" "5a64df5fb34430914f8d9c6504865363cde875e78987a5e6cbf6b2d64f1989d9", kill_on_drop: false }`
[INFO] [stdout] 5a64df5fb34430914f8d9c6504865363cde875e78987a5e6cbf6b2d64f1989d9
[INFO] running `Command { std: "docker" "create" "-v" "/var/lib/crater-agent-workspace/builds/worker-4-tc1/target:/opt/rustwide/target:rw,Z" "-v" "/var/lib/crater-agent-workspace/builds/worker-4-tc1/source:/opt/rustwide/workdir:ro,Z" "-v" "/var/lib/crater-agent-workspace/cargo-home:/opt/rustwide/cargo-home:ro,Z" "-v" "/var/lib/crater-agent-workspace/rustup-home:/opt/rustwide/rustup-home:ro,Z" "-e" "SOURCE_DIR=/opt/rustwide/workdir" "-e" "CARGO_TARGET_DIR=/opt/rustwide/target" "-e" "CARGO_INCREMENTAL=0" "-e" "RUST_BACKTRACE=full" "-e" "RUSTFLAGS=--cap-lints=warn" "-e" "RUSTDOCFLAGS=--cap-lints=warn" "-e" "CARGO_HOME=/opt/rustwide/cargo-home" "-e" "RUSTUP_HOME=/opt/rustwide/rustup-home" "-w" "/opt/rustwide/workdir" "-m" "1610612736" "--user" "0:0" "--network" "none" "ghcr.io/rust-lang/crates-build-env/linux@sha256:97d61d7686bf65f8ecb15491ab51835e82dc9176a96a831f143a431b191fc501" "/opt/rustwide/cargo-home/bin/cargo" "+1.69.0" "build" "--frozen" "--message-format=json", kill_on_drop: false }`
[INFO] [stdout] c50e7732c82c74652fcd3171dfc0a4552c1f70885e93df4e038fa36037c7a4f6
[INFO] running `Command { std: "docker" "start" "-a" "c50e7732c82c74652fcd3171dfc0a4552c1f70885e93df4e038fa36037c7a4f6", kill_on_drop: false }`
[INFO] [stderr]    Compiling argpars v0.1.3 (/opt/rustwide/workdir)
[INFO] [stderr]     Finished dev [unoptimized + debuginfo] target(s) in 0.43s
[INFO] running `Command { std: "docker" "inspect" "c50e7732c82c74652fcd3171dfc0a4552c1f70885e93df4e038fa36037c7a4f6", kill_on_drop: false }`
[INFO] running `Command { std: "docker" "rm" "-f" "c50e7732c82c74652fcd3171dfc0a4552c1f70885e93df4e038fa36037c7a4f6", kill_on_drop: false }`
[INFO] [stdout] c50e7732c82c74652fcd3171dfc0a4552c1f70885e93df4e038fa36037c7a4f6
[INFO] running `Command { std: "docker" "create" "-v" "/var/lib/crater-agent-workspace/builds/worker-4-tc1/target:/opt/rustwide/target:rw,Z" "-v" "/var/lib/crater-agent-workspace/builds/worker-4-tc1/source:/opt/rustwide/workdir:ro,Z" "-v" "/var/lib/crater-agent-workspace/cargo-home:/opt/rustwide/cargo-home:ro,Z" "-v" "/var/lib/crater-agent-workspace/rustup-home:/opt/rustwide/rustup-home:ro,Z" "-e" "SOURCE_DIR=/opt/rustwide/workdir" "-e" "CARGO_TARGET_DIR=/opt/rustwide/target" "-e" "CARGO_INCREMENTAL=0" "-e" "RUST_BACKTRACE=full" "-e" "RUSTFLAGS=--cap-lints=warn" "-e" "RUSTDOCFLAGS=--cap-lints=warn" "-e" "CARGO_HOME=/opt/rustwide/cargo-home" "-e" "RUSTUP_HOME=/opt/rustwide/rustup-home" "-w" "/opt/rustwide/workdir" "-m" "1610612736" "--user" "0:0" "--network" "none" "ghcr.io/rust-lang/crates-build-env/linux@sha256:97d61d7686bf65f8ecb15491ab51835e82dc9176a96a831f143a431b191fc501" "/opt/rustwide/cargo-home/bin/cargo" "+1.69.0" "test" "--frozen" "--no-run" "--message-format=json", kill_on_drop: false }`
[INFO] [stdout] e8a9e13755351056d053bd66a5cb7d0eb8596d8a02b177cc4a17e72ce37dd5bd
[INFO] running `Command { std: "docker" "start" "-a" "e8a9e13755351056d053bd66a5cb7d0eb8596d8a02b177cc4a17e72ce37dd5bd", kill_on_drop: false }`
[INFO] [stderr]    Compiling argpars v0.1.3 (/opt/rustwide/workdir)
[INFO] [stderr]     Finished test [unoptimized + debuginfo] target(s) in 0.45s
[INFO] running `Command { std: "docker" "inspect" "e8a9e13755351056d053bd66a5cb7d0eb8596d8a02b177cc4a17e72ce37dd5bd", kill_on_drop: false }`
[INFO] running `Command { std: "docker" "rm" "-f" "e8a9e13755351056d053bd66a5cb7d0eb8596d8a02b177cc4a17e72ce37dd5bd", kill_on_drop: false }`
[INFO] [stdout] e8a9e13755351056d053bd66a5cb7d0eb8596d8a02b177cc4a17e72ce37dd5bd
[INFO] running `Command { std: "docker" "create" "-v" "/var/lib/crater-agent-workspace/builds/worker-4-tc1/target:/opt/rustwide/target:rw,Z" "-v" "/var/lib/crater-agent-workspace/builds/worker-4-tc1/source:/opt/rustwide/workdir:ro,Z" "-v" "/var/lib/crater-agent-workspace/cargo-home:/opt/rustwide/cargo-home:ro,Z" "-v" "/var/lib/crater-agent-workspace/rustup-home:/opt/rustwide/rustup-home:ro,Z" "-e" "SOURCE_DIR=/opt/rustwide/workdir" "-e" "CARGO_TARGET_DIR=/opt/rustwide/target" "-e" "CARGO_INCREMENTAL=0" "-e" "RUST_BACKTRACE=full" "-e" "RUSTFLAGS=--cap-lints=warn" "-e" "RUSTDOCFLAGS=--cap-lints=warn" "-e" "CARGO_HOME=/opt/rustwide/cargo-home" "-e" "RUSTUP_HOME=/opt/rustwide/rustup-home" "-w" "/opt/rustwide/workdir" "-m" "1610612736" "--user" "0:0" "--network" "none" "ghcr.io/rust-lang/crates-build-env/linux@sha256:97d61d7686bf65f8ecb15491ab51835e82dc9176a96a831f143a431b191fc501" "/opt/rustwide/cargo-home/bin/cargo" "+1.69.0" "test" "--frozen", kill_on_drop: false }`
[INFO] [stdout] 196d59e4b7b480bc71dfd7b61583be0b5c317720b3a0c10687f7ca471019f913
[INFO] running `Command { std: "docker" "start" "-a" "196d59e4b7b480bc71dfd7b61583be0b5c317720b3a0c10687f7ca471019f913", kill_on_drop: false }`
[INFO] [stderr]     Finished test [unoptimized + debuginfo] target(s) in 0.01s
[INFO] [stderr]      Running unittests src/lib.rs (/opt/rustwide/target/debug/deps/argpars-b11c51e505922fbe)
[INFO] [stderr]    Doc-tests argpars
[INFO] [stdout] 
[INFO] [stdout] running 0 tests
[INFO] [stdout] 
[INFO] [stdout] test result: ok. 0 passed; 0 failed; 0 ignored; 0 measured; 0 filtered out; finished in 0.00s
[INFO] [stdout] 
[INFO] [stdout] 
[INFO] [stdout] running 13 tests
[INFO] [stdout] test src/lib.rs - (line 9) ... FAILED
[INFO] [stdout] test src/lib.rs - ArgsObj::get_parameter_for (line 273) - compile ... ok
[INFO] [stdout] test src/lib.rs - ArgsObj::display_error_message (line 297) - compile ... ok
[INFO] [stdout] test src/lib.rs - ArgsObj::add_argument (line 204) - compile ... ok
[INFO] [stdout] test src/lib.rs - ArgsObj::add_help_section (line 359) - compile ... ok
[INFO] [stdout] test src/lib.rs - ArgsObj::new (line 97) - compile ... ok
[INFO] [stdout] test src/lib.rs - ArgsObj::default_arguments_passed (line 225) - compile ... ok
[INFO] [stdout] test src/lib.rs - ArgsObj::display_help_screen (line 317) - compile ... ok
[INFO] [stdout] test src/lib.rs - ArgsObj::no_arguments_passed (line 172) - compile ... ok
[INFO] [stdout] test src/lib.rs - ArgsObj::pars (line 375) - compile ... ok
[INFO] [stdout] test src/lib.rs - ArgsObj::no_default_arguments (line 148) - compile ... ok
[INFO] [stdout] test src/lib.rs - ArgsObj::passed (line 188) - compile ... ok
[INFO] [stdout] test src/lib.rs - ArgsObj::wrong_arguments_passed (line 241) - compile ... ok
[INFO] [stdout] 
[INFO] [stdout] failures:
[INFO] [stdout] 
[INFO] [stdout] ---- src/lib.rs - (line 9) stdout ----
[INFO] [stdout] error[E0412]: cannot find type `ArgsObj` in this scope
[INFO] [stdout]  --> src/lib.rs:10:15
[INFO] [stdout]   |
[INFO] [stdout] 3 | let mut args: ArgsObj = Argpars::new();
[INFO] [stdout]   |               ^^^^^^^ not found in this scope
[INFO] [stdout]   |
[INFO] [stdout] help: consider importing this struct
[INFO] [stdout]   |
[INFO] [stdout] 2 | use argpars::ArgsObj;
[INFO] [stdout]   |
[INFO] [stdout] 
[INFO] [stdout] error[E0433]: failed to resolve: use of undeclared type `Argpars`
[INFO] [stdout]  --> src/lib.rs:10:25
[INFO] [stdout]   |
[INFO] [stdout] 3 | let mut args: ArgsObj = Argpars::new();
[INFO] [stdout]   |                         ^^^^^^^ use of undeclared type `Argpars`
[INFO] [stdout]   |
[INFO] [stdout] help: consider importing this trait
[INFO] [stdout]   |
[INFO] [stdout] 2 | use argpars::Argpars;
[INFO] [stdout]   |
[INFO] [stdout] 
[INFO] [stdout] error: aborting due to 2 previous errors
[INFO] [stdout] 
[INFO] [stdout] Some errors have detailed explanations: E0412, E0433.
[INFO] [stdout] For more information about an error, try `rustc --explain E0412`.
[INFO] [stdout] Couldn't compile the test.
[INFO] [stdout] 
[INFO] [stdout] failures:
[INFO] [stdout]     src/lib.rs - (line 9)
[INFO] [stdout] 
[INFO] [stdout] test result: FAILED. 12 passed; 1 failed; 0 ignored; 0 measured; 0 filtered out; finished in 0.18s
[INFO] [stdout] 
[INFO] [stderr] error: doctest failed, to rerun pass `--doc`
[INFO] running `Command { std: "docker" "inspect" "196d59e4b7b480bc71dfd7b61583be0b5c317720b3a0c10687f7ca471019f913", kill_on_drop: false }`
[INFO] running `Command { std: "docker" "rm" "-f" "196d59e4b7b480bc71dfd7b61583be0b5c317720b3a0c10687f7ca471019f913", kill_on_drop: false }`
[INFO] [stdout] 196d59e4b7b480bc71dfd7b61583be0b5c317720b3a0c10687f7ca471019f913
