[INFO] fetching crate arc-guard 0.2.0...
[INFO] testing arc-guard-0.2.0 against 1.69.0 for beta-1.70-1
[INFO] extracting crate arc-guard 0.2.0 into /workspace/builds/worker-7-tc1/source
[INFO] validating manifest of crates.io crate arc-guard 0.2.0 on toolchain 1.69.0
[INFO] running `Command { std: CARGO_HOME="/workspace/cargo-home" RUSTUP_HOME="/workspace/rustup-home" "/workspace/cargo-home/bin/cargo" "+1.69.0" "metadata" "--manifest-path" "Cargo.toml" "--no-deps", kill_on_drop: false }`
[INFO] started tweaking crates.io crate arc-guard 0.2.0
[INFO] finished tweaking crates.io crate arc-guard 0.2.0
[INFO] tweaked toml for crates.io crate arc-guard 0.2.0 written to /workspace/builds/worker-7-tc1/source/Cargo.toml
[INFO] running `Command { std: CARGO_HOME="/workspace/cargo-home" RUSTUP_HOME="/workspace/rustup-home" __CARGO_TEST_CHANNEL_OVERRIDE_DO_NOT_USE_THIS="nightly" "/workspace/cargo-home/bin/cargo" "+1.69.0" "generate-lockfile" "--manifest-path" "Cargo.toml" "-Zno-index-update", kill_on_drop: false }`
[INFO] [stderr]     Blocking waiting for file lock on package cache
[INFO] running `Command { std: CARGO_HOME="/workspace/cargo-home" RUSTUP_HOME="/workspace/rustup-home" "/workspace/cargo-home/bin/cargo" "+1.69.0" "fetch" "--manifest-path" "Cargo.toml", kill_on_drop: false }`
[INFO] [stderr]     Blocking waiting for file lock on package cache
[INFO] running `Command { std: "docker" "create" "-v" "/var/lib/crater-agent-workspace/builds/worker-7-tc1/target:/opt/rustwide/target:rw,Z" "-v" "/var/lib/crater-agent-workspace/builds/worker-7-tc1/source:/opt/rustwide/workdir:ro,Z" "-v" "/var/lib/crater-agent-workspace/cargo-home:/opt/rustwide/cargo-home:ro,Z" "-v" "/var/lib/crater-agent-workspace/rustup-home:/opt/rustwide/rustup-home:ro,Z" "-e" "SOURCE_DIR=/opt/rustwide/workdir" "-e" "CARGO_TARGET_DIR=/opt/rustwide/target" "-e" "CARGO_HOME=/opt/rustwide/cargo-home" "-e" "RUSTUP_HOME=/opt/rustwide/rustup-home" "-w" "/opt/rustwide/workdir" "-m" "1610612736" "--user" "0:0" "--network" "none" "ghcr.io/rust-lang/crates-build-env/linux@sha256:5ff2268d62e97bff2cde7d5815dd6ed5b47097566f13b8d0ca110b04b60e07ed" "/opt/rustwide/cargo-home/bin/cargo" "+1.69.0" "metadata" "--no-deps" "--format-version=1", kill_on_drop: false }`
[INFO] [stdout] 6276dace78b117fdae8e7cc1265cb2867a2eae934b1a0c6f5cc95d031a414b7b
[INFO] running `Command { std: "docker" "start" "-a" "6276dace78b117fdae8e7cc1265cb2867a2eae934b1a0c6f5cc95d031a414b7b", kill_on_drop: false }`
[INFO] running `Command { std: "docker" "inspect" "6276dace78b117fdae8e7cc1265cb2867a2eae934b1a0c6f5cc95d031a414b7b", kill_on_drop: false }`
[INFO] running `Command { std: "docker" "rm" "-f" "6276dace78b117fdae8e7cc1265cb2867a2eae934b1a0c6f5cc95d031a414b7b", kill_on_drop: false }`
[INFO] [stdout] 6276dace78b117fdae8e7cc1265cb2867a2eae934b1a0c6f5cc95d031a414b7b
[INFO] running `Command { std: "docker" "create" "-v" "/var/lib/crater-agent-workspace/builds/worker-7-tc1/target:/opt/rustwide/target:rw,Z" "-v" "/var/lib/crater-agent-workspace/builds/worker-7-tc1/source:/opt/rustwide/workdir:ro,Z" "-v" "/var/lib/crater-agent-workspace/cargo-home:/opt/rustwide/cargo-home:ro,Z" "-v" "/var/lib/crater-agent-workspace/rustup-home:/opt/rustwide/rustup-home:ro,Z" "-e" "SOURCE_DIR=/opt/rustwide/workdir" "-e" "CARGO_TARGET_DIR=/opt/rustwide/target" "-e" "CARGO_INCREMENTAL=0" "-e" "RUST_BACKTRACE=full" "-e" "RUSTFLAGS=--cap-lints=warn" "-e" "RUSTDOCFLAGS=--cap-lints=warn" "-e" "CARGO_HOME=/opt/rustwide/cargo-home" "-e" "RUSTUP_HOME=/opt/rustwide/rustup-home" "-w" "/opt/rustwide/workdir" "-m" "1610612736" "--user" "0:0" "--network" "none" "ghcr.io/rust-lang/crates-build-env/linux@sha256:5ff2268d62e97bff2cde7d5815dd6ed5b47097566f13b8d0ca110b04b60e07ed" "/opt/rustwide/cargo-home/bin/cargo" "+1.69.0" "build" "--frozen" "--message-format=json", kill_on_drop: false }`
[INFO] [stdout] 483b64869e88b7f2163c72f1a38a5b4267a2b2d7238d21ac2595c8b18ec02be5
[INFO] running `Command { std: "docker" "start" "-a" "483b64869e88b7f2163c72f1a38a5b4267a2b2d7238d21ac2595c8b18ec02be5", kill_on_drop: false }`
[INFO] [stderr]    Compiling arc-guard v0.2.0 (/opt/rustwide/workdir)
[INFO] [stderr]     Finished dev [unoptimized + debuginfo] target(s) in 0.12s
[INFO] running `Command { std: "docker" "inspect" "483b64869e88b7f2163c72f1a38a5b4267a2b2d7238d21ac2595c8b18ec02be5", kill_on_drop: false }`
[INFO] running `Command { std: "docker" "rm" "-f" "483b64869e88b7f2163c72f1a38a5b4267a2b2d7238d21ac2595c8b18ec02be5", kill_on_drop: false }`
[INFO] [stdout] 483b64869e88b7f2163c72f1a38a5b4267a2b2d7238d21ac2595c8b18ec02be5
[INFO] running `Command { std: "docker" "create" "-v" "/var/lib/crater-agent-workspace/builds/worker-7-tc1/target:/opt/rustwide/target:rw,Z" "-v" "/var/lib/crater-agent-workspace/builds/worker-7-tc1/source:/opt/rustwide/workdir:ro,Z" "-v" "/var/lib/crater-agent-workspace/cargo-home:/opt/rustwide/cargo-home:ro,Z" "-v" "/var/lib/crater-agent-workspace/rustup-home:/opt/rustwide/rustup-home:ro,Z" "-e" "SOURCE_DIR=/opt/rustwide/workdir" "-e" "CARGO_TARGET_DIR=/opt/rustwide/target" "-e" "CARGO_INCREMENTAL=0" "-e" "RUST_BACKTRACE=full" "-e" "RUSTFLAGS=--cap-lints=warn" "-e" "RUSTDOCFLAGS=--cap-lints=warn" "-e" "CARGO_HOME=/opt/rustwide/cargo-home" "-e" "RUSTUP_HOME=/opt/rustwide/rustup-home" "-w" "/opt/rustwide/workdir" "-m" "1610612736" "--user" "0:0" "--network" "none" "ghcr.io/rust-lang/crates-build-env/linux@sha256:5ff2268d62e97bff2cde7d5815dd6ed5b47097566f13b8d0ca110b04b60e07ed" "/opt/rustwide/cargo-home/bin/cargo" "+1.69.0" "test" "--frozen" "--no-run" "--message-format=json", kill_on_drop: false }`
[INFO] [stdout] 947631fe3e5ff35862542c5af4aebc7d3b0cf7c5ce282aeacc0fd46fc3ffe917
[INFO] running `Command { std: "docker" "start" "-a" "947631fe3e5ff35862542c5af4aebc7d3b0cf7c5ce282aeacc0fd46fc3ffe917", kill_on_drop: false }`
[INFO] [stderr]    Compiling arc-guard v0.2.0 (/opt/rustwide/workdir)
[INFO] [stdout] warning: unused variable: `indicator`
[INFO] [stdout]    --> src/lib.rs:139:41
[INFO] [stdout]     |
[INFO] [stdout] 139 |         let string = indicator.execute(|indicator| -> String {
[INFO] [stdout]     |                                         ^^^^^^^^^ help: if this is intentional, prefix it with an underscore: `_indicator`
[INFO] [stdout]     |
[INFO] [stdout]     = note: `#[warn(unused_variables)]` on by default
[INFO] [stdout] 
[INFO] [stdout] 
[INFO] [stdout] warning: 1 warning emitted
[INFO] [stdout] 
[INFO] [stdout] 
[INFO] [stderr]     Finished test [unoptimized + debuginfo] target(s) in 0.43s
[INFO] running `Command { std: "docker" "inspect" "947631fe3e5ff35862542c5af4aebc7d3b0cf7c5ce282aeacc0fd46fc3ffe917", kill_on_drop: false }`
[INFO] running `Command { std: "docker" "rm" "-f" "947631fe3e5ff35862542c5af4aebc7d3b0cf7c5ce282aeacc0fd46fc3ffe917", kill_on_drop: false }`
[INFO] [stdout] 947631fe3e5ff35862542c5af4aebc7d3b0cf7c5ce282aeacc0fd46fc3ffe917
[INFO] running `Command { std: "docker" "create" "-v" "/var/lib/crater-agent-workspace/builds/worker-7-tc1/target:/opt/rustwide/target:rw,Z" "-v" "/var/lib/crater-agent-workspace/builds/worker-7-tc1/source:/opt/rustwide/workdir:ro,Z" "-v" "/var/lib/crater-agent-workspace/cargo-home:/opt/rustwide/cargo-home:ro,Z" "-v" "/var/lib/crater-agent-workspace/rustup-home:/opt/rustwide/rustup-home:ro,Z" "-e" "SOURCE_DIR=/opt/rustwide/workdir" "-e" "CARGO_TARGET_DIR=/opt/rustwide/target" "-e" "CARGO_INCREMENTAL=0" "-e" "RUST_BACKTRACE=full" "-e" "RUSTFLAGS=--cap-lints=warn" "-e" "RUSTDOCFLAGS=--cap-lints=warn" "-e" "CARGO_HOME=/opt/rustwide/cargo-home" "-e" "RUSTUP_HOME=/opt/rustwide/rustup-home" "-w" "/opt/rustwide/workdir" "-m" "1610612736" "--user" "0:0" "--network" "none" "ghcr.io/rust-lang/crates-build-env/linux@sha256:5ff2268d62e97bff2cde7d5815dd6ed5b47097566f13b8d0ca110b04b60e07ed" "/opt/rustwide/cargo-home/bin/cargo" "+1.69.0" "test" "--frozen", kill_on_drop: false }`
[INFO] [stdout] 9b952e86b317ebcb6f67ae75fe7cd0d70b9f209d511c576fff21ab88024437d5
[INFO] running `Command { std: "docker" "start" "-a" "9b952e86b317ebcb6f67ae75fe7cd0d70b9f209d511c576fff21ab88024437d5", kill_on_drop: false }`
[INFO] [stderr]     Blocking waiting for file lock on package cache
[INFO] [stderr] warning: unused variable: `indicator`
[INFO] [stdout] 
[INFO] [stderr]    --> src/lib.rs:139:41
[INFO] [stdout] running 1 test
[INFO] [stderr]     |
[INFO] [stdout] test tests::it_works ... ok
[INFO] [stderr] 139 |         let string = indicator.execute(|indicator| -> String {
[INFO] [stdout] 
[INFO] [stderr]     |                                         ^^^^^^^^^ help: if this is intentional, prefix it with an underscore: `_indicator`
[INFO] [stdout] test result: ok. 1 passed; 0 failed; 0 ignored; 0 measured; 0 filtered out; finished in 0.00s
[INFO] [stderr]     |
[INFO] [stdout] 
[INFO] [stderr]     = note: `#[warn(unused_variables)]` on by default
[INFO] [stderr] 
[INFO] [stderr] warning: `arc-guard` (lib test) generated 1 warning (run `cargo fix --lib -p arc-guard --tests` to apply 1 suggestion)
[INFO] [stderr]     Finished test [unoptimized + debuginfo] target(s) in 1.03s
[INFO] [stderr]      Running unittests src/lib.rs (/opt/rustwide/target/debug/deps/arc_guard-fbf0e5ae7a8ad5f3)
[INFO] [stderr]    Doc-tests arc-guard
[INFO] [stdout] 
[INFO] [stdout] running 7 tests
[INFO] [stdout] test src/lib.rs - ArcGuard<T>::execute (line 78) ... FAILED
[INFO] [stdout] test src/lib.rs - ArcGuard<T>::arc (line 98) ... FAILED
[INFO] [stdout] test src/lib.rs - ArcGuard<T>::new (line 45) ... FAILED
[INFO] [stdout] test src/lib.rs - ArcGuard<T>::clone (line 113) ... FAILED
[INFO] [stdout] test src/lib.rs - (line 22) ... FAILED
[INFO] [stdout] test src/lib.rs - ArcGuard<T>::execute (line 62) ... FAILED
[INFO] [stdout] test src/lib.rs - (line 8) ... FAILED
[INFO] [stdout] 
[INFO] [stdout] failures:
[INFO] [stdout] 
[INFO] [stdout] ---- src/lib.rs - ArcGuard<T>::execute (line 78) stdout ----
[INFO] [stdout] error[E0433]: failed to resolve: use of undeclared type `Indicator`
[INFO] [stdout]  --> src/lib.rs:81:31
[INFO] [stdout]   |
[INFO] [stdout] 6 | let indicator = ArcGuard::new(Indicator::new());
[INFO] [stdout]   |                               ^^^^^^^^^ use of undeclared type `Indicator`
[INFO] [stdout] 
[INFO] [stdout] error: aborting due to previous error
[INFO] [stdout] 
[INFO] [stdout] For more information about this error, try `rustc --explain E0433`.
[INFO] [stdout] Couldn't compile the test.
[INFO] [stdout] ---- src/lib.rs - ArcGuard<T>::arc (line 98) stdout ----
[INFO] [stdout] error[E0433]: failed to resolve: use of undeclared type `Indicator`
[INFO] [stdout]  --> src/lib.rs:101:31
[INFO] [stdout]   |
[INFO] [stdout] 6 | let indicator = ArcGuard::new(Indicator::new());
[INFO] [stdout]   |                               ^^^^^^^^^ use of undeclared type `Indicator`
[INFO] [stdout] 
[INFO] [stdout] error: aborting due to previous error
[INFO] [stdout] 
[INFO] [stdout] For more information about this error, try `rustc --explain E0433`.
[INFO] [stdout] Couldn't compile the test.
[INFO] [stdout] ---- src/lib.rs - ArcGuard<T>::new (line 45) stdout ----
[INFO] [stdout] error[E0433]: failed to resolve: use of undeclared type `Indicator`
[INFO] [stdout]  --> src/lib.rs:48:31
[INFO] [stdout]   |
[INFO] [stdout] 6 | let indicator = ArcGuard::new(Indicator::new());
[INFO] [stdout]   |                               ^^^^^^^^^ use of undeclared type `Indicator`
[INFO] [stdout] 
[INFO] [stdout] error: aborting due to previous error
[INFO] [stdout] 
[INFO] [stdout] For more information about this error, try `rustc --explain E0433`.
[INFO] [stdout] Couldn't compile the test.
[INFO] [stdout] ---- src/lib.rs - ArcGuard<T>::clone (line 113) stdout ----
[INFO] [stdout] error[E0433]: failed to resolve: use of undeclared type `Indicator`
[INFO] [stdout]  --> src/lib.rs:116:31
[INFO] [stdout]   |
[INFO] [stdout] 6 | let indicator = ArcGuard::new(Indicator::new());
[INFO] [stdout]   |                               ^^^^^^^^^ use of undeclared type `Indicator`
[INFO] [stdout] 
[INFO] [stdout] error: aborting due to previous error
[INFO] [stdout] 
[INFO] [stdout] For more information about this error, try `rustc --explain E0433`.
[INFO] [stdout] Couldn't compile the test.
[INFO] [stdout] ---- src/lib.rs - (line 22) stdout ----
[INFO] [stdout] error[E0433]: failed to resolve: use of undeclared type `Indicator`
[INFO] [stdout]  --> src/lib.rs:25:31
[INFO] [stdout]   |
[INFO] [stdout] 6 | let indicator = ArcGuard::new(Indicator::new());
[INFO] [stdout]   |                               ^^^^^^^^^ use of undeclared type `Indicator`
[INFO] [stdout] 
[INFO] [stdout] error: aborting due to previous error
[INFO] [stdout] 
[INFO] [stdout] For more information about this error, try `rustc --explain E0433`.
[INFO] [stdout] Couldn't compile the test.
[INFO] [stdout] ---- src/lib.rs - ArcGuard<T>::execute (line 62) stdout ----
[INFO] [stdout] error[E0433]: failed to resolve: use of undeclared type `Indicator`
[INFO] [stdout]  --> src/lib.rs:65:31
[INFO] [stdout]   |
[INFO] [stdout] 6 | let indicator = ArcGuard::new(Indicator::new());
[INFO] [stdout]   |                               ^^^^^^^^^ use of undeclared type `Indicator`
[INFO] [stdout] 
[INFO] [stdout] error: aborting due to previous error
[INFO] [stdout] 
[INFO] [stdout] For more information about this error, try `rustc --explain E0433`.
[INFO] [stdout] Couldn't compile the test.
[INFO] [stdout] ---- src/lib.rs - (line 8) stdout ----
[INFO] [stdout] error[E0433]: failed to resolve: use of undeclared type `Indicator`
[INFO] [stdout]  --> src/lib.rs:11:37
[INFO] [stdout]   |
[INFO] [stdout] 5 | let indicator = Arc::new(Mutex::new(Indicator::new()));
[INFO] [stdout]   |                                     ^^^^^^^^^ use of undeclared type `Indicator`
[INFO] [stdout] 
[INFO] [stdout] error: aborting due to previous error
[INFO] [stdout] 
[INFO] [stdout] For more information about this error, try `rustc --explain E0433`.
[INFO] [stdout] Couldn't compile the test.
[INFO] [stdout] 
[INFO] [stdout] failures:
[INFO] [stdout]     src/lib.rs - (line 22)
[INFO] [stdout]     src/lib.rs - (line 8)
[INFO] [stdout]     src/lib.rs - ArcGuard<T>::arc (line 98)
[INFO] [stdout]     src/lib.rs - ArcGuard<T>::clone (line 113)
[INFO] [stdout]     src/lib.rs - ArcGuard<T>::execute (line 62)
[INFO] [stdout]     src/lib.rs - ArcGuard<T>::execute (line 78)
[INFO] [stdout]     src/lib.rs - ArcGuard<T>::new (line 45)
[INFO] [stdout] 
[INFO] [stdout] test result: FAILED. 0 passed; 7 failed; 0 ignored; 0 measured; 0 filtered out; finished in 0.11s
[INFO] [stdout] 
[INFO] [stderr] error: doctest failed, to rerun pass `--doc`
[INFO] running `Command { std: "docker" "inspect" "9b952e86b317ebcb6f67ae75fe7cd0d70b9f209d511c576fff21ab88024437d5", kill_on_drop: false }`
[INFO] running `Command { std: "docker" "rm" "-f" "9b952e86b317ebcb6f67ae75fe7cd0d70b9f209d511c576fff21ab88024437d5", kill_on_drop: false }`
[INFO] [stdout] 9b952e86b317ebcb6f67ae75fe7cd0d70b9f209d511c576fff21ab88024437d5
