[INFO] fetching crate arangors_lite 0.2.0...
[INFO] testing arangors_lite-0.2.0 against beta-2023-04-20 for beta-1.70-1
[INFO] extracting crate arangors_lite 0.2.0 into /workspace/builds/worker-7-tc2/source
[INFO] validating manifest of crates.io crate arangors_lite 0.2.0 on toolchain beta-2023-04-20
[INFO] running `Command { std: CARGO_HOME="/workspace/cargo-home" RUSTUP_HOME="/workspace/rustup-home" "/workspace/cargo-home/bin/cargo" "+beta-2023-04-20" "metadata" "--manifest-path" "Cargo.toml" "--no-deps", kill_on_drop: false }`
[INFO] started tweaking crates.io crate arangors_lite 0.2.0
[INFO] finished tweaking crates.io crate arangors_lite 0.2.0
[INFO] tweaked toml for crates.io crate arangors_lite 0.2.0 written to /workspace/builds/worker-7-tc2/source/Cargo.toml
[INFO] crate crates.io crate arangors_lite 0.2.0 already has a lockfile, it will not be regenerated
[INFO] running `Command { std: CARGO_HOME="/workspace/cargo-home" RUSTUP_HOME="/workspace/rustup-home" "/workspace/cargo-home/bin/cargo" "+beta-2023-04-20" "fetch" "--manifest-path" "Cargo.toml", kill_on_drop: false }`
[INFO] [stderr]     Updating crates.io index
[INFO] [stderr]  Downloading crates ...
[INFO] [stderr]   Downloaded matches v0.1.9
[INFO] [stderr]   Downloaded url v2.2.2
[INFO] [stderr]   Downloaded unicode-bidi v0.3.7
[INFO] [stderr]   Downloaded typed-builder v0.9.1
[INFO] [stderr]   Downloaded tinyvec v1.5.1
[INFO] [stderr]   Downloaded unicode-normalization v0.1.19
[INFO] [stderr]   Downloaded indexmap v1.8.0
[INFO] [stderr]   Downloaded pretty_assertions v1.0.0
[INFO] [stderr]   Downloaded ctor v0.1.21
[INFO] [stderr]   Downloaded wasm-bindgen-macro-support v0.2.79
[INFO] [stderr]   Downloaded security-framework-sys v2.5.0
[INFO] [stderr]   Downloaded core-foundation v0.9.2
[INFO] [stderr]   Downloaded security-framework v2.5.0
[INFO] [stderr]   Downloaded openssl-sys v0.9.72
[INFO] [stderr]   Downloaded pkg-config v0.3.24
[INFO] [stderr]   Downloaded hyper v0.14.16
[INFO] [stderr]   Downloaded http-body v0.4.4
[INFO] [stderr]   Downloaded http v0.2.6
[INFO] [stderr]   Downloaded maybe-async v0.2.6
[INFO] [stderr]   Downloaded httparse v1.5.1
[INFO] [stderr]   Downloaded tracing-core v0.1.21
[INFO] [stderr]   Downloaded encoding_rs v0.8.30
[INFO] [stderr]   Downloaded web-sys v0.3.56
[INFO] [stderr]   Downloaded libc v0.2.115
[INFO] [stderr]   Downloaded wasm-bindgen-backend v0.2.79
[INFO] [stderr]   Downloaded ipnet v2.3.1
[INFO] [stderr]   Downloaded wasm-bindgen-shared v0.2.79
[INFO] [stderr]   Downloaded tracing v0.1.29
[INFO] [stderr]   Downloaded js-sys v0.3.56
[INFO] [stderr]   Downloaded wasm-bindgen-macro v0.2.79
[INFO] [stderr]   Downloaded openssl v0.10.38
[INFO] [stderr]   Downloaded wasm-bindgen v0.2.79
[INFO] [stderr]   Downloaded tokio-util v0.6.9
[INFO] [stderr]   Downloaded wasm-bindgen-futures v0.4.29
[INFO] [stderr]   Downloaded reqwest v0.11.9
[INFO] [stderr]   Downloaded ryu v1.0.9
[INFO] [stderr]   Downloaded serde_json v1.0.78
[INFO] [stderr]   Downloaded itoa v1.0.1
[INFO] [stderr]   Downloaded diff v0.1.12
[INFO] [stderr]   Downloaded output_vt100 v0.1.2
[INFO] [stderr]   Downloaded async-compression v0.3.12
[INFO] [stderr]   Downloaded hashbrown v0.11.2
[INFO] [stderr]   Downloaded rustls v0.20.2
[INFO] [stderr]   Downloaded crc32fast v1.3.1
[INFO] [stderr]   Downloaded flate2 v1.0.22
[INFO] [stderr]   Downloaded h2 v0.3.11
[INFO] [stderr]   Downloaded native-tls v0.2.8
[INFO] [stderr]   Downloaded sct v0.7.0
[INFO] [stderr]   Downloaded webpki v0.22.0
[INFO] [stderr]   Downloaded serde_qs v0.8.5
[INFO] [stderr]   Downloaded idna v0.2.3
[INFO] running `Command { std: "docker" "create" "-v" "/var/lib/crater-agent-workspace/builds/worker-7-tc2/target:/opt/rustwide/target:rw,Z" "-v" "/var/lib/crater-agent-workspace/builds/worker-7-tc2/source:/opt/rustwide/workdir:ro,Z" "-v" "/var/lib/crater-agent-workspace/cargo-home:/opt/rustwide/cargo-home:ro,Z" "-v" "/var/lib/crater-agent-workspace/rustup-home:/opt/rustwide/rustup-home:ro,Z" "-e" "SOURCE_DIR=/opt/rustwide/workdir" "-e" "CARGO_TARGET_DIR=/opt/rustwide/target" "-e" "CARGO_HOME=/opt/rustwide/cargo-home" "-e" "RUSTUP_HOME=/opt/rustwide/rustup-home" "-w" "/opt/rustwide/workdir" "-m" "1610612736" "--user" "0:0" "--network" "none" "ghcr.io/rust-lang/crates-build-env/linux@sha256:5ff2268d62e97bff2cde7d5815dd6ed5b47097566f13b8d0ca110b04b60e07ed" "/opt/rustwide/cargo-home/bin/cargo" "+beta-2023-04-20" "metadata" "--no-deps" "--format-version=1", kill_on_drop: false }`
[INFO] [stdout] 6e6f801395155a4ca6315a521ab2c9dcb600a74bbdddbeeb5b2495f023a1835d
[INFO] running `Command { std: "docker" "start" "-a" "6e6f801395155a4ca6315a521ab2c9dcb600a74bbdddbeeb5b2495f023a1835d", kill_on_drop: false }`
[INFO] running `Command { std: "docker" "inspect" "6e6f801395155a4ca6315a521ab2c9dcb600a74bbdddbeeb5b2495f023a1835d", kill_on_drop: false }`
[INFO] running `Command { std: "docker" "rm" "-f" "6e6f801395155a4ca6315a521ab2c9dcb600a74bbdddbeeb5b2495f023a1835d", kill_on_drop: false }`
[INFO] [stdout] 6e6f801395155a4ca6315a521ab2c9dcb600a74bbdddbeeb5b2495f023a1835d
[INFO] running `Command { std: "docker" "create" "-v" "/var/lib/crater-agent-workspace/builds/worker-7-tc2/target:/opt/rustwide/target:rw,Z" "-v" "/var/lib/crater-agent-workspace/builds/worker-7-tc2/source:/opt/rustwide/workdir:ro,Z" "-v" "/var/lib/crater-agent-workspace/cargo-home:/opt/rustwide/cargo-home:ro,Z" "-v" "/var/lib/crater-agent-workspace/rustup-home:/opt/rustwide/rustup-home:ro,Z" "-e" "SOURCE_DIR=/opt/rustwide/workdir" "-e" "CARGO_TARGET_DIR=/opt/rustwide/target" "-e" "CARGO_INCREMENTAL=0" "-e" "RUST_BACKTRACE=full" "-e" "RUSTFLAGS=--cap-lints=warn" "-e" "RUSTDOCFLAGS=--cap-lints=warn" "-e" "CARGO_HOME=/opt/rustwide/cargo-home" "-e" "RUSTUP_HOME=/opt/rustwide/rustup-home" "-w" "/opt/rustwide/workdir" "-m" "1610612736" "--user" "0:0" "--network" "none" "ghcr.io/rust-lang/crates-build-env/linux@sha256:5ff2268d62e97bff2cde7d5815dd6ed5b47097566f13b8d0ca110b04b60e07ed" "/opt/rustwide/cargo-home/bin/cargo" "+beta-2023-04-20" "build" "--frozen" "--message-format=json", kill_on_drop: false }`
[INFO] [stdout] 02ec001930dc1d30155becfb038ce78be0b2b704096d19cae05e33a8dcdd28b5
[INFO] running `Command { std: "docker" "start" "-a" "02ec001930dc1d30155becfb038ce78be0b2b704096d19cae05e33a8dcdd28b5", kill_on_drop: false }`
[INFO] [stderr]     Blocking waiting for file lock on package cache
[INFO] [stderr]    Compiling proc-macro2 v1.0.36
[INFO] [stderr]    Compiling unicode-xid v0.2.2
[INFO] [stderr]    Compiling syn v1.0.86
[INFO] [stderr]    Compiling autocfg v1.0.1
[INFO] [stderr]    Compiling libc v0.2.115
[INFO] [stderr]    Compiling cfg-if v1.0.0
[INFO] [stderr]    Compiling log v0.4.14
[INFO] [stderr]    Compiling memchr v2.4.1
[INFO] [stderr]    Compiling pin-project-lite v0.2.8
[INFO] [stderr]    Compiling futures-core v0.3.19
[INFO] [stderr]    Compiling bytes v1.1.0
[INFO] [stderr]    Compiling cc v1.0.72
[INFO] [stderr]    Compiling pkg-config v0.3.24
[INFO] [stderr]    Compiling futures-task v0.3.19
[INFO] [stderr]    Compiling futures-sink v0.3.19
[INFO] [stderr]    Compiling futures-channel v0.3.19
[INFO] [stderr]    Compiling futures-util v0.3.19
[INFO] [stderr]    Compiling num_cpus v1.13.1
[INFO] [stderr]    Compiling quote v1.0.15
[INFO] [stderr]    Compiling mio v0.7.14
[INFO] [stderr]    Compiling itoa v1.0.1
[INFO] [stderr]    Compiling slab v0.4.5
[INFO] [stderr]    Compiling serde_derive v1.0.136
[INFO] [stderr]    Compiling futures-io v0.3.19
[INFO] [stderr]    Compiling pin-utils v0.1.0
[INFO] [stderr]    Compiling indexmap v1.8.0
[INFO] [stderr]    Compiling fnv v1.0.7
[INFO] [stderr]    Compiling lazy_static v1.4.0
[INFO] [stderr]    Compiling foreign-types-shared v0.1.1
[INFO] [stderr]    Compiling serde v1.0.136
[INFO] [stderr]    Compiling openssl v0.10.38
[INFO] [stderr]    Compiling foreign-types v0.3.2
[INFO] [stderr]    Compiling tracing-core v0.1.21
[INFO] [stderr]    Compiling http v0.2.6
[INFO] [stderr]    Compiling openssl-sys v0.9.72
[INFO] [stderr]    Compiling miniz_oxide v0.4.4
[INFO] [stderr]    Compiling once_cell v1.9.0
[INFO] [stderr]    Compiling httparse v1.5.1
[INFO] [stderr]    Compiling native-tls v0.2.8
[INFO] [stderr]    Compiling crc32fast v1.3.1
[INFO] [stderr]    Compiling bitflags v1.3.2
[INFO] [stderr]    Compiling tinyvec_macros v0.1.0
[INFO] [stderr]    Compiling percent-encoding v2.1.0
[INFO] [stderr]    Compiling matches v0.1.9
[INFO] [stderr]    Compiling hashbrown v0.11.2
[INFO] [stderr]    Compiling tinyvec v1.5.1
[INFO] [stderr]    Compiling tracing v0.1.29
[INFO] [stderr]    Compiling try-lock v0.2.3
[INFO] [stderr]    Compiling openssl-probe v0.1.5
[INFO] [stderr]    Compiling adler v1.0.2
[INFO] [stderr]    Compiling want v0.3.0
[INFO] [stderr]    Compiling form_urlencoded v1.0.1
[INFO] [stderr]    Compiling unicode-normalization v0.1.19
[INFO] [stderr]    Compiling socket2 v0.4.4
[INFO] [stderr]    Compiling serde_json v1.0.78
[INFO] [stderr]    Compiling encoding_rs v0.8.30
[INFO] [stderr]    Compiling httpdate v1.0.2
[INFO] [stderr]    Compiling tower-service v0.3.1
[INFO] [stderr]    Compiling itoa v0.4.8
[INFO] [stderr]    Compiling ryu v1.0.9
[INFO] [stderr]    Compiling http-body v0.4.4
[INFO] [stderr]    Compiling unicode-bidi v0.3.7
[INFO] [stderr]    Compiling flate2 v1.0.22
[INFO] [stderr]    Compiling async-trait v0.1.52
[INFO] [stderr]    Compiling mime v0.3.16
[INFO] [stderr]    Compiling idna v0.2.3
[INFO] [stderr]    Compiling url v2.2.2
[INFO] [stderr]    Compiling base64 v0.13.0
[INFO] [stderr]    Compiling ipnet v2.3.1
[INFO] [stderr]    Compiling tokio-macros v1.7.0
[INFO] [stderr]    Compiling futures-macro v0.3.19
[INFO] [stderr]    Compiling thiserror-impl v1.0.30
[INFO] [stderr]    Compiling maybe-async v0.2.6
[INFO] [stderr]    Compiling typed-builder v0.9.1
[INFO] [stderr]    Compiling tokio v1.15.0
[INFO] [stderr]    Compiling thiserror v1.0.30
[INFO] [stderr]    Compiling futures-executor v0.3.19
[INFO] [stderr]    Compiling futures v0.3.19
[INFO] [stderr]    Compiling tokio-util v0.6.9
[INFO] [stderr]    Compiling tokio-native-tls v0.3.0
[INFO] [stderr]    Compiling async-compression v0.3.12
[INFO] [stderr]    Compiling h2 v0.3.11
[INFO] [stderr]    Compiling serde_urlencoded v0.7.1
[INFO] [stderr]    Compiling serde_qs v0.8.5
[INFO] [stderr]    Compiling hyper v0.14.16
[INFO] [stderr]    Compiling hyper-tls v0.5.0
[INFO] [stderr]    Compiling reqwest v0.11.9
[INFO] [stderr]    Compiling arangors_lite v0.2.0 (/opt/rustwide/workdir)
[INFO] [stdout] warning: field `state` is never read
[INFO] [stdout]   --> src/connection/mod.rs:94:5
[INFO] [stdout]    |
[INFO] [stdout] 90 | pub struct Connection<S = Normal> {
[INFO] [stdout]    |            ---------- field in this struct
[INFO] [stdout] ...
[INFO] [stdout] 94 |     state: S,
[INFO] [stdout]    |     ^^^^^
[INFO] [stdout]    |
[INFO] [stdout]    = note: `Connection` has derived impls for the traits `Clone` and `Debug`, but these are intentionally ignored during dead code analysis
[INFO] [stdout]    = note: `#[warn(dead_code)]` on by default
[INFO] [stdout] 
[INFO] [stdout] 
[INFO] [stdout] warning: 1 warning emitted
[INFO] [stdout] 
[INFO] [stdout] 
[INFO] [stderr]     Finished dev [unoptimized + debuginfo] target(s) in 1m 12s
[INFO] running `Command { std: "docker" "inspect" "02ec001930dc1d30155becfb038ce78be0b2b704096d19cae05e33a8dcdd28b5", kill_on_drop: false }`
[INFO] running `Command { std: "docker" "rm" "-f" "02ec001930dc1d30155becfb038ce78be0b2b704096d19cae05e33a8dcdd28b5", kill_on_drop: false }`
[INFO] [stdout] 02ec001930dc1d30155becfb038ce78be0b2b704096d19cae05e33a8dcdd28b5
[INFO] running `Command { std: "docker" "create" "-v" "/var/lib/crater-agent-workspace/builds/worker-7-tc2/target:/opt/rustwide/target:rw,Z" "-v" "/var/lib/crater-agent-workspace/builds/worker-7-tc2/source:/opt/rustwide/workdir:ro,Z" "-v" "/var/lib/crater-agent-workspace/cargo-home:/opt/rustwide/cargo-home:ro,Z" "-v" "/var/lib/crater-agent-workspace/rustup-home:/opt/rustwide/rustup-home:ro,Z" "-e" "SOURCE_DIR=/opt/rustwide/workdir" "-e" "CARGO_TARGET_DIR=/opt/rustwide/target" "-e" "CARGO_INCREMENTAL=0" "-e" "RUST_BACKTRACE=full" "-e" "RUSTFLAGS=--cap-lints=warn" "-e" "RUSTDOCFLAGS=--cap-lints=warn" "-e" "CARGO_HOME=/opt/rustwide/cargo-home" "-e" "RUSTUP_HOME=/opt/rustwide/rustup-home" "-w" "/opt/rustwide/workdir" "-m" "1610612736" "--user" "0:0" "--network" "none" "ghcr.io/rust-lang/crates-build-env/linux@sha256:5ff2268d62e97bff2cde7d5815dd6ed5b47097566f13b8d0ca110b04b60e07ed" "/opt/rustwide/cargo-home/bin/cargo" "+beta-2023-04-20" "test" "--frozen" "--no-run" "--message-format=json", kill_on_drop: false }`
[INFO] [stdout] d453f9ce0e67ece1a997624502439028ad0699251f7952d7421f6349f5309a10
[INFO] running `Command { std: "docker" "start" "-a" "d453f9ce0e67ece1a997624502439028ad0699251f7952d7421f6349f5309a10", kill_on_drop: false }`
[INFO] [stderr]    Compiling aho-corasick v0.7.18
[INFO] [stderr]    Compiling anyhow v1.0.53
[INFO] [stderr]    Compiling regex-syntax v0.6.25
[INFO] [stderr]    Compiling atty v0.2.14
[INFO] [stderr]    Compiling diff v0.1.12
[INFO] [stderr]    Compiling humantime v2.1.0
[INFO] [stderr]    Compiling ansi_term v0.12.1
[INFO] [stderr]    Compiling termcolor v1.1.2
[INFO] [stdout] warning: field `state` is never read
[INFO] [stdout]   --> src/connection/mod.rs:94:5
[INFO] [stdout]    |
[INFO] [stdout] 90 | pub struct Connection<S = Normal> {
[INFO] [stdout]    |            ---------- field in this struct
[INFO] [stdout] ...
[INFO] [stdout] 94 |     state: S,
[INFO] [stdout]    |     ^^^^^
[INFO] [stdout]    |
[INFO] [stdout]    = note: `Connection` has derived impls for the traits `Clone` and `Debug`, but these are intentionally ignored during dead code analysis
[INFO] [stdout]    = note: `#[warn(dead_code)]` on by default
[INFO] [stdout] 
[INFO] [stdout] 
[INFO] [stdout] warning: 1 warning emitted
[INFO] [stdout] 
[INFO] [stdout] 
[INFO] [stderr]    Compiling pretty_assertions v1.0.0
[INFO] [stderr]    Compiling regex v1.5.4
[INFO] [stderr]    Compiling env_logger v0.9.0
[INFO] [stderr]    Compiling arangors_lite v0.2.0 (/opt/rustwide/workdir)
[INFO] [stdout] warning: field `state` is never read
[INFO] [stdout]   --> src/connection/mod.rs:94:5
[INFO] [stdout]    |
[INFO] [stdout] 90 | pub struct Connection<S = Normal> {
[INFO] [stdout]    |            ---------- field in this struct
[INFO] [stdout] ...
[INFO] [stdout] 94 |     state: S,
[INFO] [stdout]    |     ^^^^^
[INFO] [stdout]    |
[INFO] [stdout]    = note: `Connection` has derived impls for the traits `Clone` and `Debug`, but these are intentionally ignored during dead code analysis
[INFO] [stdout]    = note: `#[warn(dead_code)]` on by default
[INFO] [stdout] 
[INFO] [stdout] 
[INFO] [stdout] warning: 1 warning emitted
[INFO] [stdout] 
[INFO] [stdout] 
[INFO] [stderr]     Finished test [unoptimized + debuginfo] target(s) in 17.01s
[INFO] running `Command { std: "docker" "inspect" "d453f9ce0e67ece1a997624502439028ad0699251f7952d7421f6349f5309a10", kill_on_drop: false }`
[INFO] running `Command { std: "docker" "rm" "-f" "d453f9ce0e67ece1a997624502439028ad0699251f7952d7421f6349f5309a10", kill_on_drop: false }`
[INFO] [stdout] d453f9ce0e67ece1a997624502439028ad0699251f7952d7421f6349f5309a10
[INFO] running `Command { std: "docker" "create" "-v" "/var/lib/crater-agent-workspace/builds/worker-7-tc2/target:/opt/rustwide/target:rw,Z" "-v" "/var/lib/crater-agent-workspace/builds/worker-7-tc2/source:/opt/rustwide/workdir:ro,Z" "-v" "/var/lib/crater-agent-workspace/cargo-home:/opt/rustwide/cargo-home:ro,Z" "-v" "/var/lib/crater-agent-workspace/rustup-home:/opt/rustwide/rustup-home:ro,Z" "-e" "SOURCE_DIR=/opt/rustwide/workdir" "-e" "CARGO_TARGET_DIR=/opt/rustwide/target" "-e" "CARGO_INCREMENTAL=0" "-e" "RUST_BACKTRACE=full" "-e" "RUSTFLAGS=--cap-lints=warn" "-e" "RUSTDOCFLAGS=--cap-lints=warn" "-e" "CARGO_HOME=/opt/rustwide/cargo-home" "-e" "RUSTUP_HOME=/opt/rustwide/rustup-home" "-w" "/opt/rustwide/workdir" "-m" "1610612736" "--user" "0:0" "--network" "none" "ghcr.io/rust-lang/crates-build-env/linux@sha256:5ff2268d62e97bff2cde7d5815dd6ed5b47097566f13b8d0ca110b04b60e07ed" "/opt/rustwide/cargo-home/bin/cargo" "+beta-2023-04-20" "test" "--frozen", kill_on_drop: false }`
[INFO] [stdout] 4a5ae6b5850df29f5a9a89fba0738f03832919f5cdc6b8ee7aa0481c6c1c9eab
[INFO] running `Command { std: "docker" "start" "-a" "4a5ae6b5850df29f5a9a89fba0738f03832919f5cdc6b8ee7aa0481c6c1c9eab", kill_on_drop: false }`
[INFO] [stderr] warning: field `state` is never read
[INFO] [stderr]   --> src/connection/mod.rs:94:5
[INFO] [stderr]    |
[INFO] [stderr] 90 | pub struct Connection<S = Normal> {
[INFO] [stderr]    |            ---------- field in this struct
[INFO] [stderr] ...
[INFO] [stderr] 94 |     state: S,
[INFO] [stderr]    |     ^^^^^
[INFO] [stderr]    |
[INFO] [stderr]    = note: `Connection` has derived impls for the traits `Clone` and `Debug`, but these are intentionally ignored during dead code analysis
[INFO] [stderr]    = note: `#[warn(dead_code)]` on by default
[INFO] [stderr] 
[INFO] [stderr] warning: `arangors_lite` (lib) generated 1 warning
[INFO] [stderr] warning: `arangors_lite` (lib test) generated 1 warning (1 duplicate)
[INFO] [stderr]     Finished test [unoptimized + debuginfo] target(s) in 0.12s
[INFO] [stderr]      Running unittests src/lib.rs (/opt/rustwide/target/debug/deps/arangors_lite-76bfe9697f5d8b30)
[INFO] [stdout] 
[INFO] [stdout] running 3 tests
[INFO] [stdout] test aql::test::aql_query_builder_try_bind ... ok
[INFO] [stdout] test response::test::response ... ok
[INFO] [stdout] test aql::test::aql_query_builder_bind_var ... ok
[INFO] [stdout] 
[INFO] [stdout] test result: ok. 3 passed; 0 failed; 0 ignored; 0 measured; 0 filtered out; finished in 0.01s
[INFO] [stdout] 
[INFO] [stderr]    Doc-tests arangors_lite
[INFO] [stdout] 
[INFO] [stdout] running 17 tests
[INFO] [stdout] test src/connection/auth.rs - connection::auth::Auth (line 13) ... ignored
[INFO] [stdout] test src/connection/mod.rs - connection (line 31) ... ignored
[INFO] [stdout] test src/connection/mod.rs - connection::Connection<Normal>::establish_without_auth (line 271) ... ignored
[INFO] [stdout] test src/lib.rs - (line 103) ... ignored
[INFO] [stdout] test src/lib.rs - (line 110) ... FAILED
[INFO] [stdout] test src/connection/mod.rs - connection::Connection<Normal>::establish_basic_auth (line 287) ... FAILED
[INFO] [stdout] test src/lib.rs - (line 266) ... FAILED
[INFO] [stdout] test src/connection/mod.rs - connection::Connection<Normal>::establish_jwt (line 316) ... FAILED
[INFO] [stdout] test src/lib.rs - (line 150) ... FAILED
[INFO] [stdout] test src/connection/mod.rs - connection::Connection<Normal>::create_database (line 368) ... FAILED
[INFO] [stdout] test src/lib.rs - (line 187) ... FAILED
[INFO] [stdout] test src/connection/mod.rs - connection (line 15) ... FAILED
[INFO] [stdout] test src/index.rs - index::Index (line 38) ... FAILED
[INFO] [stdout] test src/lib.rs - (line 85) ... FAILED
[INFO] [stdout] test src/lib.rs - (line 238) ... FAILED
[INFO] [stdout] test src/lib.rs - (line 306) ... FAILED
[INFO] [stdout] test src/transaction.rs - transaction::Transaction (line 81) ... FAILED
[INFO] [stdout] 
[INFO] [stdout] failures:
[INFO] [stdout] 
[INFO] [stdout] ---- src/lib.rs - (line 110) stdout ----
[INFO] [stdout] error: linking with `cc` failed: exit status: 1
[INFO] [stdout]   |
[INFO] [stdout]   = note: LC_ALL="C" PATH="/opt/rustwide/rustup-home/toolchains/beta-2023-04-20-x86_64-unknown-linux-gnu/lib/rustlib/x86_64-unknown-linux-gnu/bin:/opt/rustwide/cargo-home/bin:/usr/local/sbin:/usr/local/bin:/usr/sbin:/usr/bin:/sbin:/bin" VSLANG="1033" "cc" "-m64" "/tmp/rustcMwF9f9/symbols.o" "/tmp/rustdoctestoZVN5t/rust_out.rust_out.c38b68ff-cgu.0.rcgu.o" "/tmp/rustdoctestoZVN5t/rust_out.38a7fyhsvjn6z0qy.rcgu.o" "-Wl,--as-needed" "-L" "/opt/rustwide/target/debug/deps" "-L" "/opt/rustwide/target/debug/deps" "-L" "/opt/rustwide/rustup-home/toolchains/beta-2023-04-20-x86_64-unknown-linux-gnu/lib/rustlib/x86_64-unknown-linux-gnu/lib" "-Wl,-Bstatic" "/opt/rustwide/target/debug/deps/libarangors_lite-254efe570dc9b604.rlib" "/opt/rustwide/target/debug/deps/libserde_qs-943fc9c0750e309a.rlib" "/opt/rustwide/target/debug/deps/libthiserror-1d51e88941962a9a.rlib" "/opt/rustwide/target/debug/deps/libreqwest-1724c075f994de22.rlib" "/opt/rustwide/target/debug/deps/libhyper_tls-67d6b999e35d4542.rlib" "/opt/rustwide/target/debug/deps/libserde_urlencoded-ac4153ca89fd079e.rlib" "/opt/rustwide/target/debug/deps/libipnet-a4a4d5377d91ef9a.rlib" "/opt/rustwide/target/debug/deps/libtokio_native_tls-66f70b32bea92833.rlib" "/opt/rustwide/target/debug/deps/libmime-6adaefd5c465bdcc.rlib" "/opt/rustwide/target/debug/deps/libencoding_rs-dbd08aaf41facaaa.rlib" "/opt/rustwide/target/debug/deps/libbase64-bff61f2d1660603b.rlib" "/opt/rustwide/target/debug/deps/libasync_compression-9d227d787cc5a61d.rlib" "/opt/rustwide/target/debug/deps/libflate2-02bbf407b85cd19f.rlib" "/opt/rustwide/target/debug/deps/libminiz_oxide-c6e1d6fdbee0d0b8.rlib" "/opt/rustwide/target/debug/deps/libadler-92f8db84032ff960.rlib" "/opt/rustwide/target/debug/deps/libcrc32fast-a852305b5fd6dd91.rlib" "/opt/rustwide/target/debug/deps/libnative_tls-915e93b6bd791902.rlib" "/opt/rustwide/target/debug/deps/libopenssl_probe-361016bdcb077fee.rlib" "/opt/rustwide/target/debug/deps/libopenssl-0a6e641706711fb7.rlib" "/opt/rustwide/target/debug/deps/libonce_cell-5d5fb79f44447b4b.rlib" "/opt/rustwide/target/debug/deps/libbitflags-610a73087f46ba3b.rlib" "/opt/rustwide/target/debug/deps/libforeign_types-3138d685ddde873e.rlib" "/opt/rustwide/target/debug/deps/libforeign_types_shared-1df85ef0ce08cbc3.rlib" "/opt/rustwide/target/debug/deps/libopenssl_sys-cd93ab41510cfcaa.rlib" "/opt/rustwide/target/debug/deps/libhyper-5cae88e04bb842f8.rlib" "/opt/rustwide/target/debug/deps/libwant-e3f64a233c206237.rlib" "/opt/rustwide/target/debug/deps/libtry_lock-9f7beed53871ae63.rlib" "/opt/rustwide/target/debug/deps/libsocket2-4a045eee244ae1df.rlib" "/opt/rustwide/target/debug/deps/libhttparse-01f4d9c46777efe8.rlib" "/opt/rustwide/target/debug/deps/libh2-4b781997d221a9a8.rlib" "/opt/rustwide/target/debug/deps/libindexmap-697923e0e10b5c20.rlib" "/opt/rustwide/target/debug/deps/libhashbrown-743e8c262a81811e.rlib" "/opt/rustwide/target/debug/deps/libtower_service-6f9cbeafd8b373de.rlib" "/opt/rustwide/target/debug/deps/libtracing-815c82ce45b5c471.rlib" "/opt/rustwide/target/debug/deps/libtracing_core-2319279169dbc1df.rlib" "/opt/rustwide/target/debug/deps/libfutures_util-ed494951d6af97e3.rlib" "/opt/rustwide/target/debug/deps/libfutures_io-15e9e7d8d5e39278.rlib" "/opt/rustwide/target/debug/deps/libslab-de4c8617047c1765.rlib" "/opt/rustwide/target/debug/deps/libfutures_channel-06bb1ccca3f3ea4a.rlib" "/opt/rustwide/target/debug/deps/libfutures_task-cef5d0949d814088.rlib" "/opt/rustwide/target/debug/deps/libpin_utils-501725f4e360d46d.rlib" "/opt/rustwide/target/debug/deps/libtokio_util-0855f4181711ba17.rlib" "/opt/rustwide/target/debug/deps/libfutures_sink-63303b05cbcd5fe2.rlib" "/opt/rustwide/target/debug/deps/libtokio-0e9d7f8bffe63f7c.rlib" "/opt/rustwide/target/debug/deps/libnum_cpus-d92c62e22238f61c.rlib" "/opt/rustwide/target/debug/deps/libmemchr-59863dd316d0aea8.rlib" "/opt/rustwide/target/debug/deps/libmio-a46f36d70c236567.rlib" "/opt/rustwide/target/debug/deps/liblibc-f13b7b3af9257124.rlib" "/opt/rustwide/target/debug/deps/libhttp_body-7b0e84811fb489db.rlib" "/opt/rustwide/target/debug/deps/libpin_project_lite-02e5e2d23f061f41.rlib" "/opt/rustwide/target/debug/deps/libfutures_core-974c9c0d0462d6e0.rlib" "/opt/rustwide/target/debug/deps/liblazy_static-86422d76b8bd90ed.rlib" "/opt/rustwide/target/debug/deps/liblog-25b121a22046e37a.rlib" "/opt/rustwide/target/debug/deps/libcfg_if-97437e183f3ae6e4.rlib" "/opt/rustwide/target/debug/deps/liburl-a02fb8fdb5737796.rlib" "/opt/rustwide/target/debug/deps/libidna-6f8cd264df389d63.rlib" "/opt/rustwide/target/debug/deps/libunicode_normalization-78a01cc621c7dad6.rlib" "/opt/rustwide/target/debug/deps/libtinyvec-c348951c3414c332.rlib" "/opt/rustwide/target/debug/deps/libtinyvec_macros-c8728763a1cfbcab.rlib" "/opt/rustwide/target/debug/deps/libunicode_bidi-a69ffc9ceeb64fbb.rlib" "/opt/rustwide/target/debug/deps/libform_urlencoded-a5e98da7c1c4a0eb.rlib" "/opt/rustwide/target/debug/deps/libpercent_encoding-8c83310236959ef9.rlib" "/opt/rustwide/target/debug/deps/libmatches-bfb4602457f1458f.rlib" "/opt/rustwide/target/debug/deps/libhttp-e5a60057394e8171.rlib" "/opt/rustwide/target/debug/deps/libbytes-44851e2768c88cca.rlib" "/opt/rustwide/target/debug/deps/libfnv-bb690c336855f248.rlib" "/opt/rustwide/target/debug/deps/libserde_json-1ab45f2349045a27.rlib" "/opt/rustwide/target/debug/deps/libryu-1f87c9e09d988964.rlib" "/opt/rustwide/target/debug/deps/libitoa-57ac2f3fee0fa4c3.rlib" "/opt/rustwide/target/debug/deps/libserde-78a5f3d074c3fc07.rlib" "/opt/rustwide/rustup-home/toolchains/beta-2023-04-20-x86_64-unknown-linux-gnu/lib/rustlib/x86_64-unknown-linux-gnu/lib/libstd-0e29cc23c5e02021.rlib" "/opt/rustwide/rustup-home/toolchains/beta-2023-04-20-x86_64-unknown-linux-gnu/lib/rustlib/x86_64-unknown-linux-gnu/lib/libpanic_unwind-d903621768a861d9.rlib" "/opt/rustwide/rustup-home/toolchains/beta-2023-04-20-x86_64-unknown-linux-gnu/lib/rustlib/x86_64-unknown-linux-gnu/lib/libobject-6d0225e655f31c13.rlib" "/opt/rustwide/rustup-home/toolchains/beta-2023-04-20-x86_64-unknown-linux-gnu/lib/rustlib/x86_64-unknown-linux-gnu/lib/libmemchr-9dbaf4eac7eaa079.rlib" "/opt/rustwide/rustup-home/toolchains/beta-2023-04-20-x86_64-unknown-linux-gnu/lib/rustlib/x86_64-unknown-linux-gnu/lib/libaddr2line-27f05b3d42a66dd0.rlib" "/opt/rustwide/rustup-home/toolchains/beta-2023-04-20-x86_64-unknown-linux-gnu/lib/rustlib/x86_64-unknown-linux-gnu/lib/libgimli-4d73f1030321c9a2.rlib" "/opt/rustwide/rustup-home/toolchains/beta-2023-04-20-x86_64-unknown-linux-gnu/lib/rustlib/x86_64-unknown-linux-gnu/lib/librustc_demangle-2846c9e58abd0acb.rlib" "/opt/rustwide/rustup-home/toolchains/beta-2023-04-20-x86_64-unknown-linux-gnu/lib/rustlib/x86_64-unknown-linux-gnu/lib/libstd_detect-a53d0f50415947be.rlib" "/opt/rustwide/rustup-home/toolchains/beta-2023-04-20-x86_64-unknown-linux-gnu/lib/rustlib/x86_64-unknown-linux-gnu/lib/libhashbrown-d48e4b6abc25b9dc.rlib" "/opt/rustwide/rustup-home/toolchains/beta-2023-04-20-x86_64-unknown-linux-gnu/lib/rustlib/x86_64-unknown-linux-gnu/lib/libminiz_oxide-2991859439ef1207.rlib" "/opt/rustwide/rustup-home/toolchains/beta-2023-04-20-x86_64-unknown-linux-gnu/lib/rustlib/x86_64-unknown-linux-gnu/lib/libadler-8a687517e4221bae.rlib" "/opt/rustwide/rustup-home/toolchains/beta-2023-04-20-x86_64-unknown-linux-gnu/lib/rustlib/x86_64-unknown-linux-gnu/lib/librustc_std_workspace_alloc-e07b554f6a67f5b3.rlib" "/opt/rustwide/rustup-home/toolchains/beta-2023-04-20-x86_64-unknown-linux-gnu/lib/rustlib/x86_64-unknown-linux-gnu/lib/libunwind-b68238b7c3c619dd.rlib" "/opt/rustwide/rustup-home/toolchains/beta-2023-04-20-x86_64-unknown-linux-gnu/lib/rustlib/x86_64-unknown-linux-gnu/lib/libcfg_if-d5e213e896c017e4.rlib" "/opt/rustwide/rustup-home/toolchains/beta-2023-04-20-x86_64-unknown-linux-gnu/lib/rustlib/x86_64-unknown-linux-gnu/lib/liblibc-0211a3b2e61d8689.rlib" "/opt/rustwide/rustup-home/toolchains/beta-2023-04-20-x86_64-unknown-linux-gnu/lib/rustlib/x86_64-unknown-linux-gnu/lib/liballoc-b371f055239ba51f.rlib" "/opt/rustwide/rustup-home/toolchains/beta-2023-04-20-x86_64-unknown-linux-gnu/lib/rustlib/x86_64-unknown-linux-gnu/lib/librustc_std_workspace_core-e60518d2760eb01e.rlib" "/opt/rustwide/rustup-home/toolchains/beta-2023-04-20-x86_64-unknown-linux-gnu/lib/rustlib/x86_64-unknown-linux-gnu/lib/libcore-1ad943f92a4b1081.rlib" "/opt/rustwide/rustup-home/toolchains/beta-2023-04-20-x86_64-unknown-linux-gnu/lib/rustlib/x86_64-unknown-linux-gnu/lib/libcompiler_builtins-f0d6e4d0fc1e80b4.rlib" "-Wl,-Bdynamic" "-lssl" "-lcrypto" "-lgcc_s" "-lutil" "-lrt" "-lpthread" "-lm" "-ldl" "-lc" "-Wl,--eh-frame-hdr" "-Wl,-z,noexecstack" "-L" "/opt/rustwide/rustup-home/toolchains/beta-2023-04-20-x86_64-unknown-linux-gnu/lib/rustlib/x86_64-unknown-linux-gnu/lib" "-o" "/tmp/rustdoctestoZVN5t/rust_out" "-Wl,--gc-sections" "-pie" "-Wl,-z,relro,-z,now" "-nodefaultlibs"
[INFO] [stdout]   = note: collect2: fatal error: ld terminated with signal 9 [Killed]
[INFO] [stdout]           compilation terminated.
[INFO] [stdout]           
[INFO] [stdout] 
[INFO] [stdout] error: aborting due to previous error
[INFO] [stdout] 
[INFO] [stdout] Couldn't compile the test.
[INFO] [stdout] ---- src/connection/mod.rs - connection::Connection<Normal>::establish_basic_auth (line 287) stdout ----
[INFO] [stdout] error: linking with `cc` failed: exit status: 1
[INFO] [stdout]   |
[INFO] [stdout]   = note: LC_ALL="C" PATH="/opt/rustwide/rustup-home/toolchains/beta-2023-04-20-x86_64-unknown-linux-gnu/lib/rustlib/x86_64-unknown-linux-gnu/bin:/opt/rustwide/cargo-home/bin:/usr/local/sbin:/usr/local/bin:/usr/sbin:/usr/bin:/sbin:/bin" VSLANG="1033" "cc" "-m64" "/tmp/rustciP72B7/symbols.o" "/tmp/rustdoctestVy24t5/rust_out.rust_out.c38b68ff-cgu.0.rcgu.o" "/tmp/rustdoctestVy24t5/rust_out.38a7fyhsvjn6z0qy.rcgu.o" "-Wl,--as-needed" "-L" "/opt/rustwide/target/debug/deps" "-L" "/opt/rustwide/target/debug/deps" "-L" "/opt/rustwide/rustup-home/toolchains/beta-2023-04-20-x86_64-unknown-linux-gnu/lib/rustlib/x86_64-unknown-linux-gnu/lib" "-Wl,-Bstatic" "/opt/rustwide/target/debug/deps/libarangors_lite-254efe570dc9b604.rlib" "/opt/rustwide/target/debug/deps/libserde_qs-943fc9c0750e309a.rlib" "/opt/rustwide/target/debug/deps/libthiserror-1d51e88941962a9a.rlib" "/opt/rustwide/target/debug/deps/libreqwest-1724c075f994de22.rlib" "/opt/rustwide/target/debug/deps/libhyper_tls-67d6b999e35d4542.rlib" "/opt/rustwide/target/debug/deps/libserde_urlencoded-ac4153ca89fd079e.rlib" "/opt/rustwide/target/debug/deps/libipnet-a4a4d5377d91ef9a.rlib" "/opt/rustwide/target/debug/deps/libtokio_native_tls-66f70b32bea92833.rlib" "/opt/rustwide/target/debug/deps/libmime-6adaefd5c465bdcc.rlib" "/opt/rustwide/target/debug/deps/libencoding_rs-dbd08aaf41facaaa.rlib" "/opt/rustwide/target/debug/deps/libbase64-bff61f2d1660603b.rlib" "/opt/rustwide/target/debug/deps/libasync_compression-9d227d787cc5a61d.rlib" "/opt/rustwide/target/debug/deps/libflate2-02bbf407b85cd19f.rlib" "/opt/rustwide/target/debug/deps/libminiz_oxide-c6e1d6fdbee0d0b8.rlib" "/opt/rustwide/target/debug/deps/libadler-92f8db84032ff960.rlib" "/opt/rustwide/target/debug/deps/libcrc32fast-a852305b5fd6dd91.rlib" "/opt/rustwide/target/debug/deps/libnative_tls-915e93b6bd791902.rlib" "/opt/rustwide/target/debug/deps/libopenssl_probe-361016bdcb077fee.rlib" "/opt/rustwide/target/debug/deps/libopenssl-0a6e641706711fb7.rlib" "/opt/rustwide/target/debug/deps/libonce_cell-5d5fb79f44447b4b.rlib" "/opt/rustwide/target/debug/deps/libbitflags-610a73087f46ba3b.rlib" "/opt/rustwide/target/debug/deps/libforeign_types-3138d685ddde873e.rlib" "/opt/rustwide/target/debug/deps/libforeign_types_shared-1df85ef0ce08cbc3.rlib" "/opt/rustwide/target/debug/deps/libopenssl_sys-cd93ab41510cfcaa.rlib" "/opt/rustwide/target/debug/deps/libhyper-5cae88e04bb842f8.rlib" "/opt/rustwide/target/debug/deps/libwant-e3f64a233c206237.rlib" "/opt/rustwide/target/debug/deps/libtry_lock-9f7beed53871ae63.rlib" "/opt/rustwide/target/debug/deps/libsocket2-4a045eee244ae1df.rlib" "/opt/rustwide/target/debug/deps/libhttparse-01f4d9c46777efe8.rlib" "/opt/rustwide/target/debug/deps/libh2-4b781997d221a9a8.rlib" "/opt/rustwide/target/debug/deps/libindexmap-697923e0e10b5c20.rlib" "/opt/rustwide/target/debug/deps/libhashbrown-743e8c262a81811e.rlib" "/opt/rustwide/target/debug/deps/libtower_service-6f9cbeafd8b373de.rlib" "/opt/rustwide/target/debug/deps/libtracing-815c82ce45b5c471.rlib" "/opt/rustwide/target/debug/deps/libtracing_core-2319279169dbc1df.rlib" "/opt/rustwide/target/debug/deps/libfutures_util-ed494951d6af97e3.rlib" "/opt/rustwide/target/debug/deps/libfutures_io-15e9e7d8d5e39278.rlib" "/opt/rustwide/target/debug/deps/libslab-de4c8617047c1765.rlib" "/opt/rustwide/target/debug/deps/libfutures_channel-06bb1ccca3f3ea4a.rlib" "/opt/rustwide/target/debug/deps/libfutures_task-cef5d0949d814088.rlib" "/opt/rustwide/target/debug/deps/libpin_utils-501725f4e360d46d.rlib" "/opt/rustwide/target/debug/deps/libtokio_util-0855f4181711ba17.rlib" "/opt/rustwide/target/debug/deps/libfutures_sink-63303b05cbcd5fe2.rlib" "/opt/rustwide/target/debug/deps/libtokio-0e9d7f8bffe63f7c.rlib" "/opt/rustwide/target/debug/deps/libnum_cpus-d92c62e22238f61c.rlib" "/opt/rustwide/target/debug/deps/libmemchr-59863dd316d0aea8.rlib" "/opt/rustwide/target/debug/deps/libmio-a46f36d70c236567.rlib" "/opt/rustwide/target/debug/deps/liblibc-f13b7b3af9257124.rlib" "/opt/rustwide/target/debug/deps/libhttp_body-7b0e84811fb489db.rlib" "/opt/rustwide/target/debug/deps/libpin_project_lite-02e5e2d23f061f41.rlib" "/opt/rustwide/target/debug/deps/libfutures_core-974c9c0d0462d6e0.rlib" "/opt/rustwide/target/debug/deps/liblazy_static-86422d76b8bd90ed.rlib" "/opt/rustwide/target/debug/deps/liblog-25b121a22046e37a.rlib" "/opt/rustwide/target/debug/deps/libcfg_if-97437e183f3ae6e4.rlib" "/opt/rustwide/target/debug/deps/liburl-a02fb8fdb5737796.rlib" "/opt/rustwide/target/debug/deps/libidna-6f8cd264df389d63.rlib" "/opt/rustwide/target/debug/deps/libunicode_normalization-78a01cc621c7dad6.rlib" "/opt/rustwide/target/debug/deps/libtinyvec-c348951c3414c332.rlib" "/opt/rustwide/target/debug/deps/libtinyvec_macros-c8728763a1cfbcab.rlib" "/opt/rustwide/target/debug/deps/libunicode_bidi-a69ffc9ceeb64fbb.rlib" "/opt/rustwide/target/debug/deps/libform_urlencoded-a5e98da7c1c4a0eb.rlib" "/opt/rustwide/target/debug/deps/libpercent_encoding-8c83310236959ef9.rlib" "/opt/rustwide/target/debug/deps/libmatches-bfb4602457f1458f.rlib" "/opt/rustwide/target/debug/deps/libhttp-e5a60057394e8171.rlib" "/opt/rustwide/target/debug/deps/libbytes-44851e2768c88cca.rlib" "/opt/rustwide/target/debug/deps/libfnv-bb690c336855f248.rlib" "/opt/rustwide/target/debug/deps/libserde_json-1ab45f2349045a27.rlib" "/opt/rustwide/target/debug/deps/libryu-1f87c9e09d988964.rlib" "/opt/rustwide/target/debug/deps/libitoa-57ac2f3fee0fa4c3.rlib" "/opt/rustwide/target/debug/deps/libserde-78a5f3d074c3fc07.rlib" "/opt/rustwide/rustup-home/toolchains/beta-2023-04-20-x86_64-unknown-linux-gnu/lib/rustlib/x86_64-unknown-linux-gnu/lib/libstd-0e29cc23c5e02021.rlib" "/opt/rustwide/rustup-home/toolchains/beta-2023-04-20-x86_64-unknown-linux-gnu/lib/rustlib/x86_64-unknown-linux-gnu/lib/libpanic_unwind-d903621768a861d9.rlib" "/opt/rustwide/rustup-home/toolchains/beta-2023-04-20-x86_64-unknown-linux-gnu/lib/rustlib/x86_64-unknown-linux-gnu/lib/libobject-6d0225e655f31c13.rlib" "/opt/rustwide/rustup-home/toolchains/beta-2023-04-20-x86_64-unknown-linux-gnu/lib/rustlib/x86_64-unknown-linux-gnu/lib/libmemchr-9dbaf4eac7eaa079.rlib" "/opt/rustwide/rustup-home/toolchains/beta-2023-04-20-x86_64-unknown-linux-gnu/lib/rustlib/x86_64-unknown-linux-gnu/lib/libaddr2line-27f05b3d42a66dd0.rlib" "/opt/rustwide/rustup-home/toolchains/beta-2023-04-20-x86_64-unknown-linux-gnu/lib/rustlib/x86_64-unknown-linux-gnu/lib/libgimli-4d73f1030321c9a2.rlib" "/opt/rustwide/rustup-home/toolchains/beta-2023-04-20-x86_64-unknown-linux-gnu/lib/rustlib/x86_64-unknown-linux-gnu/lib/librustc_demangle-2846c9e58abd0acb.rlib" "/opt/rustwide/rustup-home/toolchains/beta-2023-04-20-x86_64-unknown-linux-gnu/lib/rustlib/x86_64-unknown-linux-gnu/lib/libstd_detect-a53d0f50415947be.rlib" "/opt/rustwide/rustup-home/toolchains/beta-2023-04-20-x86_64-unknown-linux-gnu/lib/rustlib/x86_64-unknown-linux-gnu/lib/libhashbrown-d48e4b6abc25b9dc.rlib" "/opt/rustwide/rustup-home/toolchains/beta-2023-04-20-x86_64-unknown-linux-gnu/lib/rustlib/x86_64-unknown-linux-gnu/lib/libminiz_oxide-2991859439ef1207.rlib" "/opt/rustwide/rustup-home/toolchains/beta-2023-04-20-x86_64-unknown-linux-gnu/lib/rustlib/x86_64-unknown-linux-gnu/lib/libadler-8a687517e4221bae.rlib" "/opt/rustwide/rustup-home/toolchains/beta-2023-04-20-x86_64-unknown-linux-gnu/lib/rustlib/x86_64-unknown-linux-gnu/lib/librustc_std_workspace_alloc-e07b554f6a67f5b3.rlib" "/opt/rustwide/rustup-home/toolchains/beta-2023-04-20-x86_64-unknown-linux-gnu/lib/rustlib/x86_64-unknown-linux-gnu/lib/libunwind-b68238b7c3c619dd.rlib" "/opt/rustwide/rustup-home/toolchains/beta-2023-04-20-x86_64-unknown-linux-gnu/lib/rustlib/x86_64-unknown-linux-gnu/lib/libcfg_if-d5e213e896c017e4.rlib" "/opt/rustwide/rustup-home/toolchains/beta-2023-04-20-x86_64-unknown-linux-gnu/lib/rustlib/x86_64-unknown-linux-gnu/lib/liblibc-0211a3b2e61d8689.rlib" "/opt/rustwide/rustup-home/toolchains/beta-2023-04-20-x86_64-unknown-linux-gnu/lib/rustlib/x86_64-unknown-linux-gnu/lib/liballoc-b371f055239ba51f.rlib" "/opt/rustwide/rustup-home/toolchains/beta-2023-04-20-x86_64-unknown-linux-gnu/lib/rustlib/x86_64-unknown-linux-gnu/lib/librustc_std_workspace_core-e60518d2760eb01e.rlib" "/opt/rustwide/rustup-home/toolchains/beta-2023-04-20-x86_64-unknown-linux-gnu/lib/rustlib/x86_64-unknown-linux-gnu/lib/libcore-1ad943f92a4b1081.rlib" "/opt/rustwide/rustup-home/toolchains/beta-2023-04-20-x86_64-unknown-linux-gnu/lib/rustlib/x86_64-unknown-linux-gnu/lib/libcompiler_builtins-f0d6e4d0fc1e80b4.rlib" "-Wl,-Bdynamic" "-lssl" "-lcrypto" "-lgcc_s" "-lutil" "-lrt" "-lpthread" "-lm" "-ldl" "-lc" "-Wl,--eh-frame-hdr" "-Wl,-z,noexecstack" "-L" "/opt/rustwide/rustup-home/toolchains/beta-2023-04-20-x86_64-unknown-linux-gnu/lib/rustlib/x86_64-unknown-linux-gnu/lib" "-o" "/tmp/rustdoctestVy24t5/rust_out" "-Wl,--gc-sections" "-pie" "-Wl,-z,relro,-z,now" "-nodefaultlibs"
[INFO] [stdout]   = note: collect2: fatal error: ld terminated with signal 9 [Killed]
[INFO] [stdout]           compilation terminated.
[INFO] [stdout]           
[INFO] [stdout] 
[INFO] [stdout] error: aborting due to previous error
[INFO] [stdout] 
[INFO] [stdout] Couldn't compile the test.
[INFO] [stdout] ---- src/lib.rs - (line 266) stdout ----
[INFO] [stdout] Couldn't compile the test.
[INFO] [stdout] ---- src/connection/mod.rs - connection::Connection<Normal>::establish_jwt (line 316) stdout ----
[INFO] [stdout] error: linking with `cc` failed: exit status: 1
[INFO] [stdout]   |
[INFO] [stdout]   = note: LC_ALL="C" PATH="/opt/rustwide/rustup-home/toolchains/beta-2023-04-20-x86_64-unknown-linux-gnu/lib/rustlib/x86_64-unknown-linux-gnu/bin:/opt/rustwide/cargo-home/bin:/usr/local/sbin:/usr/local/bin:/usr/sbin:/usr/bin:/sbin:/bin" VSLANG="1033" "cc" "-m64" "/tmp/rustcso4AIb/symbols.o" "/tmp/rustdoctestZTmaQ7/rust_out.rust_out.c38b68ff-cgu.0.rcgu.o" "/tmp/rustdoctestZTmaQ7/rust_out.38a7fyhsvjn6z0qy.rcgu.o" "-Wl,--as-needed" "-L" "/opt/rustwide/target/debug/deps" "-L" "/opt/rustwide/target/debug/deps" "-L" "/opt/rustwide/rustup-home/toolchains/beta-2023-04-20-x86_64-unknown-linux-gnu/lib/rustlib/x86_64-unknown-linux-gnu/lib" "-Wl,-Bstatic" "/opt/rustwide/target/debug/deps/libarangors_lite-254efe570dc9b604.rlib" "/opt/rustwide/target/debug/deps/libserde_qs-943fc9c0750e309a.rlib" "/opt/rustwide/target/debug/deps/libthiserror-1d51e88941962a9a.rlib" "/opt/rustwide/target/debug/deps/libreqwest-1724c075f994de22.rlib" "/opt/rustwide/target/debug/deps/libhyper_tls-67d6b999e35d4542.rlib" "/opt/rustwide/target/debug/deps/libserde_urlencoded-ac4153ca89fd079e.rlib" "/opt/rustwide/target/debug/deps/libipnet-a4a4d5377d91ef9a.rlib" "/opt/rustwide/target/debug/deps/libtokio_native_tls-66f70b32bea92833.rlib" "/opt/rustwide/target/debug/deps/libmime-6adaefd5c465bdcc.rlib" "/opt/rustwide/target/debug/deps/libencoding_rs-dbd08aaf41facaaa.rlib" "/opt/rustwide/target/debug/deps/libbase64-bff61f2d1660603b.rlib" "/opt/rustwide/target/debug/deps/libasync_compression-9d227d787cc5a61d.rlib" "/opt/rustwide/target/debug/deps/libflate2-02bbf407b85cd19f.rlib" "/opt/rustwide/target/debug/deps/libminiz_oxide-c6e1d6fdbee0d0b8.rlib" "/opt/rustwide/target/debug/deps/libadler-92f8db84032ff960.rlib" "/opt/rustwide/target/debug/deps/libcrc32fast-a852305b5fd6dd91.rlib" "/opt/rustwide/target/debug/deps/libnative_tls-915e93b6bd791902.rlib" "/opt/rustwide/target/debug/deps/libopenssl_probe-361016bdcb077fee.rlib" "/opt/rustwide/target/debug/deps/libopenssl-0a6e641706711fb7.rlib" "/opt/rustwide/target/debug/deps/libonce_cell-5d5fb79f44447b4b.rlib" "/opt/rustwide/target/debug/deps/libbitflags-610a73087f46ba3b.rlib" "/opt/rustwide/target/debug/deps/libforeign_types-3138d685ddde873e.rlib" "/opt/rustwide/target/debug/deps/libforeign_types_shared-1df85ef0ce08cbc3.rlib" "/opt/rustwide/target/debug/deps/libopenssl_sys-cd93ab41510cfcaa.rlib" "/opt/rustwide/target/debug/deps/libhyper-5cae88e04bb842f8.rlib" "/opt/rustwide/target/debug/deps/libwant-e3f64a233c206237.rlib" "/opt/rustwide/target/debug/deps/libtry_lock-9f7beed53871ae63.rlib" "/opt/rustwide/target/debug/deps/libsocket2-4a045eee244ae1df.rlib" "/opt/rustwide/target/debug/deps/libhttparse-01f4d9c46777efe8.rlib" "/opt/rustwide/target/debug/deps/libh2-4b781997d221a9a8.rlib" "/opt/rustwide/target/debug/deps/libindexmap-697923e0e10b5c20.rlib" "/opt/rustwide/target/debug/deps/libhashbrown-743e8c262a81811e.rlib" "/opt/rustwide/target/debug/deps/libtower_service-6f9cbeafd8b373de.rlib" "/opt/rustwide/target/debug/deps/libtracing-815c82ce45b5c471.rlib" "/opt/rustwide/target/debug/deps/libtracing_core-2319279169dbc1df.rlib" "/opt/rustwide/target/debug/deps/libfutures_util-ed494951d6af97e3.rlib" "/opt/rustwide/target/debug/deps/libfutures_io-15e9e7d8d5e39278.rlib" "/opt/rustwide/target/debug/deps/libslab-de4c8617047c1765.rlib" "/opt/rustwide/target/debug/deps/libfutures_channel-06bb1ccca3f3ea4a.rlib" "/opt/rustwide/target/debug/deps/libfutures_task-cef5d0949d814088.rlib" "/opt/rustwide/target/debug/deps/libpin_utils-501725f4e360d46d.rlib" "/opt/rustwide/target/debug/deps/libtokio_util-0855f4181711ba17.rlib" "/opt/rustwide/target/debug/deps/libfutures_sink-63303b05cbcd5fe2.rlib" "/opt/rustwide/target/debug/deps/libtokio-0e9d7f8bffe63f7c.rlib" "/opt/rustwide/target/debug/deps/libnum_cpus-d92c62e22238f61c.rlib" "/opt/rustwide/target/debug/deps/libmemchr-59863dd316d0aea8.rlib" "/opt/rustwide/target/debug/deps/libmio-a46f36d70c236567.rlib" "/opt/rustwide/target/debug/deps/liblibc-f13b7b3af9257124.rlib" "/opt/rustwide/target/debug/deps/libhttp_body-7b0e84811fb489db.rlib" "/opt/rustwide/target/debug/deps/libpin_project_lite-02e5e2d23f061f41.rlib" "/opt/rustwide/target/debug/deps/libfutures_core-974c9c0d0462d6e0.rlib" "/opt/rustwide/target/debug/deps/liblazy_static-86422d76b8bd90ed.rlib" "/opt/rustwide/target/debug/deps/liblog-25b121a22046e37a.rlib" "/opt/rustwide/target/debug/deps/libcfg_if-97437e183f3ae6e4.rlib" "/opt/rustwide/target/debug/deps/liburl-a02fb8fdb5737796.rlib" "/opt/rustwide/target/debug/deps/libidna-6f8cd264df389d63.rlib" "/opt/rustwide/target/debug/deps/libunicode_normalization-78a01cc621c7dad6.rlib" "/opt/rustwide/target/debug/deps/libtinyvec-c348951c3414c332.rlib" "/opt/rustwide/target/debug/deps/libtinyvec_macros-c8728763a1cfbcab.rlib" "/opt/rustwide/target/debug/deps/libunicode_bidi-a69ffc9ceeb64fbb.rlib" "/opt/rustwide/target/debug/deps/libform_urlencoded-a5e98da7c1c4a0eb.rlib" "/opt/rustwide/target/debug/deps/libpercent_encoding-8c83310236959ef9.rlib" "/opt/rustwide/target/debug/deps/libmatches-bfb4602457f1458f.rlib" "/opt/rustwide/target/debug/deps/libhttp-e5a60057394e8171.rlib" "/opt/rustwide/target/debug/deps/libbytes-44851e2768c88cca.rlib" "/opt/rustwide/target/debug/deps/libfnv-bb690c336855f248.rlib" "/opt/rustwide/target/debug/deps/libserde_json-1ab45f2349045a27.rlib" "/opt/rustwide/target/debug/deps/libryu-1f87c9e09d988964.rlib" "/opt/rustwide/target/debug/deps/libitoa-57ac2f3fee0fa4c3.rlib" "/opt/rustwide/target/debug/deps/libserde-78a5f3d074c3fc07.rlib" "/opt/rustwide/rustup-home/toolchains/beta-2023-04-20-x86_64-unknown-linux-gnu/lib/rustlib/x86_64-unknown-linux-gnu/lib/libstd-0e29cc23c5e02021.rlib" "/opt/rustwide/rustup-home/toolchains/beta-2023-04-20-x86_64-unknown-linux-gnu/lib/rustlib/x86_64-unknown-linux-gnu/lib/libpanic_unwind-d903621768a861d9.rlib" "/opt/rustwide/rustup-home/toolchains/beta-2023-04-20-x86_64-unknown-linux-gnu/lib/rustlib/x86_64-unknown-linux-gnu/lib/libobject-6d0225e655f31c13.rlib" "/opt/rustwide/rustup-home/toolchains/beta-2023-04-20-x86_64-unknown-linux-gnu/lib/rustlib/x86_64-unknown-linux-gnu/lib/libmemchr-9dbaf4eac7eaa079.rlib" "/opt/rustwide/rustup-home/toolchains/beta-2023-04-20-x86_64-unknown-linux-gnu/lib/rustlib/x86_64-unknown-linux-gnu/lib/libaddr2line-27f05b3d42a66dd0.rlib" "/opt/rustwide/rustup-home/toolchains/beta-2023-04-20-x86_64-unknown-linux-gnu/lib/rustlib/x86_64-unknown-linux-gnu/lib/libgimli-4d73f1030321c9a2.rlib" "/opt/rustwide/rustup-home/toolchains/beta-2023-04-20-x86_64-unknown-linux-gnu/lib/rustlib/x86_64-unknown-linux-gnu/lib/librustc_demangle-2846c9e58abd0acb.rlib" "/opt/rustwide/rustup-home/toolchains/beta-2023-04-20-x86_64-unknown-linux-gnu/lib/rustlib/x86_64-unknown-linux-gnu/lib/libstd_detect-a53d0f50415947be.rlib" "/opt/rustwide/rustup-home/toolchains/beta-2023-04-20-x86_64-unknown-linux-gnu/lib/rustlib/x86_64-unknown-linux-gnu/lib/libhashbrown-d48e4b6abc25b9dc.rlib" "/opt/rustwide/rustup-home/toolchains/beta-2023-04-20-x86_64-unknown-linux-gnu/lib/rustlib/x86_64-unknown-linux-gnu/lib/libminiz_oxide-2991859439ef1207.rlib" "/opt/rustwide/rustup-home/toolchains/beta-2023-04-20-x86_64-unknown-linux-gnu/lib/rustlib/x86_64-unknown-linux-gnu/lib/libadler-8a687517e4221bae.rlib" "/opt/rustwide/rustup-home/toolchains/beta-2023-04-20-x86_64-unknown-linux-gnu/lib/rustlib/x86_64-unknown-linux-gnu/lib/librustc_std_workspace_alloc-e07b554f6a67f5b3.rlib" "/opt/rustwide/rustup-home/toolchains/beta-2023-04-20-x86_64-unknown-linux-gnu/lib/rustlib/x86_64-unknown-linux-gnu/lib/libunwind-b68238b7c3c619dd.rlib" "/opt/rustwide/rustup-home/toolchains/beta-2023-04-20-x86_64-unknown-linux-gnu/lib/rustlib/x86_64-unknown-linux-gnu/lib/libcfg_if-d5e213e896c017e4.rlib" "/opt/rustwide/rustup-home/toolchains/beta-2023-04-20-x86_64-unknown-linux-gnu/lib/rustlib/x86_64-unknown-linux-gnu/lib/liblibc-0211a3b2e61d8689.rlib" "/opt/rustwide/rustup-home/toolchains/beta-2023-04-20-x86_64-unknown-linux-gnu/lib/rustlib/x86_64-unknown-linux-gnu/lib/liballoc-b371f055239ba51f.rlib" "/opt/rustwide/rustup-home/toolchains/beta-2023-04-20-x86_64-unknown-linux-gnu/lib/rustlib/x86_64-unknown-linux-gnu/lib/librustc_std_workspace_core-e60518d2760eb01e.rlib" "/opt/rustwide/rustup-home/toolchains/beta-2023-04-20-x86_64-unknown-linux-gnu/lib/rustlib/x86_64-unknown-linux-gnu/lib/libcore-1ad943f92a4b1081.rlib" "/opt/rustwide/rustup-home/toolchains/beta-2023-04-20-x86_64-unknown-linux-gnu/lib/rustlib/x86_64-unknown-linux-gnu/lib/libcompiler_builtins-f0d6e4d0fc1e80b4.rlib" "-Wl,-Bdynamic" "-lssl" "-lcrypto" "-lgcc_s" "-lutil" "-lrt" "-lpthread" "-lm" "-ldl" "-lc" "-Wl,--eh-frame-hdr" "-Wl,-z,noexecstack" "-L" "/opt/rustwide/rustup-home/toolchains/beta-2023-04-20-x86_64-unknown-linux-gnu/lib/rustlib/x86_64-unknown-linux-gnu/lib" "-o" "/tmp/rustdoctestZTmaQ7/rust_out" "-Wl,--gc-sections" "-pie" "-Wl,-z,relro,-z,now" "-nodefaultlibs"
[INFO] [stdout]   = note: collect2: fatal error: ld terminated with signal 9 [Killed]
[INFO] [stdout]           compilation terminated.
[INFO] [stdout]           
[INFO] [stdout] 
[INFO] [stdout] error: aborting due to previous error
[INFO] [stdout] 
[INFO] [stdout] Couldn't compile the test.
[INFO] [stdout] ---- src/lib.rs - (line 150) stdout ----
[INFO] [stdout] error: linking with `cc` failed: exit status: 1
[INFO] [stdout]   |
[INFO] [stdout]   = note: LC_ALL="C" PATH="/opt/rustwide/rustup-home/toolchains/beta-2023-04-20-x86_64-unknown-linux-gnu/lib/rustlib/x86_64-unknown-linux-gnu/bin:/opt/rustwide/cargo-home/bin:/usr/local/sbin:/usr/local/bin:/usr/sbin:/usr/bin:/sbin:/bin" VSLANG="1033" "cc" "-m64" "/tmp/rustcrwSKXx/symbols.o" "/tmp/rustdoctestD7wKno/rust_out.rust_out.c38b68ff-cgu.0.rcgu.o" "/tmp/rustdoctestD7wKno/rust_out.38a7fyhsvjn6z0qy.rcgu.o" "-Wl,--as-needed" "-L" "/opt/rustwide/target/debug/deps" "-L" "/opt/rustwide/target/debug/deps" "-L" "/opt/rustwide/rustup-home/toolchains/beta-2023-04-20-x86_64-unknown-linux-gnu/lib/rustlib/x86_64-unknown-linux-gnu/lib" "-Wl,-Bstatic" "/opt/rustwide/target/debug/deps/libarangors_lite-254efe570dc9b604.rlib" "/opt/rustwide/target/debug/deps/libserde_qs-943fc9c0750e309a.rlib" "/opt/rustwide/target/debug/deps/libthiserror-1d51e88941962a9a.rlib" "/opt/rustwide/target/debug/deps/libreqwest-1724c075f994de22.rlib" "/opt/rustwide/target/debug/deps/libhyper_tls-67d6b999e35d4542.rlib" "/opt/rustwide/target/debug/deps/libserde_urlencoded-ac4153ca89fd079e.rlib" "/opt/rustwide/target/debug/deps/libipnet-a4a4d5377d91ef9a.rlib" "/opt/rustwide/target/debug/deps/libtokio_native_tls-66f70b32bea92833.rlib" "/opt/rustwide/target/debug/deps/libmime-6adaefd5c465bdcc.rlib" "/opt/rustwide/target/debug/deps/libencoding_rs-dbd08aaf41facaaa.rlib" "/opt/rustwide/target/debug/deps/libbase64-bff61f2d1660603b.rlib" "/opt/rustwide/target/debug/deps/libasync_compression-9d227d787cc5a61d.rlib" "/opt/rustwide/target/debug/deps/libflate2-02bbf407b85cd19f.rlib" "/opt/rustwide/target/debug/deps/libminiz_oxide-c6e1d6fdbee0d0b8.rlib" "/opt/rustwide/target/debug/deps/libadler-92f8db84032ff960.rlib" "/opt/rustwide/target/debug/deps/libcrc32fast-a852305b5fd6dd91.rlib" "/opt/rustwide/target/debug/deps/libnative_tls-915e93b6bd791902.rlib" "/opt/rustwide/target/debug/deps/libopenssl_probe-361016bdcb077fee.rlib" "/opt/rustwide/target/debug/deps/libopenssl-0a6e641706711fb7.rlib" "/opt/rustwide/target/debug/deps/libonce_cell-5d5fb79f44447b4b.rlib" "/opt/rustwide/target/debug/deps/libbitflags-610a73087f46ba3b.rlib" "/opt/rustwide/target/debug/deps/libforeign_types-3138d685ddde873e.rlib" "/opt/rustwide/target/debug/deps/libforeign_types_shared-1df85ef0ce08cbc3.rlib" "/opt/rustwide/target/debug/deps/libopenssl_sys-cd93ab41510cfcaa.rlib" "/opt/rustwide/target/debug/deps/libhyper-5cae88e04bb842f8.rlib" "/opt/rustwide/target/debug/deps/libwant-e3f64a233c206237.rlib" "/opt/rustwide/target/debug/deps/libtry_lock-9f7beed53871ae63.rlib" "/opt/rustwide/target/debug/deps/libsocket2-4a045eee244ae1df.rlib" "/opt/rustwide/target/debug/deps/libhttparse-01f4d9c46777efe8.rlib" "/opt/rustwide/target/debug/deps/libh2-4b781997d221a9a8.rlib" "/opt/rustwide/target/debug/deps/libindexmap-697923e0e10b5c20.rlib" "/opt/rustwide/target/debug/deps/libhashbrown-743e8c262a81811e.rlib" "/opt/rustwide/target/debug/deps/libtower_service-6f9cbeafd8b373de.rlib" "/opt/rustwide/target/debug/deps/libtracing-815c82ce45b5c471.rlib" "/opt/rustwide/target/debug/deps/libtracing_core-2319279169dbc1df.rlib" "/opt/rustwide/target/debug/deps/libfutures_util-ed494951d6af97e3.rlib" "/opt/rustwide/target/debug/deps/libfutures_io-15e9e7d8d5e39278.rlib" "/opt/rustwide/target/debug/deps/libslab-de4c8617047c1765.rlib" "/opt/rustwide/target/debug/deps/libfutures_channel-06bb1ccca3f3ea4a.rlib" "/opt/rustwide/target/debug/deps/libfutures_task-cef5d0949d814088.rlib" "/opt/rustwide/target/debug/deps/libpin_utils-501725f4e360d46d.rlib" "/opt/rustwide/target/debug/deps/libtokio_util-0855f4181711ba17.rlib" "/opt/rustwide/target/debug/deps/libfutures_sink-63303b05cbcd5fe2.rlib" "/opt/rustwide/target/debug/deps/libtokio-0e9d7f8bffe63f7c.rlib" "/opt/rustwide/target/debug/deps/libnum_cpus-d92c62e22238f61c.rlib" "/opt/rustwide/target/debug/deps/libmemchr-59863dd316d0aea8.rlib" "/opt/rustwide/target/debug/deps/libmio-a46f36d70c236567.rlib" "/opt/rustwide/target/debug/deps/liblibc-f13b7b3af9257124.rlib" "/opt/rustwide/target/debug/deps/libhttp_body-7b0e84811fb489db.rlib" "/opt/rustwide/target/debug/deps/libpin_project_lite-02e5e2d23f061f41.rlib" "/opt/rustwide/target/debug/deps/libfutures_core-974c9c0d0462d6e0.rlib" "/opt/rustwide/target/debug/deps/liblazy_static-86422d76b8bd90ed.rlib" "/opt/rustwide/target/debug/deps/liblog-25b121a22046e37a.rlib" "/opt/rustwide/target/debug/deps/libcfg_if-97437e183f3ae6e4.rlib" "/opt/rustwide/target/debug/deps/liburl-a02fb8fdb5737796.rlib" "/opt/rustwide/target/debug/deps/libidna-6f8cd264df389d63.rlib" "/opt/rustwide/target/debug/deps/libunicode_normalization-78a01cc621c7dad6.rlib" "/opt/rustwide/target/debug/deps/libtinyvec-c348951c3414c332.rlib" "/opt/rustwide/target/debug/deps/libtinyvec_macros-c8728763a1cfbcab.rlib" "/opt/rustwide/target/debug/deps/libunicode_bidi-a69ffc9ceeb64fbb.rlib" "/opt/rustwide/target/debug/deps/libform_urlencoded-a5e98da7c1c4a0eb.rlib" "/opt/rustwide/target/debug/deps/libpercent_encoding-8c83310236959ef9.rlib" "/opt/rustwide/target/debug/deps/libmatches-bfb4602457f1458f.rlib" "/opt/rustwide/target/debug/deps/libhttp-e5a60057394e8171.rlib" "/opt/rustwide/target/debug/deps/libbytes-44851e2768c88cca.rlib" "/opt/rustwide/target/debug/deps/libfnv-bb690c336855f248.rlib" "/opt/rustwide/target/debug/deps/libserde_json-1ab45f2349045a27.rlib" "/opt/rustwide/target/debug/deps/libryu-1f87c9e09d988964.rlib" "/opt/rustwide/target/debug/deps/libitoa-57ac2f3fee0fa4c3.rlib" "/opt/rustwide/target/debug/deps/libserde-78a5f3d074c3fc07.rlib" "/opt/rustwide/rustup-home/toolchains/beta-2023-04-20-x86_64-unknown-linux-gnu/lib/rustlib/x86_64-unknown-linux-gnu/lib/libstd-0e29cc23c5e02021.rlib" "/opt/rustwide/rustup-home/toolchains/beta-2023-04-20-x86_64-unknown-linux-gnu/lib/rustlib/x86_64-unknown-linux-gnu/lib/libpanic_unwind-d903621768a861d9.rlib" "/opt/rustwide/rustup-home/toolchains/beta-2023-04-20-x86_64-unknown-linux-gnu/lib/rustlib/x86_64-unknown-linux-gnu/lib/libobject-6d0225e655f31c13.rlib" "/opt/rustwide/rustup-home/toolchains/beta-2023-04-20-x86_64-unknown-linux-gnu/lib/rustlib/x86_64-unknown-linux-gnu/lib/libmemchr-9dbaf4eac7eaa079.rlib" "/opt/rustwide/rustup-home/toolchains/beta-2023-04-20-x86_64-unknown-linux-gnu/lib/rustlib/x86_64-unknown-linux-gnu/lib/libaddr2line-27f05b3d42a66dd0.rlib" "/opt/rustwide/rustup-home/toolchains/beta-2023-04-20-x86_64-unknown-linux-gnu/lib/rustlib/x86_64-unknown-linux-gnu/lib/libgimli-4d73f1030321c9a2.rlib" "/opt/rustwide/rustup-home/toolchains/beta-2023-04-20-x86_64-unknown-linux-gnu/lib/rustlib/x86_64-unknown-linux-gnu/lib/librustc_demangle-2846c9e58abd0acb.rlib" "/opt/rustwide/rustup-home/toolchains/beta-2023-04-20-x86_64-unknown-linux-gnu/lib/rustlib/x86_64-unknown-linux-gnu/lib/libstd_detect-a53d0f50415947be.rlib" "/opt/rustwide/rustup-home/toolchains/beta-2023-04-20-x86_64-unknown-linux-gnu/lib/rustlib/x86_64-unknown-linux-gnu/lib/libhashbrown-d48e4b6abc25b9dc.rlib" "/opt/rustwide/rustup-home/toolchains/beta-2023-04-20-x86_64-unknown-linux-gnu/lib/rustlib/x86_64-unknown-linux-gnu/lib/libminiz_oxide-2991859439ef1207.rlib" "/opt/rustwide/rustup-home/toolchains/beta-2023-04-20-x86_64-unknown-linux-gnu/lib/rustlib/x86_64-unknown-linux-gnu/lib/libadler-8a687517e4221bae.rlib" "/opt/rustwide/rustup-home/toolchains/beta-2023-04-20-x86_64-unknown-linux-gnu/lib/rustlib/x86_64-unknown-linux-gnu/lib/librustc_std_workspace_alloc-e07b554f6a67f5b3.rlib" "/opt/rustwide/rustup-home/toolchains/beta-2023-04-20-x86_64-unknown-linux-gnu/lib/rustlib/x86_64-unknown-linux-gnu/lib/libunwind-b68238b7c3c619dd.rlib" "/opt/rustwide/rustup-home/toolchains/beta-2023-04-20-x86_64-unknown-linux-gnu/lib/rustlib/x86_64-unknown-linux-gnu/lib/libcfg_if-d5e213e896c017e4.rlib" "/opt/rustwide/rustup-home/toolchains/beta-2023-04-20-x86_64-unknown-linux-gnu/lib/rustlib/x86_64-unknown-linux-gnu/lib/liblibc-0211a3b2e61d8689.rlib" "/opt/rustwide/rustup-home/toolchains/beta-2023-04-20-x86_64-unknown-linux-gnu/lib/rustlib/x86_64-unknown-linux-gnu/lib/liballoc-b371f055239ba51f.rlib" "/opt/rustwide/rustup-home/toolchains/beta-2023-04-20-x86_64-unknown-linux-gnu/lib/rustlib/x86_64-unknown-linux-gnu/lib/librustc_std_workspace_core-e60518d2760eb01e.rlib" "/opt/rustwide/rustup-home/toolchains/beta-2023-04-20-x86_64-unknown-linux-gnu/lib/rustlib/x86_64-unknown-linux-gnu/lib/libcore-1ad943f92a4b1081.rlib" "/opt/rustwide/rustup-home/toolchains/beta-2023-04-20-x86_64-unknown-linux-gnu/lib/rustlib/x86_64-unknown-linux-gnu/lib/libcompiler_builtins-f0d6e4d0fc1e80b4.rlib" "-Wl,-Bdynamic" "-lssl" "-lcrypto" "-lgcc_s" "-lutil" "-lrt" "-lpthread" "-lm" "-ldl" "-lc" "-Wl,--eh-frame-hdr" "-Wl,-z,noexecstack" "-L" "/opt/rustwide/rustup-home/toolchains/beta-2023-04-20-x86_64-unknown-linux-gnu/lib/rustlib/x86_64-unknown-linux-gnu/lib" "-o" "/tmp/rustdoctestD7wKno/rust_out" "-Wl,--gc-sections" "-pie" "-Wl,-z,relro,-z,now" "-nodefaultlibs"
[INFO] [stdout]   = note: collect2: fatal error: ld terminated with signal 9 [Killed]
[INFO] [stdout]           compilation terminated.
[INFO] [stdout]           
[INFO] [stdout] 
[INFO] [stdout] error: aborting due to previous error
[INFO] [stdout] 
[INFO] [stdout] Couldn't compile the test.
[INFO] [stdout] ---- src/connection/mod.rs - connection::Connection<Normal>::create_database (line 368) stdout ----
[INFO] [stdout] error: linking with `cc` failed: exit status: 1
[INFO] [stdout]   |
[INFO] [stdout]   = note: LC_ALL="C" PATH="/opt/rustwide/rustup-home/toolchains/beta-2023-04-20-x86_64-unknown-linux-gnu/lib/rustlib/x86_64-unknown-linux-gnu/bin:/opt/rustwide/cargo-home/bin:/usr/local/sbin:/usr/local/bin:/usr/sbin:/usr/bin:/sbin:/bin" VSLANG="1033" "cc" "-m64" "/tmp/rustc4vP01n/symbols.o" "/tmp/rustdoctestMc5TNQ/rust_out.rust_out.c38b68ff-cgu.0.rcgu.o" "/tmp/rustdoctestMc5TNQ/rust_out.38a7fyhsvjn6z0qy.rcgu.o" "-Wl,--as-needed" "-L" "/opt/rustwide/target/debug/deps" "-L" "/opt/rustwide/target/debug/deps" "-L" "/opt/rustwide/rustup-home/toolchains/beta-2023-04-20-x86_64-unknown-linux-gnu/lib/rustlib/x86_64-unknown-linux-gnu/lib" "-Wl,-Bstatic" "/opt/rustwide/target/debug/deps/libarangors_lite-254efe570dc9b604.rlib" "/opt/rustwide/target/debug/deps/libserde_qs-943fc9c0750e309a.rlib" "/opt/rustwide/target/debug/deps/libthiserror-1d51e88941962a9a.rlib" "/opt/rustwide/target/debug/deps/libreqwest-1724c075f994de22.rlib" "/opt/rustwide/target/debug/deps/libhyper_tls-67d6b999e35d4542.rlib" "/opt/rustwide/target/debug/deps/libserde_urlencoded-ac4153ca89fd079e.rlib" "/opt/rustwide/target/debug/deps/libipnet-a4a4d5377d91ef9a.rlib" "/opt/rustwide/target/debug/deps/libtokio_native_tls-66f70b32bea92833.rlib" "/opt/rustwide/target/debug/deps/libmime-6adaefd5c465bdcc.rlib" "/opt/rustwide/target/debug/deps/libencoding_rs-dbd08aaf41facaaa.rlib" "/opt/rustwide/target/debug/deps/libbase64-bff61f2d1660603b.rlib" "/opt/rustwide/target/debug/deps/libasync_compression-9d227d787cc5a61d.rlib" "/opt/rustwide/target/debug/deps/libflate2-02bbf407b85cd19f.rlib" "/opt/rustwide/target/debug/deps/libminiz_oxide-c6e1d6fdbee0d0b8.rlib" "/opt/rustwide/target/debug/deps/libadler-92f8db84032ff960.rlib" "/opt/rustwide/target/debug/deps/libcrc32fast-a852305b5fd6dd91.rlib" "/opt/rustwide/target/debug/deps/libnative_tls-915e93b6bd791902.rlib" "/opt/rustwide/target/debug/deps/libopenssl_probe-361016bdcb077fee.rlib" "/opt/rustwide/target/debug/deps/libopenssl-0a6e641706711fb7.rlib" "/opt/rustwide/target/debug/deps/libonce_cell-5d5fb79f44447b4b.rlib" "/opt/rustwide/target/debug/deps/libbitflags-610a73087f46ba3b.rlib" "/opt/rustwide/target/debug/deps/libforeign_types-3138d685ddde873e.rlib" "/opt/rustwide/target/debug/deps/libforeign_types_shared-1df85ef0ce08cbc3.rlib" "/opt/rustwide/target/debug/deps/libopenssl_sys-cd93ab41510cfcaa.rlib" "/opt/rustwide/target/debug/deps/libhyper-5cae88e04bb842f8.rlib" "/opt/rustwide/target/debug/deps/libwant-e3f64a233c206237.rlib" "/opt/rustwide/target/debug/deps/libtry_lock-9f7beed53871ae63.rlib" "/opt/rustwide/target/debug/deps/libsocket2-4a045eee244ae1df.rlib" "/opt/rustwide/target/debug/deps/libhttparse-01f4d9c46777efe8.rlib" "/opt/rustwide/target/debug/deps/libh2-4b781997d221a9a8.rlib" "/opt/rustwide/target/debug/deps/libindexmap-697923e0e10b5c20.rlib" "/opt/rustwide/target/debug/deps/libhashbrown-743e8c262a81811e.rlib" "/opt/rustwide/target/debug/deps/libtower_service-6f9cbeafd8b373de.rlib" "/opt/rustwide/target/debug/deps/libtracing-815c82ce45b5c471.rlib" "/opt/rustwide/target/debug/deps/libtracing_core-2319279169dbc1df.rlib" "/opt/rustwide/target/debug/deps/libfutures_util-ed494951d6af97e3.rlib" "/opt/rustwide/target/debug/deps/libfutures_io-15e9e7d8d5e39278.rlib" "/opt/rustwide/target/debug/deps/libslab-de4c8617047c1765.rlib" "/opt/rustwide/target/debug/deps/libfutures_channel-06bb1ccca3f3ea4a.rlib" "/opt/rustwide/target/debug/deps/libfutures_task-cef5d0949d814088.rlib" "/opt/rustwide/target/debug/deps/libpin_utils-501725f4e360d46d.rlib" "/opt/rustwide/target/debug/deps/libtokio_util-0855f4181711ba17.rlib" "/opt/rustwide/target/debug/deps/libfutures_sink-63303b05cbcd5fe2.rlib" "/opt/rustwide/target/debug/deps/libtokio-0e9d7f8bffe63f7c.rlib" "/opt/rustwide/target/debug/deps/libnum_cpus-d92c62e22238f61c.rlib" "/opt/rustwide/target/debug/deps/libmemchr-59863dd316d0aea8.rlib" "/opt/rustwide/target/debug/deps/libmio-a46f36d70c236567.rlib" "/opt/rustwide/target/debug/deps/liblibc-f13b7b3af9257124.rlib" "/opt/rustwide/target/debug/deps/libhttp_body-7b0e84811fb489db.rlib" "/opt/rustwide/target/debug/deps/libpin_project_lite-02e5e2d23f061f41.rlib" "/opt/rustwide/target/debug/deps/libfutures_core-974c9c0d0462d6e0.rlib" "/opt/rustwide/target/debug/deps/liblazy_static-86422d76b8bd90ed.rlib" "/opt/rustwide/target/debug/deps/liblog-25b121a22046e37a.rlib" "/opt/rustwide/target/debug/deps/libcfg_if-97437e183f3ae6e4.rlib" "/opt/rustwide/target/debug/deps/liburl-a02fb8fdb5737796.rlib" "/opt/rustwide/target/debug/deps/libidna-6f8cd264df389d63.rlib" "/opt/rustwide/target/debug/deps/libunicode_normalization-78a01cc621c7dad6.rlib" "/opt/rustwide/target/debug/deps/libtinyvec-c348951c3414c332.rlib" "/opt/rustwide/target/debug/deps/libtinyvec_macros-c8728763a1cfbcab.rlib" "/opt/rustwide/target/debug/deps/libunicode_bidi-a69ffc9ceeb64fbb.rlib" "/opt/rustwide/target/debug/deps/libform_urlencoded-a5e98da7c1c4a0eb.rlib" "/opt/rustwide/target/debug/deps/libpercent_encoding-8c83310236959ef9.rlib" "/opt/rustwide/target/debug/deps/libmatches-bfb4602457f1458f.rlib" "/opt/rustwide/target/debug/deps/libhttp-e5a60057394e8171.rlib" "/opt/rustwide/target/debug/deps/libbytes-44851e2768c88cca.rlib" "/opt/rustwide/target/debug/deps/libfnv-bb690c336855f248.rlib" "/opt/rustwide/target/debug/deps/libserde_json-1ab45f2349045a27.rlib" "/opt/rustwide/target/debug/deps/libryu-1f87c9e09d988964.rlib" "/opt/rustwide/target/debug/deps/libitoa-57ac2f3fee0fa4c3.rlib" "/opt/rustwide/target/debug/deps/libserde-78a5f3d074c3fc07.rlib" "/opt/rustwide/rustup-home/toolchains/beta-2023-04-20-x86_64-unknown-linux-gnu/lib/rustlib/x86_64-unknown-linux-gnu/lib/libstd-0e29cc23c5e02021.rlib" "/opt/rustwide/rustup-home/toolchains/beta-2023-04-20-x86_64-unknown-linux-gnu/lib/rustlib/x86_64-unknown-linux-gnu/lib/libpanic_unwind-d903621768a861d9.rlib" "/opt/rustwide/rustup-home/toolchains/beta-2023-04-20-x86_64-unknown-linux-gnu/lib/rustlib/x86_64-unknown-linux-gnu/lib/libobject-6d0225e655f31c13.rlib" "/opt/rustwide/rustup-home/toolchains/beta-2023-04-20-x86_64-unknown-linux-gnu/lib/rustlib/x86_64-unknown-linux-gnu/lib/libmemchr-9dbaf4eac7eaa079.rlib" "/opt/rustwide/rustup-home/toolchains/beta-2023-04-20-x86_64-unknown-linux-gnu/lib/rustlib/x86_64-unknown-linux-gnu/lib/libaddr2line-27f05b3d42a66dd0.rlib" "/opt/rustwide/rustup-home/toolchains/beta-2023-04-20-x86_64-unknown-linux-gnu/lib/rustlib/x86_64-unknown-linux-gnu/lib/libgimli-4d73f1030321c9a2.rlib" "/opt/rustwide/rustup-home/toolchains/beta-2023-04-20-x86_64-unknown-linux-gnu/lib/rustlib/x86_64-unknown-linux-gnu/lib/librustc_demangle-2846c9e58abd0acb.rlib" "/opt/rustwide/rustup-home/toolchains/beta-2023-04-20-x86_64-unknown-linux-gnu/lib/rustlib/x86_64-unknown-linux-gnu/lib/libstd_detect-a53d0f50415947be.rlib" "/opt/rustwide/rustup-home/toolchains/beta-2023-04-20-x86_64-unknown-linux-gnu/lib/rustlib/x86_64-unknown-linux-gnu/lib/libhashbrown-d48e4b6abc25b9dc.rlib" "/opt/rustwide/rustup-home/toolchains/beta-2023-04-20-x86_64-unknown-linux-gnu/lib/rustlib/x86_64-unknown-linux-gnu/lib/libminiz_oxide-2991859439ef1207.rlib" "/opt/rustwide/rustup-home/toolchains/beta-2023-04-20-x86_64-unknown-linux-gnu/lib/rustlib/x86_64-unknown-linux-gnu/lib/libadler-8a687517e4221bae.rlib" "/opt/rustwide/rustup-home/toolchains/beta-2023-04-20-x86_64-unknown-linux-gnu/lib/rustlib/x86_64-unknown-linux-gnu/lib/librustc_std_workspace_alloc-e07b554f6a67f5b3.rlib" "/opt/rustwide/rustup-home/toolchains/beta-2023-04-20-x86_64-unknown-linux-gnu/lib/rustlib/x86_64-unknown-linux-gnu/lib/libunwind-b68238b7c3c619dd.rlib" "/opt/rustwide/rustup-home/toolchains/beta-2023-04-20-x86_64-unknown-linux-gnu/lib/rustlib/x86_64-unknown-linux-gnu/lib/libcfg_if-d5e213e896c017e4.rlib" "/opt/rustwide/rustup-home/toolchains/beta-2023-04-20-x86_64-unknown-linux-gnu/lib/rustlib/x86_64-unknown-linux-gnu/lib/liblibc-0211a3b2e61d8689.rlib" "/opt/rustwide/rustup-home/toolchains/beta-2023-04-20-x86_64-unknown-linux-gnu/lib/rustlib/x86_64-unknown-linux-gnu/lib/liballoc-b371f055239ba51f.rlib" "/opt/rustwide/rustup-home/toolchains/beta-2023-04-20-x86_64-unknown-linux-gnu/lib/rustlib/x86_64-unknown-linux-gnu/lib/librustc_std_workspace_core-e60518d2760eb01e.rlib" "/opt/rustwide/rustup-home/toolchains/beta-2023-04-20-x86_64-unknown-linux-gnu/lib/rustlib/x86_64-unknown-linux-gnu/lib/libcore-1ad943f92a4b1081.rlib" "/opt/rustwide/rustup-home/toolchains/beta-2023-04-20-x86_64-unknown-linux-gnu/lib/rustlib/x86_64-unknown-linux-gnu/lib/libcompiler_builtins-f0d6e4d0fc1e80b4.rlib" "-Wl,-Bdynamic" "-lssl" "-lcrypto" "-lgcc_s" "-lutil" "-lrt" "-lpthread" "-lm" "-ldl" "-lc" "-Wl,--eh-frame-hdr" "-Wl,-z,noexecstack" "-L" "/opt/rustwide/rustup-home/toolchains/beta-2023-04-20-x86_64-unknown-linux-gnu/lib/rustlib/x86_64-unknown-linux-gnu/lib" "-o" "/tmp/rustdoctestMc5TNQ/rust_out" "-Wl,--gc-sections" "-pie" "-Wl,-z,relro,-z,now" "-nodefaultlibs"
[INFO] [stdout]   = note: collect2: fatal error: ld terminated with signal 9 [Killed]
[INFO] [stdout]           compilation terminated.
[INFO] [stdout]           
[INFO] [stdout] 
[INFO] [stdout] error: aborting due to previous error
[INFO] [stdout] 
[INFO] [stdout] Couldn't compile the test.
[INFO] [stdout] ---- src/lib.rs - (line 187) stdout ----
[INFO] [stdout] error: linking with `cc` failed: exit status: 1
[INFO] [stdout]   |
[INFO] [stdout]   = note: LC_ALL="C" PATH="/opt/rustwide/rustup-home/toolchains/beta-2023-04-20-x86_64-unknown-linux-gnu/lib/rustlib/x86_64-unknown-linux-gnu/bin:/opt/rustwide/cargo-home/bin:/usr/local/sbin:/usr/local/bin:/usr/sbin:/usr/bin:/sbin:/bin" VSLANG="1033" "cc" "-m64" "/tmp/rustcM7qT74/symbols.o" "/tmp/rustdoctestTMRqtp/rust_out.rust_out.c38b68ff-cgu.0.rcgu.o" "/tmp/rustdoctestTMRqtp/rust_out.38a7fyhsvjn6z0qy.rcgu.o" "-Wl,--as-needed" "-L" "/opt/rustwide/target/debug/deps" "-L" "/opt/rustwide/target/debug/deps" "-L" "/opt/rustwide/rustup-home/toolchains/beta-2023-04-20-x86_64-unknown-linux-gnu/lib/rustlib/x86_64-unknown-linux-gnu/lib" "-Wl,-Bstatic" "/opt/rustwide/target/debug/deps/libarangors_lite-254efe570dc9b604.rlib" "/opt/rustwide/target/debug/deps/libserde_qs-943fc9c0750e309a.rlib" "/opt/rustwide/target/debug/deps/libthiserror-1d51e88941962a9a.rlib" "/opt/rustwide/target/debug/deps/libreqwest-1724c075f994de22.rlib" "/opt/rustwide/target/debug/deps/libhyper_tls-67d6b999e35d4542.rlib" "/opt/rustwide/target/debug/deps/libserde_urlencoded-ac4153ca89fd079e.rlib" "/opt/rustwide/target/debug/deps/libipnet-a4a4d5377d91ef9a.rlib" "/opt/rustwide/target/debug/deps/libtokio_native_tls-66f70b32bea92833.rlib" "/opt/rustwide/target/debug/deps/libmime-6adaefd5c465bdcc.rlib" "/opt/rustwide/target/debug/deps/libencoding_rs-dbd08aaf41facaaa.rlib" "/opt/rustwide/target/debug/deps/libbase64-bff61f2d1660603b.rlib" "/opt/rustwide/target/debug/deps/libasync_compression-9d227d787cc5a61d.rlib" "/opt/rustwide/target/debug/deps/libflate2-02bbf407b85cd19f.rlib" "/opt/rustwide/target/debug/deps/libminiz_oxide-c6e1d6fdbee0d0b8.rlib" "/opt/rustwide/target/debug/deps/libadler-92f8db84032ff960.rlib" "/opt/rustwide/target/debug/deps/libcrc32fast-a852305b5fd6dd91.rlib" "/opt/rustwide/target/debug/deps/libnative_tls-915e93b6bd791902.rlib" "/opt/rustwide/target/debug/deps/libopenssl_probe-361016bdcb077fee.rlib" "/opt/rustwide/target/debug/deps/libopenssl-0a6e641706711fb7.rlib" "/opt/rustwide/target/debug/deps/libonce_cell-5d5fb79f44447b4b.rlib" "/opt/rustwide/target/debug/deps/libbitflags-610a73087f46ba3b.rlib" "/opt/rustwide/target/debug/deps/libforeign_types-3138d685ddde873e.rlib" "/opt/rustwide/target/debug/deps/libforeign_types_shared-1df85ef0ce08cbc3.rlib" "/opt/rustwide/target/debug/deps/libopenssl_sys-cd93ab41510cfcaa.rlib" "/opt/rustwide/target/debug/deps/libhyper-5cae88e04bb842f8.rlib" "/opt/rustwide/target/debug/deps/libwant-e3f64a233c206237.rlib" "/opt/rustwide/target/debug/deps/libtry_lock-9f7beed53871ae63.rlib" "/opt/rustwide/target/debug/deps/libsocket2-4a045eee244ae1df.rlib" "/opt/rustwide/target/debug/deps/libhttparse-01f4d9c46777efe8.rlib" "/opt/rustwide/target/debug/deps/libh2-4b781997d221a9a8.rlib" "/opt/rustwide/target/debug/deps/libindexmap-697923e0e10b5c20.rlib" "/opt/rustwide/target/debug/deps/libhashbrown-743e8c262a81811e.rlib" "/opt/rustwide/target/debug/deps/libtower_service-6f9cbeafd8b373de.rlib" "/opt/rustwide/target/debug/deps/libtracing-815c82ce45b5c471.rlib" "/opt/rustwide/target/debug/deps/libtracing_core-2319279169dbc1df.rlib" "/opt/rustwide/target/debug/deps/libfutures_util-ed494951d6af97e3.rlib" "/opt/rustwide/target/debug/deps/libfutures_io-15e9e7d8d5e39278.rlib" "/opt/rustwide/target/debug/deps/libslab-de4c8617047c1765.rlib" "/opt/rustwide/target/debug/deps/libfutures_channel-06bb1ccca3f3ea4a.rlib" "/opt/rustwide/target/debug/deps/libfutures_task-cef5d0949d814088.rlib" "/opt/rustwide/target/debug/deps/libpin_utils-501725f4e360d46d.rlib" "/opt/rustwide/target/debug/deps/libtokio_util-0855f4181711ba17.rlib" "/opt/rustwide/target/debug/deps/libfutures_sink-63303b05cbcd5fe2.rlib" "/opt/rustwide/target/debug/deps/libtokio-0e9d7f8bffe63f7c.rlib" "/opt/rustwide/target/debug/deps/libnum_cpus-d92c62e22238f61c.rlib" "/opt/rustwide/target/debug/deps/libmemchr-59863dd316d0aea8.rlib" "/opt/rustwide/target/debug/deps/libmio-a46f36d70c236567.rlib" "/opt/rustwide/target/debug/deps/liblibc-f13b7b3af9257124.rlib" "/opt/rustwide/target/debug/deps/libhttp_body-7b0e84811fb489db.rlib" "/opt/rustwide/target/debug/deps/libpin_project_lite-02e5e2d23f061f41.rlib" "/opt/rustwide/target/debug/deps/libfutures_core-974c9c0d0462d6e0.rlib" "/opt/rustwide/target/debug/deps/liblazy_static-86422d76b8bd90ed.rlib" "/opt/rustwide/target/debug/deps/liblog-25b121a22046e37a.rlib" "/opt/rustwide/target/debug/deps/libcfg_if-97437e183f3ae6e4.rlib" "/opt/rustwide/target/debug/deps/liburl-a02fb8fdb5737796.rlib" "/opt/rustwide/target/debug/deps/libidna-6f8cd264df389d63.rlib" "/opt/rustwide/target/debug/deps/libunicode_normalization-78a01cc621c7dad6.rlib" "/opt/rustwide/target/debug/deps/libtinyvec-c348951c3414c332.rlib" "/opt/rustwide/target/debug/deps/libtinyvec_macros-c8728763a1cfbcab.rlib" "/opt/rustwide/target/debug/deps/libunicode_bidi-a69ffc9ceeb64fbb.rlib" "/opt/rustwide/target/debug/deps/libform_urlencoded-a5e98da7c1c4a0eb.rlib" "/opt/rustwide/target/debug/deps/libpercent_encoding-8c83310236959ef9.rlib" "/opt/rustwide/target/debug/deps/libmatches-bfb4602457f1458f.rlib" "/opt/rustwide/target/debug/deps/libhttp-e5a60057394e8171.rlib" "/opt/rustwide/target/debug/deps/libbytes-44851e2768c88cca.rlib" "/opt/rustwide/target/debug/deps/libfnv-bb690c336855f248.rlib" "/opt/rustwide/target/debug/deps/libserde_json-1ab45f2349045a27.rlib" "/opt/rustwide/target/debug/deps/libryu-1f87c9e09d988964.rlib" "/opt/rustwide/target/debug/deps/libitoa-57ac2f3fee0fa4c3.rlib" "/opt/rustwide/target/debug/deps/libserde-78a5f3d074c3fc07.rlib" "/opt/rustwide/rustup-home/toolchains/beta-2023-04-20-x86_64-unknown-linux-gnu/lib/rustlib/x86_64-unknown-linux-gnu/lib/libstd-0e29cc23c5e02021.rlib" "/opt/rustwide/rustup-home/toolchains/beta-2023-04-20-x86_64-unknown-linux-gnu/lib/rustlib/x86_64-unknown-linux-gnu/lib/libpanic_unwind-d903621768a861d9.rlib" "/opt/rustwide/rustup-home/toolchains/beta-2023-04-20-x86_64-unknown-linux-gnu/lib/rustlib/x86_64-unknown-linux-gnu/lib/libobject-6d0225e655f31c13.rlib" "/opt/rustwide/rustup-home/toolchains/beta-2023-04-20-x86_64-unknown-linux-gnu/lib/rustlib/x86_64-unknown-linux-gnu/lib/libmemchr-9dbaf4eac7eaa079.rlib" "/opt/rustwide/rustup-home/toolchains/beta-2023-04-20-x86_64-unknown-linux-gnu/lib/rustlib/x86_64-unknown-linux-gnu/lib/libaddr2line-27f05b3d42a66dd0.rlib" "/opt/rustwide/rustup-home/toolchains/beta-2023-04-20-x86_64-unknown-linux-gnu/lib/rustlib/x86_64-unknown-linux-gnu/lib/libgimli-4d73f1030321c9a2.rlib" "/opt/rustwide/rustup-home/toolchains/beta-2023-04-20-x86_64-unknown-linux-gnu/lib/rustlib/x86_64-unknown-linux-gnu/lib/librustc_demangle-2846c9e58abd0acb.rlib" "/opt/rustwide/rustup-home/toolchains/beta-2023-04-20-x86_64-unknown-linux-gnu/lib/rustlib/x86_64-unknown-linux-gnu/lib/libstd_detect-a53d0f50415947be.rlib" "/opt/rustwide/rustup-home/toolchains/beta-2023-04-20-x86_64-unknown-linux-gnu/lib/rustlib/x86_64-unknown-linux-gnu/lib/libhashbrown-d48e4b6abc25b9dc.rlib" "/opt/rustwide/rustup-home/toolchains/beta-2023-04-20-x86_64-unknown-linux-gnu/lib/rustlib/x86_64-unknown-linux-gnu/lib/libminiz_oxide-2991859439ef1207.rlib" "/opt/rustwide/rustup-home/toolchains/beta-2023-04-20-x86_64-unknown-linux-gnu/lib/rustlib/x86_64-unknown-linux-gnu/lib/libadler-8a687517e4221bae.rlib" "/opt/rustwide/rustup-home/toolchains/beta-2023-04-20-x86_64-unknown-linux-gnu/lib/rustlib/x86_64-unknown-linux-gnu/lib/librustc_std_workspace_alloc-e07b554f6a67f5b3.rlib" "/opt/rustwide/rustup-home/toolchains/beta-2023-04-20-x86_64-unknown-linux-gnu/lib/rustlib/x86_64-unknown-linux-gnu/lib/libunwind-b68238b7c3c619dd.rlib" "/opt/rustwide/rustup-home/toolchains/beta-2023-04-20-x86_64-unknown-linux-gnu/lib/rustlib/x86_64-unknown-linux-gnu/lib/libcfg_if-d5e213e896c017e4.rlib" "/opt/rustwide/rustup-home/toolchains/beta-2023-04-20-x86_64-unknown-linux-gnu/lib/rustlib/x86_64-unknown-linux-gnu/lib/liblibc-0211a3b2e61d8689.rlib" "/opt/rustwide/rustup-home/toolchains/beta-2023-04-20-x86_64-unknown-linux-gnu/lib/rustlib/x86_64-unknown-linux-gnu/lib/liballoc-b371f055239ba51f.rlib" "/opt/rustwide/rustup-home/toolchains/beta-2023-04-20-x86_64-unknown-linux-gnu/lib/rustlib/x86_64-unknown-linux-gnu/lib/librustc_std_workspace_core-e60518d2760eb01e.rlib" "/opt/rustwide/rustup-home/toolchains/beta-2023-04-20-x86_64-unknown-linux-gnu/lib/rustlib/x86_64-unknown-linux-gnu/lib/libcore-1ad943f92a4b1081.rlib" "/opt/rustwide/rustup-home/toolchains/beta-2023-04-20-x86_64-unknown-linux-gnu/lib/rustlib/x86_64-unknown-linux-gnu/lib/libcompiler_builtins-f0d6e4d0fc1e80b4.rlib" "-Wl,-Bdynamic" "-lssl" "-lcrypto" "-lgcc_s" "-lutil" "-lrt" "-lpthread" "-lm" "-ldl" "-lc" "-Wl,--eh-frame-hdr" "-Wl,-z,noexecstack" "-L" "/opt/rustwide/rustup-home/toolchains/beta-2023-04-20-x86_64-unknown-linux-gnu/lib/rustlib/x86_64-unknown-linux-gnu/lib" "-o" "/tmp/rustdoctestTMRqtp/rust_out" "-Wl,--gc-sections" "-pie" "-Wl,-z,relro,-z,now" "-nodefaultlibs"
[INFO] [stdout]   = note: collect2: fatal error: ld terminated with signal 9 [Killed]
[INFO] [stdout]           compilation terminated.
[INFO] [stdout]           
[INFO] [stdout] 
[INFO] [stdout] error: aborting due to previous error
[INFO] [stdout] 
[INFO] [stdout] Couldn't compile the test.
[INFO] [stdout] ---- src/connection/mod.rs - connection (line 15) stdout ----
[INFO] [stdout] Test executable failed (exit status: 101).
[INFO] [stdout] 
[INFO] [stdout] stderr:
[INFO] [stdout] thread 'main' panicked at 'called `Result::unwrap()` on an `Err` value: HttpClient(HttpClient("reqwest::Error { kind: Request, url: Url { scheme: \"http\", cannot_be_a_base: false, username: \"\", password: None, host: Some(Domain(\"localhost\")), port: Some(8529), path: \"/\", query: None, fragment: None }, source: hyper::Error(Connect, ConnectError(\"tcp connect error\", Os { code: 99, kind: AddrNotAvailable, message: \"Cannot assign requested address\" })) }"))', src/connection/mod.rs:10:6
[INFO] [stdout] stack backtrace:
[INFO] [stdout]    0:     0x55a1e153938a - std::backtrace_rs::backtrace::libunwind::trace::h2f05d0192276a8f6
[INFO] [stdout]                                at /rustc/1b7dd2252b99671ce5d1cb9664c5f8636329436d/library/std/src/../../backtrace/src/backtrace/libunwind.rs:93:5
[INFO] [stdout]    1:     0x55a1e153938a - std::backtrace_rs::backtrace::trace_unsynchronized::hedc23dff7a1af150
[INFO] [stdout]                                at /rustc/1b7dd2252b99671ce5d1cb9664c5f8636329436d/library/std/src/../../backtrace/src/backtrace/mod.rs:66:5
[INFO] [stdout]    2:     0x55a1e153938a - std::sys_common::backtrace::_print_fmt::h17541ef7592f3ce2
[INFO] [stdout]                                at /rustc/1b7dd2252b99671ce5d1cb9664c5f8636329436d/library/std/src/sys_common/backtrace.rs:65:5
[INFO] [stdout]    3:     0x55a1e153938a - <std::sys_common::backtrace::_print::DisplayBacktrace as core::fmt::Display>::fmt::h20f75df5ab0c0792
[INFO] [stdout]                                at /rustc/1b7dd2252b99671ce5d1cb9664c5f8636329436d/library/std/src/sys_common/backtrace.rs:44:22
[INFO] [stdout]    4:     0x55a1e155bd0f - core::fmt::write::h78109e6f466b3af6
[INFO] [stdout]                                at /rustc/1b7dd2252b99671ce5d1cb9664c5f8636329436d/library/core/src/fmt/mod.rs:1254:17
[INFO] [stdout]    5:     0x55a1e1536515 - std::io::Write::write_fmt::hc59e1b02dd273c8a
[INFO] [stdout]                                at /rustc/1b7dd2252b99671ce5d1cb9664c5f8636329436d/library/std/src/io/mod.rs:1698:15
[INFO] [stdout]    6:     0x55a1e1539155 - std::sys_common::backtrace::_print::h8dac57a9f8fbf9a5
[INFO] [stdout]                                at /rustc/1b7dd2252b99671ce5d1cb9664c5f8636329436d/library/std/src/sys_common/backtrace.rs:47:5
[INFO] [stdout]    7:     0x55a1e1539155 - std::sys_common::backtrace::print::hf9ecbf41d1aa712f
[INFO] [stdout]                                at /rustc/1b7dd2252b99671ce5d1cb9664c5f8636329436d/library/std/src/sys_common/backtrace.rs:34:9
[INFO] [stdout]    8:     0x55a1e153a7fe - std::panicking::default_hook::{{closure}}::h04c07acfc84ca028
[INFO] [stdout]                                at /rustc/1b7dd2252b99671ce5d1cb9664c5f8636329436d/library/std/src/panicking.rs:269:22
[INFO] [stdout]    9:     0x55a1e153a5a5 - std::panicking::default_hook::h01f6bb23e1eceb2c
[INFO] [stdout]                                at /rustc/1b7dd2252b99671ce5d1cb9664c5f8636329436d/library/std/src/panicking.rs:288:9
[INFO] [stdout]   10:     0x55a1e153ad5e - std::panicking::rust_panic_with_hook::h2bb3722bbaf2f6df
[INFO] [stdout]                                at /rustc/1b7dd2252b99671ce5d1cb9664c5f8636329436d/library/std/src/panicking.rs:691:13
[INFO] [stdout]   11:     0x55a1e153ac59 - std::panicking::begin_panic_handler::{{closure}}::h91bc7f36a4be011b
[INFO] [stdout]                                at /rustc/1b7dd2252b99671ce5d1cb9664c5f8636329436d/library/std/src/panicking.rs:582:13
[INFO] [stdout]   12:     0x55a1e15397f6 - std::sys_common::backtrace::__rust_end_short_backtrace::h8b3d3717114f9e59
[INFO] [stdout]                                at /rustc/1b7dd2252b99671ce5d1cb9664c5f8636329436d/library/std/src/sys_common/backtrace.rs:150:18
[INFO] [stdout]   13:     0x55a1e153a9b2 - rust_begin_unwind
[INFO] [stdout]                                at /rustc/1b7dd2252b99671ce5d1cb9664c5f8636329436d/library/std/src/panicking.rs:578:5
[INFO] [stdout]   14:     0x55a1e103adc3 - core::panicking::panic_fmt::hfd368e3fbdabea26
[INFO] [stdout]                                at /rustc/1b7dd2252b99671ce5d1cb9664c5f8636329436d/library/core/src/panicking.rs:67:14
[INFO] [stdout]   15:     0x55a1e103b363 - core::result::unwrap_failed::he54eb4b2f125b26f
[INFO] [stdout]                                at /rustc/1b7dd2252b99671ce5d1cb9664c5f8636329436d/library/core/src/result.rs:1687:5
[INFO] [stdout]   16:     0x55a1e104b00e - core::result::Result<T,E>::unwrap::ha3ab0545829d2da9
[INFO] [stdout]   17:     0x55a1e1057866 - rust_out::main::{{closure}}::heb4a37ffb50c49e4
[INFO] [stdout]   18:     0x55a1e104f9fa - tokio::park::thread::CachedParkThread::block_on::{{closure}}::h4a58247aac86316e
[INFO] [stdout]   19:     0x55a1e104f088 - tokio::coop::with_budget::{{closure}}::hc32fc74ba81f9e08
[INFO] [stdout]   20:     0x55a1e1046ace - std::thread::local::LocalKey<T>::try_with::h9ecaba2ee57e3d56
[INFO] [stdout]   21:     0x55a1e1046606 - std::thread::local::LocalKey<T>::with::h9d515b2d245808d7
[INFO] [stdout]   22:     0x55a1e104f4f5 - tokio::park::thread::CachedParkThread::block_on::h0347eded6bd3e3b5
[INFO] [stdout]   23:     0x55a1e105154c - tokio::runtime::enter::Enter::block_on::hda56f142e928f6b6
[INFO] [stdout]   24:     0x55a1e104fc38 - tokio::runtime::thread_pool::ThreadPool::block_on::h817f81ca03c5e6fc
[INFO] [stdout]   25:     0x55a1e1051699 - tokio::runtime::Runtime::block_on::h11975f5abfb59b1c
[INFO] [stdout]   26:     0x55a1e10574c8 - rust_out::main::h2731449a68dfa004
[INFO] [stdout]   27:     0x55a1e10475e3 - core::ops::function::FnOnce::call_once::hd1715aa1b26fc35c
[INFO] [stdout]   28:     0x55a1e10463d6 - std::sys_common::backtrace::__rust_begin_short_backtrace::h8d2b4d09ce515535
[INFO] [stdout]   29:     0x55a1e1046529 - std::rt::lang_start::{{closure}}::hc9a918c63b0dc835
[INFO] [stdout]   30:     0x55a1e1532fae - core::ops::function::impls::<impl core::ops::function::FnOnce<A> for &F>::call_once::h2eb19b8ce4148df4
[INFO] [stdout]                                at /rustc/1b7dd2252b99671ce5d1cb9664c5f8636329436d/library/core/src/ops/function.rs:287:13
[INFO] [stdout]   31:     0x55a1e1532fae - std::panicking::try::do_call::h2e900feff5d504c5
[INFO] [stdout]                                at /rustc/1b7dd2252b99671ce5d1cb9664c5f8636329436d/library/std/src/panicking.rs:485:40
[INFO] [stdout]   32:     0x55a1e1532fae - std::panicking::try::h8854836cb85aa9f2
[INFO] [stdout]                                at /rustc/1b7dd2252b99671ce5d1cb9664c5f8636329436d/library/std/src/panicking.rs:449:19
[INFO] [stdout]   33:     0x55a1e1532fae - std::panic::catch_unwind::h706025dd4c48f64b
[INFO] [stdout]                                at /rustc/1b7dd2252b99671ce5d1cb9664c5f8636329436d/library/std/src/panic.rs:140:14
[INFO] [stdout]   34:     0x55a1e1532fae - std::rt::lang_start_internal::{{closure}}::h7be5b97f4a07a91a
[INFO] [stdout]                                at /rustc/1b7dd2252b99671ce5d1cb9664c5f8636329436d/library/std/src/rt.rs:148:48
[INFO] [stdout]   35:     0x55a1e1532fae - std::panicking::try::do_call::h59847e9d0a176965
[INFO] [stdout]                                at /rustc/1b7dd2252b99671ce5d1cb9664c5f8636329436d/library/std/src/panicking.rs:485:40
[INFO] [stdout]   36:     0x55a1e1532fae - std::panicking::try::h399a918ba8522823
[INFO] [stdout]                                at /rustc/1b7dd2252b99671ce5d1cb9664c5f8636329436d/library/std/src/panicking.rs:449:19
[INFO] [stdout]   37:     0x55a1e1532fae - std::panic::catch_unwind::hca7ca6c55b2a2e26
[INFO] [stdout]                                at /rustc/1b7dd2252b99671ce5d1cb9664c5f8636329436d/library/std/src/panic.rs:140:14
[INFO] [stdout]   38:     0x55a1e1532fae - std::rt::lang_start_internal::h2c807a81560459eb
[INFO] [stdout]                                at /rustc/1b7dd2252b99671ce5d1cb9664c5f8636329436d/library/std/src/rt.rs:148:20
[INFO] [stdout]   39:     0x55a1e1046507 - std::rt::lang_start::hc4bd3329ce767e23
[INFO] [stdout]   40:     0x55a1e1057a95 - main
[INFO] [stdout]   41:     0x7f312ea39d90 - <unknown>
[INFO] [stdout]   42:     0x7f312ea39e40 - __libc_start_main
[INFO] [stdout]   43:     0x55a1e103b545 - _start
[INFO] [stdout]   44:                0x0 - <unknown>
[INFO] [stdout] 
[INFO] [stdout] 
[INFO] [stdout] ---- src/index.rs - index::Index (line 38) stdout ----
[INFO] [stdout] Test executable failed (exit status: 101).
[INFO] [stdout] 
[INFO] [stdout] stderr:
[INFO] [stdout] thread 'main' panicked at 'called `Result::unwrap()` on an `Err` value: HttpClient(HttpClient("reqwest::Error { kind: Request, url: Url { scheme: \"http\", cannot_be_a_base: false, username: \"\", password: None, host: Some(Domain(\"localhost\")), port: Some(8529), path: \"/\", query: None, fragment: None }, source: hyper::Error(Connect, ConnectError(\"tcp connect error\", Os { code: 99, kind: AddrNotAvailable, message: \"Cannot assign requested address\" })) }"))', src/index.rs:11:6
[INFO] [stdout] stack backtrace:
[INFO] [stdout]    0:     0x55f1a120b62a - std::backtrace_rs::backtrace::libunwind::trace::h2f05d0192276a8f6
[INFO] [stdout]                                at /rustc/1b7dd2252b99671ce5d1cb9664c5f8636329436d/library/std/src/../../backtrace/src/backtrace/libunwind.rs:93:5
[INFO] [stdout]    1:     0x55f1a120b62a - std::backtrace_rs::backtrace::trace_unsynchronized::hedc23dff7a1af150
[INFO] [stdout]                                at /rustc/1b7dd2252b99671ce5d1cb9664c5f8636329436d/library/std/src/../../backtrace/src/backtrace/mod.rs:66:5
[INFO] [stdout]    2:     0x55f1a120b62a - std::sys_common::backtrace::_print_fmt::h17541ef7592f3ce2
[INFO] [stdout]                                at /rustc/1b7dd2252b99671ce5d1cb9664c5f8636329436d/library/std/src/sys_common/backtrace.rs:65:5
[INFO] [stdout]    3:     0x55f1a120b62a - <std::sys_common::backtrace::_print::DisplayBacktrace as core::fmt::Display>::fmt::h20f75df5ab0c0792
[INFO] [stdout]                                at /rustc/1b7dd2252b99671ce5d1cb9664c5f8636329436d/library/std/src/sys_common/backtrace.rs:44:22
[INFO] [stdout]    4:     0x55f1a122dfff - core::fmt::write::h78109e6f466b3af6
[INFO] [stdout]                                at /rustc/1b7dd2252b99671ce5d1cb9664c5f8636329436d/library/core/src/fmt/mod.rs:1254:17
[INFO] [stdout]    5:     0x55f1a1208705 - std::io::Write::write_fmt::hc59e1b02dd273c8a
[INFO] [stdout]                                at /rustc/1b7dd2252b99671ce5d1cb9664c5f8636329436d/library/std/src/io/mod.rs:1698:15
[INFO] [stdout]    6:     0x55f1a120b3f5 - std::sys_common::backtrace::_print::h8dac57a9f8fbf9a5
[INFO] [stdout]                                at /rustc/1b7dd2252b99671ce5d1cb9664c5f8636329436d/library/std/src/sys_common/backtrace.rs:47:5
[INFO] [stdout]    7:     0x55f1a120b3f5 - std::sys_common::backtrace::print::hf9ecbf41d1aa712f
[INFO] [stdout]                                at /rustc/1b7dd2252b99671ce5d1cb9664c5f8636329436d/library/std/src/sys_common/backtrace.rs:34:9
[INFO] [stdout]    8:     0x55f1a120ca9e - std::panicking::default_hook::{{closure}}::h04c07acfc84ca028
[INFO] [stdout]                                at /rustc/1b7dd2252b99671ce5d1cb9664c5f8636329436d/library/std/src/panicking.rs:269:22
[INFO] [stdout]    9:     0x55f1a120c845 - std::panicking::default_hook::h01f6bb23e1eceb2c
[INFO] [stdout]                                at /rustc/1b7dd2252b99671ce5d1cb9664c5f8636329436d/library/std/src/panicking.rs:288:9
[INFO] [stdout]   10:     0x55f1a120cffe - std::panicking::rust_panic_with_hook::h2bb3722bbaf2f6df
[INFO] [stdout]                                at /rustc/1b7dd2252b99671ce5d1cb9664c5f8636329436d/library/std/src/panicking.rs:691:13
[INFO] [stdout]   11:     0x55f1a120cef9 - std::panicking::begin_panic_handler::{{closure}}::h91bc7f36a4be011b
[INFO] [stdout]                                at /rustc/1b7dd2252b99671ce5d1cb9664c5f8636329436d/library/std/src/panicking.rs:582:13
[INFO] [stdout]   12:     0x55f1a120ba96 - std::sys_common::backtrace::__rust_end_short_backtrace::h8b3d3717114f9e59
[INFO] [stdout]                                at /rustc/1b7dd2252b99671ce5d1cb9664c5f8636329436d/library/std/src/sys_common/backtrace.rs:150:18
[INFO] [stdout]   13:     0x55f1a120cc52 - rust_begin_unwind
[INFO] [stdout]                                at /rustc/1b7dd2252b99671ce5d1cb9664c5f8636329436d/library/std/src/panicking.rs:578:5
[INFO] [stdout]   14:     0x55f1a0cc5dc3 - core::panicking::panic_fmt::hfd368e3fbdabea26
[INFO] [stdout]                                at /rustc/1b7dd2252b99671ce5d1cb9664c5f8636329436d/library/core/src/panicking.rs:67:14
[INFO] [stdout]   15:     0x55f1a0cc6363 - core::result::unwrap_failed::he54eb4b2f125b26f
[INFO] [stdout]                                at /rustc/1b7dd2252b99671ce5d1cb9664c5f8636329436d/library/core/src/result.rs:1687:5
[INFO] [stdout]   16:     0x55f1a0cf53ee - core::result::Result<T,E>::unwrap::ha3ab0545829d2da9
[INFO] [stdout]   17:     0x55f1a0d1ca59 - rust_out::main::{{closure}}::h2c47aaf275847abf
[INFO] [stdout]   18:     0x55f1a0d09d9a - tokio::park::thread::CachedParkThread::block_on::{{closure}}::h6c2b65380ce6b3ae
[INFO] [stdout]   19:     0x55f1a0d09188 - tokio::coop::with_budget::{{closure}}::h234768efb738209b
[INFO] [stdout]   20:     0x55f1a0ce9b04 - std::thread::local::LocalKey<T>::try_with::hbb3e7a9708c20b3b
[INFO] [stdout]   21:     0x55f1a0ce95b6 - std::thread::local::LocalKey<T>::with::hcafb6c8b7e08051d
[INFO] [stdout]   22:     0x55f1a0d09bbc - tokio::park::thread::CachedParkThread::block_on::h6ee8985554d23924
[INFO] [stdout]   23:     0x55f1a0d0b8ec - tokio::runtime::enter::Enter::block_on::h084809e0f19d5ca8
[INFO] [stdout]   24:     0x55f1a0d09f98 - tokio::runtime::thread_pool::ThreadPool::block_on::h26830fff5e0e3d8e
[INFO] [stdout]   25:     0x55f1a0d0babc - tokio::runtime::Runtime::block_on::hdd630fbd8e743a8b
[INFO] [stdout]   26:     0x55f1a0d1c652 - rust_out::main::h99a416e768982d4a
[INFO] [stdout]   27:     0x55f1a0ceae73 - core::ops::function::FnOnce::call_once::h9d1ad2c893c5fe88
[INFO] [stdout]   28:     0x55f1a0ce93e6 - std::sys_common::backtrace::__rust_begin_short_backtrace::hf9b0fcffcf875be9
[INFO] [stdout]   29:     0x55f1a0ce9539 - std::rt::lang_start::{{closure}}::h5551ef6f2ccd0de5
[INFO] [stdout]   30:     0x55f1a1204d9e - core::ops::function::impls::<impl core::ops::function::FnOnce<A> for &F>::call_once::h2eb19b8ce4148df4
[INFO] [stdout]                                at /rustc/1b7dd2252b99671ce5d1cb9664c5f8636329436d/library/core/src/ops/function.rs:287:13
[INFO] [stdout]   31:     0x55f1a1204d9e - std::panicking::try::do_call::h2e900feff5d504c5
[INFO] [stdout]                                at /rustc/1b7dd2252b99671ce5d1cb9664c5f8636329436d/library/std/src/panicking.rs:485:40
[INFO] [stdout]   32:     0x55f1a1204d9e - std::panicking::try::h8854836cb85aa9f2
[INFO] [stdout]                                at /rustc/1b7dd2252b99671ce5d1cb9664c5f8636329436d/library/std/src/panicking.rs:449:19
[INFO] [stdout]   33:     0x55f1a1204d9e - std::panic::catch_unwind::h706025dd4c48f64b
[INFO] [stdout]                                at /rustc/1b7dd2252b99671ce5d1cb9664c5f8636329436d/library/std/src/panic.rs:140:14
[INFO] [stdout]   34:     0x55f1a1204d9e - std::rt::lang_start_internal::{{closure}}::h7be5b97f4a07a91a
[INFO] [stdout]                                at /rustc/1b7dd2252b99671ce5d1cb9664c5f8636329436d/library/std/src/rt.rs:148:48
[INFO] [stdout]   35:     0x55f1a1204d9e - std::panicking::try::do_call::h59847e9d0a176965
[INFO] [stdout]                                at /rustc/1b7dd2252b99671ce5d1cb9664c5f8636329436d/library/std/src/panicking.rs:485:40
[INFO] [stdout]   36:     0x55f1a1204d9e - std::panicking::try::h399a918ba8522823
[INFO] [stdout]                                at /rustc/1b7dd2252b99671ce5d1cb9664c5f8636329436d/library/std/src/panicking.rs:449:19
[INFO] [stdout]   37:     0x55f1a1204d9e - std::panic::catch_unwind::hca7ca6c55b2a2e26
[INFO] [stdout]                                at /rustc/1b7dd2252b99671ce5d1cb9664c5f8636329436d/library/std/src/panic.rs:140:14
[INFO] [stdout]   38:     0x55f1a1204d9e - std::rt::lang_start_internal::h2c807a81560459eb
[INFO] [stdout]                                at /rustc/1b7dd2252b99671ce5d1cb9664c5f8636329436d/library/std/src/rt.rs:148:20
[INFO] [stdout]   39:     0x55f1a0ce9517 - std::rt::lang_start::h69f6af3109439bb6
[INFO] [stdout]   40:     0x55f1a0d1d395 - main
[INFO] [stdout]   41:     0x7f624b636d90 - <unknown>
[INFO] [stdout]   42:     0x7f624b636e40 - __libc_start_main
[INFO] [stdout]   43:     0x55f1a0cc6545 - _start
[INFO] [stdout]   44:                0x0 - <unknown>
[INFO] [stdout] 
[INFO] [stdout] 
[INFO] [stdout] ---- src/lib.rs - (line 85) stdout ----
[INFO] [stdout] Test executable failed (exit status: 101).
[INFO] [stdout] 
[INFO] [stdout] stderr:
[INFO] [stdout] thread 'main' panicked at 'called `Result::unwrap()` on an `Err` value: HttpClient(HttpClient("reqwest::Error { kind: Request, url: Url { scheme: \"http\", cannot_be_a_base: false, username: \"\", password: None, host: Some(Domain(\"localhost\")), port: Some(8529), path: \"/\", query: None, fragment: None }, source: hyper::Error(Connect, ConnectError(\"tcp connect error\", Os { code: 99, kind: AddrNotAvailable, message: \"Cannot assign requested address\" })) }"))', src/lib.rs:11:6
[INFO] [stdout] stack backtrace:
[INFO] [stdout]    0:     0x55d4344aa38a - std::backtrace_rs::backtrace::libunwind::trace::h2f05d0192276a8f6
[INFO] [stdout]                                at /rustc/1b7dd2252b99671ce5d1cb9664c5f8636329436d/library/std/src/../../backtrace/src/backtrace/libunwind.rs:93:5
[INFO] [stdout]    1:     0x55d4344aa38a - std::backtrace_rs::backtrace::trace_unsynchronized::hedc23dff7a1af150
[INFO] [stdout]                                at /rustc/1b7dd2252b99671ce5d1cb9664c5f8636329436d/library/std/src/../../backtrace/src/backtrace/mod.rs:66:5
[INFO] [stdout]    2:     0x55d4344aa38a - std::sys_common::backtrace::_print_fmt::h17541ef7592f3ce2
[INFO] [stdout]                                at /rustc/1b7dd2252b99671ce5d1cb9664c5f8636329436d/library/std/src/sys_common/backtrace.rs:65:5
[INFO] [stdout]    3:     0x55d4344aa38a - <std::sys_common::backtrace::_print::DisplayBacktrace as core::fmt::Display>::fmt::h20f75df5ab0c0792
[INFO] [stdout]                                at /rustc/1b7dd2252b99671ce5d1cb9664c5f8636329436d/library/std/src/sys_common/backtrace.rs:44:22
[INFO] [stdout]    4:     0x55d4344ccd0f - core::fmt::write::h78109e6f466b3af6
[INFO] [stdout]                                at /rustc/1b7dd2252b99671ce5d1cb9664c5f8636329436d/library/core/src/fmt/mod.rs:1254:17
[INFO] [stdout]    5:     0x55d4344a7515 - std::io::Write::write_fmt::hc59e1b02dd273c8a
[INFO] [stdout]                                at /rustc/1b7dd2252b99671ce5d1cb9664c5f8636329436d/library/std/src/io/mod.rs:1698:15
[INFO] [stdout]    6:     0x55d4344aa155 - std::sys_common::backtrace::_print::h8dac57a9f8fbf9a5
[INFO] [stdout]                                at /rustc/1b7dd2252b99671ce5d1cb9664c5f8636329436d/library/std/src/sys_common/backtrace.rs:47:5
[INFO] [stdout]    7:     0x55d4344aa155 - std::sys_common::backtrace::print::hf9ecbf41d1aa712f
[INFO] [stdout]                                at /rustc/1b7dd2252b99671ce5d1cb9664c5f8636329436d/library/std/src/sys_common/backtrace.rs:34:9
[INFO] [stdout]    8:     0x55d4344ab7fe - std::panicking::default_hook::{{closure}}::h04c07acfc84ca028
[INFO] [stdout]                                at /rustc/1b7dd2252b99671ce5d1cb9664c5f8636329436d/library/std/src/panicking.rs:269:22
[INFO] [stdout]    9:     0x55d4344ab5a5 - std::panicking::default_hook::h01f6bb23e1eceb2c
[INFO] [stdout]                                at /rustc/1b7dd2252b99671ce5d1cb9664c5f8636329436d/library/std/src/panicking.rs:288:9
[INFO] [stdout]   10:     0x55d4344abd5e - std::panicking::rust_panic_with_hook::h2bb3722bbaf2f6df
[INFO] [stdout]                                at /rustc/1b7dd2252b99671ce5d1cb9664c5f8636329436d/library/std/src/panicking.rs:691:13
[INFO] [stderr] error: doctest failed, to rerun pass `--doc`
[INFO] [stdout]   11:     0x55d4344abc59 - std::panicking::begin_panic_handler::{{closure}}::h91bc7f36a4be011b
[INFO] [stdout]                                at /rustc/1b7dd2252b99671ce5d1cb9664c5f8636329436d/library/std/src/panicking.rs:582:13
[INFO] [stdout]   12:     0x55d4344aa7f6 - std::sys_common::backtrace::__rust_end_short_backtrace::h8b3d3717114f9e59
[INFO] [stdout]                                at /rustc/1b7dd2252b99671ce5d1cb9664c5f8636329436d/library/std/src/sys_common/backtrace.rs:150:18
[INFO] [stdout]   13:     0x55d4344ab9b2 - rust_begin_unwind
[INFO] [stdout]                                at /rustc/1b7dd2252b99671ce5d1cb9664c5f8636329436d/library/std/src/panicking.rs:578:5
[INFO] [stdout]   14:     0x55d433fabdc3 - core::panicking::panic_fmt::hfd368e3fbdabea26
[INFO] [stdout]                                at /rustc/1b7dd2252b99671ce5d1cb9664c5f8636329436d/library/core/src/panicking.rs:67:14
[INFO] [stdout]   15:     0x55d433fac363 - core::result::unwrap_failed::he54eb4b2f125b26f
[INFO] [stdout]                                at /rustc/1b7dd2252b99671ce5d1cb9664c5f8636329436d/library/core/src/result.rs:1687:5
[INFO] [stdout]   16:     0x55d433fbc00e - core::result::Result<T,E>::unwrap::ha3ab0545829d2da9
[INFO] [stdout]   17:     0x55d433fc8866 - rust_out::main::{{closure}}::heb4a37ffb50c49e4
[INFO] [stdout]   18:     0x55d433fc09fa - tokio::park::thread::CachedParkThread::block_on::{{closure}}::h4a58247aac86316e
[INFO] [stdout]   19:     0x55d433fc0088 - tokio::coop::with_budget::{{closure}}::hc32fc74ba81f9e08
[INFO] [stdout]   20:     0x55d433fb7ace - std::thread::local::LocalKey<T>::try_with::h9ecaba2ee57e3d56
[INFO] [stdout]   21:     0x55d433fb7606 - std::thread::local::LocalKey<T>::with::h9d515b2d245808d7
[INFO] [stdout]   22:     0x55d433fc04f5 - tokio::park::thread::CachedParkThread::block_on::h0347eded6bd3e3b5
[INFO] [stdout]   23:     0x55d433fc254c - tokio::runtime::enter::Enter::block_on::hda56f142e928f6b6
[INFO] [stdout]   24:     0x55d433fc0c38 - tokio::runtime::thread_pool::ThreadPool::block_on::h817f81ca03c5e6fc
[INFO] [stdout]   25:     0x55d433fc2699 - tokio::runtime::Runtime::block_on::h11975f5abfb59b1c
[INFO] [stdout]   26:     0x55d433fc84c8 - rust_out::main::h2731449a68dfa004
[INFO] [stdout]   27:     0x55d433fb85e3 - core::ops::function::FnOnce::call_once::hd1715aa1b26fc35c
[INFO] [stdout]   28:     0x55d433fb73d6 - std::sys_common::backtrace::__rust_begin_short_backtrace::h8d2b4d09ce515535
[INFO] [stdout]   29:     0x55d433fb7529 - std::rt::lang_start::{{closure}}::hc9a918c63b0dc835
[INFO] [stdout]   30:     0x55d4344a3fae - core::ops::function::impls::<impl core::ops::function::FnOnce<A> for &F>::call_once::h2eb19b8ce4148df4
[INFO] [stdout]                                at /rustc/1b7dd2252b99671ce5d1cb9664c5f8636329436d/library/core/src/ops/function.rs:287:13
[INFO] [stdout]   31:     0x55d4344a3fae - std::panicking::try::do_call::h2e900feff5d504c5
[INFO] [stdout]                                at /rustc/1b7dd2252b99671ce5d1cb9664c5f8636329436d/library/std/src/panicking.rs:485:40
[INFO] [stdout]   32:     0x55d4344a3fae - std::panicking::try::h8854836cb85aa9f2
[INFO] [stdout]                                at /rustc/1b7dd2252b99671ce5d1cb9664c5f8636329436d/library/std/src/panicking.rs:449:19
[INFO] [stdout]   33:     0x55d4344a3fae - std::panic::catch_unwind::h706025dd4c48f64b
[INFO] [stdout]                                at /rustc/1b7dd2252b99671ce5d1cb9664c5f8636329436d/library/std/src/panic.rs:140:14
[INFO] [stdout]   34:     0x55d4344a3fae - std::rt::lang_start_internal::{{closure}}::h7be5b97f4a07a91a
[INFO] [stdout]                                at /rustc/1b7dd2252b99671ce5d1cb9664c5f8636329436d/library/std/src/rt.rs:148:48
[INFO] [stdout]   35:     0x55d4344a3fae - std::panicking::try::do_call::h59847e9d0a176965
[INFO] [stdout]                                at /rustc/1b7dd2252b99671ce5d1cb9664c5f8636329436d/library/std/src/panicking.rs:485:40
[INFO] [stdout]   36:     0x55d4344a3fae - std::panicking::try::h399a918ba8522823
[INFO] [stdout]                                at /rustc/1b7dd2252b99671ce5d1cb9664c5f8636329436d/library/std/src/panicking.rs:449:19
[INFO] [stdout]   37:     0x55d4344a3fae - std::panic::catch_unwind::hca7ca6c55b2a2e26
[INFO] [stdout]                                at /rustc/1b7dd2252b99671ce5d1cb9664c5f8636329436d/library/std/src/panic.rs:140:14
[INFO] [stdout]   38:     0x55d4344a3fae - std::rt::lang_start_internal::h2c807a81560459eb
[INFO] [stdout]                                at /rustc/1b7dd2252b99671ce5d1cb9664c5f8636329436d/library/std/src/rt.rs:148:20
[INFO] [stdout]   39:     0x55d433fb7507 - std::rt::lang_start::hc4bd3329ce767e23
[INFO] [stdout]   40:     0x55d433fc8a95 - main
[INFO] [stdout]   41:     0x7f51d3dead90 - <unknown>
[INFO] [stdout]   42:     0x7f51d3deae40 - __libc_start_main
[INFO] [stdout]   43:     0x55d433fac545 - _start
[INFO] [stdout]   44:                0x0 - <unknown>
[INFO] [stdout] 
[INFO] [stdout] 
[INFO] [stdout] ---- src/lib.rs - (line 238) stdout ----
[INFO] [stdout] Test executable failed (exit status: 101).
[INFO] [stdout] 
[INFO] [stdout] stderr:
[INFO] [stdout] thread 'main' panicked at 'called `Result::unwrap()` on an `Err` value: HttpClient(HttpClient("reqwest::Error { kind: Request, url: Url { scheme: \"http\", cannot_be_a_base: false, username: \"\", password: None, host: Some(Domain(\"localhost\")), port: Some(8529), path: \"/\", query: None, fragment: None }, source: hyper::Error(Connect, ConnectError(\"tcp connect error\", Os { code: 99, kind: AddrNotAvailable, message: \"Cannot assign requested address\" })) }"))', src/lib.rs:17:6
[INFO] [stdout] stack backtrace:
[INFO] [stdout]    0:     0x557ea9437cea - std::backtrace_rs::backtrace::libunwind::trace::h2f05d0192276a8f6
[INFO] [stdout]                                at /rustc/1b7dd2252b99671ce5d1cb9664c5f8636329436d/library/std/src/../../backtrace/src/backtrace/libunwind.rs:93:5
[INFO] [stdout]    1:     0x557ea9437cea - std::backtrace_rs::backtrace::trace_unsynchronized::hedc23dff7a1af150
[INFO] [stdout]                                at /rustc/1b7dd2252b99671ce5d1cb9664c5f8636329436d/library/std/src/../../backtrace/src/backtrace/mod.rs:66:5
[INFO] [stdout]    2:     0x557ea9437cea - std::sys_common::backtrace::_print_fmt::h17541ef7592f3ce2
[INFO] [stdout]                                at /rustc/1b7dd2252b99671ce5d1cb9664c5f8636329436d/library/std/src/sys_common/backtrace.rs:65:5
[INFO] [stdout]    3:     0x557ea9437cea - <std::sys_common::backtrace::_print::DisplayBacktrace as core::fmt::Display>::fmt::h20f75df5ab0c0792
[INFO] [stdout]                                at /rustc/1b7dd2252b99671ce5d1cb9664c5f8636329436d/library/std/src/sys_common/backtrace.rs:44:22
[INFO] [stdout]    4:     0x557ea945a6cf - core::fmt::write::h78109e6f466b3af6
[INFO] [stdout]                                at /rustc/1b7dd2252b99671ce5d1cb9664c5f8636329436d/library/core/src/fmt/mod.rs:1254:17
[INFO] [stdout]    5:     0x557ea9434e75 - std::io::Write::write_fmt::hc59e1b02dd273c8a
[INFO] [stdout]                                at /rustc/1b7dd2252b99671ce5d1cb9664c5f8636329436d/library/std/src/io/mod.rs:1698:15
[INFO] [stdout]    6:     0x557ea9437ab5 - std::sys_common::backtrace::_print::h8dac57a9f8fbf9a5
[INFO] [stdout]                                at /rustc/1b7dd2252b99671ce5d1cb9664c5f8636329436d/library/std/src/sys_common/backtrace.rs:47:5
[INFO] [stdout]    7:     0x557ea9437ab5 - std::sys_common::backtrace::print::hf9ecbf41d1aa712f
[INFO] [stdout]                                at /rustc/1b7dd2252b99671ce5d1cb9664c5f8636329436d/library/std/src/sys_common/backtrace.rs:34:9
[INFO] [stdout]    8:     0x557ea943915e - std::panicking::default_hook::{{closure}}::h04c07acfc84ca028
[INFO] [stdout]                                at /rustc/1b7dd2252b99671ce5d1cb9664c5f8636329436d/library/std/src/panicking.rs:269:22
[INFO] [stdout]    9:     0x557ea9438f05 - std::panicking::default_hook::h01f6bb23e1eceb2c
[INFO] [stdout]                                at /rustc/1b7dd2252b99671ce5d1cb9664c5f8636329436d/library/std/src/panicking.rs:288:9
[INFO] [stdout]   10:     0x557ea94396be - std::panicking::rust_panic_with_hook::h2bb3722bbaf2f6df
[INFO] [stdout]                                at /rustc/1b7dd2252b99671ce5d1cb9664c5f8636329436d/library/std/src/panicking.rs:691:13
[INFO] [stdout]   11:     0x557ea94395b9 - std::panicking::begin_panic_handler::{{closure}}::h91bc7f36a4be011b
[INFO] [stdout]                                at /rustc/1b7dd2252b99671ce5d1cb9664c5f8636329436d/library/std/src/panicking.rs:582:13
[INFO] [stdout]   12:     0x557ea9438156 - std::sys_common::backtrace::__rust_end_short_backtrace::h8b3d3717114f9e59
[INFO] [stdout]                                at /rustc/1b7dd2252b99671ce5d1cb9664c5f8636329436d/library/std/src/sys_common/backtrace.rs:150:18
[INFO] [stdout]   13:     0x557ea9439312 - rust_begin_unwind
[INFO] [stdout]                                at /rustc/1b7dd2252b99671ce5d1cb9664c5f8636329436d/library/std/src/panicking.rs:578:5
[INFO] [stdout]   14:     0x557ea8f13dc3 - core::panicking::panic_fmt::hfd368e3fbdabea26
[INFO] [stdout]                                at /rustc/1b7dd2252b99671ce5d1cb9664c5f8636329436d/library/core/src/panicking.rs:67:14
[INFO] [stdout]   15:     0x557ea8f14363 - core::result::unwrap_failed::he54eb4b2f125b26f
[INFO] [stdout]                                at /rustc/1b7dd2252b99671ce5d1cb9664c5f8636329436d/library/core/src/result.rs:1687:5
[INFO] [stdout]   16:     0x557ea8f388ee - core::result::Result<T,E>::unwrap::ha3ab0545829d2da9
[INFO] [stdout]   17:     0x557ea8f4f5ee - rust_out::main::{{closure}}::hd92893141c58f0b0
[INFO] [stdout]   18:     0x557ea8f40ada - tokio::park::thread::CachedParkThread::block_on::{{closure}}::h988148a8f7092a05
[INFO] [stdout]   19:     0x557ea8f40248 - tokio::coop::with_budget::{{closure}}::hacc2d37730e27a0a
[INFO] [stdout]   20:     0x557ea8f30cae - std::thread::local::LocalKey<T>::try_with::h541b68e2d57a4384
[INFO] [stdout]   21:     0x557ea8f309f6 - std::thread::local::LocalKey<T>::with::h981e968693f8f62f
[INFO] [stdout]   22:     0x557ea8f40948 - tokio::park::thread::CachedParkThread::block_on::hd1473f948c176864
[INFO] [stdout]   23:     0x557ea8f425fa - tokio::runtime::enter::Enter::block_on::h9aae5e0a5c2529d0
[INFO] [stdout]   24:     0x557ea8f40ce6 - tokio::runtime::thread_pool::ThreadPool::block_on::h8a3cfdb697e78888
[INFO] [stdout]   25:     0x557ea8f42749 - tokio::runtime::Runtime::block_on::h0d38716d21b9a29a
[INFO] [stdout]   26:     0x557ea8f4f1fb - rust_out::main::h2731449a68dfa004
[INFO] [stdout]   27:     0x557ea8f31eb3 - core::ops::function::FnOnce::call_once::hd1715aa1b26fc35c
[INFO] [stdout]   28:     0x557ea8f30816 - std::sys_common::backtrace::__rust_begin_short_backtrace::h8d2b4d09ce515535
[INFO] [stdout]   29:     0x557ea8f30979 - std::rt::lang_start::{{closure}}::hc9a918c63b0dc835
[INFO] [stdout]   30:     0x557ea943190e - core::ops::function::impls::<impl core::ops::function::FnOnce<A> for &F>::call_once::h2eb19b8ce4148df4
[INFO] [stdout]                                at /rustc/1b7dd2252b99671ce5d1cb9664c5f8636329436d/library/core/src/ops/function.rs:287:13
[INFO] [stdout]   31:     0x557ea943190e - std::panicking::try::do_call::h2e900feff5d504c5
[INFO] [stdout]                                at /rustc/1b7dd2252b99671ce5d1cb9664c5f8636329436d/library/std/src/panicking.rs:485:40
[INFO] [stdout]   32:     0x557ea943190e - std::panicking::try::h8854836cb85aa9f2
[INFO] [stdout]                                at /rustc/1b7dd2252b99671ce5d1cb9664c5f8636329436d/library/std/src/panicking.rs:449:19
[INFO] [stdout]   33:     0x557ea943190e - std::panic::catch_unwind::h706025dd4c48f64b
[INFO] [stdout]                                at /rustc/1b7dd2252b99671ce5d1cb9664c5f8636329436d/library/std/src/panic.rs:140:14
[INFO] [stdout]   34:     0x557ea943190e - std::rt::lang_start_internal::{{closure}}::h7be5b97f4a07a91a
[INFO] [stdout]                                at /rustc/1b7dd2252b99671ce5d1cb9664c5f8636329436d/library/std/src/rt.rs:148:48
[INFO] [stdout]   35:     0x557ea943190e - std::panicking::try::do_call::h59847e9d0a176965
[INFO] [stdout]                                at /rustc/1b7dd2252b99671ce5d1cb9664c5f8636329436d/library/std/src/panicking.rs:485:40
[INFO] [stdout]   36:     0x557ea943190e - std::panicking::try::h399a918ba8522823
[INFO] [stdout]                                at /rustc/1b7dd2252b99671ce5d1cb9664c5f8636329436d/library/std/src/panicking.rs:449:19
[INFO] [stdout]   37:     0x557ea943190e - std::panic::catch_unwind::hca7ca6c55b2a2e26
[INFO] [stdout]                                at /rustc/1b7dd2252b99671ce5d1cb9664c5f8636329436d/library/std/src/panic.rs:140:14
[INFO] [stdout]   38:     0x557ea943190e - std::rt::lang_start_internal::h2c807a81560459eb
[INFO] [stdout]                                at /rustc/1b7dd2252b99671ce5d1cb9664c5f8636329436d/library/std/src/rt.rs:148:20
[INFO] [stdout]   39:     0x557ea8f30957 - std::rt::lang_start::hc4bd3329ce767e23
[INFO] [stdout]   40:     0x557ea8f4f975 - main
[INFO] [stdout]   41:     0x7fc039208d90 - <unknown>
[INFO] [stdout]   42:     0x7fc039208e40 - __libc_start_main
[INFO] [stdout]   43:     0x557ea8f14545 - _start
[INFO] [stdout]   44:                0x0 - <unknown>
[INFO] [stdout] 
[INFO] [stdout] 
[INFO] [stdout] ---- src/lib.rs - (line 306) stdout ----
[INFO] [stdout] Test executable failed (exit status: 101).
[INFO] [stdout] 
[INFO] [stdout] stderr:
[INFO] [stdout] thread 'main' panicked at 'called `Result::unwrap()` on an `Err` value: HttpClient(HttpClient("reqwest::Error { kind: Request, url: Url { scheme: \"http\", cannot_be_a_base: false, username: \"\", password: None, host: Some(Domain(\"localhost\")), port: Some(8529), path: \"/\", query: None, fragment: None }, source: hyper::Error(Connect, ConnectError(\"tcp connect error\", Os { code: 99, kind: AddrNotAvailable, message: \"Cannot assign requested address\" })) }"))', src/lib.rs:11:6
[INFO] [stdout] stack backtrace:
[INFO] [stdout]    0:     0x5604918283ba - std::backtrace_rs::backtrace::libunwind::trace::h2f05d0192276a8f6
[INFO] [stdout]                                at /rustc/1b7dd2252b99671ce5d1cb9664c5f8636329436d/library/std/src/../../backtrace/src/backtrace/libunwind.rs:93:5
[INFO] [stdout]    1:     0x5604918283ba - std::backtrace_rs::backtrace::trace_unsynchronized::hedc23dff7a1af150
[INFO] [stdout]                                at /rustc/1b7dd2252b99671ce5d1cb9664c5f8636329436d/library/std/src/../../backtrace/src/backtrace/mod.rs:66:5
[INFO] [stdout]    2:     0x5604918283ba - std::sys_common::backtrace::_print_fmt::h17541ef7592f3ce2
[INFO] [stdout]                                at /rustc/1b7dd2252b99671ce5d1cb9664c5f8636329436d/library/std/src/sys_common/backtrace.rs:65:5
[INFO] [stdout]    3:     0x5604918283ba - <std::sys_common::backtrace::_print::DisplayBacktrace as core::fmt::Display>::fmt::h20f75df5ab0c0792
[INFO] [stdout]                                at /rustc/1b7dd2252b99671ce5d1cb9664c5f8636329436d/library/std/src/sys_common/backtrace.rs:44:22
[INFO] [stdout]    4:     0x56049184ad9f - core::fmt::write::h78109e6f466b3af6
[INFO] [stdout]                                at /rustc/1b7dd2252b99671ce5d1cb9664c5f8636329436d/library/core/src/fmt/mod.rs:1254:17
[INFO] [stdout]    5:     0x560491825545 - std::io::Write::write_fmt::hc59e1b02dd273c8a
[INFO] [stdout]                                at /rustc/1b7dd2252b99671ce5d1cb9664c5f8636329436d/library/std/src/io/mod.rs:1698:15
[INFO] [stdout]    6:     0x560491828185 - std::sys_common::backtrace::_print::h8dac57a9f8fbf9a5
[INFO] [stdout]                                at /rustc/1b7dd2252b99671ce5d1cb9664c5f8636329436d/library/std/src/sys_common/backtrace.rs:47:5
[INFO] [stdout]    7:     0x560491828185 - std::sys_common::backtrace::print::hf9ecbf41d1aa712f
[INFO] [stdout]                                at /rustc/1b7dd2252b99671ce5d1cb9664c5f8636329436d/library/std/src/sys_common/backtrace.rs:34:9
[INFO] [stdout]    8:     0x56049182982e - std::panicking::default_hook::{{closure}}::h04c07acfc84ca028
[INFO] [stdout]                                at /rustc/1b7dd2252b99671ce5d1cb9664c5f8636329436d/library/std/src/panicking.rs:269:22
[INFO] [stdout]    9:     0x5604918295d5 - std::panicking::default_hook::h01f6bb23e1eceb2c
[INFO] [stdout]                                at /rustc/1b7dd2252b99671ce5d1cb9664c5f8636329436d/library/std/src/panicking.rs:288:9
[INFO] [stdout]   10:     0x560491829d8e - std::panicking::rust_panic_with_hook::h2bb3722bbaf2f6df
[INFO] [stdout]                                at /rustc/1b7dd2252b99671ce5d1cb9664c5f8636329436d/library/std/src/panicking.rs:691:13
[INFO] [stdout]   11:     0x560491829c89 - std::panicking::begin_panic_handler::{{closure}}::h91bc7f36a4be011b
[INFO] [stdout]                                at /rustc/1b7dd2252b99671ce5d1cb9664c5f8636329436d/library/std/src/panicking.rs:582:13
[INFO] [stdout]   12:     0x560491828826 - std::sys_common::backtrace::__rust_end_short_backtrace::h8b3d3717114f9e59
[INFO] [stdout]                                at /rustc/1b7dd2252b99671ce5d1cb9664c5f8636329436d/library/std/src/sys_common/backtrace.rs:150:18
[INFO] [stdout]   13:     0x5604918299e2 - rust_begin_unwind
[INFO] [stdout]                                at /rustc/1b7dd2252b99671ce5d1cb9664c5f8636329436d/library/std/src/panicking.rs:578:5
[INFO] [stdout]   14:     0x560491306dc3 - core::panicking::panic_fmt::hfd368e3fbdabea26
[INFO] [stdout]                                at /rustc/1b7dd2252b99671ce5d1cb9664c5f8636329436d/library/core/src/panicking.rs:67:14
[INFO] [stdout]   15:     0x560491307363 - core::result::unwrap_failed::he54eb4b2f125b26f
[INFO] [stdout]                                at /rustc/1b7dd2252b99671ce5d1cb9664c5f8636329436d/library/core/src/result.rs:1687:5
[INFO] [stdout]   16:     0x56049132a1ce - core::result::Result<T,E>::unwrap::ha3ab0545829d2da9
[INFO] [stdout]   17:     0x56049133f9ee - rust_out::main::{{closure}}::h7bbe28f5d93cfe87
[INFO] [stdout]   18:     0x56049133150a - tokio::park::thread::CachedParkThread::block_on::{{closure}}::hd2c91e13d3429b89
[INFO] [stdout]   19:     0x560491330b58 - tokio::coop::with_budget::{{closure}}::ha1d34fafa2c9f9f5
[INFO] [stdout]   20:     0x560491322e5e - std::thread::local::LocalKey<T>::try_with::hbbf7736b5b397c04
[INFO] [stdout]   21:     0x560491322906 - std::thread::local::LocalKey<T>::with::h562de688c539ef60
[INFO] [stdout]   22:     0x560491331378 - tokio::park::thread::CachedParkThread::block_on::h59e2abb7dc4e42b1
[INFO] [stdout]   23:     0x56049133302a - tokio::runtime::enter::Enter::block_on::h73e6cd95bd592a73
[INFO] [stdout]   24:     0x560491331716 - tokio::runtime::thread_pool::ThreadPool::block_on::h4543afae9a8f120b
[INFO] [stdout]   25:     0x560491333179 - tokio::runtime::Runtime::block_on::hea48bc02f7e646ac
[INFO] [stdout]   26:     0x56049133f5fb - rust_out::main::h2731449a68dfa004
[INFO] [stdout]   27:     0x560491323db3 - core::ops::function::FnOnce::call_once::hd1715aa1b26fc35c
[INFO] [stdout]   28:     0x560491322736 - std::sys_common::backtrace::__rust_begin_short_backtrace::h8d2b4d09ce515535
[INFO] [stdout]   29:     0x5604913228b9 - std::rt::lang_start::{{closure}}::hc9a918c63b0dc835
[INFO] [stdout]   30:     0x560491821fde - core::ops::function::impls::<impl core::ops::function::FnOnce<A> for &F>::call_once::h2eb19b8ce4148df4
[INFO] [stdout]                                at /rustc/1b7dd2252b99671ce5d1cb9664c5f8636329436d/library/core/src/ops/function.rs:287:13
[INFO] [stdout]   31:     0x560491821fde - std::panicking::try::do_call::h2e900feff5d504c5
[INFO] [stdout]                                at /rustc/1b7dd2252b99671ce5d1cb9664c5f8636329436d/library/std/src/panicking.rs:485:40
[INFO] [stdout]   32:     0x560491821fde - std::panicking::try::h8854836cb85aa9f2
[INFO] [stdout]                                at /rustc/1b7dd2252b99671ce5d1cb9664c5f8636329436d/library/std/src/panicking.rs:449:19
[INFO] [stdout]   33:     0x560491821fde - std::panic::catch_unwind::h706025dd4c48f64b
[INFO] [stdout]                                at /rustc/1b7dd2252b99671ce5d1cb9664c5f8636329436d/library/std/src/panic.rs:140:14
[INFO] [stdout]   34:     0x560491821fde - std::rt::lang_start_internal::{{closure}}::h7be5b97f4a07a91a
[INFO] [stdout]                                at /rustc/1b7dd2252b99671ce5d1cb9664c5f8636329436d/library/std/src/rt.rs:148:48
[INFO] [stdout]   35:     0x560491821fde - std::panicking::try::do_call::h59847e9d0a176965
[INFO] [stdout]                                at /rustc/1b7dd2252b99671ce5d1cb9664c5f8636329436d/library/std/src/panicking.rs:485:40
[INFO] [stdout]   36:     0x560491821fde - std::panicking::try::h399a918ba8522823
[INFO] [stdout]                                at /rustc/1b7dd2252b99671ce5d1cb9664c5f8636329436d/library/std/src/panicking.rs:449:19
[INFO] [stdout]   37:     0x560491821fde - std::panic::catch_unwind::hca7ca6c55b2a2e26
[INFO] [stdout]                                at /rustc/1b7dd2252b99671ce5d1cb9664c5f8636329436d/library/std/src/panic.rs:140:14
[INFO] [stdout]   38:     0x560491821fde - std::rt::lang_start_internal::h2c807a81560459eb
[INFO] [stdout]                                at /rustc/1b7dd2252b99671ce5d1cb9664c5f8636329436d/library/std/src/rt.rs:148:20
[INFO] [stdout]   39:     0x560491322897 - std::rt::lang_start::hc4bd3329ce767e23
[INFO] [stdout]   40:     0x56049133feb5 - main
[INFO] [stdout]   41:     0x7f036480bd90 - <unknown>
[INFO] [stdout]   42:     0x7f036480be40 - __libc_start_main
[INFO] [stdout]   43:     0x560491307545 - _start
[INFO] [stdout]   44:                0x0 - <unknown>
[INFO] [stdout] 
[INFO] [stdout] 
[INFO] [stdout] ---- src/transaction.rs - transaction::Transaction (line 81) stdout ----
[INFO] [stdout] Test executable failed (exit status: 101).
[INFO] [stdout] 
[INFO] [stdout] stderr:
[INFO] [stdout] thread 'main' panicked at 'called `Result::unwrap()` on an `Err` value: HttpClient(HttpClient("reqwest::Error { kind: Request, url: Url { scheme: \"http\", cannot_be_a_base: false, username: \"\", password: None, host: Some(Domain(\"localhost\")), port: Some(8529), path: \"/\", query: None, fragment: None }, source: hyper::Error(Connect, ConnectError(\"tcp connect error\", Os { code: 99, kind: AddrNotAvailable, message: \"Cannot assign requested address\" })) }"))', src/transaction.rs:13:6
[INFO] [stdout] stack backtrace:
[INFO] [stdout]    0:     0x56211452ceba - std::backtrace_rs::backtrace::libunwind::trace::h2f05d0192276a8f6
[INFO] [stdout]                                at /rustc/1b7dd2252b99671ce5d1cb9664c5f8636329436d/library/std/src/../../backtrace/src/backtrace/libunwind.rs:93:5
[INFO] [stdout]    1:     0x56211452ceba - std::backtrace_rs::backtrace::trace_unsynchronized::hedc23dff7a1af150
[INFO] [stdout]                                at /rustc/1b7dd2252b99671ce5d1cb9664c5f8636329436d/library/std/src/../../backtrace/src/backtrace/mod.rs:66:5
[INFO] [stdout]    2:     0x56211452ceba - std::sys_common::backtrace::_print_fmt::h17541ef7592f3ce2
[INFO] [stdout]                                at /rustc/1b7dd2252b99671ce5d1cb9664c5f8636329436d/library/std/src/sys_common/backtrace.rs:65:5
[INFO] [stdout]    3:     0x56211452ceba - <std::sys_common::backtrace::_print::DisplayBacktrace as core::fmt::Display>::fmt::h20f75df5ab0c0792
[INFO] [stdout]                                at /rustc/1b7dd2252b99671ce5d1cb9664c5f8636329436d/library/std/src/sys_common/backtrace.rs:44:22
[INFO] [stdout]    4:     0x56211454f89f - core::fmt::write::h78109e6f466b3af6
[INFO] [stdout]                                at /rustc/1b7dd2252b99671ce5d1cb9664c5f8636329436d/library/core/src/fmt/mod.rs:1254:17
[INFO] [stdout]    5:     0x562114529f95 - std::io::Write::write_fmt::hc59e1b02dd273c8a
[INFO] [stdout]                                at /rustc/1b7dd2252b99671ce5d1cb9664c5f8636329436d/library/std/src/io/mod.rs:1698:15
[INFO] [stdout]    6:     0x56211452cc85 - std::sys_common::backtrace::_print::h8dac57a9f8fbf9a5
[INFO] [stdout]                                at /rustc/1b7dd2252b99671ce5d1cb9664c5f8636329436d/library/std/src/sys_common/backtrace.rs:47:5
[INFO] [stdout]    7:     0x56211452cc85 - std::sys_common::backtrace::print::hf9ecbf41d1aa712f
[INFO] [stdout]                                at /rustc/1b7dd2252b99671ce5d1cb9664c5f8636329436d/library/std/src/sys_common/backtrace.rs:34:9
[INFO] [stdout]    8:     0x56211452e32e - std::panicking::default_hook::{{closure}}::h04c07acfc84ca028
[INFO] [stdout]                                at /rustc/1b7dd2252b99671ce5d1cb9664c5f8636329436d/library/std/src/panicking.rs:269:22
[INFO] [stdout]    9:     0x56211452e0d5 - std::panicking::default_hook::h01f6bb23e1eceb2c
[INFO] [stdout]                                at /rustc/1b7dd2252b99671ce5d1cb9664c5f8636329436d/library/std/src/panicking.rs:288:9
[INFO] [stdout]   10:     0x56211452e88e - std::panicking::rust_panic_with_hook::h2bb3722bbaf2f6df
[INFO] [stdout]                                at /rustc/1b7dd2252b99671ce5d1cb9664c5f8636329436d/library/std/src/panicking.rs:691:13
[INFO] [stdout]   11:     0x56211452e789 - std::panicking::begin_panic_handler::{{closure}}::h91bc7f36a4be011b
[INFO] [stdout]                                at /rustc/1b7dd2252b99671ce5d1cb9664c5f8636329436d/library/std/src/panicking.rs:582:13
[INFO] [stdout]   12:     0x56211452d326 - std::sys_common::backtrace::__rust_end_short_backtrace::h8b3d3717114f9e59
[INFO] [stdout]                                at /rustc/1b7dd2252b99671ce5d1cb9664c5f8636329436d/library/std/src/sys_common/backtrace.rs:150:18
[INFO] [stdout]   13:     0x56211452e4e2 - rust_begin_unwind
[INFO] [stdout]                                at /rustc/1b7dd2252b99671ce5d1cb9664c5f8636329436d/library/std/src/panicking.rs:578:5
[INFO] [stdout]   14:     0x562113feadc3 - core::panicking::panic_fmt::hfd368e3fbdabea26
[INFO] [stdout]                                at /rustc/1b7dd2252b99671ce5d1cb9664c5f8636329436d/library/core/src/panicking.rs:67:14
[INFO] [stdout]   15:     0x562113feb363 - core::result::unwrap_failed::he54eb4b2f125b26f
[INFO] [stdout]                                at /rustc/1b7dd2252b99671ce5d1cb9664c5f8636329436d/library/core/src/result.rs:1687:5
[INFO] [stdout]   16:     0x56211401324e - core::result::Result<T,E>::unwrap::ha3ab0545829d2da9
[INFO] [stdout]   17:     0x5621140325c6 - rust_out::main::{{closure}}::hcc4ecc240e6c47f4
[INFO] [stdout]   18:     0x56211402199a - tokio::park::thread::CachedParkThread::block_on::{{closure}}::h539fcd16991516d1
[INFO] [stdout]   19:     0x562114020db8 - tokio::coop::with_budget::{{closure}}::h9b2a4c5a5d4eeed1
[INFO] [stdout]   20:     0x562114009fb4 - std::thread::local::LocalKey<T>::try_with::h42cc6c2ee13555a1
[INFO] [stdout]   21:     0x562114009e26 - std::thread::local::LocalKey<T>::with::hb45401a7ab9f17c2
[INFO] [stdout]   22:     0x5621140213ac - tokio::park::thread::CachedParkThread::block_on::h3322e89172f042d7
[INFO] [stdout]   23:     0x56211402359c - tokio::runtime::enter::Enter::block_on::hfd73004118ce20ac
[INFO] [stdout]   24:     0x562114021bc8 - tokio::runtime::thread_pool::ThreadPool::block_on::h90f3c07ca96fe72a
[INFO] [stdout]   25:     0x5621140236ec - tokio::runtime::Runtime::block_on::h908da9eda70d5251
[INFO] [stdout]   26:     0x5621140320d2 - rust_out::main::h99a416e768982d4a
[INFO] [stdout]   27:     0x56211400b663 - core::ops::function::FnOnce::call_once::h9d1ad2c893c5fe88
[INFO] [stdout]   28:     0x562114009b06 - std::sys_common::backtrace::__rust_begin_short_backtrace::hf9b0fcffcf875be9
[INFO] [stdout]   29:     0x562114009da9 - std::rt::lang_start::{{closure}}::h5551ef6f2ccd0de5
[INFO] [stdout]   30:     0x56211452662e - core::ops::function::impls::<impl core::ops::function::FnOnce<A> for &F>::call_once::h2eb19b8ce4148df4
[INFO] [stdout]                                at /rustc/1b7dd2252b99671ce5d1cb9664c5f8636329436d/library/core/src/ops/function.rs:287:13
[INFO] [stdout]   31:     0x56211452662e - std::panicking::try::do_call::h2e900feff5d504c5
[INFO] [stdout]                                at /rustc/1b7dd2252b99671ce5d1cb9664c5f8636329436d/library/std/src/panicking.rs:485:40
[INFO] [stdout]   32:     0x56211452662e - std::panicking::try::h8854836cb85aa9f2
[INFO] [stdout]                                at /rustc/1b7dd2252b99671ce5d1cb9664c5f8636329436d/library/std/src/panicking.rs:449:19
[INFO] [stdout]   33:     0x56211452662e - std::panic::catch_unwind::h706025dd4c48f64b
[INFO] [stdout]                                at /rustc/1b7dd2252b99671ce5d1cb9664c5f8636329436d/library/std/src/panic.rs:140:14
[INFO] [stdout]   34:     0x56211452662e - std::rt::lang_start_internal::{{closure}}::h7be5b97f4a07a91a
[INFO] [stdout]                                at /rustc/1b7dd2252b99671ce5d1cb9664c5f8636329436d/library/std/src/rt.rs:148:48
[INFO] [stdout]   35:     0x56211452662e - std::panicking::try::do_call::h59847e9d0a176965
[INFO] [stdout]                                at /rustc/1b7dd2252b99671ce5d1cb9664c5f8636329436d/library/std/src/panicking.rs:485:40
[INFO] [stdout]   36:     0x56211452662e - std::panicking::try::h399a918ba8522823
[INFO] [stdout]                                at /rustc/1b7dd2252b99671ce5d1cb9664c5f8636329436d/library/std/src/panicking.rs:449:19
[INFO] [stdout]   37:     0x56211452662e - std::panic::catch_unwind::hca7ca6c55b2a2e26
[INFO] [stdout]                                at /rustc/1b7dd2252b99671ce5d1cb9664c5f8636329436d/library/std/src/panic.rs:140:14
[INFO] [stdout]   38:     0x56211452662e - std::rt::lang_start_internal::h2c807a81560459eb
[INFO] [stdout]                                at /rustc/1b7dd2252b99671ce5d1cb9664c5f8636329436d/library/std/src/rt.rs:148:20
[INFO] [stdout]   39:     0x562114009d87 - std::rt::lang_start::h69f6af3109439bb6
[INFO] [stdout]   40:     0x562114033605 - main
[INFO] [stdout]   41:     0x7f901fa73d90 - <unknown>
[INFO] [stdout]   42:     0x7f901fa73e40 - __libc_start_main
[INFO] [stdout]   43:     0x562113feb545 - _start
[INFO] [stdout]   44:                0x0 - <unknown>
[INFO] [stdout] 
[INFO] [stdout] 
[INFO] [stdout] 
[INFO] [stdout] failures:
[INFO] [stdout]     src/connection/mod.rs - connection (line 15)
[INFO] [stdout]     src/connection/mod.rs - connection::Connection<Normal>::create_database (line 368)
[INFO] [stdout]     src/connection/mod.rs - connection::Connection<Normal>::establish_basic_auth (line 287)
[INFO] [stdout]     src/connection/mod.rs - connection::Connection<Normal>::establish_jwt (line 316)
[INFO] [stdout]     src/index.rs - index::Index (line 38)
[INFO] [stdout]     src/lib.rs - (line 110)
[INFO] [stdout]     src/lib.rs - (line 150)
[INFO] [stdout]     src/lib.rs - (line 187)
[INFO] [stdout]     src/lib.rs - (line 238)
[INFO] [stdout]     src/lib.rs - (line 266)
[INFO] [stdout]     src/lib.rs - (line 306)
[INFO] [stdout]     src/lib.rs - (line 85)
[INFO] [stdout]     src/transaction.rs - transaction::Transaction (line 81)
[INFO] [stdout] 
[INFO] [stdout] test result: FAILED. 0 passed; 13 failed; 4 ignored; 0 measured; 0 filtered out; finished in 17.58s
[INFO] [stdout] 
[INFO] running `Command { std: "docker" "inspect" "4a5ae6b5850df29f5a9a89fba0738f03832919f5cdc6b8ee7aa0481c6c1c9eab", kill_on_drop: false }`
[INFO] running `Command { std: "docker" "rm" "-f" "4a5ae6b5850df29f5a9a89fba0738f03832919f5cdc6b8ee7aa0481c6c1c9eab", kill_on_drop: false }`
[INFO] [stdout] 4a5ae6b5850df29f5a9a89fba0738f03832919f5cdc6b8ee7aa0481c6c1c9eab
