[INFO] fetching crate arangodb_events_rs 0.1.6...
[INFO] testing arangodb_events_rs-0.1.6 against 1.69.0 for beta-1.70-1
[INFO] extracting crate arangodb_events_rs 0.1.6 into /workspace/builds/worker-6-tc1/source
[INFO] validating manifest of crates.io crate arangodb_events_rs 0.1.6 on toolchain 1.69.0
[INFO] running `Command { std: CARGO_HOME="/workspace/cargo-home" RUSTUP_HOME="/workspace/rustup-home" "/workspace/cargo-home/bin/cargo" "+1.69.0" "metadata" "--manifest-path" "Cargo.toml" "--no-deps", kill_on_drop: false }`
[INFO] started tweaking crates.io crate arangodb_events_rs 0.1.6
[INFO] finished tweaking crates.io crate arangodb_events_rs 0.1.6
[INFO] tweaked toml for crates.io crate arangodb_events_rs 0.1.6 written to /workspace/builds/worker-6-tc1/source/Cargo.toml
[INFO] running `Command { std: CARGO_HOME="/workspace/cargo-home" RUSTUP_HOME="/workspace/rustup-home" __CARGO_TEST_CHANNEL_OVERRIDE_DO_NOT_USE_THIS="nightly" "/workspace/cargo-home/bin/cargo" "+1.69.0" "generate-lockfile" "--manifest-path" "Cargo.toml" "-Zno-index-update", kill_on_drop: false }`
[INFO] running `Command { std: CARGO_HOME="/workspace/cargo-home" RUSTUP_HOME="/workspace/rustup-home" "/workspace/cargo-home/bin/cargo" "+1.69.0" "fetch" "--manifest-path" "Cargo.toml", kill_on_drop: false }`
[INFO] [stderr]     Blocking waiting for file lock on package cache
[INFO] running `Command { std: "docker" "create" "-v" "/var/lib/crater-agent-workspace/builds/worker-6-tc1/target:/opt/rustwide/target:rw,Z" "-v" "/var/lib/crater-agent-workspace/builds/worker-6-tc1/source:/opt/rustwide/workdir:ro,Z" "-v" "/var/lib/crater-agent-workspace/cargo-home:/opt/rustwide/cargo-home:ro,Z" "-v" "/var/lib/crater-agent-workspace/rustup-home:/opt/rustwide/rustup-home:ro,Z" "-e" "SOURCE_DIR=/opt/rustwide/workdir" "-e" "CARGO_TARGET_DIR=/opt/rustwide/target" "-e" "CARGO_HOME=/opt/rustwide/cargo-home" "-e" "RUSTUP_HOME=/opt/rustwide/rustup-home" "-w" "/opt/rustwide/workdir" "-m" "1610612736" "--user" "0:0" "--network" "none" "ghcr.io/rust-lang/crates-build-env/linux@sha256:5ff2268d62e97bff2cde7d5815dd6ed5b47097566f13b8d0ca110b04b60e07ed" "/opt/rustwide/cargo-home/bin/cargo" "+1.69.0" "metadata" "--no-deps" "--format-version=1", kill_on_drop: false }`
[INFO] [stdout] 5739d635e6a03b46a660efc9b0af56c49fc4095e0bfdb273980065a2ff7babfc
[INFO] running `Command { std: "docker" "start" "-a" "5739d635e6a03b46a660efc9b0af56c49fc4095e0bfdb273980065a2ff7babfc", kill_on_drop: false }`
[INFO] running `Command { std: "docker" "inspect" "5739d635e6a03b46a660efc9b0af56c49fc4095e0bfdb273980065a2ff7babfc", kill_on_drop: false }`
[INFO] running `Command { std: "docker" "rm" "-f" "5739d635e6a03b46a660efc9b0af56c49fc4095e0bfdb273980065a2ff7babfc", kill_on_drop: false }`
[INFO] [stdout] 5739d635e6a03b46a660efc9b0af56c49fc4095e0bfdb273980065a2ff7babfc
[INFO] running `Command { std: "docker" "create" "-v" "/var/lib/crater-agent-workspace/builds/worker-6-tc1/target:/opt/rustwide/target:rw,Z" "-v" "/var/lib/crater-agent-workspace/builds/worker-6-tc1/source:/opt/rustwide/workdir:ro,Z" "-v" "/var/lib/crater-agent-workspace/cargo-home:/opt/rustwide/cargo-home:ro,Z" "-v" "/var/lib/crater-agent-workspace/rustup-home:/opt/rustwide/rustup-home:ro,Z" "-e" "SOURCE_DIR=/opt/rustwide/workdir" "-e" "CARGO_TARGET_DIR=/opt/rustwide/target" "-e" "CARGO_INCREMENTAL=0" "-e" "RUST_BACKTRACE=full" "-e" "RUSTFLAGS=--cap-lints=warn" "-e" "RUSTDOCFLAGS=--cap-lints=warn" "-e" "CARGO_HOME=/opt/rustwide/cargo-home" "-e" "RUSTUP_HOME=/opt/rustwide/rustup-home" "-w" "/opt/rustwide/workdir" "-m" "1610612736" "--user" "0:0" "--network" "none" "ghcr.io/rust-lang/crates-build-env/linux@sha256:5ff2268d62e97bff2cde7d5815dd6ed5b47097566f13b8d0ca110b04b60e07ed" "/opt/rustwide/cargo-home/bin/cargo" "+1.69.0" "build" "--frozen" "--message-format=json", kill_on_drop: false }`
[INFO] [stdout] 010e2ff7c0cc6c72605d29d58eec96178d48441ff3637dddf5751b5cff09af9c
[INFO] running `Command { std: "docker" "start" "-a" "010e2ff7c0cc6c72605d29d58eec96178d48441ff3637dddf5751b5cff09af9c", kill_on_drop: false }`
[INFO] [stderr]    Compiling futures-core v0.3.28
[INFO] [stderr]    Compiling pin-project-lite v0.2.9
[INFO] [stderr]    Compiling bytes v1.4.0
[INFO] [stderr]    Compiling futures-task v0.3.28
[INFO] [stderr]    Compiling once_cell v1.17.1
[INFO] [stderr]    Compiling fnv v1.0.7
[INFO] [stderr]    Compiling futures-util v0.3.28
[INFO] [stderr]    Compiling slab v0.4.8
[INFO] [stderr]    Compiling tokio v1.28.0
[INFO] [stderr]    Compiling log v0.4.17
[INFO] [stderr]    Compiling futures-sink v0.3.28
[INFO] [stderr]    Compiling syn v2.0.15
[INFO] [stderr]    Compiling socket2 v0.4.9
[INFO] [stderr]    Compiling futures-io v0.3.28
[INFO] [stderr]    Compiling pin-utils v0.1.0
[INFO] [stderr]    Compiling futures-channel v0.3.28
[INFO] [stderr]    Compiling httparse v1.8.0
[INFO] [stderr]    Compiling try-lock v0.2.4
[INFO] [stderr]    Compiling serde_json v1.0.96
[INFO] [stderr]    Compiling httpdate v1.0.2
[INFO] [stderr]    Compiling mio v0.8.6
[INFO] [stderr]    Compiling tracing-core v0.1.30
[INFO] [stderr]    Compiling want v0.3.0
[INFO] [stderr]    Compiling tower-service v0.3.2
[INFO] [stderr]    Compiling base64 v0.13.1
[INFO] [stderr]    Compiling http v0.2.9
[INFO] [stderr]    Compiling tracing v0.1.37
[INFO] [stderr]    Compiling http-body v0.4.5
[INFO] [stderr]    Compiling tokio-macros v2.1.0
[INFO] [stderr]    Compiling futures-macro v0.3.28
[INFO] [stderr]    Compiling serde_derive v1.0.160
[INFO] [stderr]    Compiling serde v1.0.160
[INFO] [stderr]    Compiling tokio-util v0.7.8
[INFO] [stderr]    Compiling h2 v0.3.18
[INFO] [stderr]    Compiling hyper v0.14.26
[INFO] [stderr]    Compiling arangodb_events_rs v0.1.6 (/opt/rustwide/workdir)
[INFO] [stderr]     Finished dev [unoptimized + debuginfo] target(s) in 14.45s
[INFO] running `Command { std: "docker" "inspect" "010e2ff7c0cc6c72605d29d58eec96178d48441ff3637dddf5751b5cff09af9c", kill_on_drop: false }`
[INFO] running `Command { std: "docker" "rm" "-f" "010e2ff7c0cc6c72605d29d58eec96178d48441ff3637dddf5751b5cff09af9c", kill_on_drop: false }`
[INFO] [stdout] 010e2ff7c0cc6c72605d29d58eec96178d48441ff3637dddf5751b5cff09af9c
[INFO] running `Command { std: "docker" "create" "-v" "/var/lib/crater-agent-workspace/builds/worker-6-tc1/target:/opt/rustwide/target:rw,Z" "-v" "/var/lib/crater-agent-workspace/builds/worker-6-tc1/source:/opt/rustwide/workdir:ro,Z" "-v" "/var/lib/crater-agent-workspace/cargo-home:/opt/rustwide/cargo-home:ro,Z" "-v" "/var/lib/crater-agent-workspace/rustup-home:/opt/rustwide/rustup-home:ro,Z" "-e" "SOURCE_DIR=/opt/rustwide/workdir" "-e" "CARGO_TARGET_DIR=/opt/rustwide/target" "-e" "CARGO_INCREMENTAL=0" "-e" "RUST_BACKTRACE=full" "-e" "RUSTFLAGS=--cap-lints=warn" "-e" "RUSTDOCFLAGS=--cap-lints=warn" "-e" "CARGO_HOME=/opt/rustwide/cargo-home" "-e" "RUSTUP_HOME=/opt/rustwide/rustup-home" "-w" "/opt/rustwide/workdir" "-m" "1610612736" "--user" "0:0" "--network" "none" "ghcr.io/rust-lang/crates-build-env/linux@sha256:5ff2268d62e97bff2cde7d5815dd6ed5b47097566f13b8d0ca110b04b60e07ed" "/opt/rustwide/cargo-home/bin/cargo" "+1.69.0" "test" "--frozen" "--no-run" "--message-format=json", kill_on_drop: false }`
[INFO] [stdout] 7b3ddaf5addc1f038909697b44ee0fc37673a5f1203fe8e6c98938236a8eae21
[INFO] running `Command { std: "docker" "start" "-a" "7b3ddaf5addc1f038909697b44ee0fc37673a5f1203fe8e6c98938236a8eae21", kill_on_drop: false }`
[INFO] [stderr]    Compiling arangodb_events_rs v0.1.6 (/opt/rustwide/workdir)
[INFO] [stderr]     Finished test [unoptimized + debuginfo] target(s) in 0.42s
[INFO] running `Command { std: "docker" "inspect" "7b3ddaf5addc1f038909697b44ee0fc37673a5f1203fe8e6c98938236a8eae21", kill_on_drop: false }`
[INFO] running `Command { std: "docker" "rm" "-f" "7b3ddaf5addc1f038909697b44ee0fc37673a5f1203fe8e6c98938236a8eae21", kill_on_drop: false }`
[INFO] [stdout] 7b3ddaf5addc1f038909697b44ee0fc37673a5f1203fe8e6c98938236a8eae21
[INFO] running `Command { std: "docker" "create" "-v" "/var/lib/crater-agent-workspace/builds/worker-6-tc1/target:/opt/rustwide/target:rw,Z" "-v" "/var/lib/crater-agent-workspace/builds/worker-6-tc1/source:/opt/rustwide/workdir:ro,Z" "-v" "/var/lib/crater-agent-workspace/cargo-home:/opt/rustwide/cargo-home:ro,Z" "-v" "/var/lib/crater-agent-workspace/rustup-home:/opt/rustwide/rustup-home:ro,Z" "-e" "SOURCE_DIR=/opt/rustwide/workdir" "-e" "CARGO_TARGET_DIR=/opt/rustwide/target" "-e" "CARGO_INCREMENTAL=0" "-e" "RUST_BACKTRACE=full" "-e" "RUSTFLAGS=--cap-lints=warn" "-e" "RUSTDOCFLAGS=--cap-lints=warn" "-e" "CARGO_HOME=/opt/rustwide/cargo-home" "-e" "RUSTUP_HOME=/opt/rustwide/rustup-home" "-w" "/opt/rustwide/workdir" "-m" "1610612736" "--user" "0:0" "--network" "none" "ghcr.io/rust-lang/crates-build-env/linux@sha256:5ff2268d62e97bff2cde7d5815dd6ed5b47097566f13b8d0ca110b04b60e07ed" "/opt/rustwide/cargo-home/bin/cargo" "+1.69.0" "test" "--frozen", kill_on_drop: false }`
[INFO] [stdout] 30a1f34bc427452615f19256fa7633bf7e80f83295dea0a2c34698630cf77ebf
[INFO] running `Command { std: "docker" "start" "-a" "30a1f34bc427452615f19256fa7633bf7e80f83295dea0a2c34698630cf77ebf", kill_on_drop: false }`
[INFO] [stderr]     Finished test [unoptimized + debuginfo] target(s) in 0.03s
[INFO] [stderr]      Running unittests src/lib.rs (/opt/rustwide/target/debug/deps/arangodb_events_rs-3820a852b368adaa)
[INFO] [stdout] 
[INFO] [stdout] running 0 tests
[INFO] [stdout] 
[INFO] [stdout] test result: ok. 0 passed; 0 failed; 0 ignored; 0 measured; 0 filtered out; finished in 0.00s
[INFO] [stdout] 
[INFO] [stderr]    Doc-tests arangodb_events_rs
[INFO] [stdout] 
[INFO] [stdout] running 13 tests
[INFO] [stdout] test src/trigger.rs - trigger::Trigger::init (line 191) ... FAILED
[INFO] [stdout] test src/trigger.rs - trigger::Trigger::listen (line 235) ... FAILED
[INFO] [stdout] test src/events.rs - events::Handler (line 65) ... FAILED
[INFO] [stdout] test src/trigger.rs - trigger::Trigger::subscribe_to (line 477) ... FAILED
[INFO] [stdout] test src/events.rs - events::HandlerContextFactory::from (line 164) ... FAILED
[INFO] [stdout] test src/utils.rs - utils::get_string_between (line 14) ... FAILED
[INFO] [stdout] test src/utils.rs - utils::get_string_until (line 37) ... FAILED
[INFO] [stdout] test src/trigger.rs - trigger::Trigger::subscribe (line 422) ... FAILED
[INFO] [stdout] test src/trigger.rs - trigger::Trigger (line 28) ... ok
[INFO] [stdout] test src/trigger.rs - trigger::Trigger::new (line 105) ... ok
[INFO] [stdout] test src/trigger.rs - trigger::Trigger (line 39) ... ok
[INFO] [stdout] test src/trigger.rs - trigger::TriggerAuthentication::new (line 75) ... ok
[INFO] [stdout] test src/trigger.rs - trigger::Trigger::new_auth (line 138) ... ok
[INFO] [stdout] 
[INFO] [stdout] failures:
[INFO] [stdout] 
[INFO] [stdout] ---- src/trigger.rs - trigger::Trigger::init (line 191) stdout ----
[INFO] [stdout] error[E0728]: `await` is only allowed inside `async` functions and blocks
[INFO] [stdout]   --> src/trigger.rs:199:15
[INFO] [stdout]    |
[INFO] [stdout] 3  | fn main() { #[allow(non_snake_case)] fn _doctest_main_src_trigger_rs_191_0() {
[INFO] [stdout]    |                                         ---------------------------------- this is not `async`
[INFO] [stdout] ...
[INFO] [stdout] 11 | trigger.init().await.expect("Error initializing ArangoDB event trigger");
[INFO] [stdout]    |               ^^^^^^ only allowed inside `async` functions and blocks
[INFO] [stdout] 
[INFO] [stdout] error: aborting due to previous error
[INFO] [stdout] 
[INFO] [stdout] For more information about this error, try `rustc --explain E0728`.
[INFO] [stdout] Couldn't compile the test.
[INFO] [stdout] ---- src/trigger.rs - trigger::Trigger::listen (line 235) stdout ----
[INFO] [stdout] error[E0728]: `await` is only allowed inside `async` functions and blocks
[INFO] [stdout]   --> src/trigger.rs:243:15
[INFO] [stdout]    |
[INFO] [stdout] 3  | fn main() { #[allow(non_snake_case)] fn _doctest_main_src_trigger_rs_235_0() {
[INFO] [stdout]    |                                         ---------------------------------- this is not `async`
[INFO] [stdout] ...
[INFO] [stdout] 11 | trigger.init().await.expect("Error initializing ArangoDB event trigger");
[INFO] [stdout]    |               ^^^^^^ only allowed inside `async` functions and blocks
[INFO] [stdout] 
[INFO] [stdout] error[E0728]: `await` is only allowed inside `async` functions and blocks
[INFO] [stdout]   --> src/trigger.rs:248:18
[INFO] [stdout]    |
[INFO] [stdout] 3  | fn main() { #[allow(non_snake_case)] fn _doctest_main_src_trigger_rs_235_0() {
[INFO] [stdout]    |                                         ---------------------------------- this is not `async`
[INFO] [stdout] ...
[INFO] [stdout] 16 |     trigger.listen().await.unwrap();
[INFO] [stdout]    |                     ^^^^^^ only allowed inside `async` functions and blocks
[INFO] [stdout] 
[INFO] [stdout] error: aborting due to 2 previous errors
[INFO] [stdout] 
[INFO] [stdout] For more information about this error, try `rustc --explain E0728`.
[INFO] [stdout] Couldn't compile the test.
[INFO] [stdout] ---- src/events.rs - events::Handler (line 65) stdout ----
[INFO] [stdout] error[E0728]: `await` is only allowed inside `async` functions and blocks
[INFO] [stdout]   --> src/events.rs:97:2
[INFO] [stdout]    |
[INFO] [stdout] 3  | fn main() { #[allow(non_snake_case)] fn _doctest_main_src_events_rs_65_0() {
[INFO] [stdout]    |                                         -------------------------------- this is not `async`
[INFO] [stdout] ...
[INFO] [stdout] 35 |     .await
[INFO] [stdout]    |     ^^^^^^ only allowed inside `async` functions and blocks
[INFO] [stdout] 
[INFO] [stdout] error[E0728]: `await` is only allowed inside `async` functions and blocks
[INFO] [stdout]   --> src/events.rs:101:18
[INFO] [stdout]    |
[INFO] [stdout] 3  | fn main() { #[allow(non_snake_case)] fn _doctest_main_src_events_rs_65_0() {
[INFO] [stdout]    |                                         -------------------------------- this is not `async`
[INFO] [stdout] ...
[INFO] [stdout] 39 |     trigger.listen().await.unwrap();
[INFO] [stdout]    |                     ^^^^^^ only allowed inside `async` functions and blocks
[INFO] [stdout] 
[INFO] [stdout] error: aborting due to 2 previous errors
[INFO] [stdout] 
[INFO] [stdout] For more information about this error, try `rustc --explain E0728`.
[INFO] [stdout] Couldn't compile the test.
[INFO] [stdout] ---- src/trigger.rs - trigger::Trigger::subscribe_to (line 477) stdout ----
[INFO] [stdout] error[E0728]: `await` is only allowed inside `async` functions and blocks
[INFO] [stdout]   --> src/trigger.rs:510:2
[INFO] [stdout]    |
[INFO] [stdout] 3  | fn main() { #[allow(non_snake_case)] fn _doctest_main_src_trigger_rs_477_0() {
[INFO] [stdout]    |                                         ---------------------------------- this is not `async`
[INFO] [stdout] ...
[INFO] [stdout] 36 |     .await
[INFO] [stdout]    |     ^^^^^^ only allowed inside `async` functions and blocks
[INFO] [stdout] 
[INFO] [stdout] error[E0728]: `await` is only allowed inside `async` functions and blocks
[INFO] [stdout]   --> src/trigger.rs:514:18
[INFO] [stdout]    |
[INFO] [stdout] 3  | fn main() { #[allow(non_snake_case)] fn _doctest_main_src_trigger_rs_477_0() {
[INFO] [stdout]    |                                         ---------------------------------- this is not `async`
[INFO] [stdout] ...
[INFO] [stdout] 40 |     trigger.listen().await.unwrap();
[INFO] [stdout]    |                     ^^^^^^ only allowed inside `async` functions and blocks
[INFO] [stdout] 
[INFO] [stdout] error: aborting due to 2 previous errors
[INFO] [stdout] 
[INFO] [stdout] For more information about this error, try `rustc --explain E0728`.
[INFO] [stdout] Couldn't compile the test.
[INFO] [stdout] ---- src/events.rs - events::HandlerContextFactory::from (line 164) stdout ----
[INFO] [stdout] error[E0412]: cannot find type `ExistingHandler` in this scope
[INFO] [stdout]   --> src/events.rs:174:21
[INFO] [stdout]    |
[INFO] [stdout] 13 | trigger.subscribe::<ExistingHandler>(
[INFO] [stdout]    |                     ^^^^^^^^^^^^^^^ not found in this scope
[INFO] [stdout]    |
[INFO] [stdout] help: you might be missing a type parameter
[INFO] [stdout]    |
[INFO] [stdout] 3  | fn main() { #[allow(non_snake_case)] fn _doctest_main_src_events_rs_164_0<ExistingHandler>() {
[INFO] [stdout]    |                                                                          +++++++++++++++++
[INFO] [stdout] 
[INFO] [stdout] error: aborting due to previous error
[INFO] [stdout] 
[INFO] [stdout] For more information about this error, try `rustc --explain E0412`.
[INFO] [stdout] Couldn't compile the test.
[INFO] [stdout] ---- src/utils.rs - utils::get_string_between (line 14) stdout ----
[INFO] [stdout] error[E0425]: cannot find function `get_string_between` in this scope
[INFO] [stdout]  --> src/utils.rs:17:11
[INFO] [stdout]   |
[INFO] [stdout] 5 | let out = get_string_between(data, 3, 6);
[INFO] [stdout]   |           ^^^^^^^^^^^^^^^^^^ not found in this scope
[INFO] [stdout] 
[INFO] [stdout] error: aborting due to previous error
[INFO] [stdout] 
[INFO] [stdout] For more information about this error, try `rustc --explain E0425`.
[INFO] [stdout] Couldn't compile the test.
[INFO] [stdout] ---- src/utils.rs - utils::get_string_until (line 37) stdout ----
[INFO] [stdout] error[E0425]: cannot find function `get_string_until` in this scope
[INFO] [stdout]  --> src/utils.rs:40:11
[INFO] [stdout]   |
[INFO] [stdout] 5 | let out = get_string_until(data, 3, 'e');
[INFO] [stdout]   |           ^^^^^^^^^^^^^^^^ not found in this scope
[INFO] [stdout] 
[INFO] [stdout] error: aborting due to previous error
[INFO] [stdout] 
[INFO] [stdout] For more information about this error, try `rustc --explain E0425`.
[INFO] [stdout] Couldn't compile the test.
[INFO] [stdout] ---- src/trigger.rs - trigger::Trigger::subscribe (line 422) stdout ----
[INFO] [stdout] error[E0412]: cannot find type `GlobalHandler` in this scope
[INFO] [stdout]   --> src/trigger.rs:432:18
[INFO] [stdout]    |
[INFO] [stdout] 13 | impl Handler for GlobalHandler {
[INFO] [stdout]    |                  ^^^^^^^^^^^^^ not found in this scope
[INFO] [stdout] 
[INFO] [stdout] error[E0412]: cannot find type `GlobalHandlerContext` in this scope
[INFO] [stdout]   --> src/trigger.rs:433:20
[INFO] [stdout]    |
[INFO] [stdout] 14 |     type Context = GlobalHandlerContext;
[INFO] [stdout]    |                    ^^^^^^^^^^^^^^^^^^^^ not found in this scope
[INFO] [stdout] 
[INFO] [stdout] error[E0412]: cannot find type `GlobalHandlerContext` in this scope
[INFO] [stdout]   --> src/trigger.rs:435:19
[INFO] [stdout]    |
[INFO] [stdout] 16 |     fn call(ctx: &GlobalHandlerContext, doc: &DocumentOperation) {
[INFO] [stdout]    |                   ^^^^^^^^^^^^^^^^^^^^ not found in this scope
[INFO] [stdout] 
[INFO] [stdout] error[E0412]: cannot find type `Example` in this scope
[INFO] [stdout]   --> src/trigger.rs:445:21
[INFO] [stdout]    |
[INFO] [stdout] 26 | trigger.subscribe::<Example>(
[INFO] [stdout]    |                     ^^^^^^^ not found in this scope
[INFO] [stdout]    |
[INFO] [stdout] help: you might be missing a type parameter
[INFO] [stdout]    |
[INFO] [stdout] 3  | fn main() { #[allow(non_snake_case)] fn _doctest_main_src_trigger_rs_422_0<Example>() {
[INFO] [stdout]    |                                                                           +++++++++
[INFO] [stdout] 
[INFO] [stdout] error[E0728]: `await` is only allowed inside `async` functions and blocks
[INFO] [stdout]   --> src/trigger.rs:454:2
[INFO] [stdout]    |
[INFO] [stdout] 3  | fn main() { #[allow(non_snake_case)] fn _doctest_main_src_trigger_rs_422_0() {
[INFO] [stdout]    |                                         ---------------------------------- this is not `async`
[INFO] [stdout] ...
[INFO] [stdout] 35 |     .await
[INFO] [stdout]    |     ^^^^^^ only allowed inside `async` functions and blocks
[INFO] [stdout] 
[INFO] [stdout] error[E0728]: `await` is only allowed inside `async` functions and blocks
[INFO] [stdout]   --> src/trigger.rs:458:18
[INFO] [stdout]    |
[INFO] [stdout] 3  | fn main() { #[allow(non_snake_case)] fn _doctest_main_src_trigger_rs_422_0() {
[INFO] [stdout]    |                                         ---------------------------------- this is not `async`
[INFO] [stdout] ...
[INFO] [stdout] 39 |     trigger.listen().await.unwrap();
[INFO] [stdout]    |                     ^^^^^^ only allowed inside `async` functions and blocks
[INFO] [stdout] 
[INFO] [stdout] error: aborting due to 6 previous errors
[INFO] [stdout] 
[INFO] [stdout] Some errors have detailed explanations: E0412, E0728.
[INFO] [stdout] For more information about an error, try `rustc --explain E0412`.
[INFO] [stdout] Couldn't compile the test.
[INFO] [stdout] 
[INFO] [stdout] failures:
[INFO] [stdout]     src/events.rs - events::Handler (line 65)
[INFO] [stdout]     src/events.rs - events::HandlerContextFactory::from (line 164)
[INFO] [stdout]     src/trigger.rs - trigger::Trigger::init (line 191)
[INFO] [stdout]     src/trigger.rs - trigger::Trigger::listen (line 235)
[INFO] [stdout]     src/trigger.rs - trigger::Trigger::subscribe (line 422)
[INFO] [stdout]     src/trigger.rs - trigger::Trigger::subscribe_to (line 477)
[INFO] [stdout]     src/utils.rs - utils::get_string_between (line 14)
[INFO] [stdout]     src/utils.rs - utils::get_string_until (line 37)
[INFO] [stdout] 
[INFO] [stdout] test result: FAILED. 5 passed; 8 failed; 0 ignored; 0 measured; 0 filtered out; finished in 0.68s
[INFO] [stdout] 
[INFO] [stderr] error: doctest failed, to rerun pass `--doc`
[INFO] running `Command { std: "docker" "inspect" "30a1f34bc427452615f19256fa7633bf7e80f83295dea0a2c34698630cf77ebf", kill_on_drop: false }`
[INFO] running `Command { std: "docker" "rm" "-f" "30a1f34bc427452615f19256fa7633bf7e80f83295dea0a2c34698630cf77ebf", kill_on_drop: false }`
[INFO] [stdout] 30a1f34bc427452615f19256fa7633bf7e80f83295dea0a2c34698630cf77ebf
