[INFO] fetching crate aptos-infallible-link 0.1.0...
[INFO] testing aptos-infallible-link-0.1.0 against beta-2023-04-20 for beta-1.70-1
[INFO] extracting crate aptos-infallible-link 0.1.0 into /workspace/builds/worker-5-tc2/source
[INFO] validating manifest of crates.io crate aptos-infallible-link 0.1.0 on toolchain beta-2023-04-20
[INFO] running `Command { std: CARGO_HOME="/workspace/cargo-home" RUSTUP_HOME="/workspace/rustup-home" "/workspace/cargo-home/bin/cargo" "+beta-2023-04-20" "metadata" "--manifest-path" "Cargo.toml" "--no-deps", kill_on_drop: false }`
[INFO] started tweaking crates.io crate aptos-infallible-link 0.1.0
[INFO] finished tweaking crates.io crate aptos-infallible-link 0.1.0
[INFO] tweaked toml for crates.io crate aptos-infallible-link 0.1.0 written to /workspace/builds/worker-5-tc2/source/Cargo.toml
[INFO] running `Command { std: CARGO_HOME="/workspace/cargo-home" RUSTUP_HOME="/workspace/rustup-home" __CARGO_TEST_CHANNEL_OVERRIDE_DO_NOT_USE_THIS="nightly" "/workspace/cargo-home/bin/cargo" "+beta-2023-04-20" "generate-lockfile" "--manifest-path" "Cargo.toml" "-Zno-index-update", kill_on_drop: false }`
[INFO] [stderr]     Blocking waiting for file lock on package cache
[INFO] running `Command { std: CARGO_HOME="/workspace/cargo-home" RUSTUP_HOME="/workspace/rustup-home" "/workspace/cargo-home/bin/cargo" "+beta-2023-04-20" "fetch" "--manifest-path" "Cargo.toml", kill_on_drop: false }`
[INFO] [stderr]     Blocking waiting for file lock on package cache
[INFO] running `Command { std: "docker" "create" "-v" "/var/lib/crater-agent-workspace/builds/worker-5-tc2/target:/opt/rustwide/target:rw,Z" "-v" "/var/lib/crater-agent-workspace/builds/worker-5-tc2/source:/opt/rustwide/workdir:ro,Z" "-v" "/var/lib/crater-agent-workspace/cargo-home:/opt/rustwide/cargo-home:ro,Z" "-v" "/var/lib/crater-agent-workspace/rustup-home:/opt/rustwide/rustup-home:ro,Z" "-e" "SOURCE_DIR=/opt/rustwide/workdir" "-e" "CARGO_TARGET_DIR=/opt/rustwide/target" "-e" "CARGO_HOME=/opt/rustwide/cargo-home" "-e" "RUSTUP_HOME=/opt/rustwide/rustup-home" "-w" "/opt/rustwide/workdir" "-m" "1610612736" "--user" "0:0" "--network" "none" "ghcr.io/rust-lang/crates-build-env/linux@sha256:5ff2268d62e97bff2cde7d5815dd6ed5b47097566f13b8d0ca110b04b60e07ed" "/opt/rustwide/cargo-home/bin/cargo" "+beta-2023-04-20" "metadata" "--no-deps" "--format-version=1", kill_on_drop: false }`
[INFO] [stdout] 1c6bff53db5c822ee2e389cf81cf84468fb133dbfdaac305aae5dc10b05b73dc
[INFO] running `Command { std: "docker" "start" "-a" "1c6bff53db5c822ee2e389cf81cf84468fb133dbfdaac305aae5dc10b05b73dc", kill_on_drop: false }`
[INFO] running `Command { std: "docker" "inspect" "1c6bff53db5c822ee2e389cf81cf84468fb133dbfdaac305aae5dc10b05b73dc", kill_on_drop: false }`
[INFO] running `Command { std: "docker" "rm" "-f" "1c6bff53db5c822ee2e389cf81cf84468fb133dbfdaac305aae5dc10b05b73dc", kill_on_drop: false }`
[INFO] [stdout] 1c6bff53db5c822ee2e389cf81cf84468fb133dbfdaac305aae5dc10b05b73dc
[INFO] running `Command { std: "docker" "create" "-v" "/var/lib/crater-agent-workspace/builds/worker-5-tc2/target:/opt/rustwide/target:rw,Z" "-v" "/var/lib/crater-agent-workspace/builds/worker-5-tc2/source:/opt/rustwide/workdir:ro,Z" "-v" "/var/lib/crater-agent-workspace/cargo-home:/opt/rustwide/cargo-home:ro,Z" "-v" "/var/lib/crater-agent-workspace/rustup-home:/opt/rustwide/rustup-home:ro,Z" "-e" "SOURCE_DIR=/opt/rustwide/workdir" "-e" "CARGO_TARGET_DIR=/opt/rustwide/target" "-e" "CARGO_INCREMENTAL=0" "-e" "RUST_BACKTRACE=full" "-e" "RUSTFLAGS=--cap-lints=warn" "-e" "RUSTDOCFLAGS=--cap-lints=warn" "-e" "CARGO_HOME=/opt/rustwide/cargo-home" "-e" "RUSTUP_HOME=/opt/rustwide/rustup-home" "-w" "/opt/rustwide/workdir" "-m" "1610612736" "--user" "0:0" "--network" "none" "ghcr.io/rust-lang/crates-build-env/linux@sha256:5ff2268d62e97bff2cde7d5815dd6ed5b47097566f13b8d0ca110b04b60e07ed" "/opt/rustwide/cargo-home/bin/cargo" "+beta-2023-04-20" "build" "--frozen" "--message-format=json", kill_on_drop: false }`
[INFO] [stdout] 9c9e3d55d81c677cf541edf56e431766eca4459741a354479338d87f361426ba
[INFO] running `Command { std: "docker" "start" "-a" "9c9e3d55d81c677cf541edf56e431766eca4459741a354479338d87f361426ba", kill_on_drop: false }`
[INFO] [stderr]    Compiling aptos-infallible-link v0.1.0 (/opt/rustwide/workdir)
[INFO] [stderr]     Finished dev [unoptimized + debuginfo] target(s) in 0.14s
[INFO] running `Command { std: "docker" "inspect" "9c9e3d55d81c677cf541edf56e431766eca4459741a354479338d87f361426ba", kill_on_drop: false }`
[INFO] running `Command { std: "docker" "rm" "-f" "9c9e3d55d81c677cf541edf56e431766eca4459741a354479338d87f361426ba", kill_on_drop: false }`
[INFO] [stdout] 9c9e3d55d81c677cf541edf56e431766eca4459741a354479338d87f361426ba
[INFO] running `Command { std: "docker" "create" "-v" "/var/lib/crater-agent-workspace/builds/worker-5-tc2/target:/opt/rustwide/target:rw,Z" "-v" "/var/lib/crater-agent-workspace/builds/worker-5-tc2/source:/opt/rustwide/workdir:ro,Z" "-v" "/var/lib/crater-agent-workspace/cargo-home:/opt/rustwide/cargo-home:ro,Z" "-v" "/var/lib/crater-agent-workspace/rustup-home:/opt/rustwide/rustup-home:ro,Z" "-e" "SOURCE_DIR=/opt/rustwide/workdir" "-e" "CARGO_TARGET_DIR=/opt/rustwide/target" "-e" "CARGO_INCREMENTAL=0" "-e" "RUST_BACKTRACE=full" "-e" "RUSTFLAGS=--cap-lints=warn" "-e" "RUSTDOCFLAGS=--cap-lints=warn" "-e" "CARGO_HOME=/opt/rustwide/cargo-home" "-e" "RUSTUP_HOME=/opt/rustwide/rustup-home" "-w" "/opt/rustwide/workdir" "-m" "1610612736" "--user" "0:0" "--network" "none" "ghcr.io/rust-lang/crates-build-env/linux@sha256:5ff2268d62e97bff2cde7d5815dd6ed5b47097566f13b8d0ca110b04b60e07ed" "/opt/rustwide/cargo-home/bin/cargo" "+beta-2023-04-20" "test" "--frozen" "--no-run" "--message-format=json", kill_on_drop: false }`
[INFO] [stdout] fdc4605b706dbc8014adf001ddfad0ad3b48d53e78269ec285bf4314c5cb03f7
[INFO] running `Command { std: "docker" "start" "-a" "fdc4605b706dbc8014adf001ddfad0ad3b48d53e78269ec285bf4314c5cb03f7", kill_on_drop: false }`
[INFO] [stderr]    Compiling aptos-infallible-link v0.1.0 (/opt/rustwide/workdir)
[INFO] [stderr]     Finished test [unoptimized + debuginfo] target(s) in 0.62s
[INFO] running `Command { std: "docker" "inspect" "fdc4605b706dbc8014adf001ddfad0ad3b48d53e78269ec285bf4314c5cb03f7", kill_on_drop: false }`
[INFO] running `Command { std: "docker" "rm" "-f" "fdc4605b706dbc8014adf001ddfad0ad3b48d53e78269ec285bf4314c5cb03f7", kill_on_drop: false }`
[INFO] [stdout] fdc4605b706dbc8014adf001ddfad0ad3b48d53e78269ec285bf4314c5cb03f7
[INFO] running `Command { std: "docker" "create" "-v" "/var/lib/crater-agent-workspace/builds/worker-5-tc2/target:/opt/rustwide/target:rw,Z" "-v" "/var/lib/crater-agent-workspace/builds/worker-5-tc2/source:/opt/rustwide/workdir:ro,Z" "-v" "/var/lib/crater-agent-workspace/cargo-home:/opt/rustwide/cargo-home:ro,Z" "-v" "/var/lib/crater-agent-workspace/rustup-home:/opt/rustwide/rustup-home:ro,Z" "-e" "SOURCE_DIR=/opt/rustwide/workdir" "-e" "CARGO_TARGET_DIR=/opt/rustwide/target" "-e" "CARGO_INCREMENTAL=0" "-e" "RUST_BACKTRACE=full" "-e" "RUSTFLAGS=--cap-lints=warn" "-e" "RUSTDOCFLAGS=--cap-lints=warn" "-e" "CARGO_HOME=/opt/rustwide/cargo-home" "-e" "RUSTUP_HOME=/opt/rustwide/rustup-home" "-w" "/opt/rustwide/workdir" "-m" "1610612736" "--user" "0:0" "--network" "none" "ghcr.io/rust-lang/crates-build-env/linux@sha256:5ff2268d62e97bff2cde7d5815dd6ed5b47097566f13b8d0ca110b04b60e07ed" "/opt/rustwide/cargo-home/bin/cargo" "+beta-2023-04-20" "test" "--frozen", kill_on_drop: false }`
[INFO] [stdout] 270672129c50b053c6683c29b93f80c2be98453f155cbfc4cc5fe30b15e98c9b
[INFO] running `Command { std: "docker" "start" "-a" "270672129c50b053c6683c29b93f80c2be98453f155cbfc4cc5fe30b15e98c9b", kill_on_drop: false }`
[INFO] [stderr]     Finished test [unoptimized + debuginfo] target(s) in 0.00s
[INFO] [stdout] 
[INFO] [stderr]      Running unittests src/lib.rs (/opt/rustwide/target/debug/deps/aptos_infallible_link-983403cfa3dbb887)
[INFO] [stdout] running 5 tests
[INFO] [stdout] test nonzero::tests::test_nonzero ... ok
[INFO] [stdout] test mutex::tests::test_mutex ... ok
[INFO] [stdout] test rwlock::tests::test_aptos_rwlock ... ok
[INFO] [stdout] test nonzero::tests::test_zero_custom_message - should panic ... ok
[INFO] [stdout] test nonzero::tests::test_zero - should panic ... ok
[INFO] [stdout] 
[INFO] [stdout] test result: ok. 5 passed; 0 failed; 0 ignored; 0 measured; 0 filtered out; finished in 0.03s
[INFO] [stdout] 
[INFO] [stderr]    Doc-tests aptos-infallible-link
[INFO] [stdout] 
[INFO] [stdout] running 1 test
[INFO] [stdout] test src/math.rs - math::checked (line 9) ... FAILED
[INFO] [stdout] 
[INFO] [stdout] failures:
[INFO] [stdout] 
[INFO] [stdout] ---- src/math.rs - math::checked (line 9) stdout ----
[INFO] [stdout] error[E0432]: unresolved import `crate::aptos_infallible`
[INFO] [stdout]  --> src/math.rs:10:12
[INFO] [stdout]   |
[INFO] [stdout] 3 | use crate::aptos_infallible::checked;
[INFO] [stdout]   |            ^^^^^^^^^^^^^^^^ could not find `aptos_infallible` in the crate root
[INFO] [stdout] 
[INFO] [stdout] error: cannot determine resolution for the macro `checked`
[INFO] [stdout]  --> src/math.rs:15:12
[INFO] [stdout]   |
[INFO] [stdout] 8 | assert_eq!(checked!(a + b).unwrap(), 3);
[INFO] [stdout]   |            ^^^^^^^
[INFO] [stdout]   |
[INFO] [stdout]   = note: import resolution is stuck, try simplifying macro imports
[INFO] [stdout] 
[INFO] [stdout] error: cannot determine resolution for the macro `checked`
[INFO] [stdout]  --> src/math.rs:16:12
[INFO] [stdout]   |
[INFO] [stdout] 9 | assert_eq!(checked!(a + b + c).unwrap(), 6);
[INFO] [stdout]   |            ^^^^^^^
[INFO] [stdout]   |
[INFO] [stdout]   = note: import resolution is stuck, try simplifying macro imports
[INFO] [stdout] 
[INFO] [stdout] error: cannot determine resolution for the macro `checked`
[INFO] [stdout]   --> src/math.rs:20:12
[INFO] [stdout]    |
[INFO] [stdout] 13 | assert_eq!(checked!(a + ((b - c) * c)).unwrap(), -2);
[INFO] [stdout]    |            ^^^^^^^
[INFO] [stdout]    |
[INFO] [stdout]    = note: import resolution is stuck, try simplifying macro imports
[INFO] [stdout] 
[INFO] [stdout] error: cannot determine resolution for the macro `checked`
[INFO] [stdout]   --> src/math.rs:24:12
[INFO] [stdout]    |
[INFO] [stdout] 17 | assert_eq!(checked!(10_u32 / 2_u32).unwrap(), 5);
[INFO] [stdout]    |            ^^^^^^^
[INFO] [stdout]    |
[INFO] [stdout]    = note: import resolution is stuck, try simplifying macro imports
[INFO] [stdout] 
[INFO] [stdout] error: cannot determine resolution for the macro `checked`
[INFO] [stdout]   --> src/math.rs:25:12
[INFO] [stdout]    |
[INFO] [stdout] 18 | assert_eq!(checked!(10_u32 * 2_u32).unwrap(), 20);
[INFO] [stdout]    |            ^^^^^^^
[INFO] [stdout]    |
[INFO] [stdout]    = note: import resolution is stuck, try simplifying macro imports
[INFO] [stdout] 
[INFO] [stdout] error: cannot determine resolution for the macro `checked`
[INFO] [stdout]   --> src/math.rs:26:12
[INFO] [stdout]    |
[INFO] [stdout] 19 | assert_eq!(checked!(10_u32 - 2_u32).unwrap(), 8);
[INFO] [stdout]    |            ^^^^^^^
[INFO] [stdout]    |
[INFO] [stdout]    = note: import resolution is stuck, try simplifying macro imports
[INFO] [stdout] 
[INFO] [stdout] error: cannot determine resolution for the macro `checked`
[INFO] [stdout]   --> src/math.rs:27:12
[INFO] [stdout]    |
[INFO] [stdout] 20 | assert_eq!(checked!(2_i32 - 10_i32).unwrap(), -8);
[INFO] [stdout]    |            ^^^^^^^
[INFO] [stdout]    |
[INFO] [stdout]    = note: import resolution is stuck, try simplifying macro imports
[INFO] [stdout] 
[INFO] [stdout] error: cannot determine resolution for the macro `checked`
[INFO] [stdout]   --> src/math.rs:28:12
[INFO] [stdout]    |
[INFO] [stdout] 21 | assert_eq!(checked!(10_u32 + 2_u32).unwrap(), 12);
[INFO] [stdout]    |            ^^^^^^^
[INFO] [stdout]    |
[INFO] [stdout]    = note: import resolution is stuck, try simplifying macro imports
[INFO] [stdout] 
[INFO] [stdout] error: cannot determine resolution for the macro `checked`
[INFO] [stdout]   --> src/math.rs:31:12
[INFO] [stdout]    |
[INFO] [stdout] 24 | assert_eq!(checked!(10_u32 + (2_u16 as u32)).unwrap(), 12);
[INFO] [stdout]    |            ^^^^^^^
[INFO] [stdout]    |
[INFO] [stdout]    = note: import resolution is stuck, try simplifying macro imports
[INFO] [stdout] 
[INFO] [stdout] error: cannot determine resolution for the macro `checked`
[INFO] [stdout]   --> src/math.rs:33:12
[INFO] [stdout]    |
[INFO] [stdout] 26 | assert_eq!(checked!(10_u32 / (1_u32 + 1_u32)).unwrap(), 5);
[INFO] [stdout]    |            ^^^^^^^
[INFO] [stdout]    |
[INFO] [stdout]    = note: import resolution is stuck, try simplifying macro imports
[INFO] [stdout] 
[INFO] [stdout] error: cannot determine resolution for the macro `checked`
[INFO] [stdout]   --> src/math.rs:34:12
[INFO] [stdout]    |
[INFO] [stdout] 27 | assert_eq!(checked!(10_u32 * (1_u32 + 1_u32)).unwrap(), 20);
[INFO] [stdout]    |            ^^^^^^^
[INFO] [stdout]    |
[INFO] [stdout]    = note: import resolution is stuck, try simplifying macro imports
[INFO] [stdout] 
[INFO] [stdout] error: cannot determine resolution for the macro `checked`
[INFO] [stdout]   --> src/math.rs:35:12
[INFO] [stdout]    |
[INFO] [stdout] 28 | assert_eq!(checked!(10_u32 - (1_u32 + 1_u32)).unwrap(), 8);
[INFO] [stdout]    |            ^^^^^^^
[INFO] [stdout]    |
[INFO] [stdout]    = note: import resolution is stuck, try simplifying macro imports
[INFO] [stdout] 
[INFO] [stdout] error: cannot determine resolution for the macro `checked`
[INFO] [stdout]   --> src/math.rs:36:12
[INFO] [stdout]    |
[INFO] [stdout] 29 | assert_eq!(checked!(10_u32 + (1_u32 + 1_u32)).unwrap(), 12);
[INFO] [stdout]    |            ^^^^^^^
[INFO] [stdout]    |
[INFO] [stdout]    = note: import resolution is stuck, try simplifying macro imports
[INFO] [stdout] 
[INFO] [stdout] error: cannot determine resolution for the macro `checked`
[INFO] [stdout]   --> src/math.rs:39:9
[INFO] [stdout]    |
[INFO] [stdout] 32 | assert!(checked!(max + 1_u32).is_err());
[INFO] [stdout]    |         ^^^^^^^
[INFO] [stdout]    |
[INFO] [stdout]    = note: import resolution is stuck, try simplifying macro imports
[INFO] [stdout] 
[INFO] [stdout] error: cannot determine resolution for the macro `checked`
[INFO] [stdout]   --> src/math.rs:40:9
[INFO] [stdout]    |
[INFO] [stdout] 33 | assert!(checked!(0_u32 - 1_u32).is_err());
[INFO] [stdout]    |         ^^^^^^^
[INFO] [stdout]    |
[INFO] [stdout]    = note: import resolution is stuck, try simplifying macro imports
[INFO] [stdout] 
[INFO] [stdout] error: cannot determine resolution for the macro `checked`
[INFO] [stdout]   --> src/math.rs:54:12
[INFO] [stdout]    |
[INFO] [stdout] 47 | assert_eq!(checked!((foo.bar) + 1_i32).unwrap(), 2);
[INFO] [stdout]    |            ^^^^^^^
[INFO] [stdout]    |
[INFO] [stdout]    = note: import resolution is stuck, try simplifying macro imports
[INFO] [stdout] 
[INFO] [stdout] error: cannot determine resolution for the macro `checked`
[INFO] [stdout]   --> src/math.rs:55:12
[INFO] [stdout]    |
[INFO] [stdout] 48 | assert_eq!(checked!(1_i32 + (Foo::one())).unwrap(), 2);
[INFO] [stdout]    |            ^^^^^^^
[INFO] [stdout]    |
[INFO] [stdout]    = note: import resolution is stuck, try simplifying macro imports
[INFO] [stdout] 
[INFO] [stdout] error: aborting due to 18 previous errors
[INFO] [stdout] 
[INFO] [stdout] For more information about this error, try `rustc --explain E0432`.
[INFO] [stdout] Couldn't compile the test.
[INFO] [stdout] 
[INFO] [stdout] failures:
[INFO] [stdout]     src/math.rs - math::checked (line 9)
[INFO] [stdout] 
[INFO] [stdout] test result: FAILED. 0 passed; 1 failed; 0 ignored; 0 measured; 0 filtered out; finished in 0.04s
[INFO] [stdout] 
[INFO] [stderr] error: doctest failed, to rerun pass `--doc`
[INFO] running `Command { std: "docker" "inspect" "270672129c50b053c6683c29b93f80c2be98453f155cbfc4cc5fe30b15e98c9b", kill_on_drop: false }`
[INFO] running `Command { std: "docker" "rm" "-f" "270672129c50b053c6683c29b93f80c2be98453f155cbfc4cc5fe30b15e98c9b", kill_on_drop: false }`
[INFO] [stdout] 270672129c50b053c6683c29b93f80c2be98453f155cbfc4cc5fe30b15e98c9b
