[INFO] fetching crate apres 0.3.4...
[INFO] testing apres-0.3.4 against beta-2023-04-20 for beta-1.70-1
[INFO] extracting crate apres 0.3.4 into /workspace/builds/worker-4-tc2/source
[INFO] validating manifest of crates.io crate apres 0.3.4 on toolchain beta-2023-04-20
[INFO] running `Command { std: CARGO_HOME="/workspace/cargo-home" RUSTUP_HOME="/workspace/rustup-home" "/workspace/cargo-home/bin/cargo" "+beta-2023-04-20" "metadata" "--manifest-path" "Cargo.toml" "--no-deps", kill_on_drop: false }`
[INFO] started tweaking crates.io crate apres 0.3.4
[INFO] finished tweaking crates.io crate apres 0.3.4
[INFO] tweaked toml for crates.io crate apres 0.3.4 written to /workspace/builds/worker-4-tc2/source/Cargo.toml
[INFO] running `Command { std: CARGO_HOME="/workspace/cargo-home" RUSTUP_HOME="/workspace/rustup-home" __CARGO_TEST_CHANNEL_OVERRIDE_DO_NOT_USE_THIS="nightly" "/workspace/cargo-home/bin/cargo" "+beta-2023-04-20" "generate-lockfile" "--manifest-path" "Cargo.toml" "-Zno-index-update", kill_on_drop: false }`
[INFO] running `Command { std: CARGO_HOME="/workspace/cargo-home" RUSTUP_HOME="/workspace/rustup-home" "/workspace/cargo-home/bin/cargo" "+beta-2023-04-20" "fetch" "--manifest-path" "Cargo.toml", kill_on_drop: false }`
[INFO] running `Command { std: "docker" "create" "-v" "/var/lib/crater-agent-workspace/builds/worker-4-tc2/target:/opt/rustwide/target:rw,Z" "-v" "/var/lib/crater-agent-workspace/builds/worker-4-tc2/source:/opt/rustwide/workdir:ro,Z" "-v" "/var/lib/crater-agent-workspace/cargo-home:/opt/rustwide/cargo-home:ro,Z" "-v" "/var/lib/crater-agent-workspace/rustup-home:/opt/rustwide/rustup-home:ro,Z" "-e" "SOURCE_DIR=/opt/rustwide/workdir" "-e" "CARGO_TARGET_DIR=/opt/rustwide/target" "-e" "CARGO_HOME=/opt/rustwide/cargo-home" "-e" "RUSTUP_HOME=/opt/rustwide/rustup-home" "-w" "/opt/rustwide/workdir" "-m" "1610612736" "--user" "0:0" "--network" "none" "ghcr.io/rust-lang/crates-build-env/linux@sha256:5ff2268d62e97bff2cde7d5815dd6ed5b47097566f13b8d0ca110b04b60e07ed" "/opt/rustwide/cargo-home/bin/cargo" "+beta-2023-04-20" "metadata" "--no-deps" "--format-version=1", kill_on_drop: false }`
[INFO] [stdout] 84c94c33e8cc103dbb972390a0f809293360266e3f869fadbd600163e4f51df9
[INFO] running `Command { std: "docker" "start" "-a" "84c94c33e8cc103dbb972390a0f809293360266e3f869fadbd600163e4f51df9", kill_on_drop: false }`
[INFO] running `Command { std: "docker" "inspect" "84c94c33e8cc103dbb972390a0f809293360266e3f869fadbd600163e4f51df9", kill_on_drop: false }`
[INFO] running `Command { std: "docker" "rm" "-f" "84c94c33e8cc103dbb972390a0f809293360266e3f869fadbd600163e4f51df9", kill_on_drop: false }`
[INFO] [stdout] 84c94c33e8cc103dbb972390a0f809293360266e3f869fadbd600163e4f51df9
[INFO] running `Command { std: "docker" "create" "-v" "/var/lib/crater-agent-workspace/builds/worker-4-tc2/target:/opt/rustwide/target:rw,Z" "-v" "/var/lib/crater-agent-workspace/builds/worker-4-tc2/source:/opt/rustwide/workdir:ro,Z" "-v" "/var/lib/crater-agent-workspace/cargo-home:/opt/rustwide/cargo-home:ro,Z" "-v" "/var/lib/crater-agent-workspace/rustup-home:/opt/rustwide/rustup-home:ro,Z" "-e" "SOURCE_DIR=/opt/rustwide/workdir" "-e" "CARGO_TARGET_DIR=/opt/rustwide/target" "-e" "CARGO_INCREMENTAL=0" "-e" "RUST_BACKTRACE=full" "-e" "RUSTFLAGS=--cap-lints=warn" "-e" "RUSTDOCFLAGS=--cap-lints=warn" "-e" "CARGO_HOME=/opt/rustwide/cargo-home" "-e" "RUSTUP_HOME=/opt/rustwide/rustup-home" "-w" "/opt/rustwide/workdir" "-m" "1610612736" "--user" "0:0" "--network" "none" "ghcr.io/rust-lang/crates-build-env/linux@sha256:5ff2268d62e97bff2cde7d5815dd6ed5b47097566f13b8d0ca110b04b60e07ed" "/opt/rustwide/cargo-home/bin/cargo" "+beta-2023-04-20" "build" "--frozen" "--message-format=json", kill_on_drop: false }`
[INFO] [stdout] 7404584e82f9b7441cbe653fdd3c5233115343d1e23b32669563b8e659fff26e
[INFO] running `Command { std: "docker" "start" "-a" "7404584e82f9b7441cbe653fdd3c5233115343d1e23b32669563b8e659fff26e", kill_on_drop: false }`
[INFO] [stderr]    Compiling apres v0.3.4 (/opt/rustwide/workdir)
[INFO] [stdout] warning: unused import: `min`
[INFO] [stdout]  --> src/lib.rs:3:21
[INFO] [stdout]   |
[INFO] [stdout] 3 | use std::cmp::{max, min};
[INFO] [stdout]   |                     ^^^
[INFO] [stdout]   |
[INFO] [stdout]   = note: `#[warn(unused_imports)]` on by default
[INFO] [stdout] 
[INFO] [stdout] 
[INFO] [stdout] warning: unused import: `super::MIDIEvent::*`
[INFO] [stdout]  --> src/tests.rs:3:5
[INFO] [stdout]   |
[INFO] [stdout] 3 | use super::MIDIEvent::*;
[INFO] [stdout]   |     ^^^^^^^^^^^^^^^^^^^
[INFO] [stdout]   |
[INFO] [stdout] help: consider adding a `#[cfg(test)]` to the containing module
[INFO] [stdout]  --> src/lib.rs:6:1
[INFO] [stdout]   |
[INFO] [stdout] 6 | pub mod tests;
[INFO] [stdout]   | ^^^^^^^^^^^^^^
[INFO] [stdout] 
[INFO] [stdout] 
[INFO] [stdout] warning: unused imports: `Duration`, `Instant`
[INFO] [stdout]  --> src/controller.rs:4:17
[INFO] [stdout]   |
[INFO] [stdout] 4 | use std::time::{Duration, Instant};
[INFO] [stdout]   |                 ^^^^^^^^  ^^^^^^^
[INFO] [stdout] 
[INFO] [stdout] 
[INFO] [stdout] warning: floating-point types cannot be used in patterns
[INFO] [stdout]    --> src/lib.rs:681:21
[INFO] [stdout]     |
[INFO] [stdout] 681 |                     24.0 => { 0 }
[INFO] [stdout]     |                     ^^^^
[INFO] [stdout]     |
[INFO] [stdout]     = warning: this was previously accepted by the compiler but is being phased out; it will become a hard error in a future release!
[INFO] [stdout]     = note: for more information, see issue #41620 <https://github.com/rust-lang/rust/issues/41620>
[INFO] [stdout]     = note: `#[warn(illegal_floating_point_literal_pattern)]` on by default
[INFO] [stdout] 
[INFO] [stdout] 
[INFO] [stdout] warning: floating-point types cannot be used in patterns
[INFO] [stdout]    --> src/lib.rs:682:21
[INFO] [stdout]     |
[INFO] [stdout] 682 |                     25.0 => { 1 }
[INFO] [stdout]     |                     ^^^^
[INFO] [stdout]     |
[INFO] [stdout]     = warning: this was previously accepted by the compiler but is being phased out; it will become a hard error in a future release!
[INFO] [stdout]     = note: for more information, see issue #41620 <https://github.com/rust-lang/rust/issues/41620>
[INFO] [stdout] 
[INFO] [stdout] 
[INFO] [stdout] warning: floating-point types cannot be used in patterns
[INFO] [stdout]    --> src/lib.rs:683:21
[INFO] [stdout]     |
[INFO] [stdout] 683 |                     27.97 => { 2 }
[INFO] [stdout]     |                     ^^^^^
[INFO] [stdout]     |
[INFO] [stdout]     = warning: this was previously accepted by the compiler but is being phased out; it will become a hard error in a future release!
[INFO] [stdout]     = note: for more information, see issue #41620 <https://github.com/rust-lang/rust/issues/41620>
[INFO] [stdout] 
[INFO] [stdout] 
[INFO] [stdout] warning: floating-point types cannot be used in patterns
[INFO] [stdout]    --> src/lib.rs:684:21
[INFO] [stdout]     |
[INFO] [stdout] 684 |                     30.0 => { 3 }
[INFO] [stdout]     |                     ^^^^
[INFO] [stdout]     |
[INFO] [stdout]     = warning: this was previously accepted by the compiler but is being phased out; it will become a hard error in a future release!
[INFO] [stdout]     = note: for more information, see issue #41620 <https://github.com/rust-lang/rust/issues/41620>
[INFO] [stdout] 
[INFO] [stdout] 
[INFO] [stdout] warning: unused variable: `e`
[INFO] [stdout]   --> src/controller.rs:21:17
[INFO] [stdout]    |
[INFO] [stdout] 21 |             Err(e) => {
[INFO] [stdout]    |                 ^ help: if this is intentional, prefix it with an underscore: `_e`
[INFO] [stdout]    |
[INFO] [stdout]    = note: `#[warn(unused_variables)]` on by default
[INFO] [stdout] 
[INFO] [stdout] 
[INFO] [stdout] warning: unused variable: `n`
[INFO] [stdout]   --> src/controller.rs:71:13
[INFO] [stdout]    |
[INFO] [stdout] 71 |         let n: u32;
[INFO] [stdout]    |             ^ help: if this is intentional, prefix it with an underscore: `_n`
[INFO] [stdout] 
[INFO] [stdout] 
[INFO] [stdout] warning: unused variable: `varlength`
[INFO] [stdout]   --> src/controller.rs:72:13
[INFO] [stdout]    |
[INFO] [stdout] 72 |         let varlength: u64;
[INFO] [stdout]    |             ^^^^^^^^^ help: if this is intentional, prefix it with an underscore: `_varlength`
[INFO] [stdout] 
[INFO] [stdout] 
[INFO] [stdout] warning: unused variable: `n`
[INFO] [stdout]    --> src/lib.rs:733:13
[INFO] [stdout]     |
[INFO] [stdout] 733 |         let n: u32;
[INFO] [stdout]     |             ^ help: if this is intentional, prefix it with an underscore: `_n`
[INFO] [stdout] 
[INFO] [stdout] 
[INFO] [stdout] warning: unused variable: `e`
[INFO] [stdout]     --> src/lib.rs:1286:17
[INFO] [stdout]      |
[INFO] [stdout] 1286 |             Err(e) => {
[INFO] [stdout]      |                 ^ help: if this is intentional, prefix it with an underscore: `_e`
[INFO] [stdout] 
[INFO] [stdout] 
[INFO] [stdout] warning: variable `smpte` is assigned to, but never used
[INFO] [stdout]     --> src/lib.rs:1315:17
[INFO] [stdout]      |
[INFO] [stdout] 1315 |         let mut smpte: u32;
[INFO] [stdout]      |                 ^^^^^
[INFO] [stdout]      |
[INFO] [stdout]      = note: consider using `_smpte` instead
[INFO] [stdout] 
[INFO] [stdout] 
[INFO] [stdout] warning: variable `tpf` is assigned to, but never used
[INFO] [stdout]     --> src/lib.rs:1316:17
[INFO] [stdout]      |
[INFO] [stdout] 1316 |         let mut tpf: u32;
[INFO] [stdout]      |                 ^^^
[INFO] [stdout]      |
[INFO] [stdout]      = note: consider using `_tpf` instead
[INFO] [stdout] 
[INFO] [stdout] 
[INFO] [stdout] warning: variable `found_header` is assigned to, but never used
[INFO] [stdout]     --> src/lib.rs:1321:17
[INFO] [stdout]      |
[INFO] [stdout] 1321 |         let mut found_header = false;
[INFO] [stdout]      |                 ^^^^^^^^^^^^
[INFO] [stdout]      |
[INFO] [stdout]      = note: consider using `_found_header` instead
[INFO] [stdout] 
[INFO] [stdout] 
[INFO] [stdout] warning: value assigned to `smpte` is never read
[INFO] [stdout]     --> src/lib.rs:1341:21
[INFO] [stdout]      |
[INFO] [stdout] 1341 |                     smpte = (((divword & 0x7F00) >> 8) as i8) as u32;
[INFO] [stdout]      |                     ^^^^^
[INFO] [stdout]      |
[INFO] [stdout]      = help: maybe it is overwritten before being read?
[INFO] [stdout]      = note: `#[warn(unused_assignments)]` on by default
[INFO] [stdout] 
[INFO] [stdout] 
[INFO] [stdout] warning: value assigned to `tpf` is never read
[INFO] [stdout]     --> src/lib.rs:1342:21
[INFO] [stdout]      |
[INFO] [stdout] 1342 |                     tpf = divword & 0x00FF;
[INFO] [stdout]      |                     ^^^
[INFO] [stdout]      |
[INFO] [stdout]      = help: maybe it is overwritten before being read?
[INFO] [stdout] 
[INFO] [stdout] 
[INFO] [stdout] warning: value assigned to `found_header` is never read
[INFO] [stdout]     --> src/lib.rs:1349:17
[INFO] [stdout]      |
[INFO] [stdout] 1349 |                 found_header = true;
[INFO] [stdout]      |                 ^^^^^^^^^^^^
[INFO] [stdout]      |
[INFO] [stdout]      = help: maybe it is overwritten before being read?
[INFO] [stdout] 
[INFO] [stdout] 
[INFO] [stdout] warning: unused variable: `bytes`
[INFO] [stdout]     --> src/lib.rs:1364:58
[INFO] [stdout]      |
[INFO] [stdout] 1364 |                         Err(ApresError::UnknownMetaEvent(bytes)) => {
[INFO] [stdout]      |                                                          ^^^^^ help: if this is intentional, prefix it with an underscore: `_bytes`
[INFO] [stdout] 
[INFO] [stdout] 
[INFO] [stdout] warning: unused variable: `bytes`
[INFO] [stdout]     --> src/lib.rs:1367:57
[INFO] [stdout]      |
[INFO] [stdout] 1367 |                         Err(ApresError::IllegibleString(bytes)) => {
[INFO] [stdout]      |                                                         ^^^^^ help: if this is intentional, prefix it with an underscore: `_bytes`
[INFO] [stdout] 
[INFO] [stdout] 
[INFO] [stdout] warning: unused variable: `n`
[INFO] [stdout]     --> src/lib.rs:1385:13
[INFO] [stdout]      |
[INFO] [stdout] 1385 |         let n: u32;
[INFO] [stdout]      |             ^ help: if this is intentional, prefix it with an underscore: `_n`
[INFO] [stdout] 
[INFO] [stdout] 
[INFO] [stdout] warning: unused variable: `varlength`
[INFO] [stdout]     --> src/lib.rs:1386:13
[INFO] [stdout]      |
[INFO] [stdout] 1386 |         let varlength: u64;
[INFO] [stdout]      |             ^^^^^^^^^ help: if this is intentional, prefix it with an underscore: `_varlength`
[INFO] [stdout] 
[INFO] [stdout] 
[INFO] [stdout] warning: unused variable: `e`
[INFO] [stdout]     --> src/lib.rs:1468:17
[INFO] [stdout]      |
[INFO] [stdout] 1468 |             Err(e) => {
[INFO] [stdout]      |                 ^ help: if this is intentional, prefix it with an underscore: `_e`
[INFO] [stdout] 
[INFO] [stdout] 
[INFO] [stdout] warning: unused variable: `track`
[INFO] [stdout]     --> src/lib.rs:1524:36
[INFO] [stdout]      |
[INFO] [stdout] 1524 |     pub fn get_track_length(&self, track: usize) -> usize {
[INFO] [stdout]      |                                    ^^^^^ help: if this is intentional, prefix it with an underscore: `_track`
[INFO] [stdout] 
[INFO] [stdout] 
[INFO] [stdout] warning: variable does not need to be mutable
[INFO] [stdout]     --> src/lib.rs:1672:24
[INFO] [stdout]      |
[INFO] [stdout] 1672 | fn build_key_signature(mut mi: u8, mut sf: u8) -> MIDIEvent {
[INFO] [stdout]      |                        ----^^
[INFO] [stdout]      |                        |
[INFO] [stdout]      |                        help: remove this `mut`
[INFO] [stdout]      |
[INFO] [stdout]      = note: `#[warn(unused_mut)]` on by default
[INFO] [stdout] 
[INFO] [stdout] 
[INFO] [stdout] warning: variable does not need to be mutable
[INFO] [stdout]     --> src/lib.rs:1672:36
[INFO] [stdout]      |
[INFO] [stdout] 1672 | fn build_key_signature(mut mi: u8, mut sf: u8) -> MIDIEvent {
[INFO] [stdout]      |                                    ----^^
[INFO] [stdout]      |                                    |
[INFO] [stdout]      |                                    help: remove this `mut`
[INFO] [stdout] 
[INFO] [stdout] 
[INFO] [stdout] warning: unused `Result` that must be used
[INFO] [stdout]     --> src/lib.rs:1280:17
[INFO] [stdout]      |
[INFO] [stdout] 1280 |                 file.read(&mut buffer);
[INFO] [stdout]      |                 ^^^^^^^^^^^^^^^^^^^^^^
[INFO] [stdout]      |
[INFO] [stdout]      = note: this `Result` may be an `Err` variant, which should be handled
[INFO] [stdout]      = note: `#[warn(unused_must_use)]` on by default
[INFO] [stdout] help: use `let _ = ...` to ignore the resulting value
[INFO] [stdout]      |
[INFO] [stdout] 1280 |                 let _ = file.read(&mut buffer);
[INFO] [stdout]      |                 +++++++
[INFO] [stdout] 
[INFO] [stdout] 
[INFO] [stdout] warning: unused `Result` that must be used
[INFO] [stdout]     --> src/lib.rs:1466:17
[INFO] [stdout]      |
[INFO] [stdout] 1466 |                 file.write_all(bytes.as_slice());
[INFO] [stdout]      |                 ^^^^^^^^^^^^^^^^^^^^^^^^^^^^^^^^
[INFO] [stdout]      |
[INFO] [stdout]      = note: this `Result` may be an `Err` variant, which should be handled
[INFO] [stdout] help: use `let _ = ...` to ignore the resulting value
[INFO] [stdout]      |
[INFO] [stdout] 1466 |                 let _ = file.write_all(bytes.as_slice());
[INFO] [stdout]      |                 +++++++
[INFO] [stdout] 
[INFO] [stdout] 
[INFO] [stdout] warning: 28 warnings emitted
[INFO] [stdout] 
[INFO] [stdout] 
[INFO] [stderr]     Finished dev [unoptimized + debuginfo] target(s) in 0.40s
[INFO] running `Command { std: "docker" "inspect" "7404584e82f9b7441cbe653fdd3c5233115343d1e23b32669563b8e659fff26e", kill_on_drop: false }`
[INFO] running `Command { std: "docker" "rm" "-f" "7404584e82f9b7441cbe653fdd3c5233115343d1e23b32669563b8e659fff26e", kill_on_drop: false }`
[INFO] [stdout] 7404584e82f9b7441cbe653fdd3c5233115343d1e23b32669563b8e659fff26e
[INFO] running `Command { std: "docker" "create" "-v" "/var/lib/crater-agent-workspace/builds/worker-4-tc2/target:/opt/rustwide/target:rw,Z" "-v" "/var/lib/crater-agent-workspace/builds/worker-4-tc2/source:/opt/rustwide/workdir:ro,Z" "-v" "/var/lib/crater-agent-workspace/cargo-home:/opt/rustwide/cargo-home:ro,Z" "-v" "/var/lib/crater-agent-workspace/rustup-home:/opt/rustwide/rustup-home:ro,Z" "-e" "SOURCE_DIR=/opt/rustwide/workdir" "-e" "CARGO_TARGET_DIR=/opt/rustwide/target" "-e" "CARGO_INCREMENTAL=0" "-e" "RUST_BACKTRACE=full" "-e" "RUSTFLAGS=--cap-lints=warn" "-e" "RUSTDOCFLAGS=--cap-lints=warn" "-e" "CARGO_HOME=/opt/rustwide/cargo-home" "-e" "RUSTUP_HOME=/opt/rustwide/rustup-home" "-w" "/opt/rustwide/workdir" "-m" "1610612736" "--user" "0:0" "--network" "none" "ghcr.io/rust-lang/crates-build-env/linux@sha256:5ff2268d62e97bff2cde7d5815dd6ed5b47097566f13b8d0ca110b04b60e07ed" "/opt/rustwide/cargo-home/bin/cargo" "+beta-2023-04-20" "test" "--frozen" "--no-run" "--message-format=json", kill_on_drop: false }`
[INFO] [stdout] 5c7ab7fe92b7135d90f23ccd6831428ece1510e37b10a28b8f94574eaf59b2f1
[INFO] running `Command { std: "docker" "start" "-a" "5c7ab7fe92b7135d90f23ccd6831428ece1510e37b10a28b8f94574eaf59b2f1", kill_on_drop: false }`
[INFO] [stdout] warning: unused import: `min`
[INFO] [stdout]  --> src/lib.rs:3:21
[INFO] [stdout]   |
[INFO] [stdout] 3 | use std::cmp::{max, min};
[INFO] [stdout]   |                     ^^^
[INFO] [stdout]   |
[INFO] [stdout]   = note: `#[warn(unused_imports)]` on by default
[INFO] [stdout] 
[INFO] [stdout] 
[INFO] [stdout] warning: unused import: `super::MIDIEvent::*`
[INFO] [stdout]  --> src/tests.rs:3:5
[INFO] [stdout]   |
[INFO] [stdout] 3 | use super::MIDIEvent::*;
[INFO] [stdout]   |     ^^^^^^^^^^^^^^^^^^^
[INFO] [stdout]   |
[INFO] [stdout] help: consider adding a `#[cfg(test)]` to the containing module
[INFO] [stdout]  --> src/lib.rs:6:1
[INFO] [stdout]   |
[INFO] [stdout] 6 | pub mod tests;
[INFO] [stdout]   | ^^^^^^^^^^^^^^
[INFO] [stdout] 
[INFO] [stdout] 
[INFO] [stdout] warning: unused imports: `Duration`, `Instant`
[INFO] [stdout]  --> src/controller.rs:4:17
[INFO] [stdout]   |
[INFO] [stdout] 4 | use std::time::{Duration, Instant};
[INFO] [stdout]   |                 ^^^^^^^^  ^^^^^^^
[INFO] [stdout] 
[INFO] [stdout] 
[INFO] [stdout] warning: floating-point types cannot be used in patterns
[INFO] [stdout]    --> src/lib.rs:681:21
[INFO] [stdout]     |
[INFO] [stdout] 681 |                     24.0 => { 0 }
[INFO] [stdout]     |                     ^^^^
[INFO] [stdout]     |
[INFO] [stdout]     = warning: this was previously accepted by the compiler but is being phased out; it will become a hard error in a future release!
[INFO] [stdout]     = note: for more information, see issue #41620 <https://github.com/rust-lang/rust/issues/41620>
[INFO] [stdout]     = note: `#[warn(illegal_floating_point_literal_pattern)]` on by default
[INFO] [stdout] 
[INFO] [stdout] 
[INFO] [stdout] warning: floating-point types cannot be used in patterns
[INFO] [stdout]    --> src/lib.rs:682:21
[INFO] [stdout]     |
[INFO] [stdout] 682 |                     25.0 => { 1 }
[INFO] [stdout]     |                     ^^^^
[INFO] [stdout]     |
[INFO] [stdout]     = warning: this was previously accepted by the compiler but is being phased out; it will become a hard error in a future release!
[INFO] [stdout]     = note: for more information, see issue #41620 <https://github.com/rust-lang/rust/issues/41620>
[INFO] [stdout] 
[INFO] [stdout] 
[INFO] [stdout] warning: floating-point types cannot be used in patterns
[INFO] [stdout]    --> src/lib.rs:683:21
[INFO] [stdout]     |
[INFO] [stdout] 683 |                     27.97 => { 2 }
[INFO] [stdout]     |                     ^^^^^
[INFO] [stdout]     |
[INFO] [stdout]     = warning: this was previously accepted by the compiler but is being phased out; it will become a hard error in a future release!
[INFO] [stdout]     = note: for more information, see issue #41620 <https://github.com/rust-lang/rust/issues/41620>
[INFO] [stdout] 
[INFO] [stdout] 
[INFO] [stdout] warning: floating-point types cannot be used in patterns
[INFO] [stdout]    --> src/lib.rs:684:21
[INFO] [stdout]     |
[INFO] [stdout] 684 |                     30.0 => { 3 }
[INFO] [stdout]     |                     ^^^^
[INFO] [stdout]     |
[INFO] [stdout]     = warning: this was previously accepted by the compiler but is being phased out; it will become a hard error in a future release!
[INFO] [stdout]     = note: for more information, see issue #41620 <https://github.com/rust-lang/rust/issues/41620>
[INFO] [stdout] 
[INFO] [stdout] 
[INFO] [stdout] warning: unused variable: `e`
[INFO] [stdout]   --> src/controller.rs:21:17
[INFO] [stdout]    |
[INFO] [stdout] 21 |             Err(e) => {
[INFO] [stdout]    |                 ^ help: if this is intentional, prefix it with an underscore: `_e`
[INFO] [stdout]    |
[INFO] [stdout]    = note: `#[warn(unused_variables)]` on by default
[INFO] [stdout] 
[INFO] [stdout] 
[INFO] [stdout] warning: unused variable: `n`
[INFO] [stdout]   --> src/controller.rs:71:13
[INFO] [stdout]    |
[INFO] [stdout] 71 |         let n: u32;
[INFO] [stdout]    |             ^ help: if this is intentional, prefix it with an underscore: `_n`
[INFO] [stdout] 
[INFO] [stdout] 
[INFO] [stdout] warning: unused variable: `varlength`
[INFO] [stdout]   --> src/controller.rs:72:13
[INFO] [stdout]    |
[INFO] [stdout] 72 |         let varlength: u64;
[INFO] [stdout]    |             ^^^^^^^^^ help: if this is intentional, prefix it with an underscore: `_varlength`
[INFO] [stdout] 
[INFO] [stdout] 
[INFO] [stdout] warning: unused variable: `n`
[INFO] [stdout]    --> src/lib.rs:733:13
[INFO] [stdout]     |
[INFO] [stdout] 733 |         let n: u32;
[INFO] [stdout]     |             ^ help: if this is intentional, prefix it with an underscore: `_n`
[INFO] [stdout] 
[INFO] [stdout] 
[INFO] [stdout] warning: unused variable: `e`
[INFO] [stdout]     --> src/lib.rs:1286:17
[INFO] [stdout]      |
[INFO] [stdout] 1286 |             Err(e) => {
[INFO] [stdout]      |                 ^ help: if this is intentional, prefix it with an underscore: `_e`
[INFO] [stdout] 
[INFO] [stdout] 
[INFO] [stdout] warning: variable `smpte` is assigned to, but never used
[INFO] [stdout]     --> src/lib.rs:1315:17
[INFO] [stdout]      |
[INFO] [stdout] 1315 |         let mut smpte: u32;
[INFO] [stdout]      |                 ^^^^^
[INFO] [stdout]      |
[INFO] [stdout]      = note: consider using `_smpte` instead
[INFO] [stdout] 
[INFO] [stdout] 
[INFO] [stdout] warning: variable `tpf` is assigned to, but never used
[INFO] [stdout]     --> src/lib.rs:1316:17
[INFO] [stdout]      |
[INFO] [stdout] 1316 |         let mut tpf: u32;
[INFO] [stdout]      |                 ^^^
[INFO] [stdout]      |
[INFO] [stdout]      = note: consider using `_tpf` instead
[INFO] [stdout] 
[INFO] [stdout] 
[INFO] [stdout] warning: variable `found_header` is assigned to, but never used
[INFO] [stdout]     --> src/lib.rs:1321:17
[INFO] [stdout]      |
[INFO] [stdout] 1321 |         let mut found_header = false;
[INFO] [stdout]      |                 ^^^^^^^^^^^^
[INFO] [stdout]      |
[INFO] [stdout]      = note: consider using `_found_header` instead
[INFO] [stdout] 
[INFO] [stdout] 
[INFO] [stdout] warning: value assigned to `smpte` is never read
[INFO] [stdout]     --> src/lib.rs:1341:21
[INFO] [stdout]      |
[INFO] [stdout] 1341 |                     smpte = (((divword & 0x7F00) >> 8) as i8) as u32;
[INFO] [stdout]      |                     ^^^^^
[INFO] [stdout]      |
[INFO] [stdout]      = help: maybe it is overwritten before being read?
[INFO] [stdout]      = note: `#[warn(unused_assignments)]` on by default
[INFO] [stdout] 
[INFO] [stdout] 
[INFO] [stdout] warning: value assigned to `tpf` is never read
[INFO] [stdout]     --> src/lib.rs:1342:21
[INFO] [stdout]      |
[INFO] [stdout] 1342 |                     tpf = divword & 0x00FF;
[INFO] [stdout]      |                     ^^^
[INFO] [stdout]      |
[INFO] [stdout]      = help: maybe it is overwritten before being read?
[INFO] [stdout] 
[INFO] [stdout] 
[INFO] [stdout] warning: value assigned to `found_header` is never read
[INFO] [stdout]     --> src/lib.rs:1349:17
[INFO] [stdout]      |
[INFO] [stdout] 1349 |                 found_header = true;
[INFO] [stdout]      |                 ^^^^^^^^^^^^
[INFO] [stdout]      |
[INFO] [stdout]      = help: maybe it is overwritten before being read?
[INFO] [stdout] 
[INFO] [stdout] 
[INFO] [stdout] warning: unused variable: `bytes`
[INFO] [stdout]     --> src/lib.rs:1364:58
[INFO] [stdout]      |
[INFO] [stdout] 1364 |                         Err(ApresError::UnknownMetaEvent(bytes)) => {
[INFO] [stdout]      |                                                          ^^^^^ help: if this is intentional, prefix it with an underscore: `_bytes`
[INFO] [stdout] 
[INFO] [stdout] 
[INFO] [stdout] warning: unused variable: `bytes`
[INFO] [stdout]     --> src/lib.rs:1367:57
[INFO] [stdout]      |
[INFO] [stdout] 1367 |                         Err(ApresError::IllegibleString(bytes)) => {
[INFO] [stdout]      |                                                         ^^^^^ help: if this is intentional, prefix it with an underscore: `_bytes`
[INFO] [stdout] 
[INFO] [stdout] 
[INFO] [stdout] warning: unused variable: `n`
[INFO] [stdout]     --> src/lib.rs:1385:13
[INFO] [stdout]      |
[INFO] [stdout] 1385 |         let n: u32;
[INFO] [stdout]      |             ^ help: if this is intentional, prefix it with an underscore: `_n`
[INFO] [stdout] 
[INFO] [stdout] 
[INFO] [stdout] warning: unused variable: `varlength`
[INFO] [stdout]     --> src/lib.rs:1386:13
[INFO] [stdout]      |
[INFO] [stdout] 1386 |         let varlength: u64;
[INFO] [stdout]      |             ^^^^^^^^^ help: if this is intentional, prefix it with an underscore: `_varlength`
[INFO] [stdout] 
[INFO] [stdout] 
[INFO] [stdout] warning: unused variable: `e`
[INFO] [stdout]     --> src/lib.rs:1468:17
[INFO] [stdout]      |
[INFO] [stdout] 1468 |             Err(e) => {
[INFO] [stdout]      |                 ^ help: if this is intentional, prefix it with an underscore: `_e`
[INFO] [stdout] 
[INFO] [stdout] 
[INFO] [stdout] warning: unused variable: `track`
[INFO] [stdout]     --> src/lib.rs:1524:36
[INFO] [stdout]      |
[INFO] [stdout] 1524 |     pub fn get_track_length(&self, track: usize) -> usize {
[INFO] [stdout]      |                                    ^^^^^ help: if this is intentional, prefix it with an underscore: `_track`
[INFO] [stdout] 
[INFO] [stdout] 
[INFO] [stdout] warning: variable does not need to be mutable
[INFO] [stdout]     --> src/lib.rs:1672:24
[INFO] [stdout]      |
[INFO] [stdout] 1672 | fn build_key_signature(mut mi: u8, mut sf: u8) -> MIDIEvent {
[INFO] [stdout]      |                        ----^^
[INFO] [stdout]      |                        |
[INFO] [stdout]      |                        help: remove this `mut`
[INFO] [stdout]      |
[INFO] [stdout]      = note: `#[warn(unused_mut)]` on by default
[INFO] [stdout] 
[INFO] [stdout] 
[INFO] [stdout] warning: variable does not need to be mutable
[INFO] [stdout]     --> src/lib.rs:1672:36
[INFO] [stdout]      |
[INFO] [stdout] 1672 | fn build_key_signature(mut mi: u8, mut sf: u8) -> MIDIEvent {
[INFO] [stdout]      |                                    ----^^
[INFO] [stdout]      |                                    |
[INFO] [stdout]      |                                    help: remove this `mut`
[INFO] [stdout] 
[INFO] [stdout] 
[INFO] [stdout] warning: unused `Result` that must be used
[INFO] [stdout]     --> src/lib.rs:1280:17
[INFO] [stdout]      |
[INFO] [stdout] 1280 |                 file.read(&mut buffer);
[INFO] [stdout]      |                 ^^^^^^^^^^^^^^^^^^^^^^
[INFO] [stdout]      |
[INFO] [stdout]      = note: this `Result` may be an `Err` variant, which should be handled
[INFO] [stdout]      = note: `#[warn(unused_must_use)]` on by default
[INFO] [stdout] help: use `let _ = ...` to ignore the resulting value
[INFO] [stdout]      |
[INFO] [stdout] 1280 |                 let _ = file.read(&mut buffer);
[INFO] [stdout]      |                 +++++++
[INFO] [stdout] 
[INFO] [stdout] 
[INFO] [stdout] warning: unused `Result` that must be used
[INFO] [stdout]     --> src/lib.rs:1466:17
[INFO] [stdout]      |
[INFO] [stdout] 1466 |                 file.write_all(bytes.as_slice());
[INFO] [stdout]      |                 ^^^^^^^^^^^^^^^^^^^^^^^^^^^^^^^^
[INFO] [stdout]      |
[INFO] [stdout]      = note: this `Result` may be an `Err` variant, which should be handled
[INFO] [stdout] help: use `let _ = ...` to ignore the resulting value
[INFO] [stdout]      |
[INFO] [stdout] 1466 |                 let _ = file.write_all(bytes.as_slice());
[INFO] [stdout]      |                 +++++++
[INFO] [stdout] 
[INFO] [stdout] 
[INFO] [stdout] warning: 28 warnings emitted
[INFO] [stdout] 
[INFO] [stdout] 
[INFO] [stderr]    Compiling apres v0.3.4 (/opt/rustwide/workdir)
[INFO] [stdout] warning: unused import: `min`
[INFO] [stdout]  --> src/lib.rs:3:21
[INFO] [stdout]   |
[INFO] [stdout] 3 | use std::cmp::{max, min};
[INFO] [stdout]   |                     ^^^
[INFO] [stdout]   |
[INFO] [stdout]   = note: `#[warn(unused_imports)]` on by default
[INFO] [stdout] 
[INFO] [stdout] 
[INFO] [stdout] warning: unused imports: `Duration`, `Instant`
[INFO] [stdout]  --> src/controller.rs:4:17
[INFO] [stdout]   |
[INFO] [stdout] 4 | use std::time::{Duration, Instant};
[INFO] [stdout]   |                 ^^^^^^^^  ^^^^^^^
[INFO] [stdout] 
[INFO] [stdout] 
[INFO] [stdout] warning: floating-point types cannot be used in patterns
[INFO] [stdout]    --> src/lib.rs:681:21
[INFO] [stdout]     |
[INFO] [stdout] 681 |                     24.0 => { 0 }
[INFO] [stdout]     |                     ^^^^
[INFO] [stdout]     |
[INFO] [stdout]     = warning: this was previously accepted by the compiler but is being phased out; it will become a hard error in a future release!
[INFO] [stdout]     = note: for more information, see issue #41620 <https://github.com/rust-lang/rust/issues/41620>
[INFO] [stdout]     = note: `#[warn(illegal_floating_point_literal_pattern)]` on by default
[INFO] [stdout] 
[INFO] [stdout] 
[INFO] [stdout] warning: floating-point types cannot be used in patterns
[INFO] [stdout]    --> src/lib.rs:682:21
[INFO] [stdout]     |
[INFO] [stdout] 682 |                     25.0 => { 1 }
[INFO] [stdout]     |                     ^^^^
[INFO] [stdout]     |
[INFO] [stdout]     = warning: this was previously accepted by the compiler but is being phased out; it will become a hard error in a future release!
[INFO] [stdout]     = note: for more information, see issue #41620 <https://github.com/rust-lang/rust/issues/41620>
[INFO] [stdout] 
[INFO] [stdout] 
[INFO] [stdout] warning: floating-point types cannot be used in patterns
[INFO] [stdout]    --> src/lib.rs:683:21
[INFO] [stdout]     |
[INFO] [stdout] 683 |                     27.97 => { 2 }
[INFO] [stdout]     |                     ^^^^^
[INFO] [stdout]     |
[INFO] [stdout]     = warning: this was previously accepted by the compiler but is being phased out; it will become a hard error in a future release!
[INFO] [stdout]     = note: for more information, see issue #41620 <https://github.com/rust-lang/rust/issues/41620>
[INFO] [stdout] 
[INFO] [stdout] 
[INFO] [stdout] warning: floating-point types cannot be used in patterns
[INFO] [stdout]    --> src/lib.rs:684:21
[INFO] [stdout]     |
[INFO] [stdout] 684 |                     30.0 => { 3 }
[INFO] [stdout]     |                     ^^^^
[INFO] [stdout]     |
[INFO] [stdout]     = warning: this was previously accepted by the compiler but is being phased out; it will become a hard error in a future release!
[INFO] [stdout]     = note: for more information, see issue #41620 <https://github.com/rust-lang/rust/issues/41620>
[INFO] [stdout] 
[INFO] [stdout] 
[INFO] [stdout] warning: unused variable: `bpm`
[INFO] [stdout]    --> src/tests.rs:261:10
[INFO] [stdout]     |
[INFO] [stdout] 261 |     for (bpm, expected_uspqn) in test_cases_bpm.iter() {
[INFO] [stdout]     |          ^^^ help: if this is intentional, prefix it with an underscore: `_bpm`
[INFO] [stdout]     |
[INFO] [stdout]     = note: `#[warn(unused_variables)]` on by default
[INFO] [stdout] 
[INFO] [stdout] 
[INFO] [stdout] warning: unused variable: `e`
[INFO] [stdout]   --> src/controller.rs:21:17
[INFO] [stdout]    |
[INFO] [stdout] 21 |             Err(e) => {
[INFO] [stdout]    |                 ^ help: if this is intentional, prefix it with an underscore: `_e`
[INFO] [stdout] 
[INFO] [stdout] 
[INFO] [stdout] warning: unused variable: `n`
[INFO] [stdout]   --> src/controller.rs:71:13
[INFO] [stdout]    |
[INFO] [stdout] 71 |         let n: u32;
[INFO] [stdout]    |             ^ help: if this is intentional, prefix it with an underscore: `_n`
[INFO] [stdout] 
[INFO] [stdout] 
[INFO] [stdout] warning: unused variable: `varlength`
[INFO] [stdout]   --> src/controller.rs:72:13
[INFO] [stdout]    |
[INFO] [stdout] 72 |         let varlength: u64;
[INFO] [stdout]    |             ^^^^^^^^^ help: if this is intentional, prefix it with an underscore: `_varlength`
[INFO] [stdout] 
[INFO] [stdout] 
[INFO] [stdout] warning: unused variable: `n`
[INFO] [stdout]    --> src/lib.rs:733:13
[INFO] [stdout]     |
[INFO] [stdout] 733 |         let n: u32;
[INFO] [stdout]     |             ^ help: if this is intentional, prefix it with an underscore: `_n`
[INFO] [stdout] 
[INFO] [stdout] 
[INFO] [stdout] warning: unused variable: `e`
[INFO] [stdout]     --> src/lib.rs:1286:17
[INFO] [stdout]      |
[INFO] [stdout] 1286 |             Err(e) => {
[INFO] [stdout]      |                 ^ help: if this is intentional, prefix it with an underscore: `_e`
[INFO] [stdout] 
[INFO] [stdout] 
[INFO] [stdout] warning: variable `smpte` is assigned to, but never used
[INFO] [stdout]     --> src/lib.rs:1315:17
[INFO] [stdout]      |
[INFO] [stdout] 1315 |         let mut smpte: u32;
[INFO] [stdout]      |                 ^^^^^
[INFO] [stdout]      |
[INFO] [stdout]      = note: consider using `_smpte` instead
[INFO] [stdout] 
[INFO] [stdout] 
[INFO] [stdout] warning: variable `tpf` is assigned to, but never used
[INFO] [stdout]     --> src/lib.rs:1316:17
[INFO] [stdout]      |
[INFO] [stdout] 1316 |         let mut tpf: u32;
[INFO] [stdout]      |                 ^^^
[INFO] [stdout]      |
[INFO] [stdout]      = note: consider using `_tpf` instead
[INFO] [stdout] 
[INFO] [stdout] 
[INFO] [stdout] warning: variable `found_header` is assigned to, but never used
[INFO] [stdout]     --> src/lib.rs:1321:17
[INFO] [stdout]      |
[INFO] [stdout] 1321 |         let mut found_header = false;
[INFO] [stdout]      |                 ^^^^^^^^^^^^
[INFO] [stdout]      |
[INFO] [stdout]      = note: consider using `_found_header` instead
[INFO] [stdout] 
[INFO] [stdout] 
[INFO] [stdout] warning: value assigned to `smpte` is never read
[INFO] [stdout]     --> src/lib.rs:1341:21
[INFO] [stdout]      |
[INFO] [stdout] 1341 |                     smpte = (((divword & 0x7F00) >> 8) as i8) as u32;
[INFO] [stdout]      |                     ^^^^^
[INFO] [stdout]      |
[INFO] [stdout]      = help: maybe it is overwritten before being read?
[INFO] [stdout]      = note: `#[warn(unused_assignments)]` on by default
[INFO] [stdout] 
[INFO] [stdout] 
[INFO] [stdout] warning: value assigned to `tpf` is never read
[INFO] [stdout]     --> src/lib.rs:1342:21
[INFO] [stdout]      |
[INFO] [stdout] 1342 |                     tpf = divword & 0x00FF;
[INFO] [stdout]      |                     ^^^
[INFO] [stdout]      |
[INFO] [stdout]      = help: maybe it is overwritten before being read?
[INFO] [stdout] 
[INFO] [stdout] 
[INFO] [stdout] warning: value assigned to `found_header` is never read
[INFO] [stdout]     --> src/lib.rs:1349:17
[INFO] [stdout]      |
[INFO] [stdout] 1349 |                 found_header = true;
[INFO] [stdout]      |                 ^^^^^^^^^^^^
[INFO] [stdout]      |
[INFO] [stdout]      = help: maybe it is overwritten before being read?
[INFO] [stdout] 
[INFO] [stdout] 
[INFO] [stdout] warning: unused variable: `bytes`
[INFO] [stdout]     --> src/lib.rs:1364:58
[INFO] [stdout]      |
[INFO] [stdout] 1364 |                         Err(ApresError::UnknownMetaEvent(bytes)) => {
[INFO] [stdout]      |                                                          ^^^^^ help: if this is intentional, prefix it with an underscore: `_bytes`
[INFO] [stdout] 
[INFO] [stdout] 
[INFO] [stdout] warning: unused variable: `bytes`
[INFO] [stdout]     --> src/lib.rs:1367:57
[INFO] [stdout]      |
[INFO] [stdout] 1367 |                         Err(ApresError::IllegibleString(bytes)) => {
[INFO] [stdout]      |                                                         ^^^^^ help: if this is intentional, prefix it with an underscore: `_bytes`
[INFO] [stdout] 
[INFO] [stdout] 
[INFO] [stdout] warning: unused variable: `n`
[INFO] [stdout]     --> src/lib.rs:1385:13
[INFO] [stdout]      |
[INFO] [stdout] 1385 |         let n: u32;
[INFO] [stdout]      |             ^ help: if this is intentional, prefix it with an underscore: `_n`
[INFO] [stdout] 
[INFO] [stdout] 
[INFO] [stdout] warning: unused variable: `varlength`
[INFO] [stdout]     --> src/lib.rs:1386:13
[INFO] [stdout]      |
[INFO] [stdout] 1386 |         let varlength: u64;
[INFO] [stdout]      |             ^^^^^^^^^ help: if this is intentional, prefix it with an underscore: `_varlength`
[INFO] [stdout] 
[INFO] [stdout] 
[INFO] [stdout] warning: unused variable: `e`
[INFO] [stdout]     --> src/lib.rs:1468:17
[INFO] [stdout]      |
[INFO] [stdout] 1468 |             Err(e) => {
[INFO] [stdout]      |                 ^ help: if this is intentional, prefix it with an underscore: `_e`
[INFO] [stdout] 
[INFO] [stdout] 
[INFO] [stdout] warning: unused variable: `track`
[INFO] [stdout]     --> src/lib.rs:1524:36
[INFO] [stdout]      |
[INFO] [stdout] 1524 |     pub fn get_track_length(&self, track: usize) -> usize {
[INFO] [stdout]      |                                    ^^^^^ help: if this is intentional, prefix it with an underscore: `_track`
[INFO] [stdout] 
[INFO] [stdout] 
[INFO] [stdout] warning: variable does not need to be mutable
[INFO] [stdout]    --> src/tests.rs:245:13
[INFO] [stdout]     |
[INFO] [stdout] 245 |         let mut event = ChannelPrefix(i as u8);
[INFO] [stdout]     |             ----^^^^^
[INFO] [stdout]     |             |
[INFO] [stdout]     |             help: remove this `mut`
[INFO] [stdout]     |
[INFO] [stdout]     = note: `#[warn(unused_mut)]` on by default
[INFO] [stdout] 
[INFO] [stdout] 
[INFO] [stdout] warning: variable does not need to be mutable
[INFO] [stdout]    --> src/tests.rs:262:13
[INFO] [stdout]     |
[INFO] [stdout] 262 |         let mut event = SetTempo(*expected_uspqn);
[INFO] [stdout]     |             ----^^^^^
[INFO] [stdout]     |             |
[INFO] [stdout]     |             help: remove this `mut`
[INFO] [stdout] 
[INFO] [stdout] 
[INFO] [stdout] warning: variable does not need to be mutable
[INFO] [stdout]     --> src/lib.rs:1672:24
[INFO] [stdout]      |
[INFO] [stdout] 1672 | fn build_key_signature(mut mi: u8, mut sf: u8) -> MIDIEvent {
[INFO] [stdout]      |                        ----^^
[INFO] [stdout]      |                        |
[INFO] [stdout]      |                        help: remove this `mut`
[INFO] [stdout] 
[INFO] [stdout] 
[INFO] [stdout] warning: variable does not need to be mutable
[INFO] [stdout]     --> src/lib.rs:1672:36
[INFO] [stdout]      |
[INFO] [stdout] 1672 | fn build_key_signature(mut mi: u8, mut sf: u8) -> MIDIEvent {
[INFO] [stdout]      |                                    ----^^
[INFO] [stdout]      |                                    |
[INFO] [stdout]      |                                    help: remove this `mut`
[INFO] [stdout] 
[INFO] [stdout] 
[INFO] [stdout] warning: unused `Result` that must be used
[INFO] [stdout]     --> src/lib.rs:1280:17
[INFO] [stdout]      |
[INFO] [stdout] 1280 |                 file.read(&mut buffer);
[INFO] [stdout]      |                 ^^^^^^^^^^^^^^^^^^^^^^
[INFO] [stdout]      |
[INFO] [stdout]      = note: this `Result` may be an `Err` variant, which should be handled
[INFO] [stdout]      = note: `#[warn(unused_must_use)]` on by default
[INFO] [stdout] help: use `let _ = ...` to ignore the resulting value
[INFO] [stdout]      |
[INFO] [stdout] 1280 |                 let _ = file.read(&mut buffer);
[INFO] [stdout]      |                 +++++++
[INFO] [stdout] 
[INFO] [stdout] 
[INFO] [stdout] warning: unused `Result` that must be used
[INFO] [stdout]     --> src/lib.rs:1466:17
[INFO] [stdout]      |
[INFO] [stdout] 1466 |                 file.write_all(bytes.as_slice());
[INFO] [stdout]      |                 ^^^^^^^^^^^^^^^^^^^^^^^^^^^^^^^^
[INFO] [stdout]      |
[INFO] [stdout]      = note: this `Result` may be an `Err` variant, which should be handled
[INFO] [stdout] help: use `let _ = ...` to ignore the resulting value
[INFO] [stdout]      |
[INFO] [stdout] 1466 |                 let _ = file.write_all(bytes.as_slice());
[INFO] [stdout]      |                 +++++++
[INFO] [stdout] 
[INFO] [stdout] 
[INFO] [stdout] warning: 30 warnings emitted
[INFO] [stdout] 
[INFO] [stdout] 
[INFO] [stderr]     Finished test [unoptimized + debuginfo] target(s) in 0.56s
[INFO] running `Command { std: "docker" "inspect" "5c7ab7fe92b7135d90f23ccd6831428ece1510e37b10a28b8f94574eaf59b2f1", kill_on_drop: false }`
[INFO] running `Command { std: "docker" "rm" "-f" "5c7ab7fe92b7135d90f23ccd6831428ece1510e37b10a28b8f94574eaf59b2f1", kill_on_drop: false }`
[INFO] [stdout] 5c7ab7fe92b7135d90f23ccd6831428ece1510e37b10a28b8f94574eaf59b2f1
[INFO] running `Command { std: "docker" "create" "-v" "/var/lib/crater-agent-workspace/builds/worker-4-tc2/target:/opt/rustwide/target:rw,Z" "-v" "/var/lib/crater-agent-workspace/builds/worker-4-tc2/source:/opt/rustwide/workdir:ro,Z" "-v" "/var/lib/crater-agent-workspace/cargo-home:/opt/rustwide/cargo-home:ro,Z" "-v" "/var/lib/crater-agent-workspace/rustup-home:/opt/rustwide/rustup-home:ro,Z" "-e" "SOURCE_DIR=/opt/rustwide/workdir" "-e" "CARGO_TARGET_DIR=/opt/rustwide/target" "-e" "CARGO_INCREMENTAL=0" "-e" "RUST_BACKTRACE=full" "-e" "RUSTFLAGS=--cap-lints=warn" "-e" "RUSTDOCFLAGS=--cap-lints=warn" "-e" "CARGO_HOME=/opt/rustwide/cargo-home" "-e" "RUSTUP_HOME=/opt/rustwide/rustup-home" "-w" "/opt/rustwide/workdir" "-m" "1610612736" "--user" "0:0" "--network" "none" "ghcr.io/rust-lang/crates-build-env/linux@sha256:5ff2268d62e97bff2cde7d5815dd6ed5b47097566f13b8d0ca110b04b60e07ed" "/opt/rustwide/cargo-home/bin/cargo" "+beta-2023-04-20" "test" "--frozen", kill_on_drop: false }`
[INFO] [stdout] 0e331ad46db7e971cf878aa53d234746d648ad124f39e7bd41f7089062ca0951
[INFO] running `Command { std: "docker" "start" "-a" "0e331ad46db7e971cf878aa53d234746d648ad124f39e7bd41f7089062ca0951", kill_on_drop: false }`
[INFO] [stderr] warning: unused import: `min`
[INFO] [stderr]  --> src/lib.rs:3:21
[INFO] [stderr]   |
[INFO] [stderr] 3 | use std::cmp::{max, min};
[INFO] [stderr]   |                     ^^^
[INFO] [stderr]   |
[INFO] [stderr]   = note: `#[warn(unused_imports)]` on by default
[INFO] [stderr] 
[INFO] [stderr] warning: unused import: `super::MIDIEvent::*`
[INFO] [stderr]  --> src/tests.rs:3:5
[INFO] [stderr]   |
[INFO] [stderr] 3 | use super::MIDIEvent::*;
[INFO] [stderr]   |     ^^^^^^^^^^^^^^^^^^^
[INFO] [stderr]   |
[INFO] [stderr] help: consider adding a `#[cfg(test)]` to the containing module
[INFO] [stderr]  --> src/lib.rs:6:1
[INFO] [stderr]   |
[INFO] [stderr] 6 | pub mod tests;
[INFO] [stderr]   | ^^^^^^^^^^^^^^
[INFO] [stderr] 
[INFO] [stderr] warning: unused imports: `Duration`, `Instant`
[INFO] [stderr]  --> src/controller.rs:4:17
[INFO] [stderr]   |
[INFO] [stderr] 4 | use std::time::{Duration, Instant};
[INFO] [stderr]   |                 ^^^^^^^^  ^^^^^^^
[INFO] [stderr] 
[INFO] [stderr] warning: floating-point types cannot be used in patterns
[INFO] [stderr]    --> src/lib.rs:681:21
[INFO] [stderr]     |
[INFO] [stderr] 681 |                     24.0 => { 0 }
[INFO] [stderr]     |                     ^^^^
[INFO] [stderr]     |
[INFO] [stderr]     = warning: this was previously accepted by the compiler but is being phased out; it will become a hard error in a future release!
[INFO] [stderr]     = note: for more information, see issue #41620 <https://github.com/rust-lang/rust/issues/41620>
[INFO] [stderr]     = note: `#[warn(illegal_floating_point_literal_pattern)]` on by default
[INFO] [stderr] 
[INFO] [stderr] warning: floating-point types cannot be used in patterns
[INFO] [stderr]    --> src/lib.rs:682:21
[INFO] [stderr]     |
[INFO] [stderr] 682 |                     25.0 => { 1 }
[INFO] [stderr]     |                     ^^^^
[INFO] [stderr]     |
[INFO] [stderr]     = warning: this was previously accepted by the compiler but is being phased out; it will become a hard error in a future release!
[INFO] [stderr]     = note: for more information, see issue #41620 <https://github.com/rust-lang/rust/issues/41620>
[INFO] [stderr] 
[INFO] [stderr] warning: floating-point types cannot be used in patterns
[INFO] [stderr]    --> src/lib.rs:683:21
[INFO] [stderr]     |
[INFO] [stderr] 683 |                     27.97 => { 2 }
[INFO] [stderr]     |                     ^^^^^
[INFO] [stderr]     |
[INFO] [stderr]     = warning: this was previously accepted by the compiler but is being phased out; it will become a hard error in a future release!
[INFO] [stderr]     = note: for more information, see issue #41620 <https://github.com/rust-lang/rust/issues/41620>
[INFO] [stderr] 
[INFO] [stderr] warning: floating-point types cannot be used in patterns
[INFO] [stderr]    --> src/lib.rs:684:21
[INFO] [stderr]     |
[INFO] [stderr] 684 |                     30.0 => { 3 }
[INFO] [stderr]     |                     ^^^^
[INFO] [stderr]     |
[INFO] [stderr]     = warning: this was previously accepted by the compiler but is being phased out; it will become a hard error in a future release!
[INFO] [stderr]     = note: for more information, see issue #41620 <https://github.com/rust-lang/rust/issues/41620>
[INFO] [stderr] 
[INFO] [stderr] warning: unused variable: `e`
[INFO] [stderr]   --> src/controller.rs:21:17
[INFO] [stderr]    |
[INFO] [stderr] 21 |             Err(e) => {
[INFO] [stderr]    |                 ^ help: if this is intentional, prefix it with an underscore: `_e`
[INFO] [stderr]    |
[INFO] [stderr]    = note: `#[warn(unused_variables)]` on by default
[INFO] [stderr] 
[INFO] [stderr] warning: unused variable: `n`
[INFO] [stderr]   --> src/controller.rs:71:13
[INFO] [stderr]    |
[INFO] [stderr] 71 |         let n: u32;
[INFO] [stderr]    |             ^ help: if this is intentional, prefix it with an underscore: `_n`
[INFO] [stderr] 
[INFO] [stderr] warning: unused variable: `varlength`
[INFO] [stderr]   --> src/controller.rs:72:13
[INFO] [stderr]    |
[INFO] [stderr] 72 |         let varlength: u64;
[INFO] [stderr]    |             ^^^^^^^^^ help: if this is intentional, prefix it with an underscore: `_varlength`
[INFO] [stderr] 
[INFO] [stderr] warning: unused variable: `n`
[INFO] [stderr]    --> src/lib.rs:733:13
[INFO] [stderr]     |
[INFO] [stderr] 733 |         let n: u32;
[INFO] [stderr]     |             ^ help: if this is intentional, prefix it with an underscore: `_n`
[INFO] [stderr] 
[INFO] [stderr] warning: unused variable: `e`
[INFO] [stderr]     --> src/lib.rs:1286:17
[INFO] [stderr]      |
[INFO] [stderr] 1286 |             Err(e) => {
[INFO] [stderr]      |                 ^ help: if this is intentional, prefix it with an underscore: `_e`
[INFO] [stderr] 
[INFO] [stderr] warning: variable `smpte` is assigned to, but never used
[INFO] [stderr]     --> src/lib.rs:1315:17
[INFO] [stderr]      |
[INFO] [stderr] 1315 |         let mut smpte: u32;
[INFO] [stderr]      |                 ^^^^^
[INFO] [stderr]      |
[INFO] [stderr]      = note: consider using `_smpte` instead
[INFO] [stderr] 
[INFO] [stderr] warning: variable `tpf` is assigned to, but never used
[INFO] [stderr]     --> src/lib.rs:1316:17
[INFO] [stderr]      |
[INFO] [stderr] 1316 |         let mut tpf: u32;
[INFO] [stderr]      |                 ^^^
[INFO] [stderr]      |
[INFO] [stderr]      = note: consider using `_tpf` instead
[INFO] [stderr] 
[INFO] [stderr] warning: variable `found_header` is assigned to, but never used
[INFO] [stderr]     --> src/lib.rs:1321:17
[INFO] [stderr]      |
[INFO] [stderr] 1321 |         let mut found_header = false;
[INFO] [stderr]      |                 ^^^^^^^^^^^^
[INFO] [stderr]      |
[INFO] [stderr]      = note: consider using `_found_header` instead
[INFO] [stderr] 
[INFO] [stderr] warning: value assigned to `smpte` is never read
[INFO] [stderr]     --> src/lib.rs:1341:21
[INFO] [stderr]      |
[INFO] [stderr] 1341 |                     smpte = (((divword & 0x7F00) >> 8) as i8) as u32;
[INFO] [stderr]      |                     ^^^^^
[INFO] [stderr]      |
[INFO] [stderr]      = help: maybe it is overwritten before being read?
[INFO] [stderr]      = note: `#[warn(unused_assignments)]` on by default
[INFO] [stderr] 
[INFO] [stderr] warning: value assigned to `tpf` is never read
[INFO] [stderr]     --> src/lib.rs:1342:21
[INFO] [stderr]      |
[INFO] [stderr] 1342 |                     tpf = divword & 0x00FF;
[INFO] [stderr]      |                     ^^^
[INFO] [stderr]      |
[INFO] [stderr]      = help: maybe it is overwritten before being read?
[INFO] [stderr] 
[INFO] [stderr] warning: value assigned to `found_header` is never read
[INFO] [stderr]     --> src/lib.rs:1349:17
[INFO] [stderr]      |
[INFO] [stderr] 1349 |                 found_header = true;
[INFO] [stderr]      |                 ^^^^^^^^^^^^
[INFO] [stderr]      |
[INFO] [stderr]      = help: maybe it is overwritten before being read?
[INFO] [stderr] 
[INFO] [stderr] warning: unused variable: `bytes`
[INFO] [stderr]     --> src/lib.rs:1364:58
[INFO] [stderr]      |
[INFO] [stderr] 1364 |                         Err(ApresError::UnknownMetaEvent(bytes)) => {
[INFO] [stderr]      |                                                          ^^^^^ help: if this is intentional, prefix it with an underscore: `_bytes`
[INFO] [stderr] 
[INFO] [stderr] warning: unused variable: `bytes`
[INFO] [stderr]     --> src/lib.rs:1367:57
[INFO] [stderr]      |
[INFO] [stderr] 1367 |                         Err(ApresError::IllegibleString(bytes)) => {
[INFO] [stderr]      |                                                         ^^^^^ help: if this is intentional, prefix it with an underscore: `_bytes`
[INFO] [stderr] 
[INFO] [stderr] warning: unused variable: `n`
[INFO] [stderr]     --> src/lib.rs:1385:13
[INFO] [stderr]      |
[INFO] [stderr] 1385 |         let n: u32;
[INFO] [stderr]      |             ^ help: if this is intentional, prefix it with an underscore: `_n`
[INFO] [stderr] 
[INFO] [stderr] warning: unused variable: `varlength`
[INFO] [stderr]     --> src/lib.rs:1386:13
[INFO] [stderr]      |
[INFO] [stderr] 1386 |         let varlength: u64;
[INFO] [stderr]      |             ^^^^^^^^^ help: if this is intentional, prefix it with an underscore: `_varlength`
[INFO] [stderr] 
[INFO] [stderr] warning: unused variable: `e`
[INFO] [stderr]     --> src/lib.rs:1468:17
[INFO] [stderr]      |
[INFO] [stderr] 1468 |             Err(e) => {
[INFO] [stderr]      |                 ^ help: if this is intentional, prefix it with an underscore: `_e`
[INFO] [stderr] 
[INFO] [stderr] warning: unused variable: `track`
[INFO] [stderr]     --> src/lib.rs:1524:36
[INFO] [stderr]      |
[INFO] [stderr] 1524 |     pub fn get_track_length(&self, track: usize) -> usize {
[INFO] [stderr]      |                                    ^^^^^ help: if this is intentional, prefix it with an underscore: `_track`
[INFO] [stderr] 
[INFO] [stderr] warning: variable does not need to be mutable
[INFO] [stderr]     --> src/lib.rs:1672:24
[INFO] [stderr]      |
[INFO] [stderr] 1672 | fn build_key_signature(mut mi: u8, mut sf: u8) -> MIDIEvent {
[INFO] [stderr]      |                        ----^^
[INFO] [stderr]      |                        |
[INFO] [stderr]      |                        help: remove this `mut`
[INFO] [stderr]      |
[INFO] [stderr]      = note: `#[warn(unused_mut)]` on by default
[INFO] [stderr] 
[INFO] [stderr] warning: variable does not need to be mutable
[INFO] [stderr]     --> src/lib.rs:1672:36
[INFO] [stderr]      |
[INFO] [stderr] 1672 | fn build_key_signature(mut mi: u8, mut sf: u8) -> MIDIEvent {
[INFO] [stderr]      |                                    ----^^
[INFO] [stderr]      |                                    |
[INFO] [stderr]      |                                    help: remove this `mut`
[INFO] [stderr] 
[INFO] [stderr] warning: unused `Result` that must be used
[INFO] [stderr]     --> src/lib.rs:1280:17
[INFO] [stderr]      |
[INFO] [stderr] 1280 |                 file.read(&mut buffer);
[INFO] [stderr]      |                 ^^^^^^^^^^^^^^^^^^^^^^
[INFO] [stderr]      |
[INFO] [stderr]      = note: this `Result` may be an `Err` variant, which should be handled
[INFO] [stderr]      = note: `#[warn(unused_must_use)]` on by default
[INFO] [stderr] help: use `let _ = ...` to ignore the resulting value
[INFO] [stderr]      |
[INFO] [stderr] 1280 |                 let _ = file.read(&mut buffer);
[INFO] [stderr]      |                 +++++++
[INFO] [stderr] 
[INFO] [stderr] warning: unused `Result` that must be used
[INFO] [stderr]     --> src/lib.rs:1466:17
[INFO] [stderr]      |
[INFO] [stderr] 1466 |                 file.write_all(bytes.as_slice());
[INFO] [stderr]      |                 ^^^^^^^^^^^^^^^^^^^^^^^^^^^^^^^^
[INFO] [stderr]      |
[INFO] [stderr]      = note: this `Result` may be an `Err` variant, which should be handled
[INFO] [stderr] help: use `let _ = ...` to ignore the resulting value
[INFO] [stderr]      |
[INFO] [stderr] 1466 |                 let _ = file.write_all(bytes.as_slice());
[INFO] [stderr]      |                 +++++++
[INFO] [stderr] 
[INFO] [stderr] warning: `apres` (lib) generated 28 warnings (run `cargo fix --lib -p apres` to apply 16 suggestions)
[INFO] [stderr] warning: unused variable: `bpm`
[INFO] [stderr]    --> src/tests.rs:261:10
[INFO] [stderr]     |
[INFO] [stderr] 261 |     for (bpm, expected_uspqn) in test_cases_bpm.iter() {
[INFO] [stderr]     |          ^^^ help: if this is intentional, prefix it with an underscore: `_bpm`
[INFO] [stderr]     |
[INFO] [stderr]     = note: `#[warn(unused_variables)]` on by default
[INFO] [stderr] 
[INFO] [stderr] warning: unused variable: `e`
[INFO] [stderr]   --> src/controller.rs:21:17
[INFO] [stderr]    |
[INFO] [stderr] 21 |             Err(e) => {
[INFO] [stderr]    |                 ^ help: if this is intentional, prefix it with an underscore: `_e`
[INFO] [stderr] 
[INFO] [stderr] warning: variable does not need to be mutable
[INFO] [stderr]    --> src/tests.rs:245:13
[INFO] [stderr]     |
[INFO] [stderr] 245 |         let mut event = ChannelPrefix(i as u8);
[INFO] [stderr]     |             ----^^^^^
[INFO] [stderr]     |             |
[INFO] [stderr]     |             help: remove this `mut`
[INFO] [stderr]     |
[INFO] [stderr]     = note: `#[warn(unused_mut)]` on by default
[INFO] [stderr] 
[INFO] [stderr] warning: variable does not need to be mutable
[INFO] [stderr]    --> src/tests.rs:262:13
[INFO] [stderr]     |
[INFO] [stderr] 262 |         let mut event = SetTempo(*expected_uspqn);
[INFO] [stderr]     |             ----^^^^^
[INFO] [stderr]     |             |
[INFO] [stderr]     |             help: remove this `mut`
[INFO] [stderr] 
[INFO] [stderr] warning: variable does not need to be mutable
[INFO] [stderr]     --> src/lib.rs:1672:24
[INFO] [stderr]      |
[INFO] [stderr] 1672 | fn build_key_signature(mut mi: u8, mut sf: u8) -> MIDIEvent {
[INFO] [stderr]      |                        ----^^
[INFO] [stderr]      |                        |
[INFO] [stderr]      |                        help: remove this `mut`
[INFO] [stderr] 
[INFO] [stderr] warning: `apres` (lib test) generated 30 warnings (25 duplicates) (run `cargo fix --lib -p apres --tests` to apply 5 suggestions)
[INFO] [stderr]     Finished test [unoptimized + debuginfo] target(s) in 0.00s
[INFO] [stderr]      Running unittests src/lib.rs (/opt/rustwide/target/debug/deps/apres-3f6af3603740b992)
[INFO] [stdout] 
[INFO] [stdout] running 27 tests
[INFO] [stdout] test tests::test_add_event ... ok
[INFO] [stdout] test tests::test_aftertouch_event ... ok
[INFO] [stdout] test tests::test_channel_prefix_event ... ok
[INFO] [stdout] test tests::test_channel_pressure_event ... ok
[INFO] [stdout] test tests::test_chords ... ok
[INFO] [stdout] test tests::test_control_change_events ... ok
[INFO] [stdout] test tests::test_copyright_notice_event ... ok
[INFO] [stdout] test tests::test_end_of_track_event ... ok
[INFO] [stdout] test tests::test_key_signature_event ... ok
[INFO] [stdout] test tests::test_cue_point_event ... ok
[INFO] [stdout] test tests::test_instrument_name_event ... ok
[INFO] [stdout] test tests::test_marker_event ... ok
[INFO] [stdout] test tests::test_lyric_event ... ok
[INFO] [stdout] test tests::test_initialize_load ... ok
[INFO] [stdout] test tests::test_program_change_event ... ok
[INFO] [stdout] test tests::test_sequence_specific_event ... ok
[INFO] [stdout] test tests::test_set_tempo_event ... ok
[INFO] [stdout] test tests::test_system_exclusive_event ... ok
[INFO] [stdout] test tests::test_smpte_offset_event ... ok
[INFO] [stdout] test tests::test_text_event ... ok
[INFO] [stdout] test tests::test_time_signature_event ... ok
[INFO] [stdout] test tests::test_track_name_event ... ok
[INFO] [stdout] test tests::test_sequence_number_event ... ok
[INFO] [stdout] test tests::test_note_on_event ... ok
[INFO] [stdout] test tests::test_note_off_event ... ok
[INFO] [stdout] test tests::test_variable_length_conversion ... ok
[INFO] [stdout] test tests::test_pitchwheel_change_event ... FAILED
[INFO] [stdout] 
[INFO] [stdout] failures:
[INFO] [stdout] 
[INFO] [stdout] ---- tests::test_pitchwheel_change_event stdout ----
[INFO] [stdout] thread 'tests::test_pitchwheel_change_event' panicked at 'assertion failed: `(left == right)`
[INFO] [stdout]   left: `[238, 0, 16]`,
[INFO] [stdout]  right: `[238, 0, 32]`', src/tests.rs:370:17
[INFO] [stdout] stack backtrace:
[INFO] [stdout]    0:     0x55f42cd1e51a - std::backtrace_rs::backtrace::libunwind::trace::h2f05d0192276a8f6
[INFO] [stdout]                                at /rustc/1b7dd2252b99671ce5d1cb9664c5f8636329436d/library/std/src/../../backtrace/src/backtrace/libunwind.rs:93:5
[INFO] [stdout]    1:     0x55f42cd1e51a - std::backtrace_rs::backtrace::trace_unsynchronized::hedc23dff7a1af150
[INFO] [stdout]                                at /rustc/1b7dd2252b99671ce5d1cb9664c5f8636329436d/library/std/src/../../backtrace/src/backtrace/mod.rs:66:5
[INFO] [stdout]    2:     0x55f42cd1e51a - std::sys_common::backtrace::_print_fmt::h17541ef7592f3ce2
[INFO] [stdout]                                at /rustc/1b7dd2252b99671ce5d1cb9664c5f8636329436d/library/std/src/sys_common/backtrace.rs:65:5
[INFO] [stdout]    3:     0x55f42cd1e51a - <std::sys_common::backtrace::_print::DisplayBacktrace as core::fmt::Display>::fmt::h20f75df5ab0c0792
[INFO] [stdout]                                at /rustc/1b7dd2252b99671ce5d1cb9664c5f8636329436d/library/std/src/sys_common/backtrace.rs:44:22
[INFO] [stdout]    4:     0x55f42cd4258f - core::fmt::write::h78109e6f466b3af6
[INFO] [stdout]                                at /rustc/1b7dd2252b99671ce5d1cb9664c5f8636329436d/library/core/src/fmt/mod.rs:1254:17
[INFO] [stdout]    5:     0x55f42cd1b865 - std::io::Write::write_fmt::hd24bfb68a1b35a25
[INFO] [stdout]                                at /rustc/1b7dd2252b99671ce5d1cb9664c5f8636329436d/library/std/src/io/mod.rs:1698:15
[INFO] [stdout]    6:     0x55f42cd1e2e5 - std::sys_common::backtrace::_print::h8dac57a9f8fbf9a5
[INFO] [stdout]                                at /rustc/1b7dd2252b99671ce5d1cb9664c5f8636329436d/library/std/src/sys_common/backtrace.rs:47:5
[INFO] [stdout]    7:     0x55f42cd1e2e5 - std::sys_common::backtrace::print::hf9ecbf41d1aa712f
[INFO] [stdout]                                at /rustc/1b7dd2252b99671ce5d1cb9664c5f8636329436d/library/std/src/sys_common/backtrace.rs:34:9
[INFO] [stdout]    8:     0x55f42cd1ff9e - std::panicking::default_hook::{{closure}}::h04c07acfc84ca028
[INFO] [stdout]                                at /rustc/1b7dd2252b99671ce5d1cb9664c5f8636329436d/library/std/src/panicking.rs:269:22
[INFO] [stdout]    9:     0x55f42cd1fcd1 - std::panicking::default_hook::h01f6bb23e1eceb2c
[INFO] [stdout]                                at /rustc/1b7dd2252b99671ce5d1cb9664c5f8636329436d/library/std/src/panicking.rs:285:9
[INFO] [stdout]   10:     0x55f42ccf366b - <alloc::boxed::Box<F,A> as core::ops::function::Fn<Args>>::call::h87fe9f7b2fd49e4c
[INFO] [stdout]                                at /rustc/1b7dd2252b99671ce5d1cb9664c5f8636329436d/library/alloc/src/boxed.rs:1987:9
[INFO] [stdout]   11:     0x55f42ccf366b - test::test_main::{{closure}}::he94d679243a7531b
[INFO] [stdout]                                at /rustc/1b7dd2252b99671ce5d1cb9664c5f8636329436d/library/test/src/lib.rs:134:21
[INFO] [stdout]   12:     0x55f42cd20684 - <alloc::boxed::Box<F,A> as core::ops::function::Fn<Args>>::call::h3f2d6d8b14c4769f
[INFO] [stdout]                                at /rustc/1b7dd2252b99671ce5d1cb9664c5f8636329436d/library/alloc/src/boxed.rs:1987:9
[INFO] [stdout]   13:     0x55f42cd20684 - std::panicking::rust_panic_with_hook::h2bb3722bbaf2f6df
[INFO] [stdout]                                at /rustc/1b7dd2252b99671ce5d1cb9664c5f8636329436d/library/std/src/panicking.rs:695:13
[INFO] [stdout]   14:     0x55f42cd203f9 - std::panicking::begin_panic_handler::{{closure}}::h91bc7f36a4be011b
[INFO] [stdout]                                at /rustc/1b7dd2252b99671ce5d1cb9664c5f8636329436d/library/std/src/panicking.rs:582:13
[INFO] [stdout]   15:     0x55f42cd1e986 - std::sys_common::backtrace::__rust_end_short_backtrace::h8b3d3717114f9e59
[INFO] [stdout]                                at /rustc/1b7dd2252b99671ce5d1cb9664c5f8636329436d/library/std/src/sys_common/backtrace.rs:150:18
[INFO] [stdout]   16:     0x55f42cd20152 - rust_begin_unwind
[INFO] [stdout]                                at /rustc/1b7dd2252b99671ce5d1cb9664c5f8636329436d/library/std/src/panicking.rs:578:5
[INFO] [stdout]   17:     0x55f42cc8ec23 - core::panicking::panic_fmt::hfd368e3fbdabea26
[INFO] [stdout]                                at /rustc/1b7dd2252b99671ce5d1cb9664c5f8636329436d/library/core/src/panicking.rs:67:14
[INFO] [stdout]   18:     0x55f42cc8efef - core::panicking::assert_failed_inner::haef49168e1798a91
[INFO] [stdout]   19:     0x55f42cca8f5e - core::panicking::assert_failed::hec91f68107e2f621
[INFO] [stdout]                                at /rustc/1b7dd2252b99671ce5d1cb9664c5f8636329436d/library/core/src/panicking.rs:228:5
[INFO] [stdout]   20:     0x55f42cc9c1a6 - apres::tests::test_pitchwheel_change_event::h486b5fe1b0f08090
[INFO] [stdout]                                at /opt/rustwide/workdir/src/tests.rs:370:17
[INFO] [stdout]   21:     0x55f42cc9bbf7 - apres::tests::test_pitchwheel_change_event::{{closure}}::h00fce2ac8038278a
[INFO] [stdout]                                at /opt/rustwide/workdir/src/tests.rs:357:35
[INFO] [stdout]   22:     0x55f42ccaa495 - core::ops::function::FnOnce::call_once::h042ef1f689defdc3
[INFO] [stdout]                                at /rustc/1b7dd2252b99671ce5d1cb9664c5f8636329436d/library/core/src/ops/function.rs:250:5
[INFO] [stdout]   23:     0x55f42ccf853f - core::ops::function::FnOnce::call_once::ha6a70e79f7481a7e
[INFO] [stdout]                                at /rustc/1b7dd2252b99671ce5d1cb9664c5f8636329436d/library/core/src/ops/function.rs:250:5
[INFO] [stdout]   24:     0x55f42ccf853f - test::__rust_begin_short_backtrace::hce33033019b61e69
[INFO] [stdout]                                at /rustc/1b7dd2252b99671ce5d1cb9664c5f8636329436d/library/test/src/lib.rs:655:18
[INFO] [stdout]   25:     0x55f42ccc5d2c - test::run_test::{{closure}}::h858d3528838ae3e5
[INFO] [stdout]                                at /rustc/1b7dd2252b99671ce5d1cb9664c5f8636329436d/library/test/src/lib.rs:646:30
[INFO] [stdout]   26:     0x55f42ccc5d2c - core::ops::function::FnOnce::call_once{{vtable.shim}}::he8ac2b00f01ae79e
[INFO] [stdout]                                at /rustc/1b7dd2252b99671ce5d1cb9664c5f8636329436d/library/core/src/ops/function.rs:250:5
[INFO] [stdout]   27:     0x55f42ccf7616 - <alloc::boxed::Box<F,A> as core::ops::function::FnOnce<Args>>::call_once::h8093d25b522725ef
[INFO] [stdout]                                at /rustc/1b7dd2252b99671ce5d1cb9664c5f8636329436d/library/alloc/src/boxed.rs:1973:9
[INFO] [stdout]   28:     0x55f42ccf7616 - <core::panic::unwind_safe::AssertUnwindSafe<F> as core::ops::function::FnOnce<()>>::call_once::h5c334c204e4a3913
[INFO] [stdout]                                at /rustc/1b7dd2252b99671ce5d1cb9664c5f8636329436d/library/core/src/panic/unwind_safe.rs:271:9
[INFO] [stdout]   29:     0x55f42ccf7616 - std::panicking::try::do_call::ha8b740c7b9478074
[INFO] [stdout]                                at /rustc/1b7dd2252b99671ce5d1cb9664c5f8636329436d/library/std/src/panicking.rs:485:40
[INFO] [stdout]   30:     0x55f42ccf7616 - std::panicking::try::h5d34f63d0e41b64e
[INFO] [stdout]                                at /rustc/1b7dd2252b99671ce5d1cb9664c5f8636329436d/library/std/src/panicking.rs:449:19
[INFO] [stdout]   31:     0x55f42ccf7616 - std::panic::catch_unwind::hcfbb511e1aa7fc67
[INFO] [stdout]                                at /rustc/1b7dd2252b99671ce5d1cb9664c5f8636329436d/library/std/src/panic.rs:140:14
[INFO] [stdout]   32:     0x55f42ccf7616 - test::run_test_in_process::h9abda90f802eaf21
[INFO] [stdout]                                at /rustc/1b7dd2252b99671ce5d1cb9664c5f8636329436d/library/test/src/lib.rs:678:27
[INFO] [stdout]   33:     0x55f42ccf7616 - test::run_test::run_test_inner::{{closure}}::h0f058de91f6c6edf
[INFO] [stdout]                                at /rustc/1b7dd2252b99671ce5d1cb9664c5f8636329436d/library/test/src/lib.rs:572:39
[INFO] [stdout]   34:     0x55f42ccc0535 - test::run_test::run_test_inner::{{closure}}::h5ca48a4c59c6c1fb
[INFO] [stdout]                                at /rustc/1b7dd2252b99671ce5d1cb9664c5f8636329436d/library/test/src/lib.rs:599:37
[INFO] [stdout]   35:     0x55f42ccc0535 - std::sys_common::backtrace::__rust_begin_short_backtrace::h32bd51e1495d4a33
[INFO] [stdout]                                at /rustc/1b7dd2252b99671ce5d1cb9664c5f8636329436d/library/std/src/sys_common/backtrace.rs:134:18
[INFO] [stdout]   36:     0x55f42ccc5a71 - std::thread::Builder::spawn_unchecked_::{{closure}}::{{closure}}::hc086fae9b128b2db
[INFO] [stdout]                                at /rustc/1b7dd2252b99671ce5d1cb9664c5f8636329436d/library/std/src/thread/mod.rs:526:17
[INFO] [stdout]   37:     0x55f42ccc5a71 - <core::panic::unwind_safe::AssertUnwindSafe<F> as core::ops::function::FnOnce<()>>::call_once::hb66571888d270d43
[INFO] [stdout]                                at /rustc/1b7dd2252b99671ce5d1cb9664c5f8636329436d/library/core/src/panic/unwind_safe.rs:271:9
[INFO] [stdout]   38:     0x55f42ccc5a71 - std::panicking::try::do_call::h4fa2ef4f6e51fecf
[INFO] [stdout]                                at /rustc/1b7dd2252b99671ce5d1cb9664c5f8636329436d/library/std/src/panicking.rs:485:40
[INFO] [stdout]   39:     0x55f42ccc5a71 - std::panicking::try::h1e9e22b8584489b5
[INFO] [stdout]                                at /rustc/1b7dd2252b99671ce5d1cb9664c5f8636329436d/library/std/src/panicking.rs:449:19
[INFO] [stdout]   40:     0x55f42ccc5a71 - std::panic::catch_unwind::h44698a3de0e0769e
[INFO] [stdout]                                at /rustc/1b7dd2252b99671ce5d1cb9664c5f8636329436d/library/std/src/panic.rs:140:14
[INFO] [stdout]   41:     0x55f42ccc5a71 - std::thread::Builder::spawn_unchecked_::{{closure}}::h50153abde3fe239e
[INFO] [stdout]                                at /rustc/1b7dd2252b99671ce5d1cb9664c5f8636329436d/library/std/src/thread/mod.rs:525:30
[INFO] [stdout]   42:     0x55f42ccc5a71 - core::ops::function::FnOnce::call_once{{vtable.shim}}::hbe5bbf6f38394364
[INFO] [stdout]                                at /rustc/1b7dd2252b99671ce5d1cb9664c5f8636329436d/library/core/src/ops/function.rs:250:5
[INFO] [stdout]   43:     0x55f42cd24b55 - <alloc::boxed::Box<F,A> as core::ops::function::FnOnce<Args>>::call_once::h0d83cb2920a49046
[INFO] [stdout]                                at /rustc/1b7dd2252b99671ce5d1cb9664c5f8636329436d/library/alloc/src/boxed.rs:1973:9
[INFO] [stdout]   44:     0x55f42cd24b55 - <alloc::boxed::Box<F,A> as core::ops::function::FnOnce<Args>>::call_once::hbe0a008aa7d9ef59
[INFO] [stdout]                                at /rustc/1b7dd2252b99671ce5d1cb9664c5f8636329436d/library/alloc/src/boxed.rs:1973:9
[INFO] [stdout]   45:     0x55f42cd24b55 - std::sys::unix::thread::Thread::new::thread_start::h3a466996bdf6b1f9
[INFO] [stdout]                                at /rustc/1b7dd2252b99671ce5d1cb9664c5f8636329436d/library/std/src/sys/unix/thread.rs:108:17
[INFO] [stdout]   46:     0x7fbdc3842b43 - <unknown>
[INFO] [stdout]   47:     0x7fbdc38d3bb4 - __clone
[INFO] [stdout]   48:                0x0 - <unknown>
[INFO] [stdout] 
[INFO] [stdout] 
[INFO] [stdout] failures:
[INFO] [stdout]     tests::test_pitchwheel_change_event
[INFO] [stdout] 
[INFO] [stdout] test result: FAILED. 26 passed; 1 failed; 0 ignored; 0 measured; 0 filtered out; finished in 0.01s
[INFO] [stdout] 
[INFO] [stderr] error: test failed, to rerun pass `--lib`
[INFO] running `Command { std: "docker" "inspect" "0e331ad46db7e971cf878aa53d234746d648ad124f39e7bd41f7089062ca0951", kill_on_drop: false }`
[INFO] running `Command { std: "docker" "rm" "-f" "0e331ad46db7e971cf878aa53d234746d648ad124f39e7bd41f7089062ca0951", kill_on_drop: false }`
[INFO] [stdout] 0e331ad46db7e971cf878aa53d234746d648ad124f39e7bd41f7089062ca0951
