[INFO] fetching crate apple-bloom 0.1.8...
[INFO] testing apple-bloom-0.1.8 against beta-2023-04-20 for beta-1.70-1
[INFO] extracting crate apple-bloom 0.1.8 into /workspace/builds/worker-4-tc2/source
[INFO] validating manifest of crates.io crate apple-bloom 0.1.8 on toolchain beta-2023-04-20
[INFO] running `Command { std: CARGO_HOME="/workspace/cargo-home" RUSTUP_HOME="/workspace/rustup-home" "/workspace/cargo-home/bin/cargo" "+beta-2023-04-20" "metadata" "--manifest-path" "Cargo.toml" "--no-deps", kill_on_drop: false }`
[INFO] started tweaking crates.io crate apple-bloom 0.1.8
[INFO] finished tweaking crates.io crate apple-bloom 0.1.8
[INFO] tweaked toml for crates.io crate apple-bloom 0.1.8 written to /workspace/builds/worker-4-tc2/source/Cargo.toml
[INFO] crate crates.io crate apple-bloom 0.1.8 already has a lockfile, it will not be regenerated
[INFO] running `Command { std: CARGO_HOME="/workspace/cargo-home" RUSTUP_HOME="/workspace/rustup-home" "/workspace/cargo-home/bin/cargo" "+beta-2023-04-20" "fetch" "--manifest-path" "Cargo.toml", kill_on_drop: false }`
[INFO] [stderr]     Updating crates.io index
[INFO] [stderr]  Downloading crates ...
[INFO] [stderr]   Downloaded unicode-bidi v0.3.11
[INFO] [stderr]   Downloaded ctor v0.1.26
[INFO] [stderr]   Downloaded output_vt100 v0.1.3
[INFO] [stderr]   Downloaded thiserror-impl v1.0.39
[INFO] [stderr]   Downloaded diff v0.1.13
[INFO] [stderr]   Downloaded yansi v0.5.1
[INFO] [stderr]   Downloaded pretty_assertions v1.3.0
[INFO] [stderr]   Downloaded serde_json v1.0.94
[INFO] [stderr]   Downloaded thiserror v1.0.39
[INFO] [stderr]   Downloaded unicode-xid v0.2.4
[INFO] [stderr]   Downloaded addr2line v0.19.0
[INFO] [stderr]   Downloaded object v0.30.3
[INFO] [stderr]   Downloaded libc v0.2.140
[INFO] [stderr]   Downloaded indexmap v1.9.2
[INFO] [stderr]   Downloaded yaml-rust v0.4.5
[INFO] [stderr]   Downloaded gimli v0.27.2
[INFO] [stderr]   Downloaded serde_test v1.0.155
[INFO] [stderr]   Downloaded serde_yaml v0.8.26
[INFO] [stderr]   Downloaded linked-hash-map v0.5.6
[INFO] [stderr]   Downloaded backtrace v0.3.67
[INFO] [stderr]   Downloaded rustc-demangle v0.1.21
[INFO] [stderr]   Downloaded synstructure v0.12.6
[INFO] [stderr]   Downloaded serde v1.0.155
[INFO] [stderr]   Downloaded serde_derive v1.0.155
[INFO] running `Command { std: "docker" "create" "-v" "/var/lib/crater-agent-workspace/builds/worker-4-tc2/target:/opt/rustwide/target:rw,Z" "-v" "/var/lib/crater-agent-workspace/builds/worker-4-tc2/source:/opt/rustwide/workdir:ro,Z" "-v" "/var/lib/crater-agent-workspace/cargo-home:/opt/rustwide/cargo-home:ro,Z" "-v" "/var/lib/crater-agent-workspace/rustup-home:/opt/rustwide/rustup-home:ro,Z" "-e" "SOURCE_DIR=/opt/rustwide/workdir" "-e" "CARGO_TARGET_DIR=/opt/rustwide/target" "-e" "CARGO_HOME=/opt/rustwide/cargo-home" "-e" "RUSTUP_HOME=/opt/rustwide/rustup-home" "-w" "/opt/rustwide/workdir" "-m" "1610612736" "--user" "0:0" "--network" "none" "ghcr.io/rust-lang/crates-build-env/linux@sha256:5ff2268d62e97bff2cde7d5815dd6ed5b47097566f13b8d0ca110b04b60e07ed" "/opt/rustwide/cargo-home/bin/cargo" "+beta-2023-04-20" "metadata" "--no-deps" "--format-version=1", kill_on_drop: false }`
[INFO] [stdout] b70cc28697ce1c4665b980de10203871d5e944a0caddea5dbce0a711cd3da801
[INFO] running `Command { std: "docker" "start" "-a" "b70cc28697ce1c4665b980de10203871d5e944a0caddea5dbce0a711cd3da801", kill_on_drop: false }`
[INFO] running `Command { std: "docker" "inspect" "b70cc28697ce1c4665b980de10203871d5e944a0caddea5dbce0a711cd3da801", kill_on_drop: false }`
[INFO] running `Command { std: "docker" "rm" "-f" "b70cc28697ce1c4665b980de10203871d5e944a0caddea5dbce0a711cd3da801", kill_on_drop: false }`
[INFO] [stdout] b70cc28697ce1c4665b980de10203871d5e944a0caddea5dbce0a711cd3da801
[INFO] running `Command { std: "docker" "create" "-v" "/var/lib/crater-agent-workspace/builds/worker-4-tc2/target:/opt/rustwide/target:rw,Z" "-v" "/var/lib/crater-agent-workspace/builds/worker-4-tc2/source:/opt/rustwide/workdir:ro,Z" "-v" "/var/lib/crater-agent-workspace/cargo-home:/opt/rustwide/cargo-home:ro,Z" "-v" "/var/lib/crater-agent-workspace/rustup-home:/opt/rustwide/rustup-home:ro,Z" "-e" "SOURCE_DIR=/opt/rustwide/workdir" "-e" "CARGO_TARGET_DIR=/opt/rustwide/target" "-e" "CARGO_INCREMENTAL=0" "-e" "RUST_BACKTRACE=full" "-e" "RUSTFLAGS=--cap-lints=warn" "-e" "RUSTDOCFLAGS=--cap-lints=warn" "-e" "CARGO_HOME=/opt/rustwide/cargo-home" "-e" "RUSTUP_HOME=/opt/rustwide/rustup-home" "-w" "/opt/rustwide/workdir" "-m" "1610612736" "--user" "0:0" "--network" "none" "ghcr.io/rust-lang/crates-build-env/linux@sha256:5ff2268d62e97bff2cde7d5815dd6ed5b47097566f13b8d0ca110b04b60e07ed" "/opt/rustwide/cargo-home/bin/cargo" "+beta-2023-04-20" "build" "--frozen" "--message-format=json", kill_on_drop: false }`
[INFO] [stdout] 6487c97abee19264bed8e15a8b8eee9c5bee99c28221474fcaf96823a00a8204
[INFO] running `Command { std: "docker" "start" "-a" "6487c97abee19264bed8e15a8b8eee9c5bee99c28221474fcaf96823a00a8204", kill_on_drop: false }`
[INFO] [stderr]    Compiling proc-macro2 v1.0.51
[INFO] [stderr]    Compiling quote v1.0.23
[INFO] [stderr]    Compiling unicode-ident v1.0.8
[INFO] [stderr]    Compiling syn v1.0.109
[INFO] [stderr]    Compiling serde_derive v1.0.155
[INFO] [stderr]    Compiling serde v1.0.155
[INFO] [stderr]    Compiling memchr v2.5.0
[INFO] [stderr]    Compiling cc v1.0.79
[INFO] [stderr]    Compiling libc v0.2.140
[INFO] [stderr]    Compiling autocfg v1.1.0
[INFO] [stderr]    Compiling tinyvec_macros v0.1.1
[INFO] [stderr]    Compiling failure_derive v0.1.8
[INFO] [stderr]    Compiling gimli v0.27.2
[INFO] [stderr]    Compiling unicode-xid v0.2.4
[INFO] [stderr]    Compiling adler v1.0.2
[INFO] [stderr]    Compiling percent-encoding v2.2.0
[INFO] [stderr]    Compiling tinyvec v1.6.0
[INFO] [stderr]    Compiling hashbrown v0.12.3
[INFO] [stderr]    Compiling cfg-if v1.0.0
[INFO] [stderr]    Compiling miniz_oxide v0.6.2
[INFO] [stderr]    Compiling thiserror v1.0.39
[INFO] [stderr]    Compiling linked-hash-map v0.5.6
[INFO] [stderr]    Compiling serde_json v1.0.94
[INFO] [stderr]    Compiling unicode-bidi v0.3.11
[INFO] [stderr]    Compiling indexmap v1.9.2
[INFO] [stderr]    Compiling ryu v1.0.13
[INFO] [stderr]    Compiling semver v1.0.16
[INFO] [stderr]    Compiling rustc-demangle v0.1.21
[INFO] [stderr]    Compiling yaml-rust v0.4.5
[INFO] [stderr]    Compiling form_urlencoded v1.1.0
[INFO] [stderr]    Compiling itoa v1.0.6
[INFO] [stderr]    Compiling object v0.30.3
[INFO] [stderr]    Compiling unicode-normalization v0.1.22
[INFO] [stderr]    Compiling backtrace v0.3.67
[INFO] [stderr]    Compiling idna v0.3.0
[INFO] [stderr]    Compiling addr2line v0.19.0
[INFO] [stderr]    Compiling synstructure v0.12.6
[INFO] [stderr]    Compiling thiserror-impl v1.0.39
[INFO] [stderr]    Compiling failure v0.1.8
[INFO] [stderr]    Compiling serde_yaml v0.8.26
[INFO] [stderr]    Compiling url v2.3.1
[INFO] [stderr]    Compiling apple-bloom v0.1.8 (/opt/rustwide/workdir)
[INFO] [stderr]     Finished dev [unoptimized + debuginfo] target(s) in 18.51s
[INFO] running `Command { std: "docker" "inspect" "6487c97abee19264bed8e15a8b8eee9c5bee99c28221474fcaf96823a00a8204", kill_on_drop: false }`
[INFO] running `Command { std: "docker" "rm" "-f" "6487c97abee19264bed8e15a8b8eee9c5bee99c28221474fcaf96823a00a8204", kill_on_drop: false }`
[INFO] [stdout] 6487c97abee19264bed8e15a8b8eee9c5bee99c28221474fcaf96823a00a8204
[INFO] running `Command { std: "docker" "create" "-v" "/var/lib/crater-agent-workspace/builds/worker-4-tc2/target:/opt/rustwide/target:rw,Z" "-v" "/var/lib/crater-agent-workspace/builds/worker-4-tc2/source:/opt/rustwide/workdir:ro,Z" "-v" "/var/lib/crater-agent-workspace/cargo-home:/opt/rustwide/cargo-home:ro,Z" "-v" "/var/lib/crater-agent-workspace/rustup-home:/opt/rustwide/rustup-home:ro,Z" "-e" "SOURCE_DIR=/opt/rustwide/workdir" "-e" "CARGO_TARGET_DIR=/opt/rustwide/target" "-e" "CARGO_INCREMENTAL=0" "-e" "RUST_BACKTRACE=full" "-e" "RUSTFLAGS=--cap-lints=warn" "-e" "RUSTDOCFLAGS=--cap-lints=warn" "-e" "CARGO_HOME=/opt/rustwide/cargo-home" "-e" "RUSTUP_HOME=/opt/rustwide/rustup-home" "-w" "/opt/rustwide/workdir" "-m" "1610612736" "--user" "0:0" "--network" "none" "ghcr.io/rust-lang/crates-build-env/linux@sha256:5ff2268d62e97bff2cde7d5815dd6ed5b47097566f13b8d0ca110b04b60e07ed" "/opt/rustwide/cargo-home/bin/cargo" "+beta-2023-04-20" "test" "--frozen" "--no-run" "--message-format=json", kill_on_drop: false }`
[INFO] [stdout] e7956e694050cbecc9b5756ddae5159be5d21c90579b313cbb50b18f4df14bc4
[INFO] running `Command { std: "docker" "start" "-a" "e7956e694050cbecc9b5756ddae5159be5d21c90579b313cbb50b18f4df14bc4", kill_on_drop: false }`
[INFO] [stderr]    Compiling anyhow v1.0.69
[INFO] [stderr]    Compiling serde_test v1.0.155
[INFO] [stderr]    Compiling diff v0.1.13
[INFO] [stderr]    Compiling yansi v0.5.1
[INFO] [stderr]    Compiling pretty_assertions v1.3.0
[INFO] [stderr]    Compiling apple-bloom v0.1.8 (/opt/rustwide/workdir)
[INFO] [stderr]     Finished test [unoptimized + debuginfo] target(s) in 7.25s
[INFO] running `Command { std: "docker" "inspect" "e7956e694050cbecc9b5756ddae5159be5d21c90579b313cbb50b18f4df14bc4", kill_on_drop: false }`
[INFO] running `Command { std: "docker" "rm" "-f" "e7956e694050cbecc9b5756ddae5159be5d21c90579b313cbb50b18f4df14bc4", kill_on_drop: false }`
[INFO] [stdout] e7956e694050cbecc9b5756ddae5159be5d21c90579b313cbb50b18f4df14bc4
[INFO] running `Command { std: "docker" "create" "-v" "/var/lib/crater-agent-workspace/builds/worker-4-tc2/target:/opt/rustwide/target:rw,Z" "-v" "/var/lib/crater-agent-workspace/builds/worker-4-tc2/source:/opt/rustwide/workdir:ro,Z" "-v" "/var/lib/crater-agent-workspace/cargo-home:/opt/rustwide/cargo-home:ro,Z" "-v" "/var/lib/crater-agent-workspace/rustup-home:/opt/rustwide/rustup-home:ro,Z" "-e" "SOURCE_DIR=/opt/rustwide/workdir" "-e" "CARGO_TARGET_DIR=/opt/rustwide/target" "-e" "CARGO_INCREMENTAL=0" "-e" "RUST_BACKTRACE=full" "-e" "RUSTFLAGS=--cap-lints=warn" "-e" "RUSTDOCFLAGS=--cap-lints=warn" "-e" "CARGO_HOME=/opt/rustwide/cargo-home" "-e" "RUSTUP_HOME=/opt/rustwide/rustup-home" "-w" "/opt/rustwide/workdir" "-m" "1610612736" "--user" "0:0" "--network" "none" "ghcr.io/rust-lang/crates-build-env/linux@sha256:5ff2268d62e97bff2cde7d5815dd6ed5b47097566f13b8d0ca110b04b60e07ed" "/opt/rustwide/cargo-home/bin/cargo" "+beta-2023-04-20" "test" "--frozen", kill_on_drop: false }`
[INFO] [stdout] 0c99a03fe92a20753bbe915d862de4b29ba508f2a12e0cf14637bcc393fd1f36
[INFO] running `Command { std: "docker" "start" "-a" "0c99a03fe92a20753bbe915d862de4b29ba508f2a12e0cf14637bcc393fd1f36", kill_on_drop: false }`
[INFO] [stderr]     Finished test [unoptimized + debuginfo] target(s) in 0.06s
[INFO] [stderr]      Running unittests src/lib.rs (/opt/rustwide/target/debug/deps/apple_bloom-d0590738c19c7fe6)
[INFO] [stdout] 
[INFO] [stdout] running 17 tests
[INFO] [stdout] test v2::schema::tests::parameter_or_ref_serializes_pref ... ok
[INFO] [stdout] test v2::schema::tests::security_basic_serializes ... ok
[INFO] [stdout] test v2::schema::tests::security_api_serializes ... ok
[INFO] [stdout] test v2::schema::tests::security_basic_deserializes ... ok
[INFO] [stdout] test v2::schema::tests::parameter_or_ref_deserializes_ref ... ok
[INFO] [stdout] test v2::schema::tests::security_api_deserializes ... ok
[INFO] [stdout] test v2::schema::tests::security_oauth_serializes ... ok
[INFO] [stdout] test v2::schema::tests::security_oauth_deserializes ... ok
[INFO] [stdout] test v3::extension::tests::test_get_extension ... ok
[INFO] [stdout] test v3::extension::tests::test_all_extensions ... ok
[INFO] [stdout] test v3::extension::tests::test_serde_extensions ... ok
[INFO] [stdout] test v3::schema::tests::test_security_scheme_oauth_deser ... ok
[INFO] [stdout] test tests::can_deserialize_prtg ... ok
[INFO] [stdout] test tests::can_deserialize_one_of_v3 ... ok
[INFO] [stdout] test tests::can_deserialize_and_reserialize_v3 ... FAILED
[INFO] [stdout] test tests::can_deserialize ... ok
[INFO] [stdout] test tests::can_deserialize_and_reserialize_v2 ... FAILED
[INFO] [stdout] 
[INFO] [stdout] failures:
[INFO] [stdout] 
[INFO] [stdout] ---- tests::can_deserialize_and_reserialize_v3 stdout ----
[INFO] [stdout] Testing if "data/v3.0/PRTG_openapi.yaml" is deserializable
[INFO] [stdout]     Saving string to "target/tests/can_deserialize_and_reserialize_v3/yaml_to_json"...
[INFO] [stdout] thread 'tests::can_deserialize_and_reserialize_v3' panicked at 'called `Result::unwrap()` on an `Err` value: Os { code: 30, kind: ReadOnlyFilesystem, message: "Read-only file system" }', src/lib.rs:101:40
[INFO] [stdout] stack backtrace:
[INFO] [stdout]    0:     0x55a3f89729aa - std::backtrace_rs::backtrace::libunwind::trace::h2f05d0192276a8f6
[INFO] [stdout]                                at /rustc/1b7dd2252b99671ce5d1cb9664c5f8636329436d/library/std/src/../../backtrace/src/backtrace/libunwind.rs:93:5
[INFO] [stdout]    1:     0x55a3f89729aa - std::backtrace_rs::backtrace::trace_unsynchronized::hedc23dff7a1af150
[INFO] [stdout]                                at /rustc/1b7dd2252b99671ce5d1cb9664c5f8636329436d/library/std/src/../../backtrace/src/backtrace/mod.rs:66:5
[INFO] [stdout]    2:     0x55a3f89729aa - std::sys_common::backtrace::_print_fmt::h17541ef7592f3ce2
[INFO] [stdout]                                at /rustc/1b7dd2252b99671ce5d1cb9664c5f8636329436d/library/std/src/sys_common/backtrace.rs:65:5
[INFO] [stdout]    3:     0x55a3f89729aa - <std::sys_common::backtrace::_print::DisplayBacktrace as core::fmt::Display>::fmt::h20f75df5ab0c0792
[INFO] [stdout]                                at /rustc/1b7dd2252b99671ce5d1cb9664c5f8636329436d/library/std/src/sys_common/backtrace.rs:44:22
[INFO] [stdout]    4:     0x55a3f899aa2f - core::fmt::write::h78109e6f466b3af6
[INFO] [stdout]                                at /rustc/1b7dd2252b99671ce5d1cb9664c5f8636329436d/library/core/src/fmt/mod.rs:1254:17
[INFO] [stdout]    5:     0x55a3f896fad5 - std::io::Write::write_fmt::hd24bfb68a1b35a25
[INFO] [stdout]                                at /rustc/1b7dd2252b99671ce5d1cb9664c5f8636329436d/library/std/src/io/mod.rs:1698:15
[INFO] [stdout]    6:     0x55a3f8972775 - std::sys_common::backtrace::_print::h8dac57a9f8fbf9a5
[INFO] [stdout]                                at /rustc/1b7dd2252b99671ce5d1cb9664c5f8636329436d/library/std/src/sys_common/backtrace.rs:47:5
[INFO] [stdout]    7:     0x55a3f8972775 - std::sys_common::backtrace::print::hf9ecbf41d1aa712f
[INFO] [stdout]                                at /rustc/1b7dd2252b99671ce5d1cb9664c5f8636329436d/library/std/src/sys_common/backtrace.rs:34:9
[INFO] [stdout]    8:     0x55a3f897442e - std::panicking::default_hook::{{closure}}::h04c07acfc84ca028
[INFO] [stdout]                                at /rustc/1b7dd2252b99671ce5d1cb9664c5f8636329436d/library/std/src/panicking.rs:269:22
[INFO] [stdout]    9:     0x55a3f8974161 - std::panicking::default_hook::h01f6bb23e1eceb2c
[INFO] [stdout]                                at /rustc/1b7dd2252b99671ce5d1cb9664c5f8636329436d/library/std/src/panicking.rs:285:9
[INFO] [stdout]   10:     0x55a3f886f3fb - <alloc::boxed::Box<F,A> as core::ops::function::Fn<Args>>::call::h87fe9f7b2fd49e4c
[INFO] [stdout]                                at /rustc/1b7dd2252b99671ce5d1cb9664c5f8636329436d/library/alloc/src/boxed.rs:1987:9
[INFO] [stdout]   11:     0x55a3f886f3fb - test::test_main::{{closure}}::he94d679243a7531b
[INFO] [stdout]                                at /rustc/1b7dd2252b99671ce5d1cb9664c5f8636329436d/library/test/src/lib.rs:134:21
[INFO] [stdout]   12:     0x55a3f8974b14 - <alloc::boxed::Box<F,A> as core::ops::function::Fn<Args>>::call::h3f2d6d8b14c4769f
[INFO] [stdout]                                at /rustc/1b7dd2252b99671ce5d1cb9664c5f8636329436d/library/alloc/src/boxed.rs:1987:9
[INFO] [stdout]   13:     0x55a3f8974b14 - std::panicking::rust_panic_with_hook::h2bb3722bbaf2f6df
[INFO] [stdout]                                at /rustc/1b7dd2252b99671ce5d1cb9664c5f8636329436d/library/std/src/panicking.rs:695:13
[INFO] [stdout]   14:     0x55a3f8974889 - std::panicking::begin_panic_handler::{{closure}}::h91bc7f36a4be011b
[INFO] [stdout]                                at /rustc/1b7dd2252b99671ce5d1cb9664c5f8636329436d/library/std/src/panicking.rs:582:13
[INFO] [stdout]   15:     0x55a3f8972e16 - std::sys_common::backtrace::__rust_end_short_backtrace::h8b3d3717114f9e59
[INFO] [stdout]                                at /rustc/1b7dd2252b99671ce5d1cb9664c5f8636329436d/library/std/src/sys_common/backtrace.rs:150:18
[INFO] [stdout]   16:     0x55a3f89745e2 - rust_begin_unwind
[INFO] [stdout]                                at /rustc/1b7dd2252b99671ce5d1cb9664c5f8636329436d/library/std/src/panicking.rs:578:5
[INFO] [stdout]   17:     0x55a3f8541d53 - core::panicking::panic_fmt::hfd368e3fbdabea26
[INFO] [stdout]                                at /rustc/1b7dd2252b99671ce5d1cb9664c5f8636329436d/library/core/src/panicking.rs:67:14
[INFO] [stdout]   18:     0x55a3f85422f3 - core::result::unwrap_failed::he54eb4b2f125b26f
[INFO] [stdout]                                at /rustc/1b7dd2252b99671ce5d1cb9664c5f8636329436d/library/core/src/result.rs:1687:5
[INFO] [stdout]   19:     0x55a3f864f55d - core::result::Result<T,E>::unwrap::h211f222a2ac54267
[INFO] [stdout]                                at /rustc/1b7dd2252b99671ce5d1cb9664c5f8636329436d/library/core/src/result.rs:1089:23
[INFO] [stdout]   20:     0x55a3f86c2803 - apple_bloom::tests::write_to_file::haaa42b35afc3e603
[INFO] [stdout]                                at /opt/rustwide/workdir/src/lib.rs:101:9
[INFO] [stdout]   21:     0x55a3f86c2f73 - apple_bloom::tests::compare_spec_through_json::he47e9698f536075f
[INFO] [stdout]                                at /opt/rustwide/workdir/src/lib.rs:158:9
[INFO] [stdout]   22:     0x55a3f86c40e3 - apple_bloom::tests::can_deserialize_and_reserialize_v3::hbd4db828684fc26f
[INFO] [stdout]                                at /opt/rustwide/workdir/src/lib.rs:217:17
[INFO] [stdout]   23:     0x55a3f86c3dc7 - apple_bloom::tests::can_deserialize_and_reserialize_v3::{{closure}}::h5d0d87545cb9d7ad
[INFO] [stdout]                                at /opt/rustwide/workdir/src/lib.rs:204:45
[INFO] [stdout]   24:     0x55a3f87ec5e5 - core::ops::function::FnOnce::call_once::h1dfafb531c784916
[INFO] [stdout]                                at /rustc/1b7dd2252b99671ce5d1cb9664c5f8636329436d/library/core/src/ops/function.rs:250:5
[INFO] [stdout]   25:     0x55a3f88742cf - core::ops::function::FnOnce::call_once::ha6a70e79f7481a7e
[INFO] [stdout]                                at /rustc/1b7dd2252b99671ce5d1cb9664c5f8636329436d/library/core/src/ops/function.rs:250:5
[INFO] [stdout]   26:     0x55a3f88742cf - test::__rust_begin_short_backtrace::hce33033019b61e69
[INFO] [stdout]                                at /rustc/1b7dd2252b99671ce5d1cb9664c5f8636329436d/library/test/src/lib.rs:655:18
[INFO] [stdout]   27:     0x55a3f8841abc - test::run_test::{{closure}}::h858d3528838ae3e5
[INFO] [stdout]                                at /rustc/1b7dd2252b99671ce5d1cb9664c5f8636329436d/library/test/src/lib.rs:646:30
[INFO] [stdout]   28:     0x55a3f8841abc - core::ops::function::FnOnce::call_once{{vtable.shim}}::he8ac2b00f01ae79e
[INFO] [stdout]                                at /rustc/1b7dd2252b99671ce5d1cb9664c5f8636329436d/library/core/src/ops/function.rs:250:5
[INFO] [stdout]   29:     0x55a3f88733a6 - <alloc::boxed::Box<F,A> as core::ops::function::FnOnce<Args>>::call_once::h8093d25b522725ef
[INFO] [stdout]                                at /rustc/1b7dd2252b99671ce5d1cb9664c5f8636329436d/library/alloc/src/boxed.rs:1973:9
[INFO] [stdout]   30:     0x55a3f88733a6 - <core::panic::unwind_safe::AssertUnwindSafe<F> as core::ops::function::FnOnce<()>>::call_once::h5c334c204e4a3913
[INFO] [stdout]                                at /rustc/1b7dd2252b99671ce5d1cb9664c5f8636329436d/library/core/src/panic/unwind_safe.rs:271:9
[INFO] [stdout]   31:     0x55a3f88733a6 - std::panicking::try::do_call::ha8b740c7b9478074
[INFO] [stdout]                                at /rustc/1b7dd2252b99671ce5d1cb9664c5f8636329436d/library/std/src/panicking.rs:485:40
[INFO] [stdout]   32:     0x55a3f88733a6 - std::panicking::try::h5d34f63d0e41b64e
[INFO] [stdout]                                at /rustc/1b7dd2252b99671ce5d1cb9664c5f8636329436d/library/std/src/panicking.rs:449:19
[INFO] [stdout]   33:     0x55a3f88733a6 - std::panic::catch_unwind::hcfbb511e1aa7fc67
[INFO] [stdout]                                at /rustc/1b7dd2252b99671ce5d1cb9664c5f8636329436d/library/std/src/panic.rs:140:14
[INFO] [stdout]   34:     0x55a3f88733a6 - test::run_test_in_process::h9abda90f802eaf21
[INFO] [stdout]                                at /rustc/1b7dd2252b99671ce5d1cb9664c5f8636329436d/library/test/src/lib.rs:678:27
[INFO] [stdout]   35:     0x55a3f88733a6 - test::run_test::run_test_inner::{{closure}}::h0f058de91f6c6edf
[INFO] [stdout]                                at /rustc/1b7dd2252b99671ce5d1cb9664c5f8636329436d/library/test/src/lib.rs:572:39
[INFO] [stdout]   36:     0x55a3f883c2c5 - test::run_test::run_test_inner::{{closure}}::h5ca48a4c59c6c1fb
[INFO] [stdout]                                at /rustc/1b7dd2252b99671ce5d1cb9664c5f8636329436d/library/test/src/lib.rs:599:37
[INFO] [stdout]   37:     0x55a3f883c2c5 - std::sys_common::backtrace::__rust_begin_short_backtrace::h32bd51e1495d4a33
[INFO] [stdout]                                at /rustc/1b7dd2252b99671ce5d1cb9664c5f8636329436d/library/std/src/sys_common/backtrace.rs:134:18
[INFO] [stdout]   38:     0x55a3f8841801 - std::thread::Builder::spawn_unchecked_::{{closure}}::{{closure}}::hc086fae9b128b2db
[INFO] [stdout]                                at /rustc/1b7dd2252b99671ce5d1cb9664c5f8636329436d/library/std/src/thread/mod.rs:526:17
[INFO] [stdout]   39:     0x55a3f8841801 - <core::panic::unwind_safe::AssertUnwindSafe<F> as core::ops::function::FnOnce<()>>::call_once::hb66571888d270d43
[INFO] [stdout]                                at /rustc/1b7dd2252b99671ce5d1cb9664c5f8636329436d/library/core/src/panic/unwind_safe.rs:271:9
[INFO] [stdout]   40:     0x55a3f8841801 - std::panicking::try::do_call::h4fa2ef4f6e51fecf
[INFO] [stdout]                                at /rustc/1b7dd2252b99671ce5d1cb9664c5f8636329436d/library/std/src/panicking.rs:485:40
[INFO] [stdout]   41:     0x55a3f8841801 - std::panicking::try::h1e9e22b8584489b5
[INFO] [stdout]                                at /rustc/1b7dd2252b99671ce5d1cb9664c5f8636329436d/library/std/src/panicking.rs:449:19
[INFO] [stdout]   42:     0x55a3f8841801 - std::panic::catch_unwind::h44698a3de0e0769e
[INFO] [stdout]                                at /rustc/1b7dd2252b99671ce5d1cb9664c5f8636329436d/library/std/src/panic.rs:140:14
[INFO] [stdout]   43:     0x55a3f8841801 - std::thread::Builder::spawn_unchecked_::{{closure}}::h50153abde3fe239e
[INFO] [stdout]                                at /rustc/1b7dd2252b99671ce5d1cb9664c5f8636329436d/library/std/src/thread/mod.rs:525:30
[INFO] [stdout]   44:     0x55a3f8841801 - core::ops::function::FnOnce::call_once{{vtable.shim}}::hbe5bbf6f38394364
[INFO] [stdout]                                at /rustc/1b7dd2252b99671ce5d1cb9664c5f8636329436d/library/core/src/ops/function.rs:250:5
[INFO] [stdout]   45:     0x55a3f8979405 - <alloc::boxed::Box<F,A> as core::ops::function::FnOnce<Args>>::call_once::h0d83cb2920a49046
[INFO] [stdout]                                at /rustc/1b7dd2252b99671ce5d1cb9664c5f8636329436d/library/alloc/src/boxed.rs:1973:9
[INFO] [stdout]   46:     0x55a3f8979405 - <alloc::boxed::Box<F,A> as core::ops::function::FnOnce<Args>>::call_once::hbe0a008aa7d9ef59
[INFO] [stdout]                                at /rustc/1b7dd2252b99671ce5d1cb9664c5f8636329436d/library/alloc/src/boxed.rs:1973:9
[INFO] [stdout]   47:     0x55a3f8979405 - std::sys::unix::thread::Thread::new::thread_start::h3a466996bdf6b1f9
[INFO] [stdout]                                at /rustc/1b7dd2252b99671ce5d1cb9664c5f8636329436d/library/std/src/sys/unix/thread.rs:108:17
[INFO] [stdout]   48:     0x7f20789e3b43 - <unknown>
[INFO] [stdout]   49:     0x7f2078a74bb4 - __clone
[INFO] [stdout]   50:                0x0 - <unknown>
[INFO] [stdout] 
[INFO] [stdout] ---- tests::can_deserialize_and_reserialize_v2 stdout ----
[INFO] [stdout] Testing if "data/v2/k8s.json" is deserializable
[INFO] [stdout]     Saving string to "target/tests/can_deserialize_and_reserialize_v2/yaml_to_json"...
[INFO] [stdout] thread 'tests::can_deserialize_and_reserialize_v2' panicked at 'called `Result::unwrap()` on an `Err` value: Os { code: 30, kind: ReadOnlyFilesystem, message: "Read-only file system" }', src/lib.rs:101:40
[INFO] [stdout] stack backtrace:
[INFO] [stdout]    0:     0x55a3f89729aa - std::backtrace_rs::backtrace::libunwind::trace::h2f05d0192276a8f6
[INFO] [stdout]                                at /rustc/1b7dd2252b99671ce5d1cb9664c5f8636329436d/library/std/src/../../backtrace/src/backtrace/libunwind.rs:93:5
[INFO] [stdout]    1:     0x55a3f89729aa - std::backtrace_rs::backtrace::trace_unsynchronized::hedc23dff7a1af150
[INFO] [stdout]                                at /rustc/1b7dd2252b99671ce5d1cb9664c5f8636329436d/library/std/src/../../backtrace/src/backtrace/mod.rs:66:5
[INFO] [stdout]    2:     0x55a3f89729aa - std::sys_common::backtrace::_print_fmt::h17541ef7592f3ce2
[INFO] [stdout]                                at /rustc/1b7dd2252b99671ce5d1cb9664c5f8636329436d/library/std/src/sys_common/backtrace.rs:65:5
[INFO] [stdout]    3:     0x55a3f89729aa - <std::sys_common::backtrace::_print::DisplayBacktrace as core::fmt::Display>::fmt::h20f75df5ab0c0792
[INFO] [stdout]                                at /rustc/1b7dd2252b99671ce5d1cb9664c5f8636329436d/library/std/src/sys_common/backtrace.rs:44:22
[INFO] [stdout]    4:     0x55a3f899aa2f - core::fmt::write::h78109e6f466b3af6
[INFO] [stdout]                                at /rustc/1b7dd2252b99671ce5d1cb9664c5f8636329436d/library/core/src/fmt/mod.rs:1254:17
[INFO] [stdout]    5:     0x55a3f896fad5 - std::io::Write::write_fmt::hd24bfb68a1b35a25
[INFO] [stdout]                                at /rustc/1b7dd2252b99671ce5d1cb9664c5f8636329436d/library/std/src/io/mod.rs:1698:15
[INFO] [stdout]    6:     0x55a3f8972775 - std::sys_common::backtrace::_print::h8dac57a9f8fbf9a5
[INFO] [stdout]                                at /rustc/1b7dd2252b99671ce5d1cb9664c5f8636329436d/library/std/src/sys_common/backtrace.rs:47:5
[INFO] [stdout]    7:     0x55a3f8972775 - std::sys_common::backtrace::print::hf9ecbf41d1aa712f
[INFO] [stdout]                                at /rustc/1b7dd2252b99671ce5d1cb9664c5f8636329436d/library/std/src/sys_common/backtrace.rs:34:9
[INFO] [stdout]    8:     0x55a3f897442e - std::panicking::default_hook::{{closure}}::h04c07acfc84ca028
[INFO] [stdout]                                at /rustc/1b7dd2252b99671ce5d1cb9664c5f8636329436d/library/std/src/panicking.rs:269:22
[INFO] [stdout]    9:     0x55a3f8974161 - std::panicking::default_hook::h01f6bb23e1eceb2c
[INFO] [stdout]                                at /rustc/1b7dd2252b99671ce5d1cb9664c5f8636329436d/library/std/src/panicking.rs:285:9
[INFO] [stdout]   10:     0x55a3f886f3fb - <alloc::boxed::Box<F,A> as core::ops::function::Fn<Args>>::call::h87fe9f7b2fd49e4c
[INFO] [stdout]                                at /rustc/1b7dd2252b99671ce5d1cb9664c5f8636329436d/library/alloc/src/boxed.rs:1987:9
[INFO] [stdout]   11:     0x55a3f886f3fb - test::test_main::{{closure}}::he94d679243a7531b
[INFO] [stdout]                                at /rustc/1b7dd2252b99671ce5d1cb9664c5f8636329436d/library/test/src/lib.rs:134:21
[INFO] [stdout]   12:     0x55a3f8974b14 - <alloc::boxed::Box<F,A> as core::ops::function::Fn<Args>>::call::h3f2d6d8b14c4769f
[INFO] [stdout]                                at /rustc/1b7dd2252b99671ce5d1cb9664c5f8636329436d/library/alloc/src/boxed.rs:1987:9
[INFO] [stdout]   13:     0x55a3f8974b14 - std::panicking::rust_panic_with_hook::h2bb3722bbaf2f6df
[INFO] [stdout]                                at /rustc/1b7dd2252b99671ce5d1cb9664c5f8636329436d/library/std/src/panicking.rs:695:13
[INFO] [stdout]   14:     0x55a3f8974889 - std::panicking::begin_panic_handler::{{closure}}::h91bc7f36a4be011b
[INFO] [stdout]                                at /rustc/1b7dd2252b99671ce5d1cb9664c5f8636329436d/library/std/src/panicking.rs:582:13
[INFO] [stdout]   15:     0x55a3f8972e16 - std::sys_common::backtrace::__rust_end_short_backtrace::h8b3d3717114f9e59
[INFO] [stdout]                                at /rustc/1b7dd2252b99671ce5d1cb9664c5f8636329436d/library/std/src/sys_common/backtrace.rs:150:18
[INFO] [stdout]   16:     0x55a3f89745e2 - rust_begin_unwind
[INFO] [stdout]                                at /rustc/1b7dd2252b99671ce5d1cb9664c5f8636329436d/library/std/src/panicking.rs:578:5
[INFO] [stdout]   17:     0x55a3f8541d53 - core::panicking::panic_fmt::hfd368e3fbdabea26
[INFO] [stdout]                                at /rustc/1b7dd2252b99671ce5d1cb9664c5f8636329436d/library/core/src/panicking.rs:67:14
[INFO] [stdout]   18:     0x55a3f85422f3 - core::result::unwrap_failed::he54eb4b2f125b26f
[INFO] [stdout]                                at /rustc/1b7dd2252b99671ce5d1cb9664c5f8636329436d/library/core/src/result.rs:1687:5
[INFO] [stdout]   19:     0x55a3f864f55d - core::result::Result<T,E>::unwrap::h211f222a2ac54267
[INFO] [stdout]                                at /rustc/1b7dd2252b99671ce5d1cb9664c5f8636329436d/library/core/src/result.rs:1089:23
[INFO] [stdout]   20:     0x55a3f86c2803 - apple_bloom::tests::write_to_file::haaa42b35afc3e603
[INFO] [stdout]                                at /opt/rustwide/workdir/src/lib.rs:101:9
[INFO] [stdout]   21:     0x55a3f86c2f73 - apple_bloom::tests::compare_spec_through_json::he47e9698f536075f
[INFO] [stdout]                                at /opt/rustwide/workdir/src/lib.rs:158:9
[INFO] [stdout]   22:     0x55a3f86c3900 - apple_bloom::tests::can_deserialize_and_reserialize_v2::h8f3f546ab42728d6
[INFO] [stdout]                                at /opt/rustwide/workdir/src/lib.rs:192:17
[INFO] [stdout]   23:     0x55a3f86c35c7 - apple_bloom::tests::can_deserialize_and_reserialize_v2::{{closure}}::hecc711d111109c52
[INFO] [stdout]                                at /opt/rustwide/workdir/src/lib.rs:180:45
[INFO] [stdout]   24:     0x55a3f87ee585 - core::ops::function::FnOnce::call_once::hd34d1605074b2e86
[INFO] [stdout]                                at /rustc/1b7dd2252b99671ce5d1cb9664c5f8636329436d/library/core/src/ops/function.rs:250:5
[INFO] [stdout]   25:     0x55a3f88742cf - core::ops::function::FnOnce::call_once::ha6a70e79f7481a7e
[INFO] [stdout]                                at /rustc/1b7dd2252b99671ce5d1cb9664c5f8636329436d/library/core/src/ops/function.rs:250:5
[INFO] [stdout]   26:     0x55a3f88742cf - test::__rust_begin_short_backtrace::hce33033019b61e69
[INFO] [stdout]                                at /rustc/1b7dd2252b99671ce5d1cb9664c5f8636329436d/library/test/src/lib.rs:655:18
[INFO] [stdout]   27:     0x55a3f8841abc - test::run_test::{{closure}}::h858d3528838ae3e5
[INFO] [stdout]                                at /rustc/1b7dd2252b99671ce5d1cb9664c5f8636329436d/library/test/src/lib.rs:646:30
[INFO] [stdout]   28:     0x55a3f8841abc - core::ops::function::FnOnce::call_once{{vtable.shim}}::he8ac2b00f01ae79e
[INFO] [stdout]                                at /rustc/1b7dd2252b99671ce5d1cb9664c5f8636329436d/library/core/src/ops/function.rs:250:5
[INFO] [stdout]   29:     0x55a3f88733a6 - <alloc::boxed::Box<F,A> as core::ops::function::FnOnce<Args>>::call_once::h8093d25b522725ef
[INFO] [stdout]                                at /rustc/1b7dd2252b99671ce5d1cb9664c5f8636329436d/library/alloc/src/boxed.rs:1973:9
[INFO] [stdout]   30:     0x55a3f88733a6 - <core::panic::unwind_safe::AssertUnwindSafe<F> as core::ops::function::FnOnce<()>>::call_once::h5c334c204e4a3913
[INFO] [stdout]                                at /rustc/1b7dd2252b99671ce5d1cb9664c5f8636329436d/library/core/src/panic/unwind_safe.rs:271:9
[INFO] [stdout]   31:     0x55a3f88733a6 - std::panicking::try::do_call::ha8b740c7b9478074
[INFO] [stdout]                                at /rustc/1b7dd2252b99671ce5d1cb9664c5f8636329436d/library/std/src/panicking.rs:485:40
[INFO] [stdout]   32:     0x55a3f88733a6 - std::panicking::try::h5d34f63d0e41b64e
[INFO] [stdout]                                at /rustc/1b7dd2252b99671ce5d1cb9664c5f8636329436d/library/std/src/panicking.rs:449:19
[INFO] [stdout]   33:     0x55a3f88733a6 - std::panic::catch_unwind::hcfbb511e1aa7fc67
[INFO] [stdout]                                at /rustc/1b7dd2252b99671ce5d1cb9664c5f8636329436d/library/std/src/panic.rs:140:14
[INFO] [stdout]   34:     0x55a3f88733a6 - test::run_test_in_process::h9abda90f802eaf21
[INFO] [stdout]                                at /rustc/1b7dd2252b99671ce5d1cb9664c5f8636329436d/library/test/src/lib.rs:678:27
[INFO] [stdout]   35:     0x55a3f88733a6 - test::run_test::run_test_inner::{{closure}}::h0f058de91f6c6edf
[INFO] [stdout]                                at /rustc/1b7dd2252b99671ce5d1cb9664c5f8636329436d/library/test/src/lib.rs:572:39
[INFO] [stdout]   36:     0x55a3f883c2c5 - test::run_test::run_test_inner::{{closure}}::h5ca48a4c59c6c1fb
[INFO] [stdout]                                at /rustc/1b7dd2252b99671ce5d1cb9664c5f8636329436d/library/test/src/lib.rs:599:37
[INFO] [stdout]   37:     0x55a3f883c2c5 - std::sys_common::backtrace::__rust_begin_short_backtrace::h32bd51e1495d4a33
[INFO] [stdout]                                at /rustc/1b7dd2252b99671ce5d1cb9664c5f8636329436d/library/std/src/sys_common/backtrace.rs:134:18
[INFO] [stdout]   38:     0x55a3f8841801 - std::thread::Builder::spawn_unchecked_::{{closure}}::{{closure}}::hc086fae9b128b2db
[INFO] [stdout]                                at /rustc/1b7dd2252b99671ce5d1cb9664c5f8636329436d/library/std/src/thread/mod.rs:526:17
[INFO] [stdout]   39:     0x55a3f8841801 - <core::panic::unwind_safe::AssertUnwindSafe<F> as core::ops::function::FnOnce<()>>::call_once::hb66571888d270d43
[INFO] [stdout]                                at /rustc/1b7dd2252b99671ce5d1cb9664c5f8636329436d/library/core/src/panic/unwind_safe.rs:271:9
[INFO] [stdout]   40:     0x55a3f8841801 - std::panicking::try::do_call::h4fa2ef4f6e51fecf
[INFO] [stdout]                                at /rustc/1b7dd2252b99671ce5d1cb9664c5f8636329436d/library/std/src/panicking.rs:485:40
[INFO] [stdout]   41:     0x55a3f8841801 - std::panicking::try::h1e9e22b8584489b5
[INFO] [stdout]                                at /rustc/1b7dd2252b99671ce5d1cb9664c5f8636329436d/library/std/src/panicking.rs:449:19
[INFO] [stdout]   42:     0x55a3f8841801 - std::panic::catch_unwind::h44698a3de0e0769e
[INFO] [stdout]                                at /rustc/1b7dd2252b99671ce5d1cb9664c5f8636329436d/library/std/src/panic.rs:140:14
[INFO] [stdout]   43:     0x55a3f8841801 - std::thread::Builder::spawn_unchecked_::{{closure}}::h50153abde3fe239e
[INFO] [stdout]                                at /rustc/1b7dd2252b99671ce5d1cb9664c5f8636329436d/library/std/src/thread/mod.rs:525:30
[INFO] [stdout]   44:     0x55a3f8841801 - core::ops::function::FnOnce::call_once{{vtable.shim}}::hbe5bbf6f38394364
[INFO] [stdout]                                at /rustc/1b7dd2252b99671ce5d1cb9664c5f8636329436d/library/core/src/ops/function.rs:250:5
[INFO] [stdout]   45:     0x55a3f8979405 - <alloc::boxed::Box<F,A> as core::ops::function::FnOnce<Args>>::call_once::h0d83cb2920a49046
[INFO] [stdout]                                at /rustc/1b7dd2252b99671ce5d1cb9664c5f8636329436d/library/alloc/src/boxed.rs:1973:9
[INFO] [stdout]   46:     0x55a3f8979405 - <alloc::boxed::Box<F,A> as core::ops::function::FnOnce<Args>>::call_once::hbe0a008aa7d9ef59
[INFO] [stdout]                                at /rustc/1b7dd2252b99671ce5d1cb9664c5f8636329436d/library/alloc/src/boxed.rs:1973:9
[INFO] [stdout]   47:     0x55a3f8979405 - std::sys::unix::thread::Thread::new::thread_start::h3a466996bdf6b1f9
[INFO] [stdout]                                at /rustc/1b7dd2252b99671ce5d1cb9664c5f8636329436d/library/std/src/sys/unix/thread.rs:108:17
[INFO] [stdout]   48:     0x7f20789e3b43 - <unknown>
[INFO] [stdout]   49:     0x7f2078a74bb4 - __clone
[INFO] [stdout]   50:                0x0 - <unknown>
[INFO] [stdout] 
[INFO] [stdout] 
[INFO] [stdout] failures:
[INFO] [stdout]     tests::can_deserialize_and_reserialize_v2
[INFO] [stdout]     tests::can_deserialize_and_reserialize_v3
[INFO] [stdout] 
[INFO] [stdout] test result: FAILED. 15 passed; 2 failed; 0 ignored; 0 measured; 0 filtered out; finished in 1.09s
[INFO] [stdout] 
[INFO] [stderr] error: test failed, to rerun pass `--lib`
[INFO] running `Command { std: "docker" "inspect" "0c99a03fe92a20753bbe915d862de4b29ba508f2a12e0cf14637bcc393fd1f36", kill_on_drop: false }`
[INFO] running `Command { std: "docker" "rm" "-f" "0c99a03fe92a20753bbe915d862de4b29ba508f2a12e0cf14637bcc393fd1f36", kill_on_drop: false }`
[INFO] [stdout] 0c99a03fe92a20753bbe915d862de4b29ba508f2a12e0cf14637bcc393fd1f36
