[INFO] fetching crate apache-avro 0.14.0...
[INFO] testing apache-avro-0.14.0 against beta-2023-04-20 for beta-1.70-1
[INFO] extracting crate apache-avro 0.14.0 into /workspace/builds/worker-6-tc2/source
[INFO] validating manifest of crates.io crate apache-avro 0.14.0 on toolchain beta-2023-04-20
[INFO] running `Command { std: CARGO_HOME="/workspace/cargo-home" RUSTUP_HOME="/workspace/rustup-home" "/workspace/cargo-home/bin/cargo" "+beta-2023-04-20" "metadata" "--manifest-path" "Cargo.toml" "--no-deps", kill_on_drop: false }`
[INFO] started tweaking crates.io crate apache-avro 0.14.0
[INFO] finished tweaking crates.io crate apache-avro 0.14.0
[INFO] tweaked toml for crates.io crate apache-avro 0.14.0 written to /workspace/builds/worker-6-tc2/source/Cargo.toml
[INFO] crate crates.io crate apache-avro 0.14.0 already has a lockfile, it will not be regenerated
[INFO] running `Command { std: CARGO_HOME="/workspace/cargo-home" RUSTUP_HOME="/workspace/rustup-home" "/workspace/cargo-home/bin/cargo" "+beta-2023-04-20" "fetch" "--manifest-path" "Cargo.toml", kill_on_drop: false }`
[INFO] [stderr] warning: version requirement `0.11.2+zstd.1.5.2` for dependency `zstd` includes semver metadata which will be ignored, removing the metadata is recommended to avoid confusion
[INFO] [stderr]     Updating crates.io index
[INFO] [stderr]  Downloading crates ...
[INFO] [stderr]   Downloaded synstructure v0.12.6
[INFO] [stderr]   Downloaded zstd-safe v5.0.2+zstd.1.5.2
[INFO] [stderr]   Downloaded jobserver v0.1.24
[INFO] [stderr]   Downloaded zerocopy v0.6.1
[INFO] [stderr]   Downloaded zstd v0.11.2+zstd.1.5.2
[INFO] [stderr]   Downloaded zerocopy-derive v0.3.1
[INFO] [stderr]   Downloaded libc v0.2.126
[INFO] [stderr]   Downloaded zstd-sys v2.0.1+zstd.1.5.2
[INFO] [stderr]   Downloaded unicode-ident v1.0.3
[INFO] [stderr]   Downloaded libflate_lz77 v1.1.0
[INFO] [stderr]   Downloaded proc-macro2 v1.0.43
[INFO] [stderr]   Downloaded syn v1.0.99
[INFO] [stderr]   Downloaded crc32fast v1.3.2
[INFO] [stderr]   Downloaded ctor v0.1.23
[INFO] [stderr]   Downloaded block-buffer v0.10.2
[INFO] [stderr]   Downloaded thiserror-impl v1.0.32
[INFO] [stderr]   Downloaded digest v0.10.3
[INFO] [stderr]   Downloaded sha2 v0.10.2
[INFO] [stderr]   Downloaded ppv-lite86 v0.2.16
[INFO] [stderr]   Downloaded uuid v1.1.2
[INFO] [stderr]   Downloaded serde_json v1.0.83
[INFO] [stderr]   Downloaded itoa v0.4.8
[INFO] [stderr]   Downloaded darling_core v0.14.1
[INFO] [stderr]   Downloaded bzip2 v0.4.3
[INFO] [stderr]   Downloaded hex-literal v0.3.4
[INFO] [stderr]   Downloaded wasm-bindgen-backend v0.2.82
[INFO] [stderr]   Downloaded cast v0.3.0
[INFO] [stderr]   Downloaded typed-builder v0.10.0
[INFO] [stderr]   Downloaded md-5 v0.10.1
[INFO] [stderr]   Downloaded serde_cbor v0.11.2
[INFO] [stderr]   Downloaded unicode-xid v0.2.3
[INFO] [stderr]   Downloaded serde v1.0.142
[INFO] [stderr]   Downloaded apache-avro-derive v0.14.0
[INFO] [stderr]   Downloaded csv-core v0.1.10
[INFO] [stderr]   Downloaded regex-automata v0.1.10
[INFO] [stderr]   Downloaded bstr v0.2.17
[INFO] [stderr]   Downloaded anyhow v1.0.59
[INFO] [stderr]   Downloaded itertools v0.10.3
[INFO] [stderr]   Downloaded plotters v0.3.2
[INFO] [stderr]   Downloaded darling_macro v0.14.1
[INFO] [stderr]   Downloaded web-sys v0.3.59
[INFO] [stderr]   Downloaded plotters-backend v0.3.4
[INFO] [stderr]   Downloaded env_logger v0.9.0
[INFO] [stderr]   Downloaded color-backtrace v0.5.1
[INFO] [stderr]   Downloaded bzip2-sys v0.1.11+1.0.8
[INFO] [stderr]   Downloaded plotters-svg v0.3.2
[INFO] [stderr]   Downloaded js-sys v0.3.59
[INFO] [stderr]   Downloaded once_cell v1.13.0
[INFO] [stderr]   Downloaded libflate v1.2.0
[INFO] [stderr]   Downloaded getrandom v0.2.7
[INFO] [stderr]   Downloaded pkg-config v0.3.25
[INFO] [stderr]   Downloaded ref_thread_local v0.1.1
[INFO] [stderr]   Downloaded oorandom v11.1.3
[INFO] [stderr]   Downloaded wasm-bindgen-shared v0.2.82
[INFO] [stderr]   Downloaded either v1.7.0
[INFO] [stderr]   Downloaded same-file v1.0.6
[INFO] [stderr]   Downloaded adler32 v1.2.0
[INFO] [stderr]   Downloaded quad-rand v0.2.1
[INFO] [stderr]   Downloaded cpufeatures v0.2.2
[INFO] [stderr]   Downloaded strum_macros v0.24.2
[INFO] [stderr]   Downloaded bumpalo v3.10.0
[INFO] [stderr]   Downloaded wasm-bindgen-macro-support v0.2.82
[INFO] [stderr]   Downloaded regex v1.6.0
[INFO] [stderr]   Downloaded miniz_oxide v0.5.3
[INFO] [stderr]   Downloaded csv v1.1.6
[INFO] [stderr]   Downloaded apache-avro-test-helper v0.14.0
[INFO] [stderr]   Downloaded criterion v0.3.6
[INFO] [stderr]   Downloaded pretty_assertions v1.2.1
[INFO] [stderr]   Downloaded thiserror v1.0.32
[INFO] [stderr]   Downloaded half v1.8.2
[INFO] [stderr]   Downloaded xz2 v0.1.7
[INFO] [stderr]   Downloaded tinytemplate v1.2.1
[INFO] [stderr]   Downloaded wasm-bindgen-macro v0.2.82
[INFO] [stderr]   Downloaded wasm-bindgen v0.2.82
[INFO] [stderr]   Downloaded walkdir v2.3.2
[INFO] [stderr]   Downloaded criterion-plot v0.4.5
[INFO] [stderr]   Downloaded darling v0.14.1
[INFO] [stderr]   Downloaded rle-decode-fast v1.0.3
[INFO] [stderr]   Downloaded regex-syntax v0.6.27
[INFO] [stderr]   Downloaded snap v1.0.5
[INFO] [stderr]   Downloaded lzma-sys v0.1.19
[INFO] [stderr]   Downloaded serde_derive v1.0.142
[INFO] [stderr]   Downloaded strum v0.24.1
[INFO] [stderr]   Downloaded output_vt100 v0.1.3
[INFO] running `Command { std: "docker" "create" "-v" "/var/lib/crater-agent-workspace/builds/worker-6-tc2/target:/opt/rustwide/target:rw,Z" "-v" "/var/lib/crater-agent-workspace/builds/worker-6-tc2/source:/opt/rustwide/workdir:ro,Z" "-v" "/var/lib/crater-agent-workspace/cargo-home:/opt/rustwide/cargo-home:ro,Z" "-v" "/var/lib/crater-agent-workspace/rustup-home:/opt/rustwide/rustup-home:ro,Z" "-e" "SOURCE_DIR=/opt/rustwide/workdir" "-e" "CARGO_TARGET_DIR=/opt/rustwide/target" "-e" "CARGO_HOME=/opt/rustwide/cargo-home" "-e" "RUSTUP_HOME=/opt/rustwide/rustup-home" "-w" "/opt/rustwide/workdir" "-m" "1610612736" "--user" "0:0" "--network" "none" "ghcr.io/rust-lang/crates-build-env/linux@sha256:5ff2268d62e97bff2cde7d5815dd6ed5b47097566f13b8d0ca110b04b60e07ed" "/opt/rustwide/cargo-home/bin/cargo" "+beta-2023-04-20" "metadata" "--no-deps" "--format-version=1", kill_on_drop: false }`
[INFO] [stdout] 151cc29c44fd9fa32eccdc16338e1d6bb5e8c53d276c53c6b59eddb06fd2193f
[INFO] running `Command { std: "docker" "start" "-a" "151cc29c44fd9fa32eccdc16338e1d6bb5e8c53d276c53c6b59eddb06fd2193f", kill_on_drop: false }`
[INFO] running `Command { std: "docker" "inspect" "151cc29c44fd9fa32eccdc16338e1d6bb5e8c53d276c53c6b59eddb06fd2193f", kill_on_drop: false }`
[INFO] running `Command { std: "docker" "rm" "-f" "151cc29c44fd9fa32eccdc16338e1d6bb5e8c53d276c53c6b59eddb06fd2193f", kill_on_drop: false }`
[INFO] [stdout] 151cc29c44fd9fa32eccdc16338e1d6bb5e8c53d276c53c6b59eddb06fd2193f
[INFO] running `Command { std: "docker" "create" "-v" "/var/lib/crater-agent-workspace/builds/worker-6-tc2/target:/opt/rustwide/target:rw,Z" "-v" "/var/lib/crater-agent-workspace/builds/worker-6-tc2/source:/opt/rustwide/workdir:ro,Z" "-v" "/var/lib/crater-agent-workspace/cargo-home:/opt/rustwide/cargo-home:ro,Z" "-v" "/var/lib/crater-agent-workspace/rustup-home:/opt/rustwide/rustup-home:ro,Z" "-e" "SOURCE_DIR=/opt/rustwide/workdir" "-e" "CARGO_TARGET_DIR=/opt/rustwide/target" "-e" "CARGO_INCREMENTAL=0" "-e" "RUST_BACKTRACE=full" "-e" "RUSTFLAGS=--cap-lints=warn" "-e" "RUSTDOCFLAGS=--cap-lints=warn" "-e" "CARGO_HOME=/opt/rustwide/cargo-home" "-e" "RUSTUP_HOME=/opt/rustwide/rustup-home" "-w" "/opt/rustwide/workdir" "-m" "1610612736" "--user" "0:0" "--network" "none" "ghcr.io/rust-lang/crates-build-env/linux@sha256:5ff2268d62e97bff2cde7d5815dd6ed5b47097566f13b8d0ca110b04b60e07ed" "/opt/rustwide/cargo-home/bin/cargo" "+beta-2023-04-20" "build" "--frozen" "--message-format=json", kill_on_drop: false }`
[INFO] [stdout] 444b92fcfb231395c3df295e99836251323ff416a10eb549e2fa146220e4c83d
[INFO] running `Command { std: "docker" "start" "-a" "444b92fcfb231395c3df295e99836251323ff416a10eb549e2fa146220e4c83d", kill_on_drop: false }`
[INFO] [stderr] warning: version requirement `0.11.2+zstd.1.5.2` for dependency `zstd` includes semver metadata which will be ignored, removing the metadata is recommended to avoid confusion
[INFO] [stderr]    Compiling proc-macro2 v1.0.43
[INFO] [stderr]    Compiling quote v1.0.21
[INFO] [stderr]    Compiling unicode-ident v1.0.3
[INFO] [stderr]    Compiling syn v1.0.99
[INFO] [stderr]    Compiling libc v0.2.126
[INFO] [stderr]    Compiling typenum v1.15.0
[INFO] [stderr]    Compiling serde_derive v1.0.142
[INFO] [stderr]    Compiling serde v1.0.142
[INFO] [stderr]    Compiling unicode-xid v0.2.3
[INFO] [stderr]    Compiling crc32fast v1.3.2
[INFO] [stderr]    Compiling rustversion v1.0.9
[INFO] [stderr]    Compiling ppv-lite86 v0.2.16
[INFO] [stderr]    Compiling num-traits v0.2.15
[INFO] [stderr]    Compiling num-integer v0.1.45
[INFO] [stderr]    Compiling num-bigint v0.4.3
[INFO] [stderr]    Compiling rle-decode-fast v1.0.3
[INFO] [stderr]    Compiling serde_json v1.0.83
[INFO] [stderr]    Compiling libflate_lz77 v1.1.0
[INFO] [stderr]    Compiling regex-syntax v0.6.27
[INFO] [stderr]    Compiling ryu v1.0.11
[INFO] [stderr]    Compiling byteorder v1.4.3
[INFO] [stderr]    Compiling heck v0.4.0
[INFO] [stderr]    Compiling itoa v1.0.3
[INFO] [stderr]    Compiling adler32 v1.2.0
[INFO] [stderr]    Compiling strum v0.24.1
[INFO] [stderr]    Compiling libflate v1.2.0
[INFO] [stderr]    Compiling getrandom v0.2.7
[INFO] [stderr]    Compiling rand_core v0.6.3
[INFO] [stderr]    Compiling regex v1.6.0
[INFO] [stderr]    Compiling rand_chacha v0.3.1
[INFO] [stderr]    Compiling generic-array v0.14.6
[INFO] [stderr]    Compiling rand v0.8.5
[INFO] [stderr]    Compiling block-buffer v0.10.2
[INFO] [stderr]    Compiling crypto-common v0.1.6
[INFO] [stderr]    Compiling digest v0.10.3
[INFO] [stderr]    Compiling synstructure v0.12.6
[INFO] [stderr]    Compiling zerocopy-derive v0.3.1
[INFO] [stderr]    Compiling thiserror-impl v1.0.32
[INFO] [stderr]    Compiling strum_macros v0.24.2
[INFO] [stderr]    Compiling typed-builder v0.10.0
[INFO] [stderr]    Compiling zerocopy v0.6.1
[INFO] [stderr]    Compiling thiserror v1.0.32
[INFO] [stderr]    Compiling uuid v1.1.2
[INFO] [stderr]    Compiling apache-avro v0.14.0 (/opt/rustwide/workdir)
[INFO] [stderr]     Finished dev [unoptimized + debuginfo] target(s) in 13.58s
[INFO] running `Command { std: "docker" "inspect" "444b92fcfb231395c3df295e99836251323ff416a10eb549e2fa146220e4c83d", kill_on_drop: false }`
[INFO] running `Command { std: "docker" "rm" "-f" "444b92fcfb231395c3df295e99836251323ff416a10eb549e2fa146220e4c83d", kill_on_drop: false }`
[INFO] [stdout] 444b92fcfb231395c3df295e99836251323ff416a10eb549e2fa146220e4c83d
[INFO] running `Command { std: "docker" "create" "-v" "/var/lib/crater-agent-workspace/builds/worker-6-tc2/target:/opt/rustwide/target:rw,Z" "-v" "/var/lib/crater-agent-workspace/builds/worker-6-tc2/source:/opt/rustwide/workdir:ro,Z" "-v" "/var/lib/crater-agent-workspace/cargo-home:/opt/rustwide/cargo-home:ro,Z" "-v" "/var/lib/crater-agent-workspace/rustup-home:/opt/rustwide/rustup-home:ro,Z" "-e" "SOURCE_DIR=/opt/rustwide/workdir" "-e" "CARGO_TARGET_DIR=/opt/rustwide/target" "-e" "CARGO_INCREMENTAL=0" "-e" "RUST_BACKTRACE=full" "-e" "RUSTFLAGS=--cap-lints=warn" "-e" "RUSTDOCFLAGS=--cap-lints=warn" "-e" "CARGO_HOME=/opt/rustwide/cargo-home" "-e" "RUSTUP_HOME=/opt/rustwide/rustup-home" "-w" "/opt/rustwide/workdir" "-m" "1610612736" "--user" "0:0" "--network" "none" "ghcr.io/rust-lang/crates-build-env/linux@sha256:5ff2268d62e97bff2cde7d5815dd6ed5b47097566f13b8d0ca110b04b60e07ed" "/opt/rustwide/cargo-home/bin/cargo" "+beta-2023-04-20" "test" "--frozen" "--no-run" "--message-format=json", kill_on_drop: false }`
[INFO] [stdout] 97911a3b80a32524ffb4412bd8678f4125b771f3ed1ae6f90cca536e242cd57a
[INFO] running `Command { std: "docker" "start" "-a" "97911a3b80a32524ffb4412bd8678f4125b771f3ed1ae6f90cca536e242cd57a", kill_on_drop: false }`
[INFO] [stderr] warning: version requirement `0.11.2+zstd.1.5.2` for dependency `zstd` includes semver metadata which will be ignored, removing the metadata is recommended to avoid confusion
[INFO] [stderr]    Compiling memchr v2.5.0
[INFO] [stderr]    Compiling crossbeam-utils v0.8.11
[INFO] [stderr]    Compiling once_cell v1.13.0
[INFO] [stderr]    Compiling memoffset v0.6.5
[INFO] [stderr]    Compiling crossbeam-epoch v0.9.10
[INFO] [stderr]    Compiling cc v1.0.73
[INFO] [stderr]    Compiling rayon-core v1.9.3
[INFO] [stderr]    Compiling either v1.7.0
[INFO] [stderr]    Compiling gimli v0.26.2
[INFO] [stderr]    Compiling adler v1.0.2
[INFO] [stderr]    Compiling atty v0.2.14
[INFO] [stderr]    Compiling num_cpus v1.13.1
[INFO] [stderr]    Compiling rayon v1.5.3
[INFO] [stderr]    Compiling plotters-backend v0.3.4
[INFO] [stderr]    Compiling regex-automata v0.1.10
[INFO] [stderr]    Compiling rustc-demangle v0.1.21
[INFO] [stderr]    Compiling unicode-width v0.1.9
[INFO] [stderr]    Compiling miniz_oxide v0.5.3
[INFO] [stderr]    Compiling itertools v0.10.3
[INFO] [stderr]    Compiling textwrap v0.11.0
[INFO] [stderr]    Compiling termcolor v1.1.3
[INFO] [stderr]    Compiling half v1.8.2
[INFO] [stderr]    Compiling plotters-svg v0.3.2
[INFO] [stderr]    Compiling anyhow v1.0.59
[INFO] [stderr]    Compiling itoa v0.4.8
[INFO] [stderr]    Compiling cast v0.3.0
[INFO] [stderr]    Compiling same-file v1.0.6
[INFO] [stderr]    Compiling crossbeam-channel v0.5.6
[INFO] [stderr]    Compiling walkdir v2.3.2
[INFO] [stderr]    Compiling plotters v0.3.2
[INFO] [stderr]    Compiling serde_cbor v0.11.2
[INFO] [stderr]    Compiling clap v2.34.0
[INFO] [stderr]    Compiling tinytemplate v1.2.1
[INFO] [stderr]    Compiling env_logger v0.9.0
[INFO] [stderr]    Compiling ctor v0.1.23
[INFO] [stderr]    Compiling crossbeam-deque v0.8.2
[INFO] [stderr]    Compiling object v0.29.0
[INFO] [stderr]    Compiling csv-core v0.1.10
[INFO] [stderr]    Compiling bstr v0.2.17
[INFO] [stderr]    Compiling backtrace v0.3.66
[INFO] [stderr]    Compiling ref_thread_local v0.1.1
[INFO] [stderr]    Compiling diff v0.1.13
[INFO] [stderr]    Compiling cpufeatures v0.2.2
[INFO] [stderr]    Compiling oorandom v11.1.3
[INFO] [stderr]    Compiling pretty_assertions v1.2.1
[INFO] [stderr]    Compiling criterion-plot v0.4.5
[INFO] [stderr]    Compiling sha2 v0.10.2
[INFO] [stderr]    Compiling md-5 v0.10.1
[INFO] [stderr]    Compiling hex-literal v0.3.4
[INFO] [stderr]    Compiling csv v1.1.6
[INFO] [stderr]    Compiling addr2line v0.17.0
[INFO] [stderr]    Compiling criterion v0.3.6
[INFO] [stderr]    Compiling color-backtrace v0.5.1
[INFO] [stderr]    Compiling apache-avro-test-helper v0.14.0
[INFO] [stderr]    Compiling apache-avro v0.14.0 (/opt/rustwide/workdir)
[INFO] [stderr]     Finished test [unoptimized + debuginfo] target(s) in 15.06s
[INFO] running `Command { std: "docker" "inspect" "97911a3b80a32524ffb4412bd8678f4125b771f3ed1ae6f90cca536e242cd57a", kill_on_drop: false }`
[INFO] running `Command { std: "docker" "rm" "-f" "97911a3b80a32524ffb4412bd8678f4125b771f3ed1ae6f90cca536e242cd57a", kill_on_drop: false }`
[INFO] [stdout] 97911a3b80a32524ffb4412bd8678f4125b771f3ed1ae6f90cca536e242cd57a
[INFO] running `Command { std: "docker" "create" "-v" "/var/lib/crater-agent-workspace/builds/worker-6-tc2/target:/opt/rustwide/target:rw,Z" "-v" "/var/lib/crater-agent-workspace/builds/worker-6-tc2/source:/opt/rustwide/workdir:ro,Z" "-v" "/var/lib/crater-agent-workspace/cargo-home:/opt/rustwide/cargo-home:ro,Z" "-v" "/var/lib/crater-agent-workspace/rustup-home:/opt/rustwide/rustup-home:ro,Z" "-e" "SOURCE_DIR=/opt/rustwide/workdir" "-e" "CARGO_TARGET_DIR=/opt/rustwide/target" "-e" "CARGO_INCREMENTAL=0" "-e" "RUST_BACKTRACE=full" "-e" "RUSTFLAGS=--cap-lints=warn" "-e" "RUSTDOCFLAGS=--cap-lints=warn" "-e" "CARGO_HOME=/opt/rustwide/cargo-home" "-e" "RUSTUP_HOME=/opt/rustwide/rustup-home" "-w" "/opt/rustwide/workdir" "-m" "1610612736" "--user" "0:0" "--network" "none" "ghcr.io/rust-lang/crates-build-env/linux@sha256:5ff2268d62e97bff2cde7d5815dd6ed5b47097566f13b8d0ca110b04b60e07ed" "/opt/rustwide/cargo-home/bin/cargo" "+beta-2023-04-20" "test" "--frozen", kill_on_drop: false }`
[INFO] [stdout] 7cff1fdd1b3a39e49035d66c596f3bc20bf3db609b7ae3dfeb56a7c79a712195
[INFO] running `Command { std: "docker" "start" "-a" "7cff1fdd1b3a39e49035d66c596f3bc20bf3db609b7ae3dfeb56a7c79a712195", kill_on_drop: false }`
[INFO] [stderr] warning: version requirement `0.11.2+zstd.1.5.2` for dependency `zstd` includes semver metadata which will be ignored, removing the metadata is recommended to avoid confusion
[INFO] [stderr]     Finished test [unoptimized + debuginfo] target(s) in 0.08s
[INFO] [stderr]      Running unittests src/lib.rs (/opt/rustwide/target/debug/deps/apache_avro-f7a1245394ce9c4b)
[INFO] [stdout] 
[INFO] [stdout] running 205 tests
[INFO] [stdout] test codec::tests::codec_to_str ... ok
[INFO] [stdout] test codec::tests::codec_from_str ... ok
[INFO] [stdout] test codec::tests::null_compress_and_decompress ... ok
[INFO] [stdout] test de::tests::test_date ... ok
[INFO] [stdout] test de::tests::test_from_value ... ok
[INFO] [stdout] test de::tests::test_from_value_struct_enum ... ok
[INFO] [stdout] test de::tests::test_from_value_tuple_enum ... ok
[INFO] [stdout] test de::tests::test_from_value_single_value_enum ... ok
[INFO] [stdout] test de::tests::test_from_value_unit_enum ... ok
[INFO] [stdout] test de::tests::test_from_value_uuid_slice ... ok
[INFO] [stdout] test de::tests::test_from_value_uuid_str ... ok
[INFO] [stdout] test de::tests::test_time_micros ... ok
[INFO] [stdout] test codec::tests::deflate_compress_and_decompress ... ok
[INFO] [stdout] test de::tests::test_timestamp_micros ... ok
[INFO] [stdout] test de::tests::test_time_millis ... ok
[INFO] [stdout] test de::tests::test_timestamp_millis ... ok
[INFO] [stdout] test de::tests::test_from_value_with_union ... ok
[INFO] [stdout] test decimal::tests::test_decimal_from_bytes_from_ref_decimal ... ok
[INFO] [stdout] test decimal::tests::test_decimal_from_bytes_from_owned_decimal ... ok
[INFO] [stdout] test decode::tests::test_decode_map_without_size ... ok
[INFO] [stdout] test decode::tests::test_decode_array_with_size ... ok
[INFO] [stdout] test decode::tests::test_decode_map_with_size ... ok
[INFO] [stdout] test decode::tests::test_decode_array_without_size ... ok
[INFO] [stdout] test decode::tests::test_decode_decimal_with_bigger_than_necessary_size ... ok
[INFO] [stdout] test decode::tests::test_negative_decimal_value ... ok
[INFO] [stdout] test encode::tests::test_avro_3433_recursive_definition_encode_array ... ok
[INFO] [stdout] test decode::tests::test_avro_3448_recursive_definition_decode_array ... ok
[INFO] [stdout] test encode::tests::test_avro_3433_recursive_definition_encode_union ... ok
[INFO] [stdout] test encode::tests::test_avro_3433_recursive_definition_encode_record_wrapper ... ok
[INFO] [stdout] test encode::tests::test_avro_3433_recursive_definition_encode_map ... ok
[INFO] [stdout] test encode::tests::test_avro_3585_encode_uuids ... ok
[INFO] [stdout] test encode::tests::test_encode_empty_map ... ok
[INFO] [stdout] test encode::tests::test_encode_empty_array ... ok
[INFO] [stdout] test decode::tests::test_avro_3448_recursive_definition_decode_union ... ok
[INFO] [stdout] test encode::tests::test_avro_3433_recursive_definition_encode_record ... ok
[INFO] [stdout] test encode::tests::test_avro_3448_proper_multi_level_encoding_outer_namespace ... ok
[INFO] [stdout] test encode::tests::test_avro_3433_recursive_definition_encode_map_and_array ... ok
[INFO] [stdout] test encode::tests::test_avro_3448_proper_multi_level_encoding_middle_namespace ... ok
[INFO] [stdout] test decode::tests::test_avro_3448_recursive_definition_decode_map ... ok
[INFO] [stdout] test rabin::tests::test1 ... ok
[INFO] [stdout] test decode::tests::test_avro_3448_proper_multi_level_decoding_middle_namespace ... ok
[INFO] [stdout] test reader::tests::test_reader_empty_buffer ... ok
[INFO] [stdout] test decode::tests::test_avro_3448_proper_multi_level_decoding_inner_namespace ... ok
[INFO] [stdout] test reader::tests::test_from_avro_datum ... ok
[INFO] [stdout] test encode::tests::test_avro_3448_proper_multi_level_encoding_inner_namespace ... ok
[INFO] [stdout] test reader::tests::test_null_union ... ok
[INFO] [stdout] test reader::tests::test_from_avro_datum_with_union_to_struct ... ok
[INFO] [stdout] test reader::tests::test_avro_3507_single_object_reader ... ok
[INFO] [stdout] test schema::tests::avro_3130_parse_anonymous_union_type ... ok
[INFO] [stdout] test reader::tests::test_reader_invalid_header ... ok
[INFO] [stdout] test reader::tests::test_reader_invalid_block ... ok
[INFO] [stdout] test reader::tests::test_avro_3549_read_not_enabled_codec ... ok
[INFO] [stdout] test reader::tests::test_reader_iterator ... ok
[INFO] [stdout] test reader::tests::test_reader_only_header ... ok
[INFO] [stdout] test reader::tests::test_avro_3405_read_user_metadata_success ... ok
[INFO] [stdout] test schema::tests::avro_3448_test_proper_in_array_resolution_inherited_namespace ... ok
[INFO] [stdout] test reader::tests::test_avro_3507_reader_parity ... ok
[INFO] [stdout] test schema::tests::avro_3448_test_proper_in_map_resolution_inherited_namespace ... ok
[INFO] [stdout] test schema::tests::avro_3448_test_proper_resolution_inner_fixed_inherited_namespace ... ok
[INFO] [stdout] test schema::tests::avro_3448_test_proper_multi_level_resolution_inner_record_inner_namespace ... ok
[INFO] [stdout] test schema::tests::avro_3448_test_proper_resolution_inner_fixed_qualified_namespace ... ok
[INFO] [stdout] test schema::tests::avro_3448_test_proper_resolution_inner_fixed_inner_namespace ... ok
[INFO] [stdout] test schema::tests::avro_3512_alias_with_null_namespace_record ... ok
[INFO] [stdout] test schema::tests::avro_3448_test_proper_multi_level_resolution_inner_record_middle_namespace ... ok
[INFO] [stdout] test schema::tests::avro_3512_alias_with_null_namespace_fixed ... ok
[INFO] [stdout] test schema::tests::avro_3518_serialize_aliases_fixed ... ok
[INFO] [stdout] test schema::tests::avro_3448_test_proper_resolution_inner_record_qualified_namespace ... ok
[INFO] [stdout] test schema::tests::avro_3448_test_proper_resolution_inner_record_inherited_namespace ... ok
[INFO] [stdout] test schema::tests::avro_3448_test_proper_resolution_inner_record_inner_namespace ... ok
[INFO] [stdout] test schema::tests::avro_3448_test_proper_multi_level_resolution_inner_record_outer_namespace ... ok
[INFO] [stdout] test schema::tests::avro_3512_alias_with_null_namespace_enum ... ok
[INFO] [stdout] test schema::tests::avro_3448_test_proper_resolution_inner_enum_inherited_namespace ... ok
[INFO] [stdout] test schema::tests::avro_3448_test_proper_resolution_inner_enum_qualified_namespace ... ok
[INFO] [stdout] test schema::tests::avro_3448_test_proper_resolution_inner_enum_inner_namespace ... ok
[INFO] [stdout] test schema::tests::avro_3518_serialize_aliases_record ... ok
[INFO] [stdout] test schema::tests::avro_3466_test_to_json_inner_fixed_inner_namespace ... ok
[INFO] [stdout] test schema::tests::record_field_order_from_str ... ok
[INFO] [stdout] test schema::tests::avro_3466_test_to_json_inner_enum_inner_namespace ... ok
[INFO] [stdout] test schema::tests::avro_3518_serialize_aliases_enum ... ok
[INFO] [stdout] test schema::tests::test_enum_schema_duplicate ... ok
[INFO] [stdout] test schema::tests::test_avro_3374_preserve_namespace_for_primitive ... ok
[INFO] [stdout] test schema::tests::test_logical_types ... ok
[INFO] [stdout] test schema::tests::test_map_schema ... ok
[INFO] [stdout] test schema::tests::test_multi_union_schema ... ok
[INFO] [stdout] test schema::tests::test_name_with_no_name_part ... ok
[INFO] [stdout] test schema::tests::test_enum_schema ... ok
[INFO] [stdout] test schema::tests::test_name_with_whitespace_value ... ok
[INFO] [stdout] test schema::tests::test_array_schema ... ok
[INFO] [stdout] test schema::tests::test_enum_schema_name ... ok
[INFO] [stdout] test schema::tests::test_documentation ... ok
[INFO] [stdout] test schema::tests::test_invalid_schema ... ok
[INFO] [stdout] test schema::tests::test_fixed_schema ... ok
[INFO] [stdout] test schema::tests::test_fixed_schema_with_documentation ... ok
[INFO] [stdout] test schema::tests::test_namespace_from_field ... ok
[INFO] [stdout] test schema::tests::test_namespace_from_name_has_priority_over_from_field ... ok
[INFO] [stdout] test schema::tests::avro_3584_test_recursion_records ... ok
[INFO] [stdout] test schema::tests::test_no_documentation ... ok
[INFO] [stdout] test schema::tests::test_avro_3433_preserve_schema_refs_in_json ... ok
[INFO] [stdout] test schema::tests::test_primitive_schema ... ok
[INFO] [stdout] test schema::tests::test_namespace_from_name_with_empty_value ... ok
[INFO] [stdout] test schema::tests::test_read_namespace_from_name ... ok
[INFO] [stdout] test schema::tests::test_nullable_logical_type ... ok
[INFO] [stdout] test schema::tests::test_record_schema ... ok
[INFO] [stdout] test schema::tests::test_schema_is_send ... ok
[INFO] [stdout] test schema::tests::test_record_schema_with_currently_parsing_schema_named_record ... ok
[INFO] [stdout] test schema::tests::test_record_schema_with_currently_parsing_schema_aliases ... ok
[INFO] [stdout] test schema::tests::test_parsing_of_recursive_type_fixed ... ok
[INFO] [stdout] test schema::tests::test_union_schema ... ok
[INFO] [stdout] test schema_compatibility::tests::test_array_writer_schema ... ok
[INFO] [stdout] test schema_compatibility::tests::test_broken ... ok
[INFO] [stdout] test schema::tests::test_union_unsupported_schema ... ok
[INFO] [stdout] test schema::tests::test_schema_fingerprint ... ok
[INFO] [stdout] test schema::tests::test_schema_is_sync ... ok
[INFO] [stdout] test schema::tests::test_nullable_record ... ok
[INFO] [stdout] test schema::tests::test_parsing_of_recursive_type_enum ... ok
[INFO] [stdout] test schema::tests::test_record_schema_with_currently_parsing_schema_named_fixed ... ok
[INFO] [stdout] test schema::tests::test_record_schema_with_currently_parsing_schema_named_enum ... ok
[INFO] [stdout] test schema::tests::test_record_schema_with_currently_parsing_schema ... ok
[INFO] [stdout] test schema_compatibility::tests::test_all_fields ... ok
[INFO] [stdout] test schema_compatibility::tests::test_primitive_writer_schema ... ok
[INFO] [stdout] test schema_compatibility::tests::test_enum_symbols ... ok
[INFO] [stdout] test schema_compatibility::tests::test_missing_field ... ok
[INFO] [stdout] test schema_compatibility::tests::test_new_field_with_default ... ok
[INFO] [stdout] test schema_compatibility::tests::test_union_reader_writer_subset_incompatiblity ... ok
[INFO] [stdout] test schema_compatibility::tests::test_incompatible_record_field ... ok
[INFO] [stdout] test schema_compatibility::tests::test_missing_second_field ... ok
[INFO] [stdout] test schema_compatibility::tests::test_new_field ... ok
[INFO] [stdout] test schema::tests::test_union_of_records ... ok
[INFO] [stdout] test ser::tests::test_to_value_single_value_enum ... ok
[INFO] [stdout] test ser::tests::test_to_value_tuple_enum ... ok
[INFO] [stdout] test ser::tests::test_to_value_struct_enum ... ok
[INFO] [stdout] test schema_compatibility::tests::test_union_resolution_first_structure_match_2d ... ok
[INFO] [stdout] test schema_compatibility::tests::test_union_resolution_no_structure_match ... ok
[INFO] [stdout] test ser::tests::test_to_value ... ok
[INFO] [stdout] test types::tests::resolve_bytes_ok ... ok
[INFO] [stdout] test schema_compatibility::tests::test_union_resolution_first_structure_match_3d ... ok
[INFO] [stdout] test types::tests::resolve_bytes_failure ... ok
[INFO] [stdout] test ser::tests::test_to_value_unit_enum ... ok
[INFO] [stdout] test types::tests::resolve_decimal_bytes ... ok
[INFO] [stdout] test tests::test_illformed_length ... ok
[INFO] [stdout] test types::tests::resolve_date ... ok
[INFO] [stdout] test types::tests::resolve_duration ... ok
[INFO] [stdout] test tests::test_enum_no_reader_schema ... ok
[INFO] [stdout] test schema_compatibility::tests::test_union_resolution_named_structure_match ... ok
[INFO] [stdout] test types::tests::json_from_avro ... ok
[INFO] [stdout] test types::tests::resolve_string_from_bytes ... ok
[INFO] [stdout] test schema_compatibility::tests::test_union_resolution_full_name_match ... ok
[INFO] [stdout] test schema_compatibility::tests::test_compatible_reader_writer_pairs ... ok
[INFO] [stdout] test types::tests::resolve_decimal_fixed ... ok
[INFO] [stdout] test types::tests::resolve_decimal_invalid_precision_for_length ... ok
[INFO] [stdout] test types::tests::resolve_decimal_invalid_scale ... ok
[INFO] [stdout] test types::tests::resolve_string_from_fixed ... ok
[INFO] [stdout] test schema_compatibility::tests::test_incompatible_reader_writer_pairs ... ok
[INFO] [stdout] test types::tests::resolve_time_micros ... ok
[INFO] [stdout] test types::tests::resolve_time_millis ... ok
[INFO] [stdout] test types::tests::resolve_timestamp_millis ... ok
[INFO] [stdout] test types::tests::resolve_timestamp_micros ... ok
[INFO] [stdout] test tests::test_enum_resolution ... ok
[INFO] [stdout] test types::tests::resolve_uuid ... ok
[INFO] [stdout] test tests::test_enum_default ... ok
[INFO] [stdout] test tests::test_enum_string_value ... ok
[INFO] [stdout] test types::tests::test_avro_3433_recursive_resolves_map ... ok
[INFO] [stdout] test types::tests::validate_enum ... ok
[INFO] [stdout] test types::tests::test_avro_3433_recursive_resolves_record_wrapper ... ok
[INFO] [stdout] test types::tests::validate ... ok
[INFO] [stdout] test types::tests::test_avro_3433_recursive_resolves_record ... ok
[INFO] [stdout] test util::tests::test_zig_i32 ... ok
[INFO] [stdout] test types::tests::test_avro_3460_validation_with_refs ... ok
[INFO] [stdout] test util::tests::test_zig_i64 ... ok
[INFO] [stdout] test types::tests::validate_fixed ... ok
[INFO] [stdout] test util::tests::test_safe_len ... ok
[INFO] [stdout] test util::tests::test_zigzag ... ok
[INFO] [stdout] test types::tests::test_avro_3433_recursive_resolves_map_and_array ... ok
[INFO] [stdout] test util::tests::test_overflow ... ok
[INFO] [stdout] test types::tests::validate_record ... ok
[INFO] [stdout] test types::tests::test_avro_3433_recursive_resolves_array ... ok
[INFO] [stdout] test writer::tests::date ... ok
[INFO] [stdout] test types::tests::test_avro_3433_recursive_resolves_union ... ok
[INFO] [stdout] test types::tests::test_avro_3460_validation_with_refs_real_struct ... ok
[INFO] [stdout] test writer::tests::decimal_fixed ... ok
[INFO] [stdout] test writer::tests::test_union_not_null ... ok
[INFO] [stdout] test writer::tests::duration ... ok
[INFO] [stdout] test types::tests::test_avro_3461_test_multi_level_resolve_middle_namespace ... ok
[INFO] [stdout] test types::tests::test_avro_3461_test_multi_level_resolve_outer_namespace ... ok
[INFO] [stdout] test writer::tests::test_avro_3405_writer_add_metadata_success ... ok
[INFO] [stdout] test writer::tests::decimal_bytes ... ok
[INFO] [stdout] test writer::tests::test_union_null ... ok
[INFO] [stdout] test types::tests::test_avro_3461_test_multi_level_resolve_inner_namespace ... ok
[INFO] [stdout] test writer::tests::test_to_avro_datum ... ok
[INFO] [stdout] test writer::tests::test_single_object_writer ... ok
[INFO] [stdout] test writer::tests::test_writer_append ... ok
[INFO] [stdout] test writer::tests::time_micros ... ok
[INFO] [stdout] test writer::tests::time_millis ... ok
[INFO] [stdout] test writer::tests::test_writer_extend_ser ... ok
[INFO] [stdout] test writer::tests::timestamp_micros ... ok
[INFO] [stdout] test writer::tests::test_avro_3405_writer_add_metadata_with_builder_api_success ... ok
[INFO] [stdout] test writer::tests::test_writer_extend ... ok
[INFO] [stdout] test writer::tests::test_avro_3405_writer_add_metadata_failure ... ok
[INFO] [stdout] test writer::tests::timestamp_millis ... ok
[INFO] [stdout] test writer::tests::test_avro_3405_writer_add_metadata_reserved_prefix_failure ... ok
[INFO] [stdout] test writer::tests::test_writer_append_ser ... ok
[INFO] [stdout] test writer::tests::test_logical_writer ... ok
[INFO] [stdout] test writer::tests::test_writer_with_builder ... ok
[INFO] [stdout] test writer::tests::test_writer_parity ... ok
[INFO] [stdout] test writer::tests::test_writer_with_codec ... ok
[INFO] [stdout] 
[INFO] [stdout] test result: ok. 205 passed; 0 failed; 0 ignored; 0 measured; 0 filtered out; finished in 0.02s
[INFO] [stdout] 
[INFO] [stderr]      Running tests/io.rs (/opt/rustwide/target/debug/deps/io-e7b86f39a48e4263)
[INFO] [stdout] 
[INFO] [stdout] running 11 tests
[INFO] [stdout] test test_binary_int_encoding ... ok
[INFO] [stdout] test test_binary_long_encoding ... ok
[INFO] [stdout] test test_schema_promotion ... ok
[INFO] [stdout] test test_no_default_value ... ok
[INFO] [stdout] test test_type_exception ... ok
[INFO] [stdout] test test_projection ... ok
[INFO] [stdout] test test_field_order ... ok
[INFO] [stdout] test test_unknown_symbol ... ok
[INFO] [stdout] test test_validate ... ok
[INFO] [stdout] test test_round_trip ... ok
[INFO] [stdout] test test_default_value ... ok
[INFO] [stdout] 
[INFO] [stdout] test result: ok. 11 passed; 0 failed; 0 ignored; 0 measured; 0 filtered out; finished in 0.00s
[INFO] [stdout] 
[INFO] [stderr]      Running tests/schema.rs (/opt/rustwide/target/debug/deps/schema-3b279ff9e2844385)
[INFO] [stdout] 
[INFO] [stdout] running 27 tests
[INFO] [stdout] test test_avro_3452_parse_json_without_name_field ... ok
[INFO] [stdout] test test_fullname_name_namespace_and_default_namespace_specified ... ok
[INFO] [stdout] test test_fullname_name_and_namespace_specified ... ok
[INFO] [stdout] test test_fullname_name_and_default_namespace_specified ... ok
[INFO] [stdout] test test_avro_3452_parsing_name_without_namespace ... ok
[INFO] [stdout] test test_fullname_fullname_namespace_and_default_namespace_specified ... ok
[INFO] [stdout] test test_fullname_fullname_and_default_namespace_specified ... ok
[INFO] [stdout] test test_avro_3452_parsing_name_with_leading_dot_without_namespace ... ok
[INFO] [stdout] test test_fullname_fullname_and_namespace_specified ... ok
[INFO] [stdout] test avro_old_issue_47 ... ok
[INFO] [stdout] test test_correct_recursive_extraction ... ok
[INFO] [stdout] test test_name_collision_error ... ok
[INFO] [stdout] test test_root_error_is_not_swallowed_on_parse_error ... ok
[INFO] [stdout] test test_parse_list_with_cross_deps_and_namespaces_error ... ok
[INFO] [stdout] test test_doc_attributes ... ok
[INFO] [stdout] test test_parse_list_with_cross_deps_basic ... ok
[INFO] [stdout] test test_parse_reused_record_schema_by_fullname ... ok
[INFO] [stdout] test test_parse_list_with_cross_deps_and_namespaces ... ok
[INFO] [stdout] test test_parse_list_without_cross_deps ... ok
[INFO] [stdout] test test_namespace_prevents_collisions ... ok
[INFO] [stdout] test test_record_schema_with_cyclic_references ... ok
[INFO] [stdout] test test_parse_list_recursive_type ... ok
[INFO] [stdout] test test_parse_list_multiple_dependencies ... ok
[INFO] [stdout] test test_parse_list_shared_dependency ... ok
[INFO] [stdout] test test_parse ... ok
[INFO] [stdout] test test_valid_cast_to_string_after_parse ... ok
[INFO] [stdout] test test_equivalence_after_round_trip ... ok
[INFO] [stdout] 
[INFO] [stdout] test result: ok. 27 passed; 0 failed; 0 ignored; 0 measured; 0 filtered out; finished in 0.01s
[INFO] [stdout] 
[INFO] [stderr]    Doc-tests apache-avro
[INFO] [stdout] 
[INFO] [stdout] running 23 tests
[INFO] [stdout] test src/lib.rs - (line 248) ... ok
[INFO] [stdout] test src/lib.rs - (line 461) ... FAILED
[INFO] [stdout] test src/lib.rs - (line 416) ... FAILED
[INFO] [stdout] test src/lib.rs - (line 102) ... FAILED
[INFO] [stdout] test src/lib.rs - (line 78) ... FAILED
[INFO] [stdout] test src/lib.rs - (line 265) ... FAILED
[INFO] [stdout] test src/rabin.rs - rabin::Rabin (line 66) ... FAILED
[INFO] [stdout] test src/schema.rs - schema::Name::fully_qualified_name (line 303) ... ignored
[INFO] [stdout] test src/reader.rs - reader::Reader (line 252) - compile ... ok
[INFO] [stdout] test src/lib.rs - (line 637) ... FAILED
[INFO] [stdout] test src/lib.rs - (line 204) ... FAILED
[INFO] [stdout] test src/lib.rs - (line 682) ... FAILED
[INFO] [stdout] test src/decimal.rs - decimal::Vec<u8> (line 60) ... ok
[INFO] [stdout] test src/lib.rs - (line 193) ... ok
[INFO] [stdout] test src/decimal.rs - decimal::Vec<u8> (line 77) ... ok
[INFO] [stdout] test src/lib.rs - (line 155) ... ok
[INFO] [stdout] test src/rabin.rs - rabin::Rabin (line 47) ... ok
[INFO] [stdout] test src/lib.rs - (line 702) ... ok
[INFO] [stdout] test src/lib.rs - (line 715) ... ok
[INFO] [stdout] test src/lib.rs - (line 378) ... ok
[INFO] [stdout] test src/lib.rs - (line 290) ... ok
[INFO] [stdout] test src/lib.rs - (line 524) ... ok
[INFO] [stdout] test src/lib.rs - (line 319) ... ok
[INFO] [stdout] 
[INFO] [stdout] failures:
[INFO] [stdout] 
[INFO] [stdout] ---- src/lib.rs - (line 461) stdout ----
[INFO] [stdout] Couldn't compile the test.
[INFO] [stdout] ---- src/lib.rs - (line 416) stdout ----
[INFO] [stdout] Couldn't compile the test.
[INFO] [stdout] ---- src/lib.rs - (line 102) stdout ----
[INFO] [stdout] error: linking with `cc` failed: exit status: 1
[INFO] [stdout]   |
[INFO] [stdout]   = note: LC_ALL="C" PATH="/opt/rustwide/rustup-home/toolchains/beta-2023-04-20-x86_64-unknown-linux-gnu/lib/rustlib/x86_64-unknown-linux-gnu/bin:/opt/rustwide/cargo-home/bin:/usr/local/sbin:/usr/local/bin:/usr/sbin:/usr/bin:/sbin:/bin" VSLANG="1033" "cc" "-m64" "/tmp/rustckvf8pj/symbols.o" "/tmp/rustdoctestNM3PqH/rust_out.rust_out.c38b68ff-cgu.0.rcgu.o" "/tmp/rustdoctestNM3PqH/rust_out.38a7fyhsvjn6z0qy.rcgu.o" "-Wl,--as-needed" "-L" "/opt/rustwide/target/debug/deps" "-L" "/opt/rustwide/target/debug/deps" "-L" "/opt/rustwide/rustup-home/toolchains/beta-2023-04-20-x86_64-unknown-linux-gnu/lib/rustlib/x86_64-unknown-linux-gnu/lib" "-Wl,-Bstatic" "/opt/rustwide/target/debug/deps/libapache_avro-dd822fa38d677070.rlib" "/opt/rustwide/target/debug/deps/librand-cdff7951d19eb87c.rlib" "/opt/rustwide/target/debug/deps/librand_chacha-0165a7ca589dac48.rlib" "/opt/rustwide/target/debug/deps/libppv_lite86-0fa3e45be755835a.rlib" "/opt/rustwide/target/debug/deps/librand_core-58e590957ad3323a.rlib" "/opt/rustwide/target/debug/deps/libgetrandom-3197e83f5e5d94e5.rlib" "/opt/rustwide/target/debug/deps/liblibc-633699dc5f0d7a64.rlib" "/opt/rustwide/target/debug/deps/libstrum-124ff69ca5425755.rlib" "/opt/rustwide/target/debug/deps/libthiserror-29a01dfdac96e2d7.rlib" "/opt/rustwide/target/debug/deps/libregex-82ae5e8b560896e5.rlib" "/opt/rustwide/target/debug/deps/libregex_syntax-24ee4f0349ec7ade.rlib" "/opt/rustwide/target/debug/deps/liblazy_static-86422d76b8bd90ed.rlib" "/opt/rustwide/target/debug/deps/libdigest-20fbedd3f92cb756.rlib" "/opt/rustwide/target/debug/deps/libblock_buffer-8a521640c0ac09c7.rlib" "/opt/rustwide/target/debug/deps/libcrypto_common-6f5e9c871cef2683.rlib" "/opt/rustwide/target/debug/deps/libgeneric_array-428225fb55c47719.rlib" "/opt/rustwide/target/debug/deps/libtypenum-f068cdcc1d945756.rlib" "/opt/rustwide/target/debug/deps/libserde_json-f1a836281bcd314c.rlib" "/opt/rustwide/target/debug/deps/libryu-666d6b875e8a3744.rlib" "/opt/rustwide/target/debug/deps/libitoa-51c8c8bd54a981a9.rlib" "/opt/rustwide/target/debug/deps/libzerocopy-a1b450926f909aa4.rlib" "/opt/rustwide/target/debug/deps/libbyteorder-82be2e969a99c9e1.rlib" "/opt/rustwide/target/debug/deps/libuuid-f2d382aa95339b8b.rlib" "/opt/rustwide/target/debug/deps/libnum_bigint-e1b42a35292e913c.rlib" "/opt/rustwide/target/debug/deps/libnum_integer-367d151531b10829.rlib" "/opt/rustwide/target/debug/deps/libnum_traits-ab4e79417a15ff02.rlib" "/opt/rustwide/target/debug/deps/libserde-2de54bfc20d2955a.rlib" "/opt/rustwide/target/debug/deps/liblibflate-637fa289b14fa613.rlib" "/opt/rustwide/target/debug/deps/libcrc32fast-fc15e7c737c5fb18.rlib" "/opt/rustwide/target/debug/deps/libadler32-4ad3039ef892af0b.rlib" "/opt/rustwide/target/debug/deps/liblibflate_lz77-2a8ae33789eb530f.rlib" "/opt/rustwide/target/debug/deps/librle_decode_fast-92ff53db1386bd32.rlib" "/opt/rustwide/target/debug/deps/liblog-a3fff25330ec687e.rlib" "/opt/rustwide/target/debug/deps/libcfg_if-97437e183f3ae6e4.rlib" "/opt/rustwide/rustup-home/toolchains/beta-2023-04-20-x86_64-unknown-linux-gnu/lib/rustlib/x86_64-unknown-linux-gnu/lib/libstd-0e29cc23c5e02021.rlib" "/opt/rustwide/rustup-home/toolchains/beta-2023-04-20-x86_64-unknown-linux-gnu/lib/rustlib/x86_64-unknown-linux-gnu/lib/libpanic_unwind-d903621768a861d9.rlib" "/opt/rustwide/rustup-home/toolchains/beta-2023-04-20-x86_64-unknown-linux-gnu/lib/rustlib/x86_64-unknown-linux-gnu/lib/libobject-6d0225e655f31c13.rlib" "/opt/rustwide/rustup-home/toolchains/beta-2023-04-20-x86_64-unknown-linux-gnu/lib/rustlib/x86_64-unknown-linux-gnu/lib/libmemchr-9dbaf4eac7eaa079.rlib" "/opt/rustwide/rustup-home/toolchains/beta-2023-04-20-x86_64-unknown-linux-gnu/lib/rustlib/x86_64-unknown-linux-gnu/lib/libaddr2line-27f05b3d42a66dd0.rlib" "/opt/rustwide/rustup-home/toolchains/beta-2023-04-20-x86_64-unknown-linux-gnu/lib/rustlib/x86_64-unknown-linux-gnu/lib/libgimli-4d73f1030321c9a2.rlib" "/opt/rustwide/rustup-home/toolchains/beta-2023-04-20-x86_64-unknown-linux-gnu/lib/rustlib/x86_64-unknown-linux-gnu/lib/librustc_demangle-2846c9e58abd0acb.rlib" "/opt/rustwide/rustup-home/toolchains/beta-2023-04-20-x86_64-unknown-linux-gnu/lib/rustlib/x86_64-unknown-linux-gnu/lib/libstd_detect-a53d0f50415947be.rlib" "/opt/rustwide/rustup-home/toolchains/beta-2023-04-20-x86_64-unknown-linux-gnu/lib/rustlib/x86_64-unknown-linux-gnu/lib/libhashbrown-d48e4b6abc25b9dc.rlib" "/opt/rustwide/rustup-home/toolchains/beta-2023-04-20-x86_64-unknown-linux-gnu/lib/rustlib/x86_64-unknown-linux-gnu/lib/libminiz_oxide-2991859439ef1207.rlib" "/opt/rustwide/rustup-home/toolchains/beta-2023-04-20-x86_64-unknown-linux-gnu/lib/rustlib/x86_64-unknown-linux-gnu/lib/libadler-8a687517e4221bae.rlib" "/opt/rustwide/rustup-home/toolchains/beta-2023-04-20-x86_64-unknown-linux-gnu/lib/rustlib/x86_64-unknown-linux-gnu/lib/librustc_std_workspace_alloc-e07b554f6a67f5b3.rlib" "/opt/rustwide/rustup-home/toolchains/beta-2023-04-20-x86_64-unknown-linux-gnu/lib/rustlib/x86_64-unknown-linux-gnu/lib/libunwind-b68238b7c3c619dd.rlib" "/opt/rustwide/rustup-home/toolchains/beta-2023-04-20-x86_64-unknown-linux-gnu/lib/rustlib/x86_64-unknown-linux-gnu/lib/libcfg_if-d5e213e896c017e4.rlib" "/opt/rustwide/rustup-home/toolchains/beta-2023-04-20-x86_64-unknown-linux-gnu/lib/rustlib/x86_64-unknown-linux-gnu/lib/liblibc-0211a3b2e61d8689.rlib" "/opt/rustwide/rustup-home/toolchains/beta-2023-04-20-x86_64-unknown-linux-gnu/lib/rustlib/x86_64-unknown-linux-gnu/lib/liballoc-b371f055239ba51f.rlib" "/opt/rustwide/rustup-home/toolchains/beta-2023-04-20-x86_64-unknown-linux-gnu/lib/rustlib/x86_64-unknown-linux-gnu/lib/librustc_std_workspace_core-e60518d2760eb01e.rlib" "/opt/rustwide/rustup-home/toolchains/beta-2023-04-20-x86_64-unknown-linux-gnu/lib/rustlib/x86_64-unknown-linux-gnu/lib/libcore-1ad943f92a4b1081.rlib" "/opt/rustwide/rustup-home/toolchains/beta-2023-04-20-x86_64-unknown-linux-gnu/lib/rustlib/x86_64-unknown-linux-gnu/lib/libcompiler_builtins-f0d6e4d0fc1e80b4.rlib" "-Wl,-Bdynamic" "-lgcc_s" "-lutil" "-lrt" "-lpthread" "-lm" "-ldl" "-lc" "-Wl,--eh-frame-hdr" "-Wl,-z,noexecstack" "-L" "/opt/rustwide/rustup-home/toolchains/beta-2023-04-20-x86_64-unknown-linux-gnu/lib/rustlib/x86_64-unknown-linux-gnu/lib" "-o" "/tmp/rustdoctestNM3PqH/rust_out" "-Wl,--gc-sections" "-pie" "-Wl,-z,relro,-z,now" "-nodefaultlibs"
[INFO] [stdout]   = note: collect2: fatal error: ld terminated with signal 9 [Killed]
[INFO] [stdout]           compilation terminated.
[INFO] [stdout]           
[INFO] [stdout] 
[INFO] [stdout] error: aborting due to previous error
[INFO] [stdout] 
[INFO] [stdout] Couldn't compile the test.
[INFO] [stdout] ---- src/lib.rs - (line 78) stdout ----
[INFO] [stdout] Couldn't compile the test.
[INFO] [stdout] ---- src/lib.rs - (line 265) stdout ----
[INFO] [stdout] error: linking with `cc` failed: exit status: 1
[INFO] [stdout]   |
[INFO] [stdout]   = note: LC_ALL="C" PATH="/opt/rustwide/rustup-home/toolchains/beta-2023-04-20-x86_64-unknown-linux-gnu/lib/rustlib/x86_64-unknown-linux-gnu/bin:/opt/rustwide/cargo-home/bin:/usr/local/sbin:/usr/local/bin:/usr/sbin:/usr/bin:/sbin:/bin" VSLANG="1033" "cc" "-m64" "/tmp/rustc7rSmet/symbols.o" "/tmp/rustdoctesthZNVGq/rust_out.rust_out.c38b68ff-cgu.0.rcgu.o" "/tmp/rustdoctesthZNVGq/rust_out.38a7fyhsvjn6z0qy.rcgu.o" "-Wl,--as-needed" "-L" "/opt/rustwide/target/debug/deps" "-L" "/opt/rustwide/target/debug/deps" "-L" "/opt/rustwide/rustup-home/toolchains/beta-2023-04-20-x86_64-unknown-linux-gnu/lib/rustlib/x86_64-unknown-linux-gnu/lib" "-Wl,-Bstatic" "/opt/rustwide/target/debug/deps/libapache_avro-dd822fa38d677070.rlib" "/opt/rustwide/target/debug/deps/librand-cdff7951d19eb87c.rlib" "/opt/rustwide/target/debug/deps/librand_chacha-0165a7ca589dac48.rlib" "/opt/rustwide/target/debug/deps/libppv_lite86-0fa3e45be755835a.rlib" "/opt/rustwide/target/debug/deps/librand_core-58e590957ad3323a.rlib" "/opt/rustwide/target/debug/deps/libgetrandom-3197e83f5e5d94e5.rlib" "/opt/rustwide/target/debug/deps/liblibc-633699dc5f0d7a64.rlib" "/opt/rustwide/target/debug/deps/libstrum-124ff69ca5425755.rlib" "/opt/rustwide/target/debug/deps/libthiserror-29a01dfdac96e2d7.rlib" "/opt/rustwide/target/debug/deps/libregex-82ae5e8b560896e5.rlib" "/opt/rustwide/target/debug/deps/libregex_syntax-24ee4f0349ec7ade.rlib" "/opt/rustwide/target/debug/deps/liblazy_static-86422d76b8bd90ed.rlib" "/opt/rustwide/target/debug/deps/libdigest-20fbedd3f92cb756.rlib" "/opt/rustwide/target/debug/deps/libblock_buffer-8a521640c0ac09c7.rlib" "/opt/rustwide/target/debug/deps/libcrypto_common-6f5e9c871cef2683.rlib" "/opt/rustwide/target/debug/deps/libgeneric_array-428225fb55c47719.rlib" "/opt/rustwide/target/debug/deps/libtypenum-f068cdcc1d945756.rlib" "/opt/rustwide/target/debug/deps/libserde_json-f1a836281bcd314c.rlib" "/opt/rustwide/target/debug/deps/libryu-666d6b875e8a3744.rlib" "/opt/rustwide/target/debug/deps/libitoa-51c8c8bd54a981a9.rlib" "/opt/rustwide/target/debug/deps/libzerocopy-a1b450926f909aa4.rlib" "/opt/rustwide/target/debug/deps/libbyteorder-82be2e969a99c9e1.rlib" "/opt/rustwide/target/debug/deps/libuuid-f2d382aa95339b8b.rlib" "/opt/rustwide/target/debug/deps/libnum_bigint-e1b42a35292e913c.rlib" "/opt/rustwide/target/debug/deps/libnum_integer-367d151531b10829.rlib" "/opt/rustwide/target/debug/deps/libnum_traits-ab4e79417a15ff02.rlib" "/opt/rustwide/target/debug/deps/libserde-2de54bfc20d2955a.rlib" "/opt/rustwide/target/debug/deps/liblibflate-637fa289b14fa613.rlib" "/opt/rustwide/target/debug/deps/libcrc32fast-fc15e7c737c5fb18.rlib" "/opt/rustwide/target/debug/deps/libadler32-4ad3039ef892af0b.rlib" "/opt/rustwide/target/debug/deps/liblibflate_lz77-2a8ae33789eb530f.rlib" "/opt/rustwide/target/debug/deps/librle_decode_fast-92ff53db1386bd32.rlib" "/opt/rustwide/target/debug/deps/liblog-a3fff25330ec687e.rlib" "/opt/rustwide/target/debug/deps/libcfg_if-97437e183f3ae6e4.rlib" "/opt/rustwide/rustup-home/toolchains/beta-2023-04-20-x86_64-unknown-linux-gnu/lib/rustlib/x86_64-unknown-linux-gnu/lib/libstd-0e29cc23c5e02021.rlib" "/opt/rustwide/rustup-home/toolchains/beta-2023-04-20-x86_64-unknown-linux-gnu/lib/rustlib/x86_64-unknown-linux-gnu/lib/libpanic_unwind-d903621768a861d9.rlib" "/opt/rustwide/rustup-home/toolchains/beta-2023-04-20-x86_64-unknown-linux-gnu/lib/rustlib/x86_64-unknown-linux-gnu/lib/libobject-6d0225e655f31c13.rlib" "/opt/rustwide/rustup-home/toolchains/beta-2023-04-20-x86_64-unknown-linux-gnu/lib/rustlib/x86_64-unknown-linux-gnu/lib/libmemchr-9dbaf4eac7eaa079.rlib" "/opt/rustwide/rustup-home/toolchains/beta-2023-04-20-x86_64-unknown-linux-gnu/lib/rustlib/x86_64-unknown-linux-gnu/lib/libaddr2line-27f05b3d42a66dd0.rlib" "/opt/rustwide/rustup-home/toolchains/beta-2023-04-20-x86_64-unknown-linux-gnu/lib/rustlib/x86_64-unknown-linux-gnu/lib/libgimli-4d73f1030321c9a2.rlib" "/opt/rustwide/rustup-home/toolchains/beta-2023-04-20-x86_64-unknown-linux-gnu/lib/rustlib/x86_64-unknown-linux-gnu/lib/librustc_demangle-2846c9e58abd0acb.rlib" "/opt/rustwide/rustup-home/toolchains/beta-2023-04-20-x86_64-unknown-linux-gnu/lib/rustlib/x86_64-unknown-linux-gnu/lib/libstd_detect-a53d0f50415947be.rlib" "/opt/rustwide/rustup-home/toolchains/beta-2023-04-20-x86_64-unknown-linux-gnu/lib/rustlib/x86_64-unknown-linux-gnu/lib/libhashbrown-d48e4b6abc25b9dc.rlib" "/opt/rustwide/rustup-home/toolchains/beta-2023-04-20-x86_64-unknown-linux-gnu/lib/rustlib/x86_64-unknown-linux-gnu/lib/libminiz_oxide-2991859439ef1207.rlib" "/opt/rustwide/rustup-home/toolchains/beta-2023-04-20-x86_64-unknown-linux-gnu/lib/rustlib/x86_64-unknown-linux-gnu/lib/libadler-8a687517e4221bae.rlib" "/opt/rustwide/rustup-home/toolchains/beta-2023-04-20-x86_64-unknown-linux-gnu/lib/rustlib/x86_64-unknown-linux-gnu/lib/librustc_std_workspace_alloc-e07b554f6a67f5b3.rlib" "/opt/rustwide/rustup-home/toolchains/beta-2023-04-20-x86_64-unknown-linux-gnu/lib/rustlib/x86_64-unknown-linux-gnu/lib/libunwind-b68238b7c3c619dd.rlib" "/opt/rustwide/rustup-home/toolchains/beta-2023-04-20-x86_64-unknown-linux-gnu/lib/rustlib/x86_64-unknown-linux-gnu/lib/libcfg_if-d5e213e896c017e4.rlib" "/opt/rustwide/rustup-home/toolchains/beta-2023-04-20-x86_64-unknown-linux-gnu/lib/rustlib/x86_64-unknown-linux-gnu/lib/liblibc-0211a3b2e61d8689.rlib" "/opt/rustwide/rustup-home/toolchains/beta-2023-04-20-x86_64-unknown-linux-gnu/lib/rustlib/x86_64-unknown-linux-gnu/lib/liballoc-b371f055239ba51f.rlib" "/opt/rustwide/rustup-home/toolchains/beta-2023-04-20-x86_64-unknown-linux-gnu/lib/rustlib/x86_64-unknown-linux-gnu/lib/librustc_std_workspace_core-e60518d2760eb01e.rlib" "/opt/rustwide/rustup-home/toolchains/beta-2023-04-20-x86_64-unknown-linux-gnu/lib/rustlib/x86_64-unknown-linux-gnu/lib/libcore-1ad943f92a4b1081.rlib" "/opt/rustwide/rustup-home/toolchains/beta-2023-04-20-x86_64-unknown-linux-gnu/lib/rustlib/x86_64-unknown-linux-gnu/lib/libcompiler_builtins-f0d6e4d0fc1e80b4.rlib" "-Wl,-Bdynamic" "-lgcc_s" "-lutil" "-lrt" "-lpthread" "-lm" "-ldl" "-lc" "-Wl,--eh-frame-hdr" "-Wl,-z,noexecstack" "-L" "/opt/rustwide/rustup-home/toolchains/beta-2023-04-20-x86_64-unknown-linux-gnu/lib/rustlib/x86_64-unknown-linux-gnu/lib" "-o" "/tmp/rustdoctesthZNVGq/rust_out" "-Wl,--gc-sections" "-pie" "-Wl,-z,relro,-z,now" "-nodefaultlibs"
[INFO] [stdout]   = note: collect2: fatal error: ld terminated with signal 9 [Killed]
[INFO] [stdout]           compilation terminated.
[INFO] [stdout]           
[INFO] [stdout] 
[INFO] [stdout] error: aborting due to previous error
[INFO] [stdout] 
[INFO] [stdout] Couldn't compile the test.
[INFO] [stdout] ---- src/rabin.rs - rabin::Rabin (line 66) stdout ----
[INFO] [stdout] Couldn't compile the test.
[INFO] [stdout] ---- src/lib.rs - (line 637) stdout ----
[INFO] [stdout] error: linking with `cc` failed: exit status: 1
[INFO] [stdout]   |
[INFO] [stdout]   = note: LC_ALL="C" PATH="/opt/rustwide/rustup-home/toolchains/beta-2023-04-20-x86_64-unknown-linux-gnu/lib/rustlib/x86_64-unknown-linux-gnu/bin:/opt/rustwide/cargo-home/bin:/usr/local/sbin:/usr/local/bin:/usr/sbin:/usr/bin:/sbin:/bin" VSLANG="1033" "cc" "-m64" "/tmp/rustcPJvepW/symbols.o" "/tmp/rustdoctested0J72/rust_out.rust_out.c38b68ff-cgu.0.rcgu.o" "/tmp/rustdoctested0J72/rust_out.38a7fyhsvjn6z0qy.rcgu.o" "-Wl,--as-needed" "-L" "/opt/rustwide/target/debug/deps" "-L" "/opt/rustwide/target/debug/deps" "-L" "/opt/rustwide/rustup-home/toolchains/beta-2023-04-20-x86_64-unknown-linux-gnu/lib/rustlib/x86_64-unknown-linux-gnu/lib" "-Wl,-Bstatic" "/opt/rustwide/target/debug/deps/libsha2-4741b9e13de09bcf.rlib" "/opt/rustwide/target/debug/deps/libcpufeatures-351ccc13a33081d4.rlib" "/opt/rustwide/target/debug/deps/libmd5-b99e369480e96fe7.rlib" "/opt/rustwide/target/debug/deps/libapache_avro-dd822fa38d677070.rlib" "/opt/rustwide/target/debug/deps/librand-cdff7951d19eb87c.rlib" "/opt/rustwide/target/debug/deps/librand_chacha-0165a7ca589dac48.rlib" "/opt/rustwide/target/debug/deps/libppv_lite86-0fa3e45be755835a.rlib" "/opt/rustwide/target/debug/deps/librand_core-58e590957ad3323a.rlib" "/opt/rustwide/target/debug/deps/libgetrandom-3197e83f5e5d94e5.rlib" "/opt/rustwide/target/debug/deps/liblibc-633699dc5f0d7a64.rlib" "/opt/rustwide/target/debug/deps/libstrum-124ff69ca5425755.rlib" "/opt/rustwide/target/debug/deps/libthiserror-29a01dfdac96e2d7.rlib" "/opt/rustwide/target/debug/deps/libregex-82ae5e8b560896e5.rlib" "/opt/rustwide/target/debug/deps/libregex_syntax-24ee4f0349ec7ade.rlib" "/opt/rustwide/target/debug/deps/liblazy_static-86422d76b8bd90ed.rlib" "/opt/rustwide/target/debug/deps/libdigest-20fbedd3f92cb756.rlib" "/opt/rustwide/target/debug/deps/libblock_buffer-8a521640c0ac09c7.rlib" "/opt/rustwide/target/debug/deps/libcrypto_common-6f5e9c871cef2683.rlib" "/opt/rustwide/target/debug/deps/libgeneric_array-428225fb55c47719.rlib" "/opt/rustwide/target/debug/deps/libtypenum-f068cdcc1d945756.rlib" "/opt/rustwide/target/debug/deps/libserde_json-f1a836281bcd314c.rlib" "/opt/rustwide/target/debug/deps/libryu-666d6b875e8a3744.rlib" "/opt/rustwide/target/debug/deps/libitoa-51c8c8bd54a981a9.rlib" "/opt/rustwide/target/debug/deps/libzerocopy-a1b450926f909aa4.rlib" "/opt/rustwide/target/debug/deps/libbyteorder-82be2e969a99c9e1.rlib" "/opt/rustwide/target/debug/deps/libuuid-f2d382aa95339b8b.rlib" "/opt/rustwide/target/debug/deps/libnum_bigint-e1b42a35292e913c.rlib" "/opt/rustwide/target/debug/deps/libnum_integer-367d151531b10829.rlib" "/opt/rustwide/target/debug/deps/libnum_traits-ab4e79417a15ff02.rlib" "/opt/rustwide/target/debug/deps/libserde-2de54bfc20d2955a.rlib" "/opt/rustwide/target/debug/deps/liblibflate-637fa289b14fa613.rlib" "/opt/rustwide/target/debug/deps/libcrc32fast-fc15e7c737c5fb18.rlib" "/opt/rustwide/target/debug/deps/libadler32-4ad3039ef892af0b.rlib" "/opt/rustwide/target/debug/deps/liblibflate_lz77-2a8ae33789eb530f.rlib" "/opt/rustwide/target/debug/deps/librle_decode_fast-92ff53db1386bd32.rlib" "/opt/rustwide/target/debug/deps/liblog-a3fff25330ec687e.rlib" "/opt/rustwide/target/debug/deps/libcfg_if-97437e183f3ae6e4.rlib" "/opt/rustwide/rustup-home/toolchains/beta-2023-04-20-x86_64-unknown-linux-gnu/lib/rustlib/x86_64-unknown-linux-gnu/lib/libstd-0e29cc23c5e02021.rlib" "/opt/rustwide/rustup-home/toolchains/beta-2023-04-20-x86_64-unknown-linux-gnu/lib/rustlib/x86_64-unknown-linux-gnu/lib/libpanic_unwind-d903621768a861d9.rlib" "/opt/rustwide/rustup-home/toolchains/beta-2023-04-20-x86_64-unknown-linux-gnu/lib/rustlib/x86_64-unknown-linux-gnu/lib/libobject-6d0225e655f31c13.rlib" "/opt/rustwide/rustup-home/toolchains/beta-2023-04-20-x86_64-unknown-linux-gnu/lib/rustlib/x86_64-unknown-linux-gnu/lib/libmemchr-9dbaf4eac7eaa079.rlib" "/opt/rustwide/rustup-home/toolchains/beta-2023-04-20-x86_64-unknown-linux-gnu/lib/rustlib/x86_64-unknown-linux-gnu/lib/libaddr2line-27f05b3d42a66dd0.rlib" "/opt/rustwide/rustup-home/toolchains/beta-2023-04-20-x86_64-unknown-linux-gnu/lib/rustlib/x86_64-unknown-linux-gnu/lib/libgimli-4d73f1030321c9a2.rlib" "/opt/rustwide/rustup-home/toolchains/beta-2023-04-20-x86_64-unknown-linux-gnu/lib/rustlib/x86_64-unknown-linux-gnu/lib/librustc_demangle-2846c9e58abd0acb.rlib" "/opt/rustwide/rustup-home/toolchains/beta-2023-04-20-x86_64-unknown-linux-gnu/lib/rustlib/x86_64-unknown-linux-gnu/lib/libstd_detect-a53d0f50415947be.rlib" "/opt/rustwide/rustup-home/toolchains/beta-2023-04-20-x86_64-unknown-linux-gnu/lib/rustlib/x86_64-unknown-linux-gnu/lib/libhashbrown-d48e4b6abc25b9dc.rlib" "/opt/rustwide/rustup-home/toolchains/beta-2023-04-20-x86_64-unknown-linux-gnu/lib/rustlib/x86_64-unknown-linux-gnu/lib/libminiz_oxide-2991859439ef1207.rlib" "/opt/rustwide/rustup-home/toolchains/beta-2023-04-20-x86_64-unknown-linux-gnu/lib/rustlib/x86_64-unknown-linux-gnu/lib/libadler-8a687517e4221bae.rlib" "/opt/rustwide/rustup-home/toolchains/beta-2023-04-20-x86_64-unknown-linux-gnu/lib/rustlib/x86_64-unknown-linux-gnu/lib/librustc_std_workspace_alloc-e07b554f6a67f5b3.rlib" "/opt/rustwide/rustup-home/toolchains/beta-2023-04-20-x86_64-unknown-linux-gnu/lib/rustlib/x86_64-unknown-linux-gnu/lib/libunwind-b68238b7c3c619dd.rlib" "/opt/rustwide/rustup-home/toolchains/beta-2023-04-20-x86_64-unknown-linux-gnu/lib/rustlib/x86_64-unknown-linux-gnu/lib/libcfg_if-d5e213e896c017e4.rlib" "/opt/rustwide/rustup-home/toolchains/beta-2023-04-20-x86_64-unknown-linux-gnu/lib/rustlib/x86_64-unknown-linux-gnu/lib/liblibc-0211a3b2e61d8689.rlib" "/opt/rustwide/rustup-home/toolchains/beta-2023-04-20-x86_64-unknown-linux-gnu/lib/rustlib/x86_64-unknown-linux-gnu/lib/liballoc-b371f055239ba51f.rlib" "/opt/rustwide/rustup-home/toolchains/beta-2023-04-20-x86_64-unknown-linux-gnu/lib/rustlib/x86_64-unknown-linux-gnu/lib/librustc_std_workspace_core-e60518d2760eb01e.rlib" "/opt/rustwide/rustup-home/toolchains/beta-2023-04-20-x86_64-unknown-linux-gnu/lib/rustlib/x86_64-unknown-linux-gnu/lib/libcore-1ad943f92a4b1081.rlib" "/opt/rustwide/rustup-home/toolchains/beta-2023-04-20-x86_64-unknown-linux-gnu/lib/rustlib/x86_64-unknown-linux-gnu/lib/libcompiler_builtins-f0d6e4d0fc1e80b4.rlib" "-Wl,-Bdynamic" "-lgcc_s" "-lutil" "-lrt" "-lpthread" "-lm" "-ldl" "-lc" "-Wl,--eh-frame-hdr" "-Wl,-z,noexecstack" "-L" "/opt/rustwide/rustup-home/toolchains/beta-2023-04-20-x86_64-unknown-linux-gnu/lib/rustlib/x86_64-unknown-linux-gnu/lib" "-o" "/tmp/rustdoctested0J72/rust_out" "-Wl,--gc-sections" "-pie" "-Wl,-z,relro,-z,now" "-nodefaultlibs"
[INFO] [stdout]   = note: collect2: fatal error: ld terminated with signal 9 [Killed]
[INFO] [stdout]           compilation terminated.
[INFO] [stdout]           
[INFO] [stdout] 
[INFO] [stdout] error: aborting due to previous error
[INFO] [stdout] 
[INFO] [stdout] Couldn't compile the test.
[INFO] [stdout] ---- src/lib.rs - (line 204) stdout ----
[INFO] [stdout] error: linking with `cc` failed: exit status: 1
[INFO] [stdout]   |
[INFO] [stdout]   = note: LC_ALL="C" PATH="/opt/rustwide/rustup-home/toolchains/beta-2023-04-20-x86_64-unknown-linux-gnu/lib/rustlib/x86_64-unknown-linux-gnu/bin:/opt/rustwide/cargo-home/bin:/usr/local/sbin:/usr/local/bin:/usr/sbin:/usr/bin:/sbin:/bin" VSLANG="1033" "cc" "-m64" "/tmp/rustctkXyau/symbols.o" "/tmp/rustdoctestmjdjJP/rust_out.rust_out.c38b68ff-cgu.0.rcgu.o" "/tmp/rustdoctestmjdjJP/rust_out.38a7fyhsvjn6z0qy.rcgu.o" "-Wl,--as-needed" "-L" "/opt/rustwide/target/debug/deps" "-L" "/opt/rustwide/target/debug/deps" "-L" "/opt/rustwide/rustup-home/toolchains/beta-2023-04-20-x86_64-unknown-linux-gnu/lib/rustlib/x86_64-unknown-linux-gnu/lib" "-Wl,-Bstatic" "/opt/rustwide/target/debug/deps/libapache_avro-dd822fa38d677070.rlib" "/opt/rustwide/target/debug/deps/librand-cdff7951d19eb87c.rlib" "/opt/rustwide/target/debug/deps/librand_chacha-0165a7ca589dac48.rlib" "/opt/rustwide/target/debug/deps/libppv_lite86-0fa3e45be755835a.rlib" "/opt/rustwide/target/debug/deps/librand_core-58e590957ad3323a.rlib" "/opt/rustwide/target/debug/deps/libgetrandom-3197e83f5e5d94e5.rlib" "/opt/rustwide/target/debug/deps/liblibc-633699dc5f0d7a64.rlib" "/opt/rustwide/target/debug/deps/libstrum-124ff69ca5425755.rlib" "/opt/rustwide/target/debug/deps/libthiserror-29a01dfdac96e2d7.rlib" "/opt/rustwide/target/debug/deps/libregex-82ae5e8b560896e5.rlib" "/opt/rustwide/target/debug/deps/libregex_syntax-24ee4f0349ec7ade.rlib" "/opt/rustwide/target/debug/deps/liblazy_static-86422d76b8bd90ed.rlib" "/opt/rustwide/target/debug/deps/libdigest-20fbedd3f92cb756.rlib" "/opt/rustwide/target/debug/deps/libblock_buffer-8a521640c0ac09c7.rlib" "/opt/rustwide/target/debug/deps/libcrypto_common-6f5e9c871cef2683.rlib" "/opt/rustwide/target/debug/deps/libgeneric_array-428225fb55c47719.rlib" "/opt/rustwide/target/debug/deps/libtypenum-f068cdcc1d945756.rlib" "/opt/rustwide/target/debug/deps/libserde_json-f1a836281bcd314c.rlib" "/opt/rustwide/target/debug/deps/libryu-666d6b875e8a3744.rlib" "/opt/rustwide/target/debug/deps/libitoa-51c8c8bd54a981a9.rlib" "/opt/rustwide/target/debug/deps/libzerocopy-a1b450926f909aa4.rlib" "/opt/rustwide/target/debug/deps/libbyteorder-82be2e969a99c9e1.rlib" "/opt/rustwide/target/debug/deps/libuuid-f2d382aa95339b8b.rlib" "/opt/rustwide/target/debug/deps/libnum_bigint-e1b42a35292e913c.rlib" "/opt/rustwide/target/debug/deps/libnum_integer-367d151531b10829.rlib" "/opt/rustwide/target/debug/deps/libnum_traits-ab4e79417a15ff02.rlib" "/opt/rustwide/target/debug/deps/libserde-2de54bfc20d2955a.rlib" "/opt/rustwide/target/debug/deps/liblibflate-637fa289b14fa613.rlib" "/opt/rustwide/target/debug/deps/libcrc32fast-fc15e7c737c5fb18.rlib" "/opt/rustwide/target/debug/deps/libadler32-4ad3039ef892af0b.rlib" "/opt/rustwide/target/debug/deps/liblibflate_lz77-2a8ae33789eb530f.rlib" "/opt/rustwide/target/debug/deps/librle_decode_fast-92ff53db1386bd32.rlib" "/opt/rustwide/target/debug/deps/liblog-a3fff25330ec687e.rlib" "/opt/rustwide/target/debug/deps/libcfg_if-97437e183f3ae6e4.rlib" "/opt/rustwide/rustup-home/toolchains/beta-2023-04-20-x86_64-unknown-linux-gnu/lib/rustlib/x86_64-unknown-linux-gnu/lib/libstd-0e29cc23c5e02021.rlib" "/opt/rustwide/rustup-home/toolchains/beta-2023-04-20-x86_64-unknown-linux-gnu/lib/rustlib/x86_64-unknown-linux-gnu/lib/libpanic_unwind-d903621768a861d9.rlib" "/opt/rustwide/rustup-home/toolchains/beta-2023-04-20-x86_64-unknown-linux-gnu/lib/rustlib/x86_64-unknown-linux-gnu/lib/libobject-6d0225e655f31c13.rlib" "/opt/rustwide/rustup-home/toolchains/beta-2023-04-20-x86_64-unknown-linux-gnu/lib/rustlib/x86_64-unknown-linux-gnu/lib/libmemchr-9dbaf4eac7eaa079.rlib" "/opt/rustwide/rustup-home/toolchains/beta-2023-04-20-x86_64-unknown-linux-gnu/lib/rustlib/x86_64-unknown-linux-gnu/lib/libaddr2line-27f05b3d42a66dd0.rlib" "/opt/rustwide/rustup-home/toolchains/beta-2023-04-20-x86_64-unknown-linux-gnu/lib/rustlib/x86_64-unknown-linux-gnu/lib/libgimli-4d73f1030321c9a2.rlib" "/opt/rustwide/rustup-home/toolchains/beta-2023-04-20-x86_64-unknown-linux-gnu/lib/rustlib/x86_64-unknown-linux-gnu/lib/librustc_demangle-2846c9e58abd0acb.rlib" "/opt/rustwide/rustup-home/toolchains/beta-2023-04-20-x86_64-unknown-linux-gnu/lib/rustlib/x86_64-unknown-linux-gnu/lib/libstd_detect-a53d0f50415947be.rlib" "/opt/rustwide/rustup-home/toolchains/beta-2023-04-20-x86_64-unknown-linux-gnu/lib/rustlib/x86_64-unknown-linux-gnu/lib/libhashbrown-d48e4b6abc25b9dc.rlib" "/opt/rustwide/rustup-home/toolchains/beta-2023-04-20-x86_64-unknown-linux-gnu/lib/rustlib/x86_64-unknown-linux-gnu/lib/libminiz_oxide-2991859439ef1207.rlib" "/opt/rustwide/rustup-home/toolchains/beta-2023-04-20-x86_64-unknown-linux-gnu/lib/rustlib/x86_64-unknown-linux-gnu/lib/libadler-8a687517e4221bae.rlib" "/opt/rustwide/rustup-home/toolchains/beta-2023-04-20-x86_64-unknown-linux-gnu/lib/rustlib/x86_64-unknown-linux-gnu/lib/librustc_std_workspace_alloc-e07b554f6a67f5b3.rlib" "/opt/rustwide/rustup-home/toolchains/beta-2023-04-20-x86_64-unknown-linux-gnu/lib/rustlib/x86_64-unknown-linux-gnu/lib/libunwind-b68238b7c3c619dd.rlib" "/opt/rustwide/rustup-home/toolchains/beta-2023-04-20-x86_64-unknown-linux-gnu/lib/rustlib/x86_64-unknown-linux-gnu/lib/libcfg_if-d5e213e896c017e4.rlib" "/opt/rustwide/rustup-home/toolchains/beta-2023-04-20-x86_64-unknown-linux-gnu/lib/rustlib/x86_64-unknown-linux-gnu/lib/liblibc-0211a3b2e61d8689.rlib" "/opt/rustwide/rustup-home/toolchains/beta-2023-04-20-x86_64-unknown-linux-gnu/lib/rustlib/x86_64-unknown-linux-gnu/lib/liballoc-b371f055239ba51f.rlib" "/opt/rustwide/rustup-home/toolchains/beta-2023-04-20-x86_64-unknown-linux-gnu/lib/rustlib/x86_64-unknown-linux-gnu/lib/librustc_std_workspace_core-e60518d2760eb01e.rlib" "/opt/rustwide/rustup-home/toolchains/beta-2023-04-20-x86_64-unknown-linux-gnu/lib/rustlib/x86_64-unknown-linux-gnu/lib/libcore-1ad943f92a4b1081.rlib" "/opt/rustwide/rustup-home/toolchains/beta-2023-04-20-x86_64-unknown-linux-gnu/lib/rustlib/x86_64-unknown-linux-gnu/lib/libcompiler_builtins-f0d6e4d0fc1e80b4.rlib" "-Wl,-Bdynamic" "-lgcc_s" "-lutil" "-lrt" "-lpthread" "-lm" "-ldl" "-lc" "-Wl,--eh-frame-hdr" "-Wl,-z,noexecstack" "-L" "/opt/rustwide/rustup-home/toolchains/beta-2023-04-20-x86_64-unknown-linux-gnu/lib/rustlib/x86_64-unknown-linux-gnu/lib" "-o" "/tmp/rustdoctestmjdjJP/rust_out" "-Wl,--gc-sections" "-pie" "-Wl,-z,relro,-z,now" "-nodefaultlibs"
[INFO] [stdout]   = note: collect2: fatal error: ld terminated with signal 9 [Killed]
[INFO] [stdout]           compilation terminated.
[INFO] [stdout]           
[INFO] [stdout] 
[INFO] [stdout] error: aborting due to previous error
[INFO] [stdout] 
[INFO] [stdout] Couldn't compile the test.
[INFO] [stdout] ---- src/lib.rs - (line 682) stdout ----
[INFO] [stdout] error: linking with `cc` failed: exit status: 1
[INFO] [stdout]   |
[INFO] [stdout]   = note: LC_ALL="C" PATH="/opt/rustwide/rustup-home/toolchains/beta-2023-04-20-x86_64-unknown-linux-gnu/lib/rustlib/x86_64-unknown-linux-gnu/bin:/opt/rustwide/cargo-home/bin:/usr/local/sbin:/usr/local/bin:/usr/sbin:/usr/bin:/sbin:/bin" VSLANG="1033" "cc" "-m64" "/tmp/rustcmNZDYA/symbols.o" "/tmp/rustdoctestdFOwGK/rust_out.rust_out.c38b68ff-cgu.0.rcgu.o" "/tmp/rustdoctestdFOwGK/rust_out.38a7fyhsvjn6z0qy.rcgu.o" "-Wl,--as-needed" "-L" "/opt/rustwide/target/debug/deps" "-L" "/opt/rustwide/target/debug/deps" "-L" "/opt/rustwide/rustup-home/toolchains/beta-2023-04-20-x86_64-unknown-linux-gnu/lib/rustlib/x86_64-unknown-linux-gnu/lib" "-Wl,-Bstatic" "/opt/rustwide/target/debug/deps/libapache_avro-dd822fa38d677070.rlib" "/opt/rustwide/target/debug/deps/librand-cdff7951d19eb87c.rlib" "/opt/rustwide/target/debug/deps/librand_chacha-0165a7ca589dac48.rlib" "/opt/rustwide/target/debug/deps/libppv_lite86-0fa3e45be755835a.rlib" "/opt/rustwide/target/debug/deps/librand_core-58e590957ad3323a.rlib" "/opt/rustwide/target/debug/deps/libgetrandom-3197e83f5e5d94e5.rlib" "/opt/rustwide/target/debug/deps/liblibc-633699dc5f0d7a64.rlib" "/opt/rustwide/target/debug/deps/libstrum-124ff69ca5425755.rlib" "/opt/rustwide/target/debug/deps/libthiserror-29a01dfdac96e2d7.rlib" "/opt/rustwide/target/debug/deps/libregex-82ae5e8b560896e5.rlib" "/opt/rustwide/target/debug/deps/libregex_syntax-24ee4f0349ec7ade.rlib" "/opt/rustwide/target/debug/deps/liblazy_static-86422d76b8bd90ed.rlib" "/opt/rustwide/target/debug/deps/libdigest-20fbedd3f92cb756.rlib" "/opt/rustwide/target/debug/deps/libblock_buffer-8a521640c0ac09c7.rlib" "/opt/rustwide/target/debug/deps/libcrypto_common-6f5e9c871cef2683.rlib" "/opt/rustwide/target/debug/deps/libgeneric_array-428225fb55c47719.rlib" "/opt/rustwide/target/debug/deps/libtypenum-f068cdcc1d945756.rlib" "/opt/rustwide/target/debug/deps/libserde_json-f1a836281bcd314c.rlib" "/opt/rustwide/target/debug/deps/libryu-666d6b875e8a3744.rlib" "/opt/rustwide/target/debug/deps/libitoa-51c8c8bd54a981a9.rlib" "/opt/rustwide/target/debug/deps/libzerocopy-a1b450926f909aa4.rlib" "/opt/rustwide/target/debug/deps/libbyteorder-82be2e969a99c9e1.rlib" "/opt/rustwide/target/debug/deps/libuuid-f2d382aa95339b8b.rlib" "/opt/rustwide/target/debug/deps/libnum_bigint-e1b42a35292e913c.rlib" "/opt/rustwide/target/debug/deps/libnum_integer-367d151531b10829.rlib" "/opt/rustwide/target/debug/deps/libnum_traits-ab4e79417a15ff02.rlib" "/opt/rustwide/target/debug/deps/libserde-2de54bfc20d2955a.rlib" "/opt/rustwide/target/debug/deps/liblibflate-637fa289b14fa613.rlib" "/opt/rustwide/target/debug/deps/libcrc32fast-fc15e7c737c5fb18.rlib" "/opt/rustwide/target/debug/deps/libadler32-4ad3039ef892af0b.rlib" "/opt/rustwide/target/debug/deps/liblibflate_lz77-2a8ae33789eb530f.rlib" "/opt/rustwide/target/debug/deps/librle_decode_fast-92ff53db1386bd32.rlib" "/opt/rustwide/target/debug/deps/liblog-a3fff25330ec687e.rlib" "/opt/rustwide/target/debug/deps/libcfg_if-97437e183f3ae6e4.rlib" "/opt/rustwide/rustup-home/toolchains/beta-2023-04-20-x86_64-unknown-linux-gnu/lib/rustlib/x86_64-unknown-linux-gnu/lib/libstd-0e29cc23c5e02021.rlib" "/opt/rustwide/rustup-home/toolchains/beta-2023-04-20-x86_64-unknown-linux-gnu/lib/rustlib/x86_64-unknown-linux-gnu/lib/libpanic_unwind-d903621768a861d9.rlib" "/opt/rustwide/rustup-home/toolchains/beta-2023-04-20-x86_64-unknown-linux-gnu/lib/rustlib/x86_64-unknown-linux-gnu/lib/libobject-6d0225e655f31c13.rlib" "/opt/rustwide/rustup-home/toolchains/beta-2023-04-20-x86_64-unknown-linux-gnu/lib/rustlib/x86_64-unknown-linux-gnu/lib/libmemchr-9dbaf4eac7eaa079.rlib" "/opt/rustwide/rustup-home/toolchains/beta-2023-04-20-x86_64-unknown-linux-gnu/lib/rustlib/x86_64-unknown-linux-gnu/lib/libaddr2line-27f05b3d42a66dd0.rlib" "/opt/rustwide/rustup-home/toolchains/beta-2023-04-20-x86_64-unknown-linux-gnu/lib/rustlib/x86_64-unknown-linux-gnu/lib/libgimli-4d73f1030321c9a2.rlib" "/opt/rustwide/rustup-home/toolchains/beta-2023-04-20-x86_64-unknown-linux-gnu/lib/rustlib/x86_64-unknown-linux-gnu/lib/librustc_demangle-2846c9e58abd0acb.rlib" "/opt/rustwide/rustup-home/toolchains/beta-2023-04-20-x86_64-unknown-linux-gnu/lib/rustlib/x86_64-unknown-linux-gnu/lib/libstd_detect-a53d0f50415947be.rlib" "/opt/rustwide/rustup-home/toolchains/beta-2023-04-20-x86_64-unknown-linux-gnu/lib/rustlib/x86_64-unknown-linux-gnu/lib/libhashbrown-d48e4b6abc25b9dc.rlib" "/opt/rustwide/rustup-home/toolchains/beta-2023-04-20-x86_64-unknown-linux-gnu/lib/rustlib/x86_64-unknown-linux-gnu/lib/libminiz_oxide-2991859439ef1207.rlib" "/opt/rustwide/rustup-home/toolchains/beta-2023-04-20-x86_64-unknown-linux-gnu/lib/rustlib/x86_64-unknown-linux-gnu/lib/libadler-8a687517e4221bae.rlib" "/opt/rustwide/rustup-home/toolchains/beta-2023-04-20-x86_64-unknown-linux-gnu/lib/rustlib/x86_64-unknown-linux-gnu/lib/librustc_std_workspace_alloc-e07b554f6a67f5b3.rlib" "/opt/rustwide/rustup-home/toolchains/beta-2023-04-20-x86_64-unknown-linux-gnu/lib/rustlib/x86_64-unknown-linux-gnu/lib/libunwind-b68238b7c3c619dd.rlib" "/opt/rustwide/rustup-home/toolchains/beta-2023-04-20-x86_64-unknown-linux-gnu/lib/rustlib/x86_64-unknown-linux-gnu/lib/libcfg_if-d5e213e896c017e4.rlib" "/opt/rustwide/rustup-home/toolchains/beta-2023-04-20-x86_64-unknown-linux-gnu/lib/rustlib/x86_64-unknown-linux-gnu/lib/liblibc-0211a3b2e61d8689.rlib" "/opt/rustwide/rustup-home/toolchains/beta-2023-04-20-x86_64-unknown-linux-gnu/lib/rustlib/x86_64-unknown-linux-gnu/lib/liballoc-b371f055239ba51f.rlib" "/opt/rustwide/rustup-home/toolchains/beta-2023-04-20-x86_64-unknown-linux-gnu/lib/rustlib/x86_64-unknown-linux-gnu/lib/librustc_std_workspace_core-e60518d2760eb01e.rlib" "/opt/rustwide/rustup-home/toolchains/beta-2023-04-20-x86_64-unknown-linux-gnu/lib/rustlib/x86_64-unknown-linux-gnu/lib/libcore-1ad943f92a4b1081.rlib" "/opt/rustwide/rustup-home/toolchains/beta-2023-04-20-x86_64-unknown-linux-gnu/lib/rustlib/x86_64-unknown-linux-gnu/lib/libcompiler_builtins-f0d6e4d0fc1e80b4.rlib" "-Wl,-Bdynamic" "-lgcc_s" "-lutil" "-lrt" "-lpthread" "-lm" "-ldl" "-lc" "-Wl,--eh-frame-hdr" "-Wl,-z,noexecstack" "-L" "/opt/rustwide/rustup-home/toolchains/beta-2023-04-20-x86_64-unknown-linux-gnu/lib/rustlib/x86_64-unknown-linux-gnu/lib" "-o" "/tmp/rustdoctestdFOwGK/rust_out" "-Wl,--gc-sections" "-pie" "-Wl,-z,relro,-z,now" "-nodefaultlibs"
[INFO] [stdout]   = note: collect2: fatal error: ld terminated with signal 9 [Killed]
[INFO] [stdout]           compilation terminated.
[INFO] [stdout]           
[INFO] [stdout] 
[INFO] [stdout] error: aborting due to previous error
[INFO] [stdout] 
[INFO] [stdout] Couldn't compile the test.
[INFO] [stdout] 
[INFO] [stdout] failures:
[INFO] [stdout]     src/lib.rs - (line 102)
[INFO] [stdout]     src/lib.rs - (line 204)
[INFO] [stdout]     src/lib.rs - (line 265)
[INFO] [stdout]     src/lib.rs - (line 416)
[INFO] [stdout]     src/lib.rs - (line 461)
[INFO] [stdout]     src/lib.rs - (line 637)
[INFO] [stdout]     src/lib.rs - (line 682)
[INFO] [stdout]     src/lib.rs - (line 78)
[INFO] [stdout]     src/rabin.rs - rabin::Rabin (line 66)
[INFO] [stdout] 
[INFO] [stdout] test result: FAILED. 13 passed; 9 failed; 1 ignored; 0 measured; 0 filtered out; finished in 2.06s
[INFO] [stdout] 
[INFO] [stderr] error: doctest failed, to rerun pass `--doc`
[INFO] running `Command { std: "docker" "inspect" "7cff1fdd1b3a39e49035d66c596f3bc20bf3db609b7ae3dfeb56a7c79a712195", kill_on_drop: false }`
[INFO] running `Command { std: "docker" "rm" "-f" "7cff1fdd1b3a39e49035d66c596f3bc20bf3db609b7ae3dfeb56a7c79a712195", kill_on_drop: false }`
[INFO] [stdout] 7cff1fdd1b3a39e49035d66c596f3bc20bf3db609b7ae3dfeb56a7c79a712195
