[INFO] fetching crate altv_internal_resource_main_macro 15.0.0-dev.13...
[INFO] testing altv_internal_resource_main_macro-15.0.0-dev.13 against beta-2023-04-20 for beta-1.70-1
[INFO] extracting crate altv_internal_resource_main_macro 15.0.0-dev.13 into /workspace/builds/worker-0-tc2/source
[INFO] validating manifest of crates.io crate altv_internal_resource_main_macro 15.0.0-dev.13 on toolchain beta-2023-04-20
[INFO] running `Command { std: CARGO_HOME="/workspace/cargo-home" RUSTUP_HOME="/workspace/rustup-home" "/workspace/cargo-home/bin/cargo" "+beta-2023-04-20" "metadata" "--manifest-path" "Cargo.toml" "--no-deps", kill_on_drop: false }`
[INFO] started tweaking crates.io crate altv_internal_resource_main_macro 15.0.0-dev.13
[INFO] finished tweaking crates.io crate altv_internal_resource_main_macro 15.0.0-dev.13
[INFO] tweaked toml for crates.io crate altv_internal_resource_main_macro 15.0.0-dev.13 written to /workspace/builds/worker-0-tc2/source/Cargo.toml
[INFO] running `Command { std: CARGO_HOME="/workspace/cargo-home" RUSTUP_HOME="/workspace/rustup-home" __CARGO_TEST_CHANNEL_OVERRIDE_DO_NOT_USE_THIS="nightly" "/workspace/cargo-home/bin/cargo" "+beta-2023-04-20" "generate-lockfile" "--manifest-path" "Cargo.toml" "-Zno-index-update", kill_on_drop: false }`
[INFO] running `Command { std: CARGO_HOME="/workspace/cargo-home" RUSTUP_HOME="/workspace/rustup-home" "/workspace/cargo-home/bin/cargo" "+beta-2023-04-20" "fetch" "--manifest-path" "Cargo.toml", kill_on_drop: false }`
[INFO] [stderr]  Downloading crates ...
[INFO] [stderr]   Downloaded proc-macro2 v1.0.56
[INFO] [stderr]   Downloaded unicode-ident v1.0.8
[INFO] [stderr]   Downloaded syn v1.0.109
[INFO] [stderr]   Downloaded quote v1.0.26
[INFO] running `Command { std: "docker" "create" "-v" "/var/lib/crater-agent-workspace/builds/worker-0-tc2/target:/opt/rustwide/target:rw,Z" "-v" "/var/lib/crater-agent-workspace/builds/worker-0-tc2/source:/opt/rustwide/workdir:ro,Z" "-v" "/var/lib/crater-agent-workspace/cargo-home:/opt/rustwide/cargo-home:ro,Z" "-v" "/var/lib/crater-agent-workspace/rustup-home:/opt/rustwide/rustup-home:ro,Z" "-e" "SOURCE_DIR=/opt/rustwide/workdir" "-e" "CARGO_TARGET_DIR=/opt/rustwide/target" "-e" "CARGO_HOME=/opt/rustwide/cargo-home" "-e" "RUSTUP_HOME=/opt/rustwide/rustup-home" "-w" "/opt/rustwide/workdir" "-m" "1610612736" "--user" "0:0" "--network" "none" "ghcr.io/rust-lang/crates-build-env/linux@sha256:5ff2268d62e97bff2cde7d5815dd6ed5b47097566f13b8d0ca110b04b60e07ed" "/opt/rustwide/cargo-home/bin/cargo" "+beta-2023-04-20" "metadata" "--no-deps" "--format-version=1", kill_on_drop: false }`
[INFO] [stdout] ff8bd65615645b96b8d2656871f647d53a712ae49132f307363f0d32757616f1
[INFO] running `Command { std: "docker" "start" "-a" "ff8bd65615645b96b8d2656871f647d53a712ae49132f307363f0d32757616f1", kill_on_drop: false }`
[INFO] running `Command { std: "docker" "inspect" "ff8bd65615645b96b8d2656871f647d53a712ae49132f307363f0d32757616f1", kill_on_drop: false }`
[INFO] running `Command { std: "docker" "rm" "-f" "ff8bd65615645b96b8d2656871f647d53a712ae49132f307363f0d32757616f1", kill_on_drop: false }`
[INFO] [stdout] ff8bd65615645b96b8d2656871f647d53a712ae49132f307363f0d32757616f1
[INFO] running `Command { std: "docker" "create" "-v" "/var/lib/crater-agent-workspace/builds/worker-0-tc2/target:/opt/rustwide/target:rw,Z" "-v" "/var/lib/crater-agent-workspace/builds/worker-0-tc2/source:/opt/rustwide/workdir:ro,Z" "-v" "/var/lib/crater-agent-workspace/cargo-home:/opt/rustwide/cargo-home:ro,Z" "-v" "/var/lib/crater-agent-workspace/rustup-home:/opt/rustwide/rustup-home:ro,Z" "-e" "SOURCE_DIR=/opt/rustwide/workdir" "-e" "CARGO_TARGET_DIR=/opt/rustwide/target" "-e" "CARGO_INCREMENTAL=0" "-e" "RUST_BACKTRACE=full" "-e" "RUSTFLAGS=--cap-lints=warn" "-e" "RUSTDOCFLAGS=--cap-lints=warn" "-e" "CARGO_HOME=/opt/rustwide/cargo-home" "-e" "RUSTUP_HOME=/opt/rustwide/rustup-home" "-w" "/opt/rustwide/workdir" "-m" "1610612736" "--user" "0:0" "--network" "none" "ghcr.io/rust-lang/crates-build-env/linux@sha256:5ff2268d62e97bff2cde7d5815dd6ed5b47097566f13b8d0ca110b04b60e07ed" "/opt/rustwide/cargo-home/bin/cargo" "+beta-2023-04-20" "build" "--frozen" "--message-format=json", kill_on_drop: false }`
[INFO] [stdout] 85ac7e56b53383af9501c0449031985b46b5ea58bd66cac159738000d2e90ed8
[INFO] running `Command { std: "docker" "start" "-a" "85ac7e56b53383af9501c0449031985b46b5ea58bd66cac159738000d2e90ed8", kill_on_drop: false }`
[INFO] [stderr]    Compiling proc-macro2 v1.0.56
[INFO] [stderr]    Compiling unicode-ident v1.0.8
[INFO] [stderr]    Compiling quote v1.0.26
[INFO] [stderr]    Compiling syn v1.0.109
[INFO] [stderr]    Compiling altv_internal_resource_main_macro v15.0.0-dev.13 (/opt/rustwide/workdir)
[INFO] [stderr]     Finished dev [unoptimized + debuginfo] target(s) in 4.26s
[INFO] running `Command { std: "docker" "inspect" "85ac7e56b53383af9501c0449031985b46b5ea58bd66cac159738000d2e90ed8", kill_on_drop: false }`
[INFO] running `Command { std: "docker" "rm" "-f" "85ac7e56b53383af9501c0449031985b46b5ea58bd66cac159738000d2e90ed8", kill_on_drop: false }`
[INFO] [stdout] 85ac7e56b53383af9501c0449031985b46b5ea58bd66cac159738000d2e90ed8
[INFO] running `Command { std: "docker" "create" "-v" "/var/lib/crater-agent-workspace/builds/worker-0-tc2/target:/opt/rustwide/target:rw,Z" "-v" "/var/lib/crater-agent-workspace/builds/worker-0-tc2/source:/opt/rustwide/workdir:ro,Z" "-v" "/var/lib/crater-agent-workspace/cargo-home:/opt/rustwide/cargo-home:ro,Z" "-v" "/var/lib/crater-agent-workspace/rustup-home:/opt/rustwide/rustup-home:ro,Z" "-e" "SOURCE_DIR=/opt/rustwide/workdir" "-e" "CARGO_TARGET_DIR=/opt/rustwide/target" "-e" "CARGO_INCREMENTAL=0" "-e" "RUST_BACKTRACE=full" "-e" "RUSTFLAGS=--cap-lints=warn" "-e" "RUSTDOCFLAGS=--cap-lints=warn" "-e" "CARGO_HOME=/opt/rustwide/cargo-home" "-e" "RUSTUP_HOME=/opt/rustwide/rustup-home" "-w" "/opt/rustwide/workdir" "-m" "1610612736" "--user" "0:0" "--network" "none" "ghcr.io/rust-lang/crates-build-env/linux@sha256:5ff2268d62e97bff2cde7d5815dd6ed5b47097566f13b8d0ca110b04b60e07ed" "/opt/rustwide/cargo-home/bin/cargo" "+beta-2023-04-20" "test" "--frozen" "--no-run" "--message-format=json", kill_on_drop: false }`
[INFO] [stdout] b33c2227e720a2ae836bdcbf79ca78c9b6678f7393e32d057ad2668bd4fc44f1
[INFO] running `Command { std: "docker" "start" "-a" "b33c2227e720a2ae836bdcbf79ca78c9b6678f7393e32d057ad2668bd4fc44f1", kill_on_drop: false }`
[INFO] [stderr]    Compiling altv_internal_resource_main_macro v15.0.0-dev.13 (/opt/rustwide/workdir)
[INFO] [stderr]     Finished test [unoptimized + debuginfo] target(s) in 0.42s
[INFO] running `Command { std: "docker" "inspect" "b33c2227e720a2ae836bdcbf79ca78c9b6678f7393e32d057ad2668bd4fc44f1", kill_on_drop: false }`
[INFO] running `Command { std: "docker" "rm" "-f" "b33c2227e720a2ae836bdcbf79ca78c9b6678f7393e32d057ad2668bd4fc44f1", kill_on_drop: false }`
[INFO] [stdout] b33c2227e720a2ae836bdcbf79ca78c9b6678f7393e32d057ad2668bd4fc44f1
[INFO] running `Command { std: "docker" "create" "-v" "/var/lib/crater-agent-workspace/builds/worker-0-tc2/target:/opt/rustwide/target:rw,Z" "-v" "/var/lib/crater-agent-workspace/builds/worker-0-tc2/source:/opt/rustwide/workdir:ro,Z" "-v" "/var/lib/crater-agent-workspace/cargo-home:/opt/rustwide/cargo-home:ro,Z" "-v" "/var/lib/crater-agent-workspace/rustup-home:/opt/rustwide/rustup-home:ro,Z" "-e" "SOURCE_DIR=/opt/rustwide/workdir" "-e" "CARGO_TARGET_DIR=/opt/rustwide/target" "-e" "CARGO_INCREMENTAL=0" "-e" "RUST_BACKTRACE=full" "-e" "RUSTFLAGS=--cap-lints=warn" "-e" "RUSTDOCFLAGS=--cap-lints=warn" "-e" "CARGO_HOME=/opt/rustwide/cargo-home" "-e" "RUSTUP_HOME=/opt/rustwide/rustup-home" "-w" "/opt/rustwide/workdir" "-m" "1610612736" "--user" "0:0" "--network" "none" "ghcr.io/rust-lang/crates-build-env/linux@sha256:5ff2268d62e97bff2cde7d5815dd6ed5b47097566f13b8d0ca110b04b60e07ed" "/opt/rustwide/cargo-home/bin/cargo" "+beta-2023-04-20" "test" "--frozen", kill_on_drop: false }`
[INFO] [stdout] 0e84d5b78d3e01f6837f0a111a2c77c54b91da3a7077dc50ee847a228015c04f
[INFO] running `Command { std: "docker" "start" "-a" "0e84d5b78d3e01f6837f0a111a2c77c54b91da3a7077dc50ee847a228015c04f", kill_on_drop: false }`
[INFO] [stderr]     Finished test [unoptimized + debuginfo] target(s) in 0.00s
[INFO] [stderr]      Running unittests src/lib.rs (/opt/rustwide/target/debug/deps/altv_internal_resource_main_macro-a3a633f61296d54c)
[INFO] [stdout] 
[INFO] [stdout] running 0 tests
[INFO] [stdout] 
[INFO] [stdout] test result: ok. 0 passed; 0 failed; 0 ignored; 0 measured; 0 filtered out; finished in 0.00s
[INFO] [stdout] 
[INFO] [stderr]    Doc-tests altv_internal_resource_main_macro
[INFO] [stdout] 
[INFO] [stdout] running 2 tests
[INFO] [stdout] test src/lib.rs - resource_main_func (line 15) ... FAILED
[INFO] [stdout] test src/lib.rs - resource_main_func (line 32) ... FAILED
[INFO] [stdout] 
[INFO] [stdout] failures:
[INFO] [stdout] 
[INFO] [stdout] ---- src/lib.rs - resource_main_func (line 15) stdout ----
[INFO] [stdout] error[E0433]: failed to resolve: use of undeclared crate or module `altv`
[INFO] [stdout]  --> src/lib.rs:16:3
[INFO] [stdout]   |
[INFO] [stdout] 2 | #[altv::main]
[INFO] [stdout]   |   ^^^^ use of undeclared crate or module `altv`
[INFO] [stdout] 
[INFO] [stdout] error[E0433]: failed to resolve: use of undeclared crate or module `altv`
[INFO] [stdout]  --> src/lib.rs:18:4
[INFO] [stdout]   |
[INFO] [stdout] 4 |    altv::log!("hello world");
[INFO] [stdout]   |    ^^^^ use of undeclared crate or module `altv`
[INFO] [stdout] 
[INFO] [stdout] error: aborting due to 2 previous errors
[INFO] [stdout] 
[INFO] [stdout] For more information about this error, try `rustc --explain E0433`.
[INFO] [stdout] Couldn't compile the test.
[INFO] [stdout] ---- src/lib.rs - resource_main_func (line 32) stdout ----
[INFO] [stdout] error[E0433]: failed to resolve: use of undeclared crate or module `my_custom_name`
[INFO] [stdout]  --> src/lib.rs:33:3
[INFO] [stdout]   |
[INFO] [stdout] 2 | #[my_custom_name::main(crate_name = "my_custom_name")]
[INFO] [stdout]   |   ^^^^^^^^^^^^^^ use of undeclared crate or module `my_custom_name`
[INFO] [stdout] 
[INFO] [stdout] error[E0433]: failed to resolve: use of undeclared crate or module `my_custom_name`
[INFO] [stdout]  --> src/lib.rs:35:4
[INFO] [stdout]   |
[INFO] [stdout] 4 |    my_custom_name::log!("hello world");
[INFO] [stdout]   |    ^^^^^^^^^^^^^^ use of undeclared crate or module `my_custom_name`
[INFO] [stdout] 
[INFO] [stdout] error: aborting due to 2 previous errors
[INFO] [stdout] 
[INFO] [stdout] For more information about this error, try `rustc --explain E0433`.
[INFO] [stdout] Couldn't compile the test.
[INFO] [stdout] 
[INFO] [stdout] failures:
[INFO] [stdout]     src/lib.rs - resource_main_func (line 15)
[INFO] [stdout]     src/lib.rs - resource_main_func (line 32)
[INFO] [stdout] 
[INFO] [stdout] test result: FAILED. 0 passed; 2 failed; 0 ignored; 0 measured; 0 filtered out; finished in 0.11s
[INFO] [stdout] 
[INFO] [stderr] error: doctest failed, to rerun pass `--doc`
[INFO] running `Command { std: "docker" "inspect" "0e84d5b78d3e01f6837f0a111a2c77c54b91da3a7077dc50ee847a228015c04f", kill_on_drop: false }`
[INFO] running `Command { std: "docker" "rm" "-f" "0e84d5b78d3e01f6837f0a111a2c77c54b91da3a7077dc50ee847a228015c04f", kill_on_drop: false }`
[INFO] [stdout] 0e84d5b78d3e01f6837f0a111a2c77c54b91da3a7077dc50ee847a228015c04f
