[INFO] fetching crate altbitflags 0.1.0...
[INFO] testing altbitflags-0.1.0 against 1.69.0 for beta-1.70-1
[INFO] extracting crate altbitflags 0.1.0 into /workspace/builds/worker-7-tc1/source
[INFO] validating manifest of crates.io crate altbitflags 0.1.0 on toolchain 1.69.0
[INFO] running `Command { std: CARGO_HOME="/workspace/cargo-home" RUSTUP_HOME="/workspace/rustup-home" "/workspace/cargo-home/bin/cargo" "+1.69.0" "metadata" "--manifest-path" "Cargo.toml" "--no-deps", kill_on_drop: false }`
[INFO] started tweaking crates.io crate altbitflags 0.1.0
[INFO] finished tweaking crates.io crate altbitflags 0.1.0
[INFO] tweaked toml for crates.io crate altbitflags 0.1.0 written to /workspace/builds/worker-7-tc1/source/Cargo.toml
[INFO] running `Command { std: CARGO_HOME="/workspace/cargo-home" RUSTUP_HOME="/workspace/rustup-home" __CARGO_TEST_CHANNEL_OVERRIDE_DO_NOT_USE_THIS="nightly" "/workspace/cargo-home/bin/cargo" "+1.69.0" "generate-lockfile" "--manifest-path" "Cargo.toml" "-Zno-index-update", kill_on_drop: false }`
[INFO] running `Command { std: CARGO_HOME="/workspace/cargo-home" RUSTUP_HOME="/workspace/rustup-home" "/workspace/cargo-home/bin/cargo" "+1.69.0" "fetch" "--manifest-path" "Cargo.toml", kill_on_drop: false }`
[INFO] running `Command { std: "docker" "create" "-v" "/var/lib/crater-agent-workspace/builds/worker-7-tc1/target:/opt/rustwide/target:rw,Z" "-v" "/var/lib/crater-agent-workspace/builds/worker-7-tc1/source:/opt/rustwide/workdir:ro,Z" "-v" "/var/lib/crater-agent-workspace/cargo-home:/opt/rustwide/cargo-home:ro,Z" "-v" "/var/lib/crater-agent-workspace/rustup-home:/opt/rustwide/rustup-home:ro,Z" "-e" "SOURCE_DIR=/opt/rustwide/workdir" "-e" "CARGO_TARGET_DIR=/opt/rustwide/target" "-e" "CARGO_HOME=/opt/rustwide/cargo-home" "-e" "RUSTUP_HOME=/opt/rustwide/rustup-home" "-w" "/opt/rustwide/workdir" "-m" "1610612736" "--user" "0:0" "--network" "none" "ghcr.io/rust-lang/crates-build-env/linux@sha256:97d61d7686bf65f8ecb15491ab51835e82dc9176a96a831f143a431b191fc501" "/opt/rustwide/cargo-home/bin/cargo" "+1.69.0" "metadata" "--no-deps" "--format-version=1", kill_on_drop: false }`
[INFO] [stdout] 331d42b3c02af5059ad5347105053002c052648dc2e8328b7a96a82e59e3809a
[INFO] running `Command { std: "docker" "start" "-a" "331d42b3c02af5059ad5347105053002c052648dc2e8328b7a96a82e59e3809a", kill_on_drop: false }`
[INFO] running `Command { std: "docker" "inspect" "331d42b3c02af5059ad5347105053002c052648dc2e8328b7a96a82e59e3809a", kill_on_drop: false }`
[INFO] running `Command { std: "docker" "rm" "-f" "331d42b3c02af5059ad5347105053002c052648dc2e8328b7a96a82e59e3809a", kill_on_drop: false }`
[INFO] [stdout] 331d42b3c02af5059ad5347105053002c052648dc2e8328b7a96a82e59e3809a
[INFO] running `Command { std: "docker" "create" "-v" "/var/lib/crater-agent-workspace/builds/worker-7-tc1/target:/opt/rustwide/target:rw,Z" "-v" "/var/lib/crater-agent-workspace/builds/worker-7-tc1/source:/opt/rustwide/workdir:ro,Z" "-v" "/var/lib/crater-agent-workspace/cargo-home:/opt/rustwide/cargo-home:ro,Z" "-v" "/var/lib/crater-agent-workspace/rustup-home:/opt/rustwide/rustup-home:ro,Z" "-e" "SOURCE_DIR=/opt/rustwide/workdir" "-e" "CARGO_TARGET_DIR=/opt/rustwide/target" "-e" "CARGO_INCREMENTAL=0" "-e" "RUST_BACKTRACE=full" "-e" "RUSTFLAGS=--cap-lints=warn" "-e" "RUSTDOCFLAGS=--cap-lints=warn" "-e" "CARGO_HOME=/opt/rustwide/cargo-home" "-e" "RUSTUP_HOME=/opt/rustwide/rustup-home" "-w" "/opt/rustwide/workdir" "-m" "1610612736" "--user" "0:0" "--network" "none" "ghcr.io/rust-lang/crates-build-env/linux@sha256:97d61d7686bf65f8ecb15491ab51835e82dc9176a96a831f143a431b191fc501" "/opt/rustwide/cargo-home/bin/cargo" "+1.69.0" "build" "--frozen" "--message-format=json", kill_on_drop: false }`
[INFO] [stdout] 0b43c12b65be124bd995b1931a2e073fab2d429d62492231ad30bd062415e4e7
[INFO] running `Command { std: "docker" "start" "-a" "0b43c12b65be124bd995b1931a2e073fab2d429d62492231ad30bd062415e4e7", kill_on_drop: false }`
[INFO] [stderr]    Compiling altbitflags v0.1.0 (/opt/rustwide/workdir)
[INFO] [stderr]     Finished dev [unoptimized + debuginfo] target(s) in 0.06s
[INFO] running `Command { std: "docker" "inspect" "0b43c12b65be124bd995b1931a2e073fab2d429d62492231ad30bd062415e4e7", kill_on_drop: false }`
[INFO] running `Command { std: "docker" "rm" "-f" "0b43c12b65be124bd995b1931a2e073fab2d429d62492231ad30bd062415e4e7", kill_on_drop: false }`
[INFO] [stdout] 0b43c12b65be124bd995b1931a2e073fab2d429d62492231ad30bd062415e4e7
[INFO] running `Command { std: "docker" "create" "-v" "/var/lib/crater-agent-workspace/builds/worker-7-tc1/target:/opt/rustwide/target:rw,Z" "-v" "/var/lib/crater-agent-workspace/builds/worker-7-tc1/source:/opt/rustwide/workdir:ro,Z" "-v" "/var/lib/crater-agent-workspace/cargo-home:/opt/rustwide/cargo-home:ro,Z" "-v" "/var/lib/crater-agent-workspace/rustup-home:/opt/rustwide/rustup-home:ro,Z" "-e" "SOURCE_DIR=/opt/rustwide/workdir" "-e" "CARGO_TARGET_DIR=/opt/rustwide/target" "-e" "CARGO_INCREMENTAL=0" "-e" "RUST_BACKTRACE=full" "-e" "RUSTFLAGS=--cap-lints=warn" "-e" "RUSTDOCFLAGS=--cap-lints=warn" "-e" "CARGO_HOME=/opt/rustwide/cargo-home" "-e" "RUSTUP_HOME=/opt/rustwide/rustup-home" "-w" "/opt/rustwide/workdir" "-m" "1610612736" "--user" "0:0" "--network" "none" "ghcr.io/rust-lang/crates-build-env/linux@sha256:97d61d7686bf65f8ecb15491ab51835e82dc9176a96a831f143a431b191fc501" "/opt/rustwide/cargo-home/bin/cargo" "+1.69.0" "test" "--frozen" "--no-run" "--message-format=json", kill_on_drop: false }`
[INFO] [stdout] 39f96017e8321bf57cad56020fc8f7ad259d52cc0bd655b393cd5560e8c5f3f4
[INFO] running `Command { std: "docker" "start" "-a" "39f96017e8321bf57cad56020fc8f7ad259d52cc0bd655b393cd5560e8c5f3f4", kill_on_drop: false }`
[INFO] [stderr]    Compiling altbitflags v0.1.0 (/opt/rustwide/workdir)
[INFO] [stdout] warning: attribute must be of the form `#[inline]` or `#[inline(always|never)]`
[INFO] [stdout]   --> src/lib.rs:92:9
[INFO] [stdout]    |
[INFO] [stdout] 92 |         #[inline="always"]
[INFO] [stdout]    |         ^^^^^^^^^^^^^^^^^^
[INFO] [stdout]    |
[INFO] [stdout]   ::: src/test.rs:9:5
[INFO] [stdout]    |
[INFO] [stdout] 9  |     flag_rw!(p, set_p, present, set_present, 0);
[INFO] [stdout]    |     ------------------------------------------- in this macro invocation
[INFO] [stdout]    |
[INFO] [stdout]    = warning: this was previously accepted by the compiler but is being phased out; it will become a hard error in a future release!
[INFO] [stdout]    = note: for more information, see issue #57571 <https://github.com/rust-lang/rust/issues/57571>
[INFO] [stdout]    = note: `#[warn(ill_formed_attribute_input)]` on by default
[INFO] [stdout]    = note: this warning originates in the macro `flag_ro` which comes from the expansion of the macro `flag_rw` (in Nightly builds, run with -Z macro-backtrace for more info)
[INFO] [stdout] 
[INFO] [stdout] 
[INFO] [stdout] warning: attribute must be of the form `#[inline]` or `#[inline(always|never)]`
[INFO] [stdout]    --> src/lib.rs:149:9
[INFO] [stdout]     |
[INFO] [stdout] 149 |         #[inline="always"]
[INFO] [stdout]     |         ^^^^^^^^^^^^^^^^^^
[INFO] [stdout]     |
[INFO] [stdout]    ::: src/test.rs:9:5
[INFO] [stdout]     |
[INFO] [stdout] 9   |     flag_rw!(p, set_p, present, set_present, 0);
[INFO] [stdout]     |     ------------------------------------------- in this macro invocation
[INFO] [stdout]     |
[INFO] [stdout]     = warning: this was previously accepted by the compiler but is being phased out; it will become a hard error in a future release!
[INFO] [stdout]     = note: for more information, see issue #57571 <https://github.com/rust-lang/rust/issues/57571>
[INFO] [stdout]     = note: this warning originates in the macro `flag_rw` (in Nightly builds, run with -Z macro-backtrace for more info)
[INFO] [stdout] 
[INFO] [stdout] 
[INFO] [stdout] warning: attribute must be of the form `#[inline]` or `#[inline(always|never)]`
[INFO] [stdout]   --> src/lib.rs:92:9
[INFO] [stdout]    |
[INFO] [stdout] 92 |         #[inline="always"]
[INFO] [stdout]    |         ^^^^^^^^^^^^^^^^^^
[INFO] [stdout]    |
[INFO] [stdout]   ::: src/test.rs:9:5
[INFO] [stdout]    |
[INFO] [stdout] 9  |     flag_rw!(p, set_p, present, set_present, 0);
[INFO] [stdout]    |     ------------------------------------------- in this macro invocation
[INFO] [stdout]    |
[INFO] [stdout]    = warning: this was previously accepted by the compiler but is being phased out; it will become a hard error in a future release!
[INFO] [stdout]    = note: for more information, see issue #57571 <https://github.com/rust-lang/rust/issues/57571>
[INFO] [stdout]    = note: this warning originates in the macro `flag_ro` which comes from the expansion of the macro `flag_rw` (in Nightly builds, run with -Z macro-backtrace for more info)
[INFO] [stdout] 
[INFO] [stdout] 
[INFO] [stdout] warning: attribute must be of the form `#[inline]` or `#[inline(always|never)]`
[INFO] [stdout]    --> src/lib.rs:149:9
[INFO] [stdout]     |
[INFO] [stdout] 149 |         #[inline="always"]
[INFO] [stdout]     |         ^^^^^^^^^^^^^^^^^^
[INFO] [stdout]     |
[INFO] [stdout]    ::: src/test.rs:9:5
[INFO] [stdout]     |
[INFO] [stdout] 9   |     flag_rw!(p, set_p, present, set_present, 0);
[INFO] [stdout]     |     ------------------------------------------- in this macro invocation
[INFO] [stdout]     |
[INFO] [stdout]     = warning: this was previously accepted by the compiler but is being phased out; it will become a hard error in a future release!
[INFO] [stdout]     = note: for more information, see issue #57571 <https://github.com/rust-lang/rust/issues/57571>
[INFO] [stdout]     = note: this warning originates in the macro `flag_rw` (in Nightly builds, run with -Z macro-backtrace for more info)
[INFO] [stdout] 
[INFO] [stdout] 
[INFO] [stdout] warning: 4 warnings emitted
[INFO] [stdout] 
[INFO] [stdout] 
[INFO] [stderr]     Finished test [unoptimized + debuginfo] target(s) in 0.23s
[INFO] running `Command { std: "docker" "inspect" "39f96017e8321bf57cad56020fc8f7ad259d52cc0bd655b393cd5560e8c5f3f4", kill_on_drop: false }`
[INFO] running `Command { std: "docker" "rm" "-f" "39f96017e8321bf57cad56020fc8f7ad259d52cc0bd655b393cd5560e8c5f3f4", kill_on_drop: false }`
[INFO] [stdout] 39f96017e8321bf57cad56020fc8f7ad259d52cc0bd655b393cd5560e8c5f3f4
[INFO] running `Command { std: "docker" "create" "-v" "/var/lib/crater-agent-workspace/builds/worker-7-tc1/target:/opt/rustwide/target:rw,Z" "-v" "/var/lib/crater-agent-workspace/builds/worker-7-tc1/source:/opt/rustwide/workdir:ro,Z" "-v" "/var/lib/crater-agent-workspace/cargo-home:/opt/rustwide/cargo-home:ro,Z" "-v" "/var/lib/crater-agent-workspace/rustup-home:/opt/rustwide/rustup-home:ro,Z" "-e" "SOURCE_DIR=/opt/rustwide/workdir" "-e" "CARGO_TARGET_DIR=/opt/rustwide/target" "-e" "CARGO_INCREMENTAL=0" "-e" "RUST_BACKTRACE=full" "-e" "RUSTFLAGS=--cap-lints=warn" "-e" "RUSTDOCFLAGS=--cap-lints=warn" "-e" "CARGO_HOME=/opt/rustwide/cargo-home" "-e" "RUSTUP_HOME=/opt/rustwide/rustup-home" "-w" "/opt/rustwide/workdir" "-m" "1610612736" "--user" "0:0" "--network" "none" "ghcr.io/rust-lang/crates-build-env/linux@sha256:97d61d7686bf65f8ecb15491ab51835e82dc9176a96a831f143a431b191fc501" "/opt/rustwide/cargo-home/bin/cargo" "+1.69.0" "test" "--frozen", kill_on_drop: false }`
[INFO] [stdout] f66ec52e4ece43f5cc27d0acf639a7765dd6b181e9cb2588620750003e5ceea1
[INFO] running `Command { std: "docker" "start" "-a" "f66ec52e4ece43f5cc27d0acf639a7765dd6b181e9cb2588620750003e5ceea1", kill_on_drop: false }`
[INFO] [stderr] warning: attribute must be of the form `#[inline]` or `#[inline(always|never)]`
[INFO] [stderr]   --> src/lib.rs:92:9
[INFO] [stderr]    |
[INFO] [stderr] 92 |         #[inline="always"]
[INFO] [stderr]    |         ^^^^^^^^^^^^^^^^^^
[INFO] [stderr]    |
[INFO] [stderr]   ::: src/test.rs:9:5
[INFO] [stderr]    |
[INFO] [stderr] 9  |     flag_rw!(p, set_p, present, set_present, 0);
[INFO] [stderr]    |     ------------------------------------------- in this macro invocation
[INFO] [stderr]    |
[INFO] [stderr]    = warning: this was previously accepted by the compiler but is being phased out; it will become a hard error in a future release!
[INFO] [stderr]    = note: for more information, see issue #57571 <https://github.com/rust-lang/rust/issues/57571>
[INFO] [stderr]    = note: `#[warn(ill_formed_attribute_input)]` on by default
[INFO] [stderr]    = note: this warning originates in the macro `flag_ro` which comes from the expansion of the macro `flag_rw` (in Nightly builds, run with -Z macro-backtrace for more info)
[INFO] [stderr] 
[INFO] [stderr] warning: attribute must be of the form `#[inline]` or `#[inline(always|never)]`
[INFO] [stderr]    --> src/lib.rs:149:9
[INFO] [stderr]     |
[INFO] [stderr] 149 |         #[inline="always"]
[INFO] [stderr]     |         ^^^^^^^^^^^^^^^^^^
[INFO] [stderr]     |
[INFO] [stderr]    ::: src/test.rs:9:5
[INFO] [stderr]     |
[INFO] [stderr] 9   |     flag_rw!(p, set_p, present, set_present, 0);
[INFO] [stderr]     |     ------------------------------------------- in this macro invocation
[INFO] [stderr]     |
[INFO] [stderr]     = warning: this was previously accepted by the compiler but is being phased out; it will become a hard error in a future release!
[INFO] [stderr]     = note: for more information, see issue #57571 <https://github.com/rust-lang/rust/issues/57571>
[INFO] [stderr]     = note: this warning originates in the macro `flag_rw` (in Nightly builds, run with -Z macro-backtrace for more info)
[INFO] [stderr] 
[INFO] [stderr] warning: attribute must be of the form `#[inline]` or `#[inline(always|never)]`
[INFO] [stderr]   --> src/lib.rs:92:9
[INFO] [stderr]    |
[INFO] [stderr] 92 |         #[inline="always"]
[INFO] [stderr]    |         ^^^^^^^^^^^^^^^^^^
[INFO] [stderr]    |
[INFO] [stderr]   ::: src/test.rs:9:5
[INFO] [stderr]    |
[INFO] [stderr] 9  |     flag_rw!(p, set_p, present, set_present, 0);
[INFO] [stderr]    |     ------------------------------------------- in this macro invocation
[INFO] [stderr]    |
[INFO] [stderr]    = warning: this was previously accepted by the compiler but is being phased out; it will become a hard error in a future release!
[INFO] [stderr]    = note: for more information, see issue #57571 <https://github.com/rust-lang/rust/issues/57571>
[INFO] [stderr]    = note: this warning originates in the macro `flag_ro` which comes from the expansion of the macro `flag_rw` (in Nightly builds, run with -Z macro-backtrace for more info)
[INFO] [stderr] 
[INFO] [stderr] warning: `altbitflags` (lib test) generated 4 warnings (1 duplicate)
[INFO] [stderr]     Finished test [unoptimized + debuginfo] target(s) in 0.00s
[INFO] [stderr]      Running unittests src/lib.rs (/opt/rustwide/target/debug/deps/altbitflags-db1e8a96e23a9081)
[INFO] [stdout] 
[INFO] [stdout] running 1 test
[INFO] [stdout] test test::some_fn ... ok
[INFO] [stdout] 
[INFO] [stdout] test result: ok. 1 passed; 0 failed; 0 ignored; 0 measured; 0 filtered out; finished in 0.00s
[INFO] [stdout] 
[INFO] [stderr]    Doc-tests altbitflags
[INFO] [stdout] 
[INFO] [stdout] running 3 tests
[INFO] [stdout] test src/lib.rs - flag_ro (line 61) ... FAILED
[INFO] [stdout] test src/lib.rs - (line 9) ... FAILED
[INFO] [stdout] test src/lib.rs - flag_rw (line 117) ... FAILED
[INFO] [stdout] 
[INFO] [stdout] failures:
[INFO] [stdout] 
[INFO] [stdout] ---- src/lib.rs - flag_ro (line 61) stdout ----
[INFO] [stdout] error: attribute must be of the form `#[inline]` or `#[inline(always|never)]`
[INFO] [stdout]  --> src/lib.rs:69:5
[INFO] [stdout]   |
[INFO] [stdout] 9 |     flag_ro!(present, 0);
[INFO] [stdout]   |     ^^^^^^^^^^^^^^^^^^^^
[INFO] [stdout]   |
[INFO] [stdout]   = warning: this was previously accepted by the compiler but is being phased out; it will become a hard error in a future release!
[INFO] [stdout]   = note: for more information, see issue #57571 <https://github.com/rust-lang/rust/issues/57571>
[INFO] [stdout]   = note: `#[deny(ill_formed_attribute_input)]` on by default
[INFO] [stdout]   = note: this error originates in the macro `flag_ro` (in Nightly builds, run with -Z macro-backtrace for more info)
[INFO] [stdout] 
[INFO] [stdout] error: attribute must be of the form `#[inline]` or `#[inline(always|never)]`
[INFO] [stdout]   --> src/lib.rs:70:5
[INFO] [stdout]    |
[INFO] [stdout] 10 |     flag_ro!(tx, 1);
[INFO] [stdout]    |     ^^^^^^^^^^^^^^^
[INFO] [stdout]    |
[INFO] [stdout]    = warning: this was previously accepted by the compiler but is being phased out; it will become a hard error in a future release!
[INFO] [stdout]    = note: for more information, see issue #57571 <https://github.com/rust-lang/rust/issues/57571>
[INFO] [stdout]    = note: this error originates in the macro `flag_ro` (in Nightly builds, run with -Z macro-backtrace for more info)
[INFO] [stdout] 
[INFO] [stdout] error: attribute must be of the form `#[inline]` or `#[inline(always|never)]`
[INFO] [stdout]   --> src/lib.rs:71:5
[INFO] [stdout]    |
[INFO] [stdout] 11 |     flag_ro!(e, extended, 2);
[INFO] [stdout]    |     ^^^^^^^^^^^^^^^^^^^^^^^^
[INFO] [stdout]    |
[INFO] [stdout]    = warning: this was previously accepted by the compiler but is being phased out; it will become a hard error in a future release!
[INFO] [stdout]    = note: for more information, see issue #57571 <https://github.com/rust-lang/rust/issues/57571>
[INFO] [stdout]    = note: this error originates in the macro `flag_ro` (in Nightly builds, run with -Z macro-backtrace for more info)
[INFO] [stdout] 
[INFO] [stdout] error: attribute must be of the form `#[inline]` or `#[inline(always|never)]`
[INFO] [stdout]   --> src/lib.rs:71:5
[INFO] [stdout]    |
[INFO] [stdout] 11 |     flag_ro!(e, extended, 2);
[INFO] [stdout]    |     ^^^^^^^^^^^^^^^^^^^^^^^^
[INFO] [stdout]    |
[INFO] [stdout]    = warning: this was previously accepted by the compiler but is being phased out; it will become a hard error in a future release!
[INFO] [stdout]    = note: for more information, see issue #57571 <https://github.com/rust-lang/rust/issues/57571>
[INFO] [stdout]    = note: this error originates in the macro `flag_ro` (in Nightly builds, run with -Z macro-backtrace for more info)
[INFO] [stdout] 
[INFO] [stdout] error: attribute must be of the form `#[inline]` or `#[inline(always|never)]`
[INFO] [stdout]   --> src/lib.rs:74:5
[INFO] [stdout]    |
[INFO] [stdout] 14 |     flag_ro!(some, 3);
[INFO] [stdout]    |     ^^^^^^^^^^^^^^^^^
[INFO] [stdout]    |
[INFO] [stdout]    = warning: this was previously accepted by the compiler but is being phased out; it will become a hard error in a future release!
[INFO] [stdout]    = note: for more information, see issue #57571 <https://github.com/rust-lang/rust/issues/57571>
[INFO] [stdout]    = note: this error originates in the macro `flag_ro` (in Nightly builds, run with -Z macro-backtrace for more info)
[INFO] [stdout] 
[INFO] [stdout] error: attribute must be of the form `#[inline]` or `#[inline(always|never)]`
[INFO] [stdout]   --> src/lib.rs:75:5
[INFO] [stdout]    |
[INFO] [stdout] 15 |     flag_ro!(some_bit, 3);
[INFO] [stdout]    |     ^^^^^^^^^^^^^^^^^^^^^
[INFO] [stdout]    |
[INFO] [stdout]    = warning: this was previously accepted by the compiler but is being phased out; it will become a hard error in a future release!
[INFO] [stdout]    = note: for more information, see issue #57571 <https://github.com/rust-lang/rust/issues/57571>
[INFO] [stdout]    = note: this error originates in the macro `flag_ro` (in Nightly builds, run with -Z macro-backtrace for more info)
[INFO] [stdout] 
[INFO] [stdout] error: aborting due to 6 previous errors
[INFO] [stdout] 
[INFO] [stdout] Couldn't compile the test.
[INFO] [stdout] ---- src/lib.rs - (line 9) stdout ----
[INFO] [stdout] error: attribute must be of the form `#[inline]` or `#[inline(always|never)]`
[INFO] [stdout]   --> src/lib.rs:21:5
[INFO] [stdout]    |
[INFO] [stdout] 13 |     flag_rw!(p, set_p, present, set_present, 0);
[INFO] [stdout]    |     ^^^^^^^^^^^^^^^^^^^^^^^^^^^^^^^^^^^^^^^^^^^
[INFO] [stdout]    |
[INFO] [stdout]    = warning: this was previously accepted by the compiler but is being phased out; it will become a hard error in a future release!
[INFO] [stdout]    = note: for more information, see issue #57571 <https://github.com/rust-lang/rust/issues/57571>
[INFO] [stdout]    = note: `#[deny(ill_formed_attribute_input)]` on by default
[INFO] [stdout]    = note: this error originates in the macro `flag_ro` which comes from the expansion of the macro `flag_rw` (in Nightly builds, run with -Z macro-backtrace for more info)
[INFO] [stdout] 
[INFO] [stdout] error: attribute must be of the form `#[inline]` or `#[inline(always|never)]`
[INFO] [stdout]   --> src/lib.rs:21:5
[INFO] [stdout]    |
[INFO] [stdout] 13 |     flag_rw!(p, set_p, present, set_present, 0);
[INFO] [stdout]    |     ^^^^^^^^^^^^^^^^^^^^^^^^^^^^^^^^^^^^^^^^^^^
[INFO] [stdout]    |
[INFO] [stdout]    = warning: this was previously accepted by the compiler but is being phased out; it will become a hard error in a future release!
[INFO] [stdout]    = note: for more information, see issue #57571 <https://github.com/rust-lang/rust/issues/57571>
[INFO] [stdout]    = note: this error originates in the macro `flag_rw` (in Nightly builds, run with -Z macro-backtrace for more info)
[INFO] [stdout] 
[INFO] [stdout] error: attribute must be of the form `#[inline]` or `#[inline(always|never)]`
[INFO] [stdout]   --> src/lib.rs:21:5
[INFO] [stdout]    |
[INFO] [stdout] 13 |     flag_rw!(p, set_p, present, set_present, 0);
[INFO] [stdout]    |     ^^^^^^^^^^^^^^^^^^^^^^^^^^^^^^^^^^^^^^^^^^^
[INFO] [stdout]    |
[INFO] [stdout]    = warning: this was previously accepted by the compiler but is being phased out; it will become a hard error in a future release!
[INFO] [stdout]    = note: for more information, see issue #57571 <https://github.com/rust-lang/rust/issues/57571>
[INFO] [stdout]    = note: this error originates in the macro `flag_ro` which comes from the expansion of the macro `flag_rw` (in Nightly builds, run with -Z macro-backtrace for more info)
[INFO] [stdout] 
[INFO] [stdout] error: attribute must be of the form `#[inline]` or `#[inline(always|never)]`
[INFO] [stdout]   --> src/lib.rs:21:5
[INFO] [stdout]    |
[INFO] [stdout] 13 |     flag_rw!(p, set_p, present, set_present, 0);
[INFO] [stdout]    |     ^^^^^^^^^^^^^^^^^^^^^^^^^^^^^^^^^^^^^^^^^^^
[INFO] [stdout]    |
[INFO] [stdout]    = warning: this was previously accepted by the compiler but is being phased out; it will become a hard error in a future release!
[INFO] [stdout]    = note: for more information, see issue #57571 <https://github.com/rust-lang/rust/issues/57571>
[INFO] [stdout]    = note: this error originates in the macro `flag_rw` (in Nightly builds, run with -Z macro-backtrace for more info)
[INFO] [stdout] 
[INFO] [stdout] error: attribute must be of the form `#[inline]` or `#[inline(always|never)]`
[INFO] [stdout]   --> src/lib.rs:24:5
[INFO] [stdout]    |
[INFO] [stdout] 16 |     flag_ro!(e, extended, 1);
[INFO] [stdout]    |     ^^^^^^^^^^^^^^^^^^^^^^^^
[INFO] [stdout]    |
[INFO] [stdout]    = warning: this was previously accepted by the compiler but is being phased out; it will become a hard error in a future release!
[INFO] [stdout]    = note: for more information, see issue #57571 <https://github.com/rust-lang/rust/issues/57571>
[INFO] [stdout]    = note: this error originates in the macro `flag_ro` (in Nightly builds, run with -Z macro-backtrace for more info)
[INFO] [stdout] 
[INFO] [stdout] error: attribute must be of the form `#[inline]` or `#[inline(always|never)]`
[INFO] [stdout]   --> src/lib.rs:24:5
[INFO] [stdout]    |
[INFO] [stdout] 16 |     flag_ro!(e, extended, 1);
[INFO] [stdout]    |     ^^^^^^^^^^^^^^^^^^^^^^^^
[INFO] [stdout]    |
[INFO] [stdout]    = warning: this was previously accepted by the compiler but is being phased out; it will become a hard error in a future release!
[INFO] [stdout]    = note: for more information, see issue #57571 <https://github.com/rust-lang/rust/issues/57571>
[INFO] [stdout]    = note: this error originates in the macro `flag_ro` (in Nightly builds, run with -Z macro-backtrace for more info)
[INFO] [stdout] 
[INFO] [stdout] error: attribute must be of the form `#[inline]` or `#[inline(always|never)]`
[INFO] [stdout]   --> src/lib.rs:27:5
[INFO] [stdout]    |
[INFO] [stdout] 19 |     flag_rw!(a, set_a, 2);
[INFO] [stdout]    |     ^^^^^^^^^^^^^^^^^^^^^
[INFO] [stdout]    |
[INFO] [stdout]    = warning: this was previously accepted by the compiler but is being phased out; it will become a hard error in a future release!
[INFO] [stdout]    = note: for more information, see issue #57571 <https://github.com/rust-lang/rust/issues/57571>
[INFO] [stdout]    = note: this error originates in the macro `flag_ro` which comes from the expansion of the macro `flag_rw` (in Nightly builds, run with -Z macro-backtrace for more info)
[INFO] [stdout] 
[INFO] [stdout] error: attribute must be of the form `#[inline]` or `#[inline(always|never)]`
[INFO] [stdout]   --> src/lib.rs:27:5
[INFO] [stdout]    |
[INFO] [stdout] 19 |     flag_rw!(a, set_a, 2);
[INFO] [stdout]    |     ^^^^^^^^^^^^^^^^^^^^^
[INFO] [stdout]    |
[INFO] [stdout]    = warning: this was previously accepted by the compiler but is being phased out; it will become a hard error in a future release!
[INFO] [stdout]    = note: for more information, see issue #57571 <https://github.com/rust-lang/rust/issues/57571>
[INFO] [stdout]    = note: this error originates in the macro `flag_rw` (in Nightly builds, run with -Z macro-backtrace for more info)
[INFO] [stdout] 
[INFO] [stdout] error: attribute must be of the form `#[inline]` or `#[inline(always|never)]`
[INFO] [stdout]   --> src/lib.rs:30:5
[INFO] [stdout]    |
[INFO] [stdout] 22 |     flag_ro!(b, 3);
[INFO] [stdout]    |     ^^^^^^^^^^^^^^
[INFO] [stdout]    |
[INFO] [stdout]    = warning: this was previously accepted by the compiler but is being phased out; it will become a hard error in a future release!
[INFO] [stdout]    = note: for more information, see issue #57571 <https://github.com/rust-lang/rust/issues/57571>
[INFO] [stdout]    = note: this error originates in the macro `flag_ro` (in Nightly builds, run with -Z macro-backtrace for more info)
[INFO] [stdout] 
[INFO] [stdout] error: aborting due to 9 previous errors
[INFO] [stdout] 
[INFO] [stdout] Couldn't compile the test.
[INFO] [stdout] ---- src/lib.rs - flag_rw (line 117) stdout ----
[INFO] [stdout] error: attribute must be of the form `#[inline]` or `#[inline(always|never)]`
[INFO] [stdout]  --> src/lib.rs:125:5
[INFO] [stdout]   |
[INFO] [stdout] 9 |     flag_rw!(present, set_present, 0);
[INFO] [stdout]   |     ^^^^^^^^^^^^^^^^^^^^^^^^^^^^^^^^^
[INFO] [stdout]   |
[INFO] [stdout]   = warning: this was previously accepted by the compiler but is being phased out; it will become a hard error in a future release!
[INFO] [stdout]   = note: for more information, see issue #57571 <https://github.com/rust-lang/rust/issues/57571>
[INFO] [stdout]   = note: `#[deny(ill_formed_attribute_input)]` on by default
[INFO] [stdout]   = note: this error originates in the macro `flag_ro` which comes from the expansion of the macro `flag_rw` (in Nightly builds, run with -Z macro-backtrace for more info)
[INFO] [stdout] 
[INFO] [stdout] error: attribute must be of the form `#[inline]` or `#[inline(always|never)]`
[INFO] [stdout]  --> src/lib.rs:125:5
[INFO] [stdout]   |
[INFO] [stdout] 9 |     flag_rw!(present, set_present, 0);
[INFO] [stdout]   |     ^^^^^^^^^^^^^^^^^^^^^^^^^^^^^^^^^
[INFO] [stdout]   |
[INFO] [stdout]   = warning: this was previously accepted by the compiler but is being phased out; it will become a hard error in a future release!
[INFO] [stdout]   = note: for more information, see issue #57571 <https://github.com/rust-lang/rust/issues/57571>
[INFO] [stdout]   = note: this error originates in the macro `flag_rw` (in Nightly builds, run with -Z macro-backtrace for more info)
[INFO] [stdout] 
[INFO] [stdout] error: attribute must be of the form `#[inline]` or `#[inline(always|never)]`
[INFO] [stdout]   --> src/lib.rs:126:5
[INFO] [stdout]    |
[INFO] [stdout] 10 |     flag_rw!(e, set_e, extended, set_extended, 1);
[INFO] [stdout]    |     ^^^^^^^^^^^^^^^^^^^^^^^^^^^^^^^^^^^^^^^^^^^^^
[INFO] [stdout]    |
[INFO] [stdout]    = warning: this was previously accepted by the compiler but is being phased out; it will become a hard error in a future release!
[INFO] [stdout]    = note: for more information, see issue #57571 <https://github.com/rust-lang/rust/issues/57571>
[INFO] [stdout]    = note: this error originates in the macro `flag_ro` which comes from the expansion of the macro `flag_rw` (in Nightly builds, run with -Z macro-backtrace for more info)
[INFO] [stdout] 
[INFO] [stdout] error: attribute must be of the form `#[inline]` or `#[inline(always|never)]`
[INFO] [stdout]   --> src/lib.rs:126:5
[INFO] [stdout]    |
[INFO] [stdout] 10 |     flag_rw!(e, set_e, extended, set_extended, 1);
[INFO] [stdout]    |     ^^^^^^^^^^^^^^^^^^^^^^^^^^^^^^^^^^^^^^^^^^^^^
[INFO] [stdout]    |
[INFO] [stdout]    = warning: this was previously accepted by the compiler but is being phased out; it will become a hard error in a future release!
[INFO] [stdout]    = note: for more information, see issue #57571 <https://github.com/rust-lang/rust/issues/57571>
[INFO] [stdout]    = note: this error originates in the macro `flag_rw` (in Nightly builds, run with -Z macro-backtrace for more info)
[INFO] [stdout] 
[INFO] [stdout] error: attribute must be of the form `#[inline]` or `#[inline(always|never)]`
[INFO] [stdout]   --> src/lib.rs:126:5
[INFO] [stdout]    |
[INFO] [stdout] 10 |     flag_rw!(e, set_e, extended, set_extended, 1);
[INFO] [stdout]    |     ^^^^^^^^^^^^^^^^^^^^^^^^^^^^^^^^^^^^^^^^^^^^^
[INFO] [stdout]    |
[INFO] [stdout]    = warning: this was previously accepted by the compiler but is being phased out; it will become a hard error in a future release!
[INFO] [stdout]    = note: for more information, see issue #57571 <https://github.com/rust-lang/rust/issues/57571>
[INFO] [stdout]    = note: this error originates in the macro `flag_ro` which comes from the expansion of the macro `flag_rw` (in Nightly builds, run with -Z macro-backtrace for more info)
[INFO] [stdout] 
[INFO] [stdout] error: attribute must be of the form `#[inline]` or `#[inline(always|never)]`
[INFO] [stdout]   --> src/lib.rs:126:5
[INFO] [stdout]    |
[INFO] [stdout] 10 |     flag_rw!(e, set_e, extended, set_extended, 1);
[INFO] [stdout]    |     ^^^^^^^^^^^^^^^^^^^^^^^^^^^^^^^^^^^^^^^^^^^^^
[INFO] [stdout]    |
[INFO] [stdout]    = warning: this was previously accepted by the compiler but is being phased out; it will become a hard error in a future release!
[INFO] [stdout]    = note: for more information, see issue #57571 <https://github.com/rust-lang/rust/issues/57571>
[INFO] [stdout]    = note: this error originates in the macro `flag_rw` (in Nightly builds, run with -Z macro-backtrace for more info)
[INFO] [stdout] 
[INFO] [stdout] error: attribute must be of the form `#[inline]` or `#[inline(always|never)]`
[INFO] [stdout]   --> src/lib.rs:129:5
[INFO] [stdout]    |
[INFO] [stdout] 13 |     flag_rw!(a, set_a, 2);
[INFO] [stdout]    |     ^^^^^^^^^^^^^^^^^^^^^
[INFO] [stdout]    |
[INFO] [stdout]    = warning: this was previously accepted by the compiler but is being phased out; it will become a hard error in a future release!
[INFO] [stdout]    = note: for more information, see issue #57571 <https://github.com/rust-lang/rust/issues/57571>
[INFO] [stdout]    = note: this error originates in the macro `flag_ro` which comes from the expansion of the macro `flag_rw` (in Nightly builds, run with -Z macro-backtrace for more info)
[INFO] [stdout] 
[INFO] [stdout] error: attribute must be of the form `#[inline]` or `#[inline(always|never)]`
[INFO] [stdout]   --> src/lib.rs:129:5
[INFO] [stdout]    |
[INFO] [stdout] 13 |     flag_rw!(a, set_a, 2);
[INFO] [stdout]    |     ^^^^^^^^^^^^^^^^^^^^^
[INFO] [stdout]    |
[INFO] [stdout]    = warning: this was previously accepted by the compiler but is being phased out; it will become a hard error in a future release!
[INFO] [stdout]    = note: for more information, see issue #57571 <https://github.com/rust-lang/rust/issues/57571>
[INFO] [stdout]    = note: this error originates in the macro `flag_rw` (in Nightly builds, run with -Z macro-backtrace for more info)
[INFO] [stdout] 
[INFO] [stdout] error: attribute must be of the form `#[inline]` or `#[inline(always|never)]`
[INFO] [stdout]   --> src/lib.rs:130:5
[INFO] [stdout]    |
[INFO] [stdout] 14 |     flag_rw!(b, set_b, 2);
[INFO] [stdout]    |     ^^^^^^^^^^^^^^^^^^^^^
[INFO] [stdout]    |
[INFO] [stdout]    = warning: this was previously accepted by the compiler but is being phased out; it will become a hard error in a future release!
[INFO] [stdout]    = note: for more information, see issue #57571 <https://github.com/rust-lang/rust/issues/57571>
[INFO] [stdout]    = note: this error originates in the macro `flag_ro` which comes from the expansion of the macro `flag_rw` (in Nightly builds, run with -Z macro-backtrace for more info)
[INFO] [stdout] 
[INFO] [stdout] error: attribute must be of the form `#[inline]` or `#[inline(always|never)]`
[INFO] [stdout]   --> src/lib.rs:130:5
[INFO] [stdout]    |
[INFO] [stdout] 14 |     flag_rw!(b, set_b, 2);
[INFO] [stdout]    |     ^^^^^^^^^^^^^^^^^^^^^
[INFO] [stdout]    |
[INFO] [stdout]    = warning: this was previously accepted by the compiler but is being phased out; it will become a hard error in a future release!
[INFO] [stdout]    = note: for more information, see issue #57571 <https://github.com/rust-lang/rust/issues/57571>
[INFO] [stdout]    = note: this error originates in the macro `flag_rw` (in Nightly builds, run with -Z macro-backtrace for more info)
[INFO] [stdout] 
[INFO] [stdout] error: aborting due to 10 previous errors
[INFO] [stdout] 
[INFO] [stdout] Couldn't compile the test.
[INFO] [stdout] 
[INFO] [stdout] failures:
[INFO] [stdout]     src/lib.rs - (line 9)
[INFO] [stdout]     src/lib.rs - flag_ro (line 61)
[INFO] [stdout]     src/lib.rs - flag_rw (line 117)
[INFO] [stdout] 
[INFO] [stdout] test result: FAILED. 0 passed; 3 failed; 0 ignored; 0 measured; 0 filtered out; finished in 0.04s
[INFO] [stdout] 
[INFO] [stderr] error: doctest failed, to rerun pass `--doc`
[INFO] running `Command { std: "docker" "inspect" "f66ec52e4ece43f5cc27d0acf639a7765dd6b181e9cb2588620750003e5ceea1", kill_on_drop: false }`
[INFO] running `Command { std: "docker" "rm" "-f" "f66ec52e4ece43f5cc27d0acf639a7765dd6b181e9cb2588620750003e5ceea1", kill_on_drop: false }`
[INFO] [stdout] f66ec52e4ece43f5cc27d0acf639a7765dd6b181e9cb2588620750003e5ceea1
