[INFO] fetching crate all-is-cubes-server 0.5.0...
[INFO] testing all-is-cubes-server-0.5.0 against beta-2023-04-20 for beta-1.70-1
[INFO] extracting crate all-is-cubes-server 0.5.0 into /workspace/builds/worker-1-tc2/source
[INFO] validating manifest of crates.io crate all-is-cubes-server 0.5.0 on toolchain beta-2023-04-20
[INFO] running `Command { std: CARGO_HOME="/workspace/cargo-home" RUSTUP_HOME="/workspace/rustup-home" "/workspace/cargo-home/bin/cargo" "+beta-2023-04-20" "metadata" "--manifest-path" "Cargo.toml" "--no-deps", kill_on_drop: false }`
[INFO] started tweaking crates.io crate all-is-cubes-server 0.5.0
[INFO] finished tweaking crates.io crate all-is-cubes-server 0.5.0
[INFO] tweaked toml for crates.io crate all-is-cubes-server 0.5.0 written to /workspace/builds/worker-1-tc2/source/Cargo.toml
[INFO] crate crates.io crate all-is-cubes-server 0.5.0 already has a lockfile, it will not be regenerated
[INFO] running `Command { std: CARGO_HOME="/workspace/cargo-home" RUSTUP_HOME="/workspace/rustup-home" "/workspace/cargo-home/bin/cargo" "+beta-2023-04-20" "fetch" "--manifest-path" "Cargo.toml", kill_on_drop: false }`
[INFO] [stderr]     Updating crates.io index
[INFO] [stderr]  Downloading crates ...
[INFO] [stderr]   Downloaded tower-layer v0.3.2
[INFO] [stderr]   Downloaded signal-hook-registry v1.4.0
[INFO] [stderr]   Downloaded http-range-header v0.3.0
[INFO] [stderr]   Downloaded futures-task v0.3.25
[INFO] [stderr]   Downloaded slab v0.4.7
[INFO] [stderr]   Downloaded httparse v1.8.0
[INFO] [stderr]   Downloaded percent-encoding v2.2.0
[INFO] [stderr]   Downloaded async-trait v0.1.60
[INFO] [stderr]   Downloaded anyhow v1.0.68
[INFO] [stderr]   Downloaded paste v1.0.11
[INFO] [stderr]   Downloaded ipnet v2.7.0
[INFO] [stderr]   Downloaded async_fn_traits v0.1.1
[INFO] [stderr]   Downloaded axum-core v0.2.9
[INFO] [stderr]   Downloaded matchit v0.5.0
[INFO] [stderr]   Downloaded openssl-sys v0.9.80
[INFO] [stderr]   Downloaded url v2.3.1
[INFO] [stderr]   Downloaded security-framework v2.7.0
[INFO] [stderr]   Downloaded tower-http v0.3.5
[INFO] [stderr]   Downloaded serde_json v1.0.91
[INFO] [stderr]   Downloaded unicode-normalization v0.1.22
[INFO] [stderr]   Downloaded h2 v0.3.15
[INFO] [stderr]   Downloaded hyper v0.14.23
[INFO] [stderr]   Downloaded windows_i686_msvc v0.42.0
[INFO] [stderr]   Downloaded openssl v0.10.45
[INFO] [stderr]   Downloaded windows_x86_64_gnu v0.42.0
[INFO] [stderr]   Downloaded windows_i686_gnu v0.42.0
[INFO] [stderr]   Downloaded windows_x86_64_msvc v0.42.0
[INFO] [stderr]   Downloaded idna v0.3.0
[INFO] [stderr]   Downloaded windows_aarch64_msvc v0.42.0
[INFO] [stderr]   Downloaded reqwest v0.11.13
[INFO] [stderr]   Downloaded tower v0.4.13
[INFO] [stderr]   Downloaded time v0.3.17
[INFO] [stderr]   Downloaded mime_guess v2.0.4
[INFO] [stderr]   Downloaded tracing-core v0.1.30
[INFO] [stderr]   Downloaded tracing v0.1.37
[INFO] [stderr]   Downloaded futures-core v0.3.25
[INFO] [stderr]   Downloaded tokio v1.23.0
[INFO] [stderr]   Downloaded web-sys v0.3.60
[INFO] [stderr]   Downloaded windows-sys v0.42.0
[INFO] [stderr]   Downloaded futures-util v0.3.25
[INFO] [stderr]   Downloaded pin-project v1.0.12
[INFO] [stderr]   Downloaded mio v0.8.5
[INFO] [stderr]   Downloaded axum v0.5.17
[INFO] [stderr]   Downloaded include_dir_macros v0.7.3
[INFO] [stderr]   Downloaded include_dir v0.7.3
[INFO] [stderr]   Downloaded cc v1.0.78
[INFO] [stderr]   Downloaded native-tls v0.2.11
[INFO] [stderr]   Downloaded form_urlencoded v1.1.0
[INFO] [stderr]   Downloaded wasm-bindgen-futures v0.4.33
[INFO] [stderr]   Downloaded futures-sink v0.3.25
[INFO] [stderr]   Downloaded simplelog v0.12.0
[INFO] [stderr]   Downloaded proc-macro2 v1.0.49
[INFO] [stderr]   Downloaded once_cell v1.16.0
[INFO] [stderr]   Downloaded futures-channel v0.3.25
[INFO] [stderr]   Downloaded pkg-config v0.3.26
[INFO] [stderr]   Downloaded time-macros v0.2.6
[INFO] [stderr]   Downloaded sync_wrapper v0.1.1
[INFO] [stderr]   Downloaded time-core v0.1.0
[INFO] [stderr]   Downloaded tokio-util v0.7.4
[INFO] [stderr]   Downloaded windows_aarch64_gnullvm v0.42.0
[INFO] [stderr]   Downloaded windows_x86_64_gnullvm v0.42.0
[INFO] [stderr]   Downloaded bytes v1.3.0
[INFO] [stderr]   Downloaded socket2 v0.4.7
[INFO] [stderr]   Downloaded pin-project-internal v1.0.12
[INFO] [stderr]   Downloaded tokio-macros v1.8.2
[INFO] running `Command { std: "docker" "create" "-v" "/var/lib/crater-agent-workspace/builds/worker-1-tc2/target:/opt/rustwide/target:rw,Z" "-v" "/var/lib/crater-agent-workspace/builds/worker-1-tc2/source:/opt/rustwide/workdir:ro,Z" "-v" "/var/lib/crater-agent-workspace/cargo-home:/opt/rustwide/cargo-home:ro,Z" "-v" "/var/lib/crater-agent-workspace/rustup-home:/opt/rustwide/rustup-home:ro,Z" "-e" "SOURCE_DIR=/opt/rustwide/workdir" "-e" "CARGO_TARGET_DIR=/opt/rustwide/target" "-e" "CARGO_HOME=/opt/rustwide/cargo-home" "-e" "RUSTUP_HOME=/opt/rustwide/rustup-home" "-w" "/opt/rustwide/workdir" "-m" "1610612736" "--user" "0:0" "--network" "none" "ghcr.io/rust-lang/crates-build-env/linux@sha256:5ff2268d62e97bff2cde7d5815dd6ed5b47097566f13b8d0ca110b04b60e07ed" "/opt/rustwide/cargo-home/bin/cargo" "+beta-2023-04-20" "metadata" "--no-deps" "--format-version=1", kill_on_drop: false }`
[INFO] [stdout] 367d7901d935ef5d150e7b66f109ba0bc50abcc370cf769ebce03a3b9a09fb90
[INFO] running `Command { std: "docker" "start" "-a" "367d7901d935ef5d150e7b66f109ba0bc50abcc370cf769ebce03a3b9a09fb90", kill_on_drop: false }`
[INFO] running `Command { std: "docker" "inspect" "367d7901d935ef5d150e7b66f109ba0bc50abcc370cf769ebce03a3b9a09fb90", kill_on_drop: false }`
[INFO] running `Command { std: "docker" "rm" "-f" "367d7901d935ef5d150e7b66f109ba0bc50abcc370cf769ebce03a3b9a09fb90", kill_on_drop: false }`
[INFO] [stdout] 367d7901d935ef5d150e7b66f109ba0bc50abcc370cf769ebce03a3b9a09fb90
[INFO] running `Command { std: "docker" "create" "-v" "/var/lib/crater-agent-workspace/builds/worker-1-tc2/target:/opt/rustwide/target:rw,Z" "-v" "/var/lib/crater-agent-workspace/builds/worker-1-tc2/source:/opt/rustwide/workdir:ro,Z" "-v" "/var/lib/crater-agent-workspace/cargo-home:/opt/rustwide/cargo-home:ro,Z" "-v" "/var/lib/crater-agent-workspace/rustup-home:/opt/rustwide/rustup-home:ro,Z" "-e" "SOURCE_DIR=/opt/rustwide/workdir" "-e" "CARGO_TARGET_DIR=/opt/rustwide/target" "-e" "CARGO_INCREMENTAL=0" "-e" "RUST_BACKTRACE=full" "-e" "RUSTFLAGS=--cap-lints=warn" "-e" "RUSTDOCFLAGS=--cap-lints=warn" "-e" "CARGO_HOME=/opt/rustwide/cargo-home" "-e" "RUSTUP_HOME=/opt/rustwide/rustup-home" "-w" "/opt/rustwide/workdir" "-m" "1610612736" "--user" "0:0" "--network" "none" "ghcr.io/rust-lang/crates-build-env/linux@sha256:5ff2268d62e97bff2cde7d5815dd6ed5b47097566f13b8d0ca110b04b60e07ed" "/opt/rustwide/cargo-home/bin/cargo" "+beta-2023-04-20" "build" "--frozen" "--message-format=json", kill_on_drop: false }`
[INFO] [stdout] c3b661e5eb686b57144ff0034a2c83c7f3f5c4b255b62858a302c625f5dff84b
[INFO] running `Command { std: "docker" "start" "-a" "c3b661e5eb686b57144ff0034a2c83c7f3f5c4b255b62858a302c625f5dff84b", kill_on_drop: false }`
[INFO] [stderr]    Compiling proc-macro2 v1.0.49
[INFO] [stderr]    Compiling quote v1.0.23
[INFO] [stderr]    Compiling unicode-ident v1.0.6
[INFO] [stderr]    Compiling libc v0.2.139
[INFO] [stderr]    Compiling syn v1.0.107
[INFO] [stderr]    Compiling log v0.4.17
[INFO] [stderr]    Compiling cfg-if v1.0.0
[INFO] [stderr]    Compiling pin-project-lite v0.2.9
[INFO] [stderr]    Compiling itoa v1.0.5
[INFO] [stderr]    Compiling futures-core v0.3.25
[INFO] [stderr]    Compiling bytes v1.3.0
[INFO] [stderr]    Compiling autocfg v1.1.0
[INFO] [stderr]    Compiling futures-task v0.3.25
[INFO] [stderr]    Compiling memchr v2.5.0
[INFO] [stderr]    Compiling version_check v0.9.4
[INFO] [stderr]    Compiling futures-util v0.3.25
[INFO] [stderr]    Compiling fnv v1.0.7
[INFO] [stderr]    Compiling once_cell v1.16.0
[INFO] [stderr]    Compiling pin-utils v0.1.0
[INFO] [stderr]    Compiling serde v1.0.152
[INFO] [stderr]    Compiling tower-service v0.3.2
[INFO] [stderr]    Compiling futures-channel v0.3.25
[INFO] [stderr]    Compiling tracing-core v0.1.30
[INFO] [stderr]    Compiling percent-encoding v2.2.0
[INFO] [stderr]    Compiling mime v0.3.16
[INFO] [stderr]    Compiling tokio v1.23.0
[INFO] [stderr]    Compiling unicase v2.6.0
[INFO] [stderr]    Compiling http v0.2.8
[INFO] [stderr]    Compiling async-trait v0.1.60
[INFO] [stderr]    Compiling httparse v1.8.0
[INFO] [stderr]    Compiling tower-layer v0.3.2
[INFO] [stderr]    Compiling httpdate v1.0.2
[INFO] [stderr]    Compiling try-lock v0.2.3
[INFO] [stderr]    Compiling tracing v0.1.37
[INFO] [stderr]    Compiling serde_json v1.0.91
[INFO] [stderr]    Compiling ryu v1.0.12
[INFO] [stderr]    Compiling futures-sink v0.3.25
[INFO] [stderr]    Compiling time-core v0.1.0
[INFO] [stderr]    Compiling time-macros v0.2.6
[INFO] [stderr]    Compiling want v0.3.0
[INFO] [stderr]    Compiling socket2 v0.4.7
[INFO] [stderr]    Compiling num_cpus v1.15.0
[INFO] [stderr]    Compiling mio v0.8.5
[INFO] [stderr]    Compiling mime_guess v2.0.4
[INFO] [stderr]    Compiling http-body v0.4.5
[INFO] [stderr]    Compiling form_urlencoded v1.1.0
[INFO] [stderr]    Compiling bitflags v1.3.2
[INFO] [stderr]    Compiling anyhow v1.0.68
[INFO] [stderr]    Compiling num_threads v0.1.6
[INFO] [stderr]    Compiling http-range-header v0.3.0
[INFO] [stderr]    Compiling include_dir_macros v0.7.3
[INFO] [stderr]    Compiling sync_wrapper v0.1.1
[INFO] [stderr]    Compiling matchit v0.5.0
[INFO] [stderr]    Compiling termcolor v1.1.3
[INFO] [stderr]    Compiling include_dir v0.7.3
[INFO] [stderr]    Compiling time v0.3.17
[INFO] [stderr]    Compiling simplelog v0.12.0
[INFO] [stderr]    Compiling serde_urlencoded v0.7.1
[INFO] [stderr]    Compiling tokio-macros v1.8.2
[INFO] [stderr]    Compiling pin-project-internal v1.0.12
[INFO] [stderr]    Compiling axum-core v0.2.9
[INFO] [stderr]    Compiling pin-project v1.0.12
[INFO] [stderr]    Compiling tower v0.4.13
[INFO] [stderr]    Compiling tokio-util v0.7.4
[INFO] [stderr]    Compiling hyper v0.14.23
[INFO] [stderr]    Compiling tower-http v0.3.5
[INFO] [stderr]    Compiling axum v0.5.17
[INFO] [stderr]    Compiling all-is-cubes-server v0.5.0 (/opt/rustwide/workdir)
[INFO] [stderr]     Finished dev [unoptimized + debuginfo] target(s) in 15.33s
[INFO] running `Command { std: "docker" "inspect" "c3b661e5eb686b57144ff0034a2c83c7f3f5c4b255b62858a302c625f5dff84b", kill_on_drop: false }`
[INFO] running `Command { std: "docker" "rm" "-f" "c3b661e5eb686b57144ff0034a2c83c7f3f5c4b255b62858a302c625f5dff84b", kill_on_drop: false }`
[INFO] [stdout] c3b661e5eb686b57144ff0034a2c83c7f3f5c4b255b62858a302c625f5dff84b
[INFO] running `Command { std: "docker" "create" "-v" "/var/lib/crater-agent-workspace/builds/worker-1-tc2/target:/opt/rustwide/target:rw,Z" "-v" "/var/lib/crater-agent-workspace/builds/worker-1-tc2/source:/opt/rustwide/workdir:ro,Z" "-v" "/var/lib/crater-agent-workspace/cargo-home:/opt/rustwide/cargo-home:ro,Z" "-v" "/var/lib/crater-agent-workspace/rustup-home:/opt/rustwide/rustup-home:ro,Z" "-e" "SOURCE_DIR=/opt/rustwide/workdir" "-e" "CARGO_TARGET_DIR=/opt/rustwide/target" "-e" "CARGO_INCREMENTAL=0" "-e" "RUST_BACKTRACE=full" "-e" "RUSTFLAGS=--cap-lints=warn" "-e" "RUSTDOCFLAGS=--cap-lints=warn" "-e" "CARGO_HOME=/opt/rustwide/cargo-home" "-e" "RUSTUP_HOME=/opt/rustwide/rustup-home" "-w" "/opt/rustwide/workdir" "-m" "1610612736" "--user" "0:0" "--network" "none" "ghcr.io/rust-lang/crates-build-env/linux@sha256:5ff2268d62e97bff2cde7d5815dd6ed5b47097566f13b8d0ca110b04b60e07ed" "/opt/rustwide/cargo-home/bin/cargo" "+beta-2023-04-20" "test" "--frozen" "--no-run" "--message-format=json", kill_on_drop: false }`
[INFO] [stdout] 9da4da64a9aea0b2cfb1916315b2337f38ff3d62eb0795a78c9bda01f4762907
[INFO] running `Command { std: "docker" "start" "-a" "9da4da64a9aea0b2cfb1916315b2337f38ff3d62eb0795a78c9bda01f4762907", kill_on_drop: false }`
[INFO] [stderr]     Blocking waiting for file lock on package cache
[INFO] [stderr]    Compiling tokio v1.23.0
[INFO] [stderr]    Compiling cc v1.0.78
[INFO] [stderr]    Compiling pkg-config v0.3.26
[INFO] [stderr]    Compiling slab v0.4.7
[INFO] [stderr]    Compiling indexmap v1.9.2
[INFO] [stderr]    Compiling signal-hook-registry v1.4.0
[INFO] [stderr]    Compiling hashbrown v0.12.3
[INFO] [stderr]    Compiling foreign-types-shared v0.1.1
[INFO] [stderr]    Compiling openssl v0.10.45
[INFO] [stderr]    Compiling openssl-macros v0.1.0
[INFO] [stderr]    Compiling tinyvec_macros v0.1.0
[INFO] [stderr]    Compiling native-tls v0.2.11
[INFO] [stderr]    Compiling openssl-probe v0.1.5
[INFO] [stderr]    Compiling unicode-bidi v0.3.8
[INFO] [stderr]    Compiling paste v1.0.11
[INFO] [stderr]    Compiling encoding_rs v0.8.31
[INFO] [stderr]    Compiling foreign-types v0.3.2
[INFO] [stderr]    Compiling tinyvec v1.6.0
[INFO] [stderr]    Compiling ipnet v2.7.0
[INFO] [stderr]    Compiling base64 v0.13.1
[INFO] [stderr]    Compiling openssl-sys v0.9.80
[INFO] [stderr]    Compiling async_fn_traits v0.1.1
[INFO] [stderr]    Compiling unicode-normalization v0.1.22
[INFO] [stderr]    Compiling idna v0.3.0
[INFO] [stderr]    Compiling url v2.3.1
[INFO] [stderr]    Compiling tokio-util v0.7.4
[INFO] [stderr]    Compiling tower v0.4.13
[INFO] [stderr]    Compiling h2 v0.3.15
[INFO] [stderr]    Compiling tower-http v0.3.5
[INFO] [stderr]    Compiling tokio-native-tls v0.3.0
[INFO] [stderr]    Compiling hyper v0.14.23
[INFO] [stderr]    Compiling axum v0.5.17
[INFO] [stderr]    Compiling hyper-tls v0.5.0
[INFO] [stderr]    Compiling reqwest v0.11.13
[INFO] [stderr]    Compiling all-is-cubes-server v0.5.0 (/opt/rustwide/workdir)
[INFO] [stderr]     Finished test [unoptimized + debuginfo] target(s) in 15.13s
[INFO] running `Command { std: "docker" "inspect" "9da4da64a9aea0b2cfb1916315b2337f38ff3d62eb0795a78c9bda01f4762907", kill_on_drop: false }`
[INFO] running `Command { std: "docker" "rm" "-f" "9da4da64a9aea0b2cfb1916315b2337f38ff3d62eb0795a78c9bda01f4762907", kill_on_drop: false }`
[INFO] [stdout] 9da4da64a9aea0b2cfb1916315b2337f38ff3d62eb0795a78c9bda01f4762907
[INFO] running `Command { std: "docker" "create" "-v" "/var/lib/crater-agent-workspace/builds/worker-1-tc2/target:/opt/rustwide/target:rw,Z" "-v" "/var/lib/crater-agent-workspace/builds/worker-1-tc2/source:/opt/rustwide/workdir:ro,Z" "-v" "/var/lib/crater-agent-workspace/cargo-home:/opt/rustwide/cargo-home:ro,Z" "-v" "/var/lib/crater-agent-workspace/rustup-home:/opt/rustwide/rustup-home:ro,Z" "-e" "SOURCE_DIR=/opt/rustwide/workdir" "-e" "CARGO_TARGET_DIR=/opt/rustwide/target" "-e" "CARGO_INCREMENTAL=0" "-e" "RUST_BACKTRACE=full" "-e" "RUSTFLAGS=--cap-lints=warn" "-e" "RUSTDOCFLAGS=--cap-lints=warn" "-e" "CARGO_HOME=/opt/rustwide/cargo-home" "-e" "RUSTUP_HOME=/opt/rustwide/rustup-home" "-w" "/opt/rustwide/workdir" "-m" "1610612736" "--user" "0:0" "--network" "none" "ghcr.io/rust-lang/crates-build-env/linux@sha256:5ff2268d62e97bff2cde7d5815dd6ed5b47097566f13b8d0ca110b04b60e07ed" "/opt/rustwide/cargo-home/bin/cargo" "+beta-2023-04-20" "test" "--frozen", kill_on_drop: false }`
[INFO] [stdout] c8a65b92cf223b7528f9bec849cdff673c68177aa7bf50b3bbff970120bf22ef
[INFO] running `Command { std: "docker" "start" "-a" "c8a65b92cf223b7528f9bec849cdff673c68177aa7bf50b3bbff970120bf22ef", kill_on_drop: false }`
[INFO] [stderr]     Finished test [unoptimized + debuginfo] target(s) in 0.07s
[INFO] [stderr]      Running unittests src/lib.rs (/opt/rustwide/target/debug/deps/all_is_cubes_server-27c74543aeb4315a)
[INFO] [stdout] 
[INFO] [stdout] running 0 tests
[INFO] [stdout] 
[INFO] [stdout] test result: ok. 0 passed; 0 failed; 0 ignored; 0 measured; 0 filtered out; finished in 0.00s
[INFO] [stdout] 
[INFO] [stderr]      Running tests/test-http.rs (/opt/rustwide/target/debug/deps/test_http-5dcdf4d909b35d20)
[INFO] [stdout] 
[INFO] [stdout] running 1 test
[INFO] [stdout] test server_static_files_smoke_test ... FAILED
[INFO] [stdout] 
[INFO] [stdout] failures:
[INFO] [stdout] 
[INFO] [stdout] ---- server_static_files_smoke_test stdout ----
[INFO] [stdout] thread 'server_static_files_smoke_test' panicked at 'called `Result::unwrap()` on an `Err` value: reqwest::Error { kind: Status(404), url: Url { scheme: "http", cannot_be_a_base: false, username: "", password: None, host: Some(Ipv4(127.0.0.1)), port: Some(44957), path: "//style.css", query: None, fragment: None } }', tests/test-http.rs:40:14
[INFO] [stdout] stack backtrace:
[INFO] [stdout]    0:     0x562ac14fe85a - std::backtrace_rs::backtrace::libunwind::trace::h2f05d0192276a8f6
[INFO] [stdout]                                at /rustc/1b7dd2252b99671ce5d1cb9664c5f8636329436d/library/std/src/../../backtrace/src/backtrace/libunwind.rs:93:5
[INFO] [stdout]    1:     0x562ac14fe85a - std::backtrace_rs::backtrace::trace_unsynchronized::hedc23dff7a1af150
[INFO] [stdout]                                at /rustc/1b7dd2252b99671ce5d1cb9664c5f8636329436d/library/std/src/../../backtrace/src/backtrace/mod.rs:66:5
[INFO] [stdout]    2:     0x562ac14fe85a - std::sys_common::backtrace::_print_fmt::h17541ef7592f3ce2
[INFO] [stdout]                                at /rustc/1b7dd2252b99671ce5d1cb9664c5f8636329436d/library/std/src/sys_common/backtrace.rs:65:5
[INFO] [stdout]    3:     0x562ac14fe85a - <std::sys_common::backtrace::_print::DisplayBacktrace as core::fmt::Display>::fmt::h20f75df5ab0c0792
[INFO] [stdout]                                at /rustc/1b7dd2252b99671ce5d1cb9664c5f8636329436d/library/std/src/sys_common/backtrace.rs:44:22
[INFO] [stdout]    4:     0x562ac1525ecf - core::fmt::write::h78109e6f466b3af6
[INFO] [stdout]                                at /rustc/1b7dd2252b99671ce5d1cb9664c5f8636329436d/library/core/src/fmt/mod.rs:1254:17
[INFO] [stdout]    5:     0x562ac14faf55 - std::io::Write::write_fmt::hd24bfb68a1b35a25
[INFO] [stdout]                                at /rustc/1b7dd2252b99671ce5d1cb9664c5f8636329436d/library/std/src/io/mod.rs:1698:15
[INFO] [stdout]    6:     0x562ac14fe625 - std::sys_common::backtrace::_print::h8dac57a9f8fbf9a5
[INFO] [stdout]                                at /rustc/1b7dd2252b99671ce5d1cb9664c5f8636329436d/library/std/src/sys_common/backtrace.rs:47:5
[INFO] [stdout]    7:     0x562ac14fe625 - std::sys_common::backtrace::print::hf9ecbf41d1aa712f
[INFO] [stdout]                                at /rustc/1b7dd2252b99671ce5d1cb9664c5f8636329436d/library/std/src/sys_common/backtrace.rs:34:9
[INFO] [stdout]    8:     0x562ac15002de - std::panicking::default_hook::{{closure}}::h04c07acfc84ca028
[INFO] [stdout]                                at /rustc/1b7dd2252b99671ce5d1cb9664c5f8636329436d/library/std/src/panicking.rs:269:22
[INFO] [stdout]    9:     0x562ac1500011 - std::panicking::default_hook::h01f6bb23e1eceb2c
[INFO] [stdout]                                at /rustc/1b7dd2252b99671ce5d1cb9664c5f8636329436d/library/std/src/panicking.rs:285:9
[INFO] [stdout]   10:     0x562ac1008e7b - <alloc::boxed::Box<F,A> as core::ops::function::Fn<Args>>::call::h87fe9f7b2fd49e4c
[INFO] [stdout]                                at /rustc/1b7dd2252b99671ce5d1cb9664c5f8636329436d/library/alloc/src/boxed.rs:1987:9
[INFO] [stdout]   11:     0x562ac1008e7b - test::test_main::{{closure}}::he94d679243a7531b
[INFO] [stdout]                                at /rustc/1b7dd2252b99671ce5d1cb9664c5f8636329436d/library/test/src/lib.rs:134:21
[INFO] [stdout]   12:     0x562ac15009c4 - <alloc::boxed::Box<F,A> as core::ops::function::Fn<Args>>::call::h3f2d6d8b14c4769f
[INFO] [stdout]                                at /rustc/1b7dd2252b99671ce5d1cb9664c5f8636329436d/library/alloc/src/boxed.rs:1987:9
[INFO] [stdout]   13:     0x562ac15009c4 - std::panicking::rust_panic_with_hook::h2bb3722bbaf2f6df
[INFO] [stdout]                                at /rustc/1b7dd2252b99671ce5d1cb9664c5f8636329436d/library/std/src/panicking.rs:695:13
[INFO] [stdout]   14:     0x562ac1500739 - std::panicking::begin_panic_handler::{{closure}}::h91bc7f36a4be011b
[INFO] [stdout]                                at /rustc/1b7dd2252b99671ce5d1cb9664c5f8636329436d/library/std/src/panicking.rs:582:13
[INFO] [stdout]   15:     0x562ac14fecc6 - std::sys_common::backtrace::__rust_end_short_backtrace::h8b3d3717114f9e59
[INFO] [stdout]                                at /rustc/1b7dd2252b99671ce5d1cb9664c5f8636329436d/library/std/src/sys_common/backtrace.rs:150:18
[INFO] [stdout]   16:     0x562ac1500492 - rust_begin_unwind
[INFO] [stdout]                                at /rustc/1b7dd2252b99671ce5d1cb9664c5f8636329436d/library/std/src/panicking.rs:578:5
[INFO] [stdout]   17:     0x562ac0fcb443 - core::panicking::panic_fmt::hfd368e3fbdabea26
[INFO] [stdout]                                at /rustc/1b7dd2252b99671ce5d1cb9664c5f8636329436d/library/core/src/panicking.rs:67:14
[INFO] [stdout]   18:     0x562ac0fcb9e3 - core::result::unwrap_failed::he54eb4b2f125b26f
[INFO] [stdout]                                at /rustc/1b7dd2252b99671ce5d1cb9664c5f8636329436d/library/core/src/result.rs:1687:5
[INFO] [stdout]   19:     0x562ac0fd56fd - core::result::Result<T,E>::unwrap::h96efc6cb8e8dd2ee
[INFO] [stdout]                                at /rustc/1b7dd2252b99671ce5d1cb9664c5f8636329436d/library/core/src/result.rs:1089:23
[INFO] [stdout]   20:     0x562ac0fd240c - test_http::server_static_files_smoke_test::{{closure}}::{{closure}}::{{closure}}::h5a0196b2bd467e34
[INFO] [stdout]                                at /opt/rustwide/workdir/tests/test-http.rs:36:20
[INFO] [stdout]   21:     0x562ac0fd19b3 - test_http::with_server::{{closure}}::haddbf472467bb181
[INFO] [stdout]                                at /opt/rustwide/workdir/tests/test-http.rs:26:41
[INFO] [stdout]   22:     0x562ac0fd2062 - test_http::server_static_files_smoke_test::{{closure}}::hf9bb13a1cf34938f
[INFO] [stdout]                                at /opt/rustwide/workdir/tests/test-http.rs:47:5
[INFO] [stdout]   23:     0x562ac0fcea38 - <core::pin::Pin<P> as core::future::future::Future>::poll::hf33fe2200c3e98f4
[INFO] [stdout]                                at /rustc/1b7dd2252b99671ce5d1cb9664c5f8636329436d/library/core/src/future/future.rs:125:9
[INFO] [stdout]   24:     0x562ac0fce9db - <core::pin::Pin<P> as core::future::future::Future>::poll::h3f37992d39ec6475
[INFO] [stdout]                                at /rustc/1b7dd2252b99671ce5d1cb9664c5f8636329436d/library/core/src/future/future.rs:125:9
[INFO] [stdout]   25:     0x562ac0fcdd24 - tokio::runtime::scheduler::current_thread::CoreGuard::block_on::{{closure}}::{{closure}}::{{closure}}::h2c934be570992f1b
[INFO] [stdout]                                at /opt/rustwide/cargo-home/registry/src/index.crates.io-6f17d22bba15001f/tokio-1.23.0/src/runtime/scheduler/current_thread.rs:541:57
[INFO] [stdout]   26:     0x562ac0fcdbd1 - tokio::runtime::coop::with_budget::hb802b90264b81ba4
[INFO] [stdout]                                at /opt/rustwide/cargo-home/registry/src/index.crates.io-6f17d22bba15001f/tokio-1.23.0/src/runtime/coop.rs:102:5
[INFO] [stdout]   27:     0x562ac0fcdbd1 - tokio::runtime::coop::budget::h8defe62b1fa8e85e
[INFO] [stdout]                                at /opt/rustwide/cargo-home/registry/src/index.crates.io-6f17d22bba15001f/tokio-1.23.0/src/runtime/coop.rs:68:5
[INFO] [stdout]   28:     0x562ac0fcdbd1 - tokio::runtime::scheduler::current_thread::CoreGuard::block_on::{{closure}}::{{closure}}::h34b166a15af42d33
[INFO] [stdout]                                at /opt/rustwide/cargo-home/registry/src/index.crates.io-6f17d22bba15001f/tokio-1.23.0/src/runtime/scheduler/current_thread.rs:541:25
[INFO] [stdout]   29:     0x562ac0fcc669 - tokio::runtime::scheduler::current_thread::Context::enter::hc3bc45005bebd8bc
[INFO] [stdout]                                at /opt/rustwide/cargo-home/registry/src/index.crates.io-6f17d22bba15001f/tokio-1.23.0/src/runtime/scheduler/current_thread.rs:350:19
[INFO] [stdout]   30:     0x562ac0fcd16a - tokio::runtime::scheduler::current_thread::CoreGuard::block_on::{{closure}}::h53f631c5d898eeed
[INFO] [stdout]                                at /opt/rustwide/cargo-home/registry/src/index.crates.io-6f17d22bba15001f/tokio-1.23.0/src/runtime/scheduler/current_thread.rs:540:36
[INFO] [stdout]   31:     0x562ac0fcce7b - tokio::runtime::scheduler::current_thread::CoreGuard::enter::{{closure}}::he1e2f3a3374f915b
[INFO] [stdout]                                at /opt/rustwide/cargo-home/registry/src/index.crates.io-6f17d22bba15001f/tokio-1.23.0/src/runtime/scheduler/current_thread.rs:615:57
[INFO] [stdout]   32:     0x562ac0fcfc2d - tokio::macros::scoped_tls::ScopedKey<T>::set::he690ae54b4f3c9ec
[INFO] [stdout]                                at /opt/rustwide/cargo-home/registry/src/index.crates.io-6f17d22bba15001f/tokio-1.23.0/src/macros/scoped_tls.rs:61:9
[INFO] [stdout]   33:     0x562ac0fccc16 - tokio::runtime::scheduler::current_thread::CoreGuard::enter::ha3d8a0c1c21c943e
[INFO] [stdout]                                at /opt/rustwide/cargo-home/registry/src/index.crates.io-6f17d22bba15001f/tokio-1.23.0/src/runtime/scheduler/current_thread.rs:615:27
[INFO] [stdout]   34:     0x562ac0fcceac - tokio::runtime::scheduler::current_thread::CoreGuard::block_on::hb1c5db9e2d0d0209
[INFO] [stdout]                                at /opt/rustwide/cargo-home/registry/src/index.crates.io-6f17d22bba15001f/tokio-1.23.0/src/runtime/scheduler/current_thread.rs:530:19
[INFO] [stdout]   35:     0x562ac0fcbe1d - tokio::runtime::scheduler::current_thread::CurrentThread::block_on::h5076b5ff06c582ec
[INFO] [stdout]                                at /opt/rustwide/cargo-home/registry/src/index.crates.io-6f17d22bba15001f/tokio-1.23.0/src/runtime/scheduler/current_thread.rs:154:24
[INFO] [stdout]   36:     0x562ac0fd0325 - tokio::runtime::runtime::Runtime::block_on::h17a526b4d7e6bd09
[INFO] [stdout]                                at /opt/rustwide/cargo-home/registry/src/index.crates.io-6f17d22bba15001f/tokio-1.23.0/src/runtime/runtime.rs:282:47
[INFO] [stdout]   37:     0x562ac0fd1e6a - test_http::server_static_files_smoke_test::hac2d5eaae0413302
[INFO] [stdout]                                at /opt/rustwide/workdir/tests/test-http.rs:35:5
[INFO] [stdout]   38:     0x562ac0fd1cf7 - test_http::server_static_files_smoke_test::{{closure}}::h74efd9b01aac8ca3
[INFO] [stdout]                                at /opt/rustwide/workdir/tests/test-http.rs:34:43
[INFO] [stdout]   39:     0x562ac0fd05b5 - core::ops::function::FnOnce::call_once::h1328e2c9579f156f
[INFO] [stdout]                                at /rustc/1b7dd2252b99671ce5d1cb9664c5f8636329436d/library/core/src/ops/function.rs:250:5
[INFO] [stdout]   40:     0x562ac100dd4f - core::ops::function::FnOnce::call_once::ha6a70e79f7481a7e
[INFO] [stdout]                                at /rustc/1b7dd2252b99671ce5d1cb9664c5f8636329436d/library/core/src/ops/function.rs:250:5
[INFO] [stdout]   41:     0x562ac100dd4f - test::__rust_begin_short_backtrace::hce33033019b61e69
[INFO] [stdout]                                at /rustc/1b7dd2252b99671ce5d1cb9664c5f8636329436d/library/test/src/lib.rs:655:18
[INFO] [stdout]   42:     0x562ac0fdb53c - test::run_test::{{closure}}::h858d3528838ae3e5
[INFO] [stdout]                                at /rustc/1b7dd2252b99671ce5d1cb9664c5f8636329436d/library/test/src/lib.rs:646:30
[INFO] [stdout]   43:     0x562ac0fdb53c - core::ops::function::FnOnce::call_once{{vtable.shim}}::he8ac2b00f01ae79e
[INFO] [stdout]                                at /rustc/1b7dd2252b99671ce5d1cb9664c5f8636329436d/library/core/src/ops/function.rs:250:5
[INFO] [stdout]   44:     0x562ac100ce26 - <alloc::boxed::Box<F,A> as core::ops::function::FnOnce<Args>>::call_once::h8093d25b522725ef
[INFO] [stdout]                                at /rustc/1b7dd2252b99671ce5d1cb9664c5f8636329436d/library/alloc/src/boxed.rs:1973:9
[INFO] [stdout]   45:     0x562ac100ce26 - <core::panic::unwind_safe::AssertUnwindSafe<F> as core::ops::function::FnOnce<()>>::call_once::h5c334c204e4a3913
[INFO] [stdout]                                at /rustc/1b7dd2252b99671ce5d1cb9664c5f8636329436d/library/core/src/panic/unwind_safe.rs:271:9
[INFO] [stdout]   46:     0x562ac100ce26 - std::panicking::try::do_call::ha8b740c7b9478074
[INFO] [stdout]                                at /rustc/1b7dd2252b99671ce5d1cb9664c5f8636329436d/library/std/src/panicking.rs:485:40
[INFO] [stdout]   47:     0x562ac100ce26 - std::panicking::try::h5d34f63d0e41b64e
[INFO] [stdout]                                at /rustc/1b7dd2252b99671ce5d1cb9664c5f8636329436d/library/std/src/panicking.rs:449:19
[INFO] [stdout]   48:     0x562ac100ce26 - std::panic::catch_unwind::hcfbb511e1aa7fc67
[INFO] [stdout]                                at /rustc/1b7dd2252b99671ce5d1cb9664c5f8636329436d/library/std/src/panic.rs:140:14
[INFO] [stdout]   49:     0x562ac100ce26 - test::run_test_in_process::h9abda90f802eaf21
[INFO] [stdout]                                at /rustc/1b7dd2252b99671ce5d1cb9664c5f8636329436d/library/test/src/lib.rs:678:27
[INFO] [stdout]   50:     0x562ac100ce26 - test::run_test::run_test_inner::{{closure}}::h0f058de91f6c6edf
[INFO] [stdout]                                at /rustc/1b7dd2252b99671ce5d1cb9664c5f8636329436d/library/test/src/lib.rs:572:39
[INFO] [stdout]   51:     0x562ac0fd5d45 - test::run_test::run_test_inner::{{closure}}::h5ca48a4c59c6c1fb
[INFO] [stdout]                                at /rustc/1b7dd2252b99671ce5d1cb9664c5f8636329436d/library/test/src/lib.rs:599:37
[INFO] [stdout]   52:     0x562ac0fd5d45 - std::sys_common::backtrace::__rust_begin_short_backtrace::h32bd51e1495d4a33
[INFO] [stdout]                                at /rustc/1b7dd2252b99671ce5d1cb9664c5f8636329436d/library/std/src/sys_common/backtrace.rs:134:18
[INFO] [stdout]   53:     0x562ac0fdb281 - std::thread::Builder::spawn_unchecked_::{{closure}}::{{closure}}::hc086fae9b128b2db
[INFO] [stdout]                                at /rustc/1b7dd2252b99671ce5d1cb9664c5f8636329436d/library/std/src/thread/mod.rs:526:17
[INFO] [stdout]   54:     0x562ac0fdb281 - <core::panic::unwind_safe::AssertUnwindSafe<F> as core::ops::function::FnOnce<()>>::call_once::hb66571888d270d43
[INFO] [stdout]                                at /rustc/1b7dd2252b99671ce5d1cb9664c5f8636329436d/library/core/src/panic/unwind_safe.rs:271:9
[INFO] [stdout]   55:     0x562ac0fdb281 - std::panicking::try::do_call::h4fa2ef4f6e51fecf
[INFO] [stdout]                                at /rustc/1b7dd2252b99671ce5d1cb9664c5f8636329436d/library/std/src/panicking.rs:485:40
[INFO] [stdout]   56:     0x562ac0fdb281 - std::panicking::try::h1e9e22b8584489b5
[INFO] [stdout]                                at /rustc/1b7dd2252b99671ce5d1cb9664c5f8636329436d/library/std/src/panicking.rs:449:19
[INFO] [stdout]   57:     0x562ac0fdb281 - std::panic::catch_unwind::h44698a3de0e0769e
[INFO] [stdout]                                at /rustc/1b7dd2252b99671ce5d1cb9664c5f8636329436d/library/std/src/panic.rs:140:14
[INFO] [stdout]   58:     0x562ac0fdb281 - std::thread::Builder::spawn_unchecked_::{{closure}}::h50153abde3fe239e
[INFO] [stdout]                                at /rustc/1b7dd2252b99671ce5d1cb9664c5f8636329436d/library/std/src/thread/mod.rs:525:30
[INFO] [stdout]   59:     0x562ac0fdb281 - core::ops::function::FnOnce::call_once{{vtable.shim}}::hbe5bbf6f38394364
[INFO] [stdout]                                at /rustc/1b7dd2252b99671ce5d1cb9664c5f8636329436d/library/core/src/ops/function.rs:250:5
[INFO] [stdout]   60:     0x562ac15050b5 - <alloc::boxed::Box<F,A> as core::ops::function::FnOnce<Args>>::call_once::h0d83cb2920a49046
[INFO] [stdout]                                at /rustc/1b7dd2252b99671ce5d1cb9664c5f8636329436d/library/alloc/src/boxed.rs:1973:9
[INFO] [stdout]   61:     0x562ac15050b5 - <alloc::boxed::Box<F,A> as core::ops::function::FnOnce<Args>>::call_once::hbe0a008aa7d9ef59
[INFO] [stdout]                                at /rustc/1b7dd2252b99671ce5d1cb9664c5f8636329436d/library/alloc/src/boxed.rs:1973:9
[INFO] [stdout]   62:     0x562ac15050b5 - std::sys::unix::thread::Thread::new::thread_start::h3a466996bdf6b1f9
[INFO] [stdout]                                at /rustc/1b7dd2252b99671ce5d1cb9664c5f8636329436d/library/std/src/sys/unix/thread.rs:108:17
[INFO] [stdout]   63:     0x7f7f5238eb43 - <unknown>
[INFO] [stdout]   64:     0x7f7f5241fbb4 - __clone
[INFO] [stdout]   65:                0x0 - <unknown>
[INFO] [stdout] 
[INFO] [stdout] 
[INFO] [stdout] failures:
[INFO] [stdout]     server_static_files_smoke_test
[INFO] [stdout] 
[INFO] [stdout] test result: FAILED. 0 passed; 1 failed; 0 ignored; 0 measured; 0 filtered out; finished in 0.08s
[INFO] [stdout] 
[INFO] [stderr] error: test failed, to rerun pass `--test test-http`
[INFO] running `Command { std: "docker" "inspect" "c8a65b92cf223b7528f9bec849cdff673c68177aa7bf50b3bbff970120bf22ef", kill_on_drop: false }`
[INFO] running `Command { std: "docker" "rm" "-f" "c8a65b92cf223b7528f9bec849cdff673c68177aa7bf50b3bbff970120bf22ef", kill_on_drop: false }`
[INFO] [stdout] c8a65b92cf223b7528f9bec849cdff673c68177aa7bf50b3bbff970120bf22ef
