[INFO] fetching crate algo_sorting 0.0.2...
[INFO] testing algo_sorting-0.0.2 against 1.69.0 for beta-1.70-1
[INFO] extracting crate algo_sorting 0.0.2 into /workspace/builds/worker-5-tc1/source
[INFO] validating manifest of crates.io crate algo_sorting 0.0.2 on toolchain 1.69.0
[INFO] running `Command { std: CARGO_HOME="/workspace/cargo-home" RUSTUP_HOME="/workspace/rustup-home" "/workspace/cargo-home/bin/cargo" "+1.69.0" "metadata" "--manifest-path" "Cargo.toml" "--no-deps", kill_on_drop: false }`
[INFO] started tweaking crates.io crate algo_sorting 0.0.2
[INFO] finished tweaking crates.io crate algo_sorting 0.0.2
[INFO] tweaked toml for crates.io crate algo_sorting 0.0.2 written to /workspace/builds/worker-5-tc1/source/Cargo.toml
[INFO] running `Command { std: CARGO_HOME="/workspace/cargo-home" RUSTUP_HOME="/workspace/rustup-home" __CARGO_TEST_CHANNEL_OVERRIDE_DO_NOT_USE_THIS="nightly" "/workspace/cargo-home/bin/cargo" "+1.69.0" "generate-lockfile" "--manifest-path" "Cargo.toml" "-Zno-index-update", kill_on_drop: false }`
[INFO] [stderr]     Blocking waiting for file lock on package cache
[INFO] running `Command { std: CARGO_HOME="/workspace/cargo-home" RUSTUP_HOME="/workspace/rustup-home" "/workspace/cargo-home/bin/cargo" "+1.69.0" "fetch" "--manifest-path" "Cargo.toml", kill_on_drop: false }`
[INFO] [stderr]     Blocking waiting for file lock on package cache
[INFO] running `Command { std: "docker" "create" "-v" "/var/lib/crater-agent-workspace/builds/worker-5-tc1/target:/opt/rustwide/target:rw,Z" "-v" "/var/lib/crater-agent-workspace/builds/worker-5-tc1/source:/opt/rustwide/workdir:ro,Z" "-v" "/var/lib/crater-agent-workspace/cargo-home:/opt/rustwide/cargo-home:ro,Z" "-v" "/var/lib/crater-agent-workspace/rustup-home:/opt/rustwide/rustup-home:ro,Z" "-e" "SOURCE_DIR=/opt/rustwide/workdir" "-e" "CARGO_TARGET_DIR=/opt/rustwide/target" "-e" "CARGO_HOME=/opt/rustwide/cargo-home" "-e" "RUSTUP_HOME=/opt/rustwide/rustup-home" "-w" "/opt/rustwide/workdir" "-m" "1610612736" "--user" "0:0" "--network" "none" "ghcr.io/rust-lang/crates-build-env/linux@sha256:5ff2268d62e97bff2cde7d5815dd6ed5b47097566f13b8d0ca110b04b60e07ed" "/opt/rustwide/cargo-home/bin/cargo" "+1.69.0" "metadata" "--no-deps" "--format-version=1", kill_on_drop: false }`
[INFO] [stdout] 4d9124b7a263de9782c63d534d0336cc1c20d8a1a01ba3138db0caad349aea94
[INFO] running `Command { std: "docker" "start" "-a" "4d9124b7a263de9782c63d534d0336cc1c20d8a1a01ba3138db0caad349aea94", kill_on_drop: false }`
[INFO] running `Command { std: "docker" "inspect" "4d9124b7a263de9782c63d534d0336cc1c20d8a1a01ba3138db0caad349aea94", kill_on_drop: false }`
[INFO] running `Command { std: "docker" "rm" "-f" "4d9124b7a263de9782c63d534d0336cc1c20d8a1a01ba3138db0caad349aea94", kill_on_drop: false }`
[INFO] [stdout] 4d9124b7a263de9782c63d534d0336cc1c20d8a1a01ba3138db0caad349aea94
[INFO] running `Command { std: "docker" "create" "-v" "/var/lib/crater-agent-workspace/builds/worker-5-tc1/target:/opt/rustwide/target:rw,Z" "-v" "/var/lib/crater-agent-workspace/builds/worker-5-tc1/source:/opt/rustwide/workdir:ro,Z" "-v" "/var/lib/crater-agent-workspace/cargo-home:/opt/rustwide/cargo-home:ro,Z" "-v" "/var/lib/crater-agent-workspace/rustup-home:/opt/rustwide/rustup-home:ro,Z" "-e" "SOURCE_DIR=/opt/rustwide/workdir" "-e" "CARGO_TARGET_DIR=/opt/rustwide/target" "-e" "CARGO_INCREMENTAL=0" "-e" "RUST_BACKTRACE=full" "-e" "RUSTFLAGS=--cap-lints=warn" "-e" "RUSTDOCFLAGS=--cap-lints=warn" "-e" "CARGO_HOME=/opt/rustwide/cargo-home" "-e" "RUSTUP_HOME=/opt/rustwide/rustup-home" "-w" "/opt/rustwide/workdir" "-m" "1610612736" "--user" "0:0" "--network" "none" "ghcr.io/rust-lang/crates-build-env/linux@sha256:5ff2268d62e97bff2cde7d5815dd6ed5b47097566f13b8d0ca110b04b60e07ed" "/opt/rustwide/cargo-home/bin/cargo" "+1.69.0" "build" "--frozen" "--message-format=json", kill_on_drop: false }`
[INFO] [stdout] c2e11949efa604e97825aee91fcda9132638ac37c422a38a25913725fcaa9321
[INFO] running `Command { std: "docker" "start" "-a" "c2e11949efa604e97825aee91fcda9132638ac37c422a38a25913725fcaa9321", kill_on_drop: false }`
[INFO] [stderr]    Compiling algo_sorting v0.0.2 (/opt/rustwide/workdir)
[INFO] [stdout] warning: function `bubble_sort` is never used
[INFO] [stdout]   --> src/lib.rs:12:4
[INFO] [stdout]    |
[INFO] [stdout] 12 | fn bubble_sort(arr: &mut [i32]) -> &mut [i32] {
[INFO] [stdout]    |    ^^^^^^^^^^^
[INFO] [stdout]    |
[INFO] [stdout]    = note: `#[warn(dead_code)]` on by default
[INFO] [stdout] 
[INFO] [stdout] 
[INFO] [stdout] warning: 1 warning emitted
[INFO] [stdout] 
[INFO] [stdout] 
[INFO] [stderr]     Finished dev [unoptimized + debuginfo] target(s) in 0.11s
[INFO] running `Command { std: "docker" "inspect" "c2e11949efa604e97825aee91fcda9132638ac37c422a38a25913725fcaa9321", kill_on_drop: false }`
[INFO] running `Command { std: "docker" "rm" "-f" "c2e11949efa604e97825aee91fcda9132638ac37c422a38a25913725fcaa9321", kill_on_drop: false }`
[INFO] [stdout] c2e11949efa604e97825aee91fcda9132638ac37c422a38a25913725fcaa9321
[INFO] running `Command { std: "docker" "create" "-v" "/var/lib/crater-agent-workspace/builds/worker-5-tc1/target:/opt/rustwide/target:rw,Z" "-v" "/var/lib/crater-agent-workspace/builds/worker-5-tc1/source:/opt/rustwide/workdir:ro,Z" "-v" "/var/lib/crater-agent-workspace/cargo-home:/opt/rustwide/cargo-home:ro,Z" "-v" "/var/lib/crater-agent-workspace/rustup-home:/opt/rustwide/rustup-home:ro,Z" "-e" "SOURCE_DIR=/opt/rustwide/workdir" "-e" "CARGO_TARGET_DIR=/opt/rustwide/target" "-e" "CARGO_INCREMENTAL=0" "-e" "RUST_BACKTRACE=full" "-e" "RUSTFLAGS=--cap-lints=warn" "-e" "RUSTDOCFLAGS=--cap-lints=warn" "-e" "CARGO_HOME=/opt/rustwide/cargo-home" "-e" "RUSTUP_HOME=/opt/rustwide/rustup-home" "-w" "/opt/rustwide/workdir" "-m" "1610612736" "--user" "0:0" "--network" "none" "ghcr.io/rust-lang/crates-build-env/linux@sha256:5ff2268d62e97bff2cde7d5815dd6ed5b47097566f13b8d0ca110b04b60e07ed" "/opt/rustwide/cargo-home/bin/cargo" "+1.69.0" "test" "--frozen" "--no-run" "--message-format=json", kill_on_drop: false }`
[INFO] [stdout] 11952d7255091bc9265009e10681dbca7244e496965d671e956c4354af1372ea
[INFO] running `Command { std: "docker" "start" "-a" "11952d7255091bc9265009e10681dbca7244e496965d671e956c4354af1372ea", kill_on_drop: false }`
[INFO] [stderr]    Compiling algo_sorting v0.0.2 (/opt/rustwide/workdir)
[INFO] [stdout] warning: function `bubble_sort` is never used
[INFO] [stdout]   --> src/lib.rs:12:4
[INFO] [stdout]    |
[INFO] [stdout] 12 | fn bubble_sort(arr: &mut [i32]) -> &mut [i32] {
[INFO] [stdout]    |    ^^^^^^^^^^^
[INFO] [stdout]    |
[INFO] [stdout]    = note: `#[warn(dead_code)]` on by default
[INFO] [stdout] 
[INFO] [stdout] 
[INFO] [stdout] warning: 1 warning emitted
[INFO] [stdout] 
[INFO] [stdout] 
[INFO] [stderr]     Finished test [unoptimized + debuginfo] target(s) in 0.51s
[INFO] running `Command { std: "docker" "inspect" "11952d7255091bc9265009e10681dbca7244e496965d671e956c4354af1372ea", kill_on_drop: false }`
[INFO] running `Command { std: "docker" "rm" "-f" "11952d7255091bc9265009e10681dbca7244e496965d671e956c4354af1372ea", kill_on_drop: false }`
[INFO] [stdout] 11952d7255091bc9265009e10681dbca7244e496965d671e956c4354af1372ea
[INFO] running `Command { std: "docker" "create" "-v" "/var/lib/crater-agent-workspace/builds/worker-5-tc1/target:/opt/rustwide/target:rw,Z" "-v" "/var/lib/crater-agent-workspace/builds/worker-5-tc1/source:/opt/rustwide/workdir:ro,Z" "-v" "/var/lib/crater-agent-workspace/cargo-home:/opt/rustwide/cargo-home:ro,Z" "-v" "/var/lib/crater-agent-workspace/rustup-home:/opt/rustwide/rustup-home:ro,Z" "-e" "SOURCE_DIR=/opt/rustwide/workdir" "-e" "CARGO_TARGET_DIR=/opt/rustwide/target" "-e" "CARGO_INCREMENTAL=0" "-e" "RUST_BACKTRACE=full" "-e" "RUSTFLAGS=--cap-lints=warn" "-e" "RUSTDOCFLAGS=--cap-lints=warn" "-e" "CARGO_HOME=/opt/rustwide/cargo-home" "-e" "RUSTUP_HOME=/opt/rustwide/rustup-home" "-w" "/opt/rustwide/workdir" "-m" "1610612736" "--user" "0:0" "--network" "none" "ghcr.io/rust-lang/crates-build-env/linux@sha256:5ff2268d62e97bff2cde7d5815dd6ed5b47097566f13b8d0ca110b04b60e07ed" "/opt/rustwide/cargo-home/bin/cargo" "+1.69.0" "test" "--frozen", kill_on_drop: false }`
[INFO] [stdout] 6a63f1630c7b053e366724d37f8d1bab99d8a768ce6a4a36eb32c9d37aec8f5b
[INFO] running `Command { std: "docker" "start" "-a" "6a63f1630c7b053e366724d37f8d1bab99d8a768ce6a4a36eb32c9d37aec8f5b", kill_on_drop: false }`
[INFO] [stdout] 
[INFO] [stdout] running 1 test
[INFO] [stderr] warning: function `bubble_sort` is never used
[INFO] [stderr]   --> src/lib.rs:12:4
[INFO] [stderr]    |
[INFO] [stderr] 12 | fn bubble_sort(arr: &mut [i32]) -> &mut [i32] {
[INFO] [stderr]    |    ^^^^^^^^^^^
[INFO] [stderr]    |
[INFO] [stderr]    = note: `#[warn(dead_code)]` on by default
[INFO] [stderr] 
[INFO] [stderr] warning: `algo_sorting` (lib) generated 1 warning
[INFO] [stderr]     Finished test [unoptimized + debuginfo] target(s) in 0.01s
[INFO] [stderr]      Running unittests src/lib.rs (/opt/rustwide/target/debug/deps/algo_sorting-96fa2249d1a543d2)
[INFO] [stdout] test tests::bubble ... ok
[INFO] [stdout] 
[INFO] [stdout] test result: ok. 1 passed; 0 failed; 0 ignored; 0 measured; 0 filtered out; finished in 0.01s
[INFO] [stdout] 
[INFO] [stderr]    Doc-tests algo_sorting
[INFO] [stdout] 
[INFO] [stdout] running 1 test
[INFO] [stdout] test src/lib.rs - bubble_sort (line 5) ... FAILED
[INFO] [stdout] 
[INFO] [stdout] failures:
[INFO] [stdout] 
[INFO] [stdout] ---- src/lib.rs - bubble_sort (line 5) stdout ----
[INFO] [stdout] error: unknown start of token: `
[INFO] [stdout]  --> src/lib.rs:10:1
[INFO] [stdout]   |
[INFO] [stdout] 7 | ```///
[INFO] [stdout]   | ^^^
[INFO] [stdout]   |
[INFO] [stdout]   = note: character appears 2 more times
[INFO] [stdout] help: Unicode character '`' (Grave Accent) looks like ''' (Single Quote), but it is not
[INFO] [stdout]   |
[INFO] [stdout] 7 | '''///
[INFO] [stdout]   | ~~~
[INFO] [stdout] 
[INFO] [stdout] error[E0585]: found a documentation comment that doesn't document anything
[INFO] [stdout]  --> src/lib.rs:10:4
[INFO] [stdout]   |
[INFO] [stdout] 7 | ```///
[INFO] [stdout]   |    ^^^
[INFO] [stdout]   |
[INFO] [stdout]   = help: doc comments must come before what they document, if a comment was intended use `//`
[INFO] [stdout] 
[INFO] [stdout] error[E0425]: cannot find function `bubble_sort` in this scope
[INFO] [stdout]  --> src/lib.rs:8:12
[INFO] [stdout]   |
[INFO] [stdout] 5 | assert_eq!(bubble_sort(arg), answer);
[INFO] [stdout]   |            ^^^^^^^^^^^ not found in this scope
[INFO] [stdout] 
[INFO] [stdout] error: aborting due to 3 previous errors
[INFO] [stdout] 
[INFO] [stdout] Some errors have detailed explanations: E0425, E0585.
[INFO] [stdout] For more information about an error, try `rustc --explain E0425`.
[INFO] [stdout] Couldn't compile the test.
[INFO] [stdout] 
[INFO] [stdout] failures:
[INFO] [stdout]     src/lib.rs - bubble_sort (line 5)
[INFO] [stdout] 
[INFO] [stdout] test result: FAILED. 0 passed; 1 failed; 0 ignored; 0 measured; 0 filtered out; finished in 0.06s
[INFO] [stdout] 
[INFO] [stderr] error: doctest failed, to rerun pass `--doc`
[INFO] running `Command { std: "docker" "inspect" "6a63f1630c7b053e366724d37f8d1bab99d8a768ce6a4a36eb32c9d37aec8f5b", kill_on_drop: false }`
[INFO] running `Command { std: "docker" "rm" "-f" "6a63f1630c7b053e366724d37f8d1bab99d8a768ce6a4a36eb32c9d37aec8f5b", kill_on_drop: false }`
[INFO] [stdout] 6a63f1630c7b053e366724d37f8d1bab99d8a768ce6a4a36eb32c9d37aec8f5b
