[INFO] fetching crate alga 0.9.3...
[INFO] testing alga-0.9.3 against beta-2023-04-20 for beta-1.70-1
[INFO] extracting crate alga 0.9.3 into /workspace/builds/worker-7-tc2/source
[INFO] validating manifest of crates.io crate alga 0.9.3 on toolchain beta-2023-04-20
[INFO] running `Command { std: CARGO_HOME="/workspace/cargo-home" RUSTUP_HOME="/workspace/rustup-home" "/workspace/cargo-home/bin/cargo" "+beta-2023-04-20" "metadata" "--manifest-path" "Cargo.toml" "--no-deps", kill_on_drop: false }`
[INFO] started tweaking crates.io crate alga 0.9.3
[INFO] finished tweaking crates.io crate alga 0.9.3
[INFO] tweaked toml for crates.io crate alga 0.9.3 written to /workspace/builds/worker-7-tc2/source/Cargo.toml
[INFO] crate crates.io crate alga 0.9.3 already has a lockfile, it will not be regenerated
[INFO] running `Command { std: CARGO_HOME="/workspace/cargo-home" RUSTUP_HOME="/workspace/rustup-home" "/workspace/cargo-home/bin/cargo" "+beta-2023-04-20" "fetch" "--manifest-path" "Cargo.toml", kill_on_drop: false }`
[INFO] [stderr]     Updating crates.io index
[INFO] [stderr]  Downloading crates ...
[INFO] [stderr]   Downloaded log v0.4.8
[INFO] [stderr]   Downloaded approx v0.3.2
[INFO] [stderr]   Downloaded edit-distance v2.1.0
[INFO] [stderr]   Downloaded alga_derive v0.9.1
[INFO] [stderr]   Downloaded num-complex v0.2.4
[INFO] [stderr]   Downloaded env_logger v0.6.2
[INFO] [stderr]   Downloaded quickcheck v0.8.5
[INFO] [stderr]   Downloaded num-traits v0.2.11
[INFO] [stderr]   Downloaded cc v1.0.50
[INFO] [stderr]   Downloaded libm v0.2.1
[INFO] [stderr]   Downloaded aho-corasick v0.7.9
[INFO] [stderr]   Downloaded regex v1.3.4
[INFO] [stderr]   Downloaded regex-syntax v0.6.15
[INFO] [stderr]   Downloaded libc v0.2.67
[INFO] [stderr]   Downloaded decimal v2.0.4
[INFO] [stderr]   Downloaded winapi v0.3.8
[INFO] running `Command { std: "docker" "create" "-v" "/var/lib/crater-agent-workspace/builds/worker-7-tc2/target:/opt/rustwide/target:rw,Z" "-v" "/var/lib/crater-agent-workspace/builds/worker-7-tc2/source:/opt/rustwide/workdir:ro,Z" "-v" "/var/lib/crater-agent-workspace/cargo-home:/opt/rustwide/cargo-home:ro,Z" "-v" "/var/lib/crater-agent-workspace/rustup-home:/opt/rustwide/rustup-home:ro,Z" "-e" "SOURCE_DIR=/opt/rustwide/workdir" "-e" "CARGO_TARGET_DIR=/opt/rustwide/target" "-e" "CARGO_HOME=/opt/rustwide/cargo-home" "-e" "RUSTUP_HOME=/opt/rustwide/rustup-home" "-w" "/opt/rustwide/workdir" "-m" "1610612736" "--user" "0:0" "--network" "none" "ghcr.io/rust-lang/crates-build-env/linux@sha256:5ff2268d62e97bff2cde7d5815dd6ed5b47097566f13b8d0ca110b04b60e07ed" "/opt/rustwide/cargo-home/bin/cargo" "+beta-2023-04-20" "metadata" "--no-deps" "--format-version=1", kill_on_drop: false }`
[INFO] [stdout] 6db2095f2be42b7b2ef2afa847bc6c2e904f60f4d7706200d60f901105c774f8
[INFO] running `Command { std: "docker" "start" "-a" "6db2095f2be42b7b2ef2afa847bc6c2e904f60f4d7706200d60f901105c774f8", kill_on_drop: false }`
[INFO] running `Command { std: "docker" "inspect" "6db2095f2be42b7b2ef2afa847bc6c2e904f60f4d7706200d60f901105c774f8", kill_on_drop: false }`
[INFO] running `Command { std: "docker" "rm" "-f" "6db2095f2be42b7b2ef2afa847bc6c2e904f60f4d7706200d60f901105c774f8", kill_on_drop: false }`
[INFO] [stdout] 6db2095f2be42b7b2ef2afa847bc6c2e904f60f4d7706200d60f901105c774f8
[INFO] running `Command { std: "docker" "create" "-v" "/var/lib/crater-agent-workspace/builds/worker-7-tc2/target:/opt/rustwide/target:rw,Z" "-v" "/var/lib/crater-agent-workspace/builds/worker-7-tc2/source:/opt/rustwide/workdir:ro,Z" "-v" "/var/lib/crater-agent-workspace/cargo-home:/opt/rustwide/cargo-home:ro,Z" "-v" "/var/lib/crater-agent-workspace/rustup-home:/opt/rustwide/rustup-home:ro,Z" "-e" "SOURCE_DIR=/opt/rustwide/workdir" "-e" "CARGO_TARGET_DIR=/opt/rustwide/target" "-e" "CARGO_INCREMENTAL=0" "-e" "RUST_BACKTRACE=full" "-e" "RUSTFLAGS=--cap-lints=warn" "-e" "RUSTDOCFLAGS=--cap-lints=warn" "-e" "CARGO_HOME=/opt/rustwide/cargo-home" "-e" "RUSTUP_HOME=/opt/rustwide/rustup-home" "-w" "/opt/rustwide/workdir" "-m" "1610612736" "--user" "0:0" "--network" "none" "ghcr.io/rust-lang/crates-build-env/linux@sha256:5ff2268d62e97bff2cde7d5815dd6ed5b47097566f13b8d0ca110b04b60e07ed" "/opt/rustwide/cargo-home/bin/cargo" "+beta-2023-04-20" "build" "--frozen" "--message-format=json", kill_on_drop: false }`
[INFO] [stdout] d46c74b572e0204916c0feca2756acb300ae786c5aa11bb6d1cb68b7a6c946fb
[INFO] running `Command { std: "docker" "start" "-a" "d46c74b572e0204916c0feca2756acb300ae786c5aa11bb6d1cb68b7a6c946fb", kill_on_drop: false }`
[INFO] [stderr]    Compiling autocfg v1.0.0
[INFO] [stderr]    Compiling libm v0.2.1
[INFO] [stderr]    Compiling num-traits v0.2.11
[INFO] [stderr]    Compiling num-complex v0.2.4
[INFO] [stderr]    Compiling approx v0.3.2
[INFO] [stderr]    Compiling alga v0.9.3 (/opt/rustwide/workdir)
[INFO] [stdout] warning: unused macro definition: `impl_approx_eq`
[INFO] [stdout]    --> src/macros.rs:143:14
[INFO] [stdout]     |
[INFO] [stdout] 143 | macro_rules! impl_approx_eq {
[INFO] [stdout]     |              ^^^^^^^^^^^^^^
[INFO] [stdout]     |
[INFO] [stdout]     = note: `#[warn(unused_macros)]` on by default
[INFO] [stdout] 
[INFO] [stdout] 
[INFO] [stdout] warning: unused macro definition: `impl_quasigroup`
[INFO] [stdout]    --> src/general/one_operator.rs:110:14
[INFO] [stdout]     |
[INFO] [stdout] 110 | macro_rules! impl_quasigroup(
[INFO] [stdout]     |              ^^^^^^^^^^^^^^^
[INFO] [stdout] 
[INFO] [stdout] 
[INFO] [stdout] warning: unused macro definition: `impl_loop`
[INFO] [stdout]    --> src/general/one_operator.rs:222:14
[INFO] [stdout]     |
[INFO] [stdout] 222 | macro_rules! impl_loop(
[INFO] [stdout]     |              ^^^^^^^^^
[INFO] [stdout] 
[INFO] [stdout] 
[INFO] [stdout] warning: use of deprecated trait `general::Real`: This has been renamed `RealField`.
[INFO] [stdout]    --> src/general/mod.rs:200:20
[INFO] [stdout]     |
[INFO] [stdout] 200 | impl<T: RealField> Real for T {}
[INFO] [stdout]     |                    ^^^^
[INFO] [stdout]     |
[INFO] [stdout]     = note: `#[warn(deprecated)]` on by default
[INFO] [stdout] 
[INFO] [stdout] 
[INFO] [stdout] warning: `#[inline]` is ignored on function prototypes
[INFO] [stdout]    --> src/linear/matrix.rs:108:5
[INFO] [stdout]     |
[INFO] [stdout] 108 |     #[inline]
[INFO] [stdout]     |     ^^^^^^^^^
[INFO] [stdout]     |
[INFO] [stdout]     = note: `#[warn(unused_attributes)]` on by default
[INFO] [stdout] 
[INFO] [stdout] 
[INFO] [stdout] warning: `#[inline]` is ignored on function prototypes
[INFO] [stdout]    --> src/linear/transformation.rs:275:5
[INFO] [stdout]     |
[INFO] [stdout] 275 |     #[inline]
[INFO] [stdout]     |     ^^^^^^^^^
[INFO] [stdout] 
[INFO] [stdout] 
[INFO] [stdout] warning: 6 warnings emitted
[INFO] [stdout] 
[INFO] [stdout] 
[INFO] [stderr]     Finished dev [unoptimized + debuginfo] target(s) in 2.91s
[INFO] running `Command { std: "docker" "inspect" "d46c74b572e0204916c0feca2756acb300ae786c5aa11bb6d1cb68b7a6c946fb", kill_on_drop: false }`
[INFO] running `Command { std: "docker" "rm" "-f" "d46c74b572e0204916c0feca2756acb300ae786c5aa11bb6d1cb68b7a6c946fb", kill_on_drop: false }`
[INFO] [stdout] d46c74b572e0204916c0feca2756acb300ae786c5aa11bb6d1cb68b7a6c946fb
[INFO] running `Command { std: "docker" "create" "-v" "/var/lib/crater-agent-workspace/builds/worker-7-tc2/target:/opt/rustwide/target:rw,Z" "-v" "/var/lib/crater-agent-workspace/builds/worker-7-tc2/source:/opt/rustwide/workdir:ro,Z" "-v" "/var/lib/crater-agent-workspace/cargo-home:/opt/rustwide/cargo-home:ro,Z" "-v" "/var/lib/crater-agent-workspace/rustup-home:/opt/rustwide/rustup-home:ro,Z" "-e" "SOURCE_DIR=/opt/rustwide/workdir" "-e" "CARGO_TARGET_DIR=/opt/rustwide/target" "-e" "CARGO_INCREMENTAL=0" "-e" "RUST_BACKTRACE=full" "-e" "RUSTFLAGS=--cap-lints=warn" "-e" "RUSTDOCFLAGS=--cap-lints=warn" "-e" "CARGO_HOME=/opt/rustwide/cargo-home" "-e" "RUSTUP_HOME=/opt/rustwide/rustup-home" "-w" "/opt/rustwide/workdir" "-m" "1610612736" "--user" "0:0" "--network" "none" "ghcr.io/rust-lang/crates-build-env/linux@sha256:5ff2268d62e97bff2cde7d5815dd6ed5b47097566f13b8d0ca110b04b60e07ed" "/opt/rustwide/cargo-home/bin/cargo" "+beta-2023-04-20" "test" "--frozen" "--no-run" "--message-format=json", kill_on_drop: false }`
[INFO] [stdout] 98139d0384fecf6e0e00b63448058342740fca17b69918758ce614f246867448
[INFO] running `Command { std: "docker" "start" "-a" "98139d0384fecf6e0e00b63448058342740fca17b69918758ce614f246867448", kill_on_drop: false }`
[INFO] [stderr]    Compiling autocfg v0.1.7
[INFO] [stderr]    Compiling rand_core v0.4.2
[INFO] [stderr]    Compiling memchr v2.3.3
[INFO] [stderr]    Compiling libc v0.2.67
[INFO] [stderr]    Compiling log v0.4.8
[INFO] [stderr]    Compiling proc-macro2 v0.4.30
[INFO] [stderr]    Compiling thread_local v1.0.1
[INFO] [stderr]    Compiling unicode-xid v0.1.0
[INFO] [stderr]    Compiling cfg-if v0.1.10
[INFO] [stderr]    Compiling rand_core v0.3.1
[INFO] [stderr]    Compiling regex-syntax v0.6.15
[INFO] [stderr]    Compiling rand_xorshift v0.1.1
[INFO] [stderr]    Compiling rand_chacha v0.1.1
[INFO] [stderr]    Compiling rand_pcg v0.1.2
[INFO] [stderr]    Compiling rand v0.6.5
[INFO] [stderr]    Compiling aho-corasick v0.7.9
[INFO] [stderr]    Compiling rand_os v0.1.3
[INFO] [stderr]    Compiling rand_hc v0.1.0
[INFO] [stderr]    Compiling rand_isaac v0.1.1
[INFO] [stderr]    Compiling rand_jitter v0.1.4
[INFO] [stderr]    Compiling syn v0.15.44
[INFO] [stderr]    Compiling quote v0.6.13
[INFO] [stderr]    Compiling edit-distance v2.1.0
[INFO] [stdout] warning: unused macro definition: `impl_approx_eq`
[INFO] [stdout]    --> src/macros.rs:143:14
[INFO] [stdout]     |
[INFO] [stdout] 143 | macro_rules! impl_approx_eq {
[INFO] [stdout]     |              ^^^^^^^^^^^^^^
[INFO] [stdout]     |
[INFO] [stdout]     = note: `#[warn(unused_macros)]` on by default
[INFO] [stdout] 
[INFO] [stdout] 
[INFO] [stdout] warning: unused macro definition: `impl_quasigroup`
[INFO] [stdout]    --> src/general/one_operator.rs:110:14
[INFO] [stdout]     |
[INFO] [stdout] 110 | macro_rules! impl_quasigroup(
[INFO] [stdout]     |              ^^^^^^^^^^^^^^^
[INFO] [stdout] 
[INFO] [stdout] 
[INFO] [stdout] warning: unused macro definition: `impl_loop`
[INFO] [stdout]    --> src/general/one_operator.rs:222:14
[INFO] [stdout]     |
[INFO] [stdout] 222 | macro_rules! impl_loop(
[INFO] [stdout]     |              ^^^^^^^^^
[INFO] [stdout] 
[INFO] [stdout] 
[INFO] [stdout] warning: use of deprecated trait `general::Real`: This has been renamed `RealField`.
[INFO] [stdout]    --> src/general/mod.rs:200:20
[INFO] [stdout]     |
[INFO] [stdout] 200 | impl<T: RealField> Real for T {}
[INFO] [stdout]     |                    ^^^^
[INFO] [stdout]     |
[INFO] [stdout]     = note: `#[warn(deprecated)]` on by default
[INFO] [stdout] 
[INFO] [stdout] 
[INFO] [stdout] warning: `#[inline]` is ignored on function prototypes
[INFO] [stdout]    --> src/linear/matrix.rs:108:5
[INFO] [stdout]     |
[INFO] [stdout] 108 |     #[inline]
[INFO] [stdout]     |     ^^^^^^^^^
[INFO] [stdout]     |
[INFO] [stdout]     = note: `#[warn(unused_attributes)]` on by default
[INFO] [stdout] 
[INFO] [stdout] 
[INFO] [stdout] warning: `#[inline]` is ignored on function prototypes
[INFO] [stdout]    --> src/linear/transformation.rs:275:5
[INFO] [stdout]     |
[INFO] [stdout] 275 |     #[inline]
[INFO] [stdout]     |     ^^^^^^^^^
[INFO] [stdout] 
[INFO] [stdout] 
[INFO] [stdout] warning: 6 warnings emitted
[INFO] [stdout] 
[INFO] [stdout] 
[INFO] [stderr]    Compiling regex v1.3.4
[INFO] [stderr]    Compiling env_logger v0.6.2
[INFO] [stderr]    Compiling quickcheck v0.8.5
[INFO] [stderr]    Compiling alga_derive v0.9.1
[INFO] [stderr]    Compiling alga v0.9.3 (/opt/rustwide/workdir)
[INFO] [stdout] warning: function `test_trait_impl` is never used
[INFO] [stdout]   --> tests/derive.rs:20:4
[INFO] [stdout]    |
[INFO] [stdout] 20 | fn test_trait_impl() {
[INFO] [stdout]    |    ^^^^^^^^^^^^^^^
[INFO] [stdout]    |
[INFO] [stdout]    = note: `#[warn(dead_code)]` on by default
[INFO] [stdout] 
[INFO] [stdout] 
[INFO] [stdout] warning: unused macro definition: `impl_approx_eq`
[INFO] [stdout]    --> src/macros.rs:143:14
[INFO] [stdout]     |
[INFO] [stdout] 143 | macro_rules! impl_approx_eq {
[INFO] [stdout]     |              ^^^^^^^^^^^^^^
[INFO] [stdout]     |
[INFO] [stdout]     = note: `#[warn(unused_macros)]` on by default
[INFO] [stdout] 
[INFO] [stdout] 
[INFO] [stdout] warning: unused macro definition: `impl_quasigroup`
[INFO] [stdout]    --> src/general/one_operator.rs:110:14
[INFO] [stdout]     |
[INFO] [stdout] 110 | macro_rules! impl_quasigroup(
[INFO] [stdout]     |              ^^^^^^^^^^^^^^^
[INFO] [stdout] 
[INFO] [stdout] 
[INFO] [stdout] warning: unused macro definition: `impl_loop`
[INFO] [stdout]    --> src/general/one_operator.rs:222:14
[INFO] [stdout]     |
[INFO] [stdout] 222 | macro_rules! impl_loop(
[INFO] [stdout]     |              ^^^^^^^^^
[INFO] [stdout] 
[INFO] [stdout] 
[INFO] [stdout] warning: use of deprecated trait `general::Real`: This has been renamed `RealField`.
[INFO] [stdout]    --> src/general/mod.rs:200:20
[INFO] [stdout]     |
[INFO] [stdout] 200 | impl<T: RealField> Real for T {}
[INFO] [stdout]     |                    ^^^^
[INFO] [stdout]     |
[INFO] [stdout]     = note: `#[warn(deprecated)]` on by default
[INFO] [stdout] 
[INFO] [stdout] 
[INFO] [stdout] warning: `#[inline]` is ignored on function prototypes
[INFO] [stdout]    --> src/linear/matrix.rs:108:5
[INFO] [stdout]     |
[INFO] [stdout] 108 |     #[inline]
[INFO] [stdout]     |     ^^^^^^^^^
[INFO] [stdout]     |
[INFO] [stdout]     = note: `#[warn(unused_attributes)]` on by default
[INFO] [stdout] 
[INFO] [stdout] 
[INFO] [stdout] warning: `#[inline]` is ignored on function prototypes
[INFO] [stdout]    --> src/linear/transformation.rs:275:5
[INFO] [stdout]     |
[INFO] [stdout] 275 |     #[inline]
[INFO] [stdout]     |     ^^^^^^^^^
[INFO] [stdout] 
[INFO] [stdout] 
[INFO] [stdout] warning: 6 warnings emitted
[INFO] [stdout] 
[INFO] [stdout] 
[INFO] [stdout] warning: 1 warning emitted
[INFO] [stdout] 
[INFO] [stdout] 
[INFO] [stderr]     Finished test [unoptimized + debuginfo] target(s) in 8.37s
[INFO] running `Command { std: "docker" "inspect" "98139d0384fecf6e0e00b63448058342740fca17b69918758ce614f246867448", kill_on_drop: false }`
[INFO] running `Command { std: "docker" "rm" "-f" "98139d0384fecf6e0e00b63448058342740fca17b69918758ce614f246867448", kill_on_drop: false }`
[INFO] [stdout] 98139d0384fecf6e0e00b63448058342740fca17b69918758ce614f246867448
[INFO] running `Command { std: "docker" "create" "-v" "/var/lib/crater-agent-workspace/builds/worker-7-tc2/target:/opt/rustwide/target:rw,Z" "-v" "/var/lib/crater-agent-workspace/builds/worker-7-tc2/source:/opt/rustwide/workdir:ro,Z" "-v" "/var/lib/crater-agent-workspace/cargo-home:/opt/rustwide/cargo-home:ro,Z" "-v" "/var/lib/crater-agent-workspace/rustup-home:/opt/rustwide/rustup-home:ro,Z" "-e" "SOURCE_DIR=/opt/rustwide/workdir" "-e" "CARGO_TARGET_DIR=/opt/rustwide/target" "-e" "CARGO_INCREMENTAL=0" "-e" "RUST_BACKTRACE=full" "-e" "RUSTFLAGS=--cap-lints=warn" "-e" "RUSTDOCFLAGS=--cap-lints=warn" "-e" "CARGO_HOME=/opt/rustwide/cargo-home" "-e" "RUSTUP_HOME=/opt/rustwide/rustup-home" "-w" "/opt/rustwide/workdir" "-m" "1610612736" "--user" "0:0" "--network" "none" "ghcr.io/rust-lang/crates-build-env/linux@sha256:5ff2268d62e97bff2cde7d5815dd6ed5b47097566f13b8d0ca110b04b60e07ed" "/opt/rustwide/cargo-home/bin/cargo" "+beta-2023-04-20" "test" "--frozen", kill_on_drop: false }`
[INFO] [stdout] d51307a5b48815bd5b31b472f60d08106b2aa205a0b3f4efed7777bffc01e65a
[INFO] running `Command { std: "docker" "start" "-a" "d51307a5b48815bd5b31b472f60d08106b2aa205a0b3f4efed7777bffc01e65a", kill_on_drop: false }`
[INFO] [stderr]     Blocking waiting for file lock on package cache
[INFO] [stderr] warning: unused macro definition: `impl_approx_eq`
[INFO] [stderr]    --> src/macros.rs:143:14
[INFO] [stderr]     |
[INFO] [stderr] 143 | macro_rules! impl_approx_eq {
[INFO] [stderr]     |              ^^^^^^^^^^^^^^
[INFO] [stderr]     |
[INFO] [stderr]     = note: `#[warn(unused_macros)]` on by default
[INFO] [stderr] 
[INFO] [stderr] warning: unused macro definition: `impl_quasigroup`
[INFO] [stderr]    --> src/general/one_operator.rs:110:14
[INFO] [stderr]     |
[INFO] [stderr] 110 | macro_rules! impl_quasigroup(
[INFO] [stderr]     |              ^^^^^^^^^^^^^^^
[INFO] [stderr] 
[INFO] [stderr] warning: unused macro definition: `impl_loop`
[INFO] [stderr]    --> src/general/one_operator.rs:222:14
[INFO] [stderr]     |
[INFO] [stderr] 222 | macro_rules! impl_loop(
[INFO] [stderr]     |              ^^^^^^^^^
[INFO] [stderr] 
[INFO] [stderr] warning: use of deprecated trait `general::Real`: This has been renamed `RealField`.
[INFO] [stderr]    --> src/general/mod.rs:200:20
[INFO] [stderr]     |
[INFO] [stderr] 200 | impl<T: RealField> Real for T {}
[INFO] [stderr]     |                    ^^^^
[INFO] [stderr]     |
[INFO] [stderr]     = note: `#[warn(deprecated)]` on by default
[INFO] [stderr] 
[INFO] [stderr] warning: `#[inline]` is ignored on function prototypes
[INFO] [stderr]    --> src/linear/matrix.rs:108:5
[INFO] [stderr]     |
[INFO] [stderr] 108 |     #[inline]
[INFO] [stderr]     |     ^^^^^^^^^
[INFO] [stderr]     |
[INFO] [stderr]     = note: `#[warn(unused_attributes)]` on by default
[INFO] [stderr] 
[INFO] [stderr] warning: `#[inline]` is ignored on function prototypes
[INFO] [stderr]    --> src/linear/transformation.rs:275:5
[INFO] [stderr]     |
[INFO] [stderr] 275 |     #[inline]
[INFO] [stderr]     |     ^^^^^^^^^
[INFO] [stderr] 
[INFO] [stderr] warning: `alga` (lib) generated 6 warnings
[INFO] [stderr] warning: function `test_trait_impl` is never used
[INFO] [stderr]   --> tests/derive.rs:20:4
[INFO] [stderr]    |
[INFO] [stderr] 20 | fn test_trait_impl() {
[INFO] [stderr]    |    ^^^^^^^^^^^^^^^
[INFO] [stderr]    |
[INFO] [stderr]    = note: `#[warn(dead_code)]` on by default
[INFO] [stderr] 
[INFO] [stderr] warning: `alga` (test "derive") generated 1 warning
[INFO] [stderr] warning: `alga` (lib test) generated 6 warnings (6 duplicates)
[INFO] [stderr]     Finished test [unoptimized + debuginfo] target(s) in 0.14s
[INFO] [stderr]      Running unittests src/lib.rs (/opt/rustwide/target/debug/deps/alga-821c063a226be6bc)
[INFO] [stdout] 
[INFO] [stdout] running 0 tests
[INFO] [stderr]      Running tests/derive.rs (/opt/rustwide/target/debug/deps/derive-150b8cd9c90de416)
[INFO] [stdout] 
[INFO] [stdout] test result: ok. 0 passed; 0 failed; 0 ignored; 0 measured; 0 filtered out; finished in 0.00s
[INFO] [stdout] 
[INFO] [stdout] 
[INFO] [stdout] running 10 tests
[INFO] [stdout] test prop_inv_is_latin_square_approx_for_W_as_AbstractQuasigroup_Additive ... ok
[INFO] [stdout] test prop_inv_is_latin_square_approx_for_W_as_AbstractQuasigroup_Multiplicative ... ok
[INFO] [stdout] test prop_is_associative_approx_for_W_as_AbstractSemigroup_Multiplicative ... ok
[INFO] [stdout] test prop_is_associative_approx_for_W_as_AbstractSemigroup_Additive ... ok
[INFO] [stdout] test prop_is_commutative_approx_for_W_as_AbstractGroupAbelian_Additive ... ok
[INFO] [stdout] test prop_mul_is_commutative_approx_for_W_as_AbstractRingCommutative_Additive_Multiplicative ... ok
[INFO] [stdout] test prop_is_commutative_approx_for_W_as_AbstractGroupAbelian_Multiplicative ... ok
[INFO] [stdout] test prop_operating_identity_element_is_noop_approx_for_W_as_AbstractMonoid_Additive ... ok
[INFO] [stdout] test prop_mul_and_add_are_distributive_approx_for_W_as_AbstractRing_Additive_Multiplicative ... ok
[INFO] [stdout] test prop_operating_identity_element_is_noop_approx_for_W_as_AbstractMonoid_Multiplicative ... ok
[INFO] [stdout] 
[INFO] [stdout] test result: ok. 10 passed; 0 failed; 0 ignored; 0 measured; 0 filtered out; finished in 0.00s
[INFO] [stdout] 
[INFO] [stderr]      Running tests/one_operator.rs (/opt/rustwide/target/debug/deps/one_operator-775a36e567c6a075)
[INFO] [stdout] 
[INFO] [stdout] running 27 tests
[INFO] [stdout] test int_check::i128::prop_mul_unit_is_noop ... ok
[INFO] [stdout] test int_check::i32::prop_add_is_associative ... ok
[INFO] [stdout] test int_check::i128::prop_zero_is_noop ... ok
[INFO] [stdout] test int_check::i128::prop_mul_is_associative ... ok
[INFO] [stdout] test int_check::i128::prop_add_is_associative ... ok
[INFO] [stdout] test int_check::i32::prop_zero_is_noop ... ok
[INFO] [stdout] test int_check::i32::prop_mul_unit_is_noop ... ok
[INFO] [stdout] test int_check::i32::prop_mul_is_associative ... ok
[INFO] [stdout] test int_check::i64::prop_mul_is_associative ... ok
[INFO] [stdout] test int_check::i64::prop_add_is_associative ... ok
[INFO] [stdout] test int_check::i64::prop_zero_is_noop ... ok
[INFO] [stdout] test int_check::u128::prop_add_is_associative ... ok
[INFO] [stdout] test int_check::u32::prop_add_is_associative ... ok
[INFO] [stdout] test int_check::u128::prop_mul_is_associative ... ok
[INFO] [stdout] test int_check::i64::prop_mul_unit_is_noop ... ok
[INFO] [stdout] test int_check::u128::prop_mul_unit_is_noop ... ok
[INFO] [stdout] test int_check::u32::prop_mul_unit_is_noop ... ok
[INFO] [stdout] test int_check::u32::prop_mul_is_associative ... ok
[INFO] [stdout] test int_check::u32::prop_zero_is_noop ... ok
[INFO] [stdout] test int_check::u64::prop_mul_is_associative ... ok
[INFO] [stdout] test int_check::u64::prop_add_is_associative ... ok
[INFO] [stdout] test int_check::u128::prop_zero_is_noop ... ok
[INFO] [stdout] test int_check::u64::prop_zero_is_noop ... ok
[INFO] [stdout] test signed_int_check::i32::prop_inv_is_latin_square ... ok
[INFO] [stdout] test signed_int_check::i128::prop_inv_is_latin_square ... ok
[INFO] [stdout] test signed_int_check::i64::prop_inv_is_latin_square ... ok
[INFO] [stdout] test int_check::u64::prop_mul_unit_is_noop ... ok
[INFO] [stdout] 
[INFO] [stdout] test result: ok. 27 passed; 0 failed; 0 ignored; 0 measured; 0 filtered out; finished in 0.01s
[INFO] [stdout] 
[INFO] [stderr]      Running tests/vectors.rs (/opt/rustwide/target/debug/deps/vectors-eb67447cf74f98a5)
[INFO] [stdout] 
[INFO] [stdout] running 15 tests
[INFO] [stdout] test gcd_works ... ok
[INFO] [stdout] test prop_inv_is_latin_square_approx_for_Rational_as_AbstractQuasigroup_Additive ... ok
[INFO] [stdout] test prop_inv_is_latin_square_approx_for_Rational_as_AbstractQuasigroup_Multiplicative ... ok
[INFO] [stdout] test prop_is_commutative_approx_for_Rational_as_AbstractGroupAbelian_Multiplicative ... ok
[INFO] [stdout] test prop_inv_is_latin_square_approx_for_Vec2_Rational_as_AbstractQuasigroup_Additive ... ok
[INFO] [stdout] test prop_operating_identity_element_is_noop_approx_for_Rational_as_AbstractMonoid_Additive ... ok
[INFO] [stdout] test prop_is_associative_approx_for_Rational_as_AbstractSemigroup_Additive ... ok
[INFO] [stdout] test prop_mul_is_commutative_approx_for_Rational_as_AbstractRingCommutative_Additive_Multiplicative ... ok
[INFO] [stdout] test prop_is_associative_approx_for_Vec2_Rational_as_AbstractSemigroup_Additive ... ok
[INFO] [stdout] test prop_operating_identity_element_is_noop_approx_for_Rational_as_AbstractMonoid_Multiplicative ... ok
[INFO] [stdout] test prop_operating_identity_element_is_noop_approx_for_Vec2_Rational_as_AbstractMonoid_Additive ... ok
[INFO] [stdout] test prop_is_commutative_approx_for_Rational_as_AbstractGroupAbelian_Additive ... ok
[INFO] [stdout] test prop_mul_and_add_are_distributive_approx_for_Rational_as_AbstractRing_Additive_Multiplicative ... ok
[INFO] [stdout] test prop_is_commutative_approx_for_Vec2_Rational_as_AbstractGroupAbelian_Additive ... ok
[INFO] [stdout] test prop_is_associative_approx_for_Rational_as_AbstractSemigroup_Multiplicative ... ok
[INFO] [stdout] 
[INFO] [stdout] test result: ok. 15 passed; 0 failed; 0 ignored; 0 measured; 0 filtered out; finished in 0.01s
[INFO] [stdout] 
[INFO] [stderr]    Doc-tests alga
[INFO] [stdout] 
[INFO] [stdout] running 12 tests
[INFO] [stdout] test src/general/mod.rs - general (line 149) ... ignored
[INFO] [stdout] test src/general/one_operator.rs - general::one_operator::impl_monoid (line 265) ... FAILED
[INFO] [stdout] test src/general/one_operator.rs - general::one_operator::impl_group (line 302) ... FAILED
[INFO] [stdout] test src/general/one_operator.rs - general::one_operator::impl_loop (line 194) ... FAILED
[INFO] [stdout] test src/general/one_operator.rs - general::one_operator::impl_abelian (line 372) ... FAILED
[INFO] [stdout] test src/general/two_operators.rs - general::two_operators::impl_ring (line 71) ... FAILED
[INFO] [stdout] test src/general/one_operator.rs - general::one_operator::impl_semigroup (line 149) ... FAILED
[INFO] [stdout] test src/general/two_operators.rs - general::two_operators::impl_field (line 221) ... FAILED
[INFO] [stdout] test src/general/one_operator.rs - general::one_operator::impl_quasigroup (line 88) ... FAILED
[INFO] [stdout] test src/macros.rs - macros::impl_marker (line 19) ... FAILED
[INFO] [stdout] test src/macros.rs - macros::impl_marker (line 27) ... FAILED
[INFO] [stdout] test src/general/two_operators.rs - general::two_operators::impl_ring_commutative (line 161) ... FAILED
[INFO] [stdout] 
[INFO] [stdout] failures:
[INFO] [stdout] 
[INFO] [stdout] ---- src/general/one_operator.rs - general::one_operator::impl_monoid (line 265) stdout ----
[INFO] [stdout] error: cannot find macro `impl_monoid` in this scope
[INFO] [stdout]   --> src/general/one_operator.rs:285:1
[INFO] [stdout]    |
[INFO] [stdout] 21 | impl_monoid!(<Additive> for Wrapper<T> where T: AbstractMonoid<Additive>);
[INFO] [stdout]    | ^^^^^^^^^^^
[INFO] [stdout] 
[INFO] [stdout] error: aborting due to previous error
[INFO] [stdout] 
[INFO] [stdout] Couldn't compile the test.
[INFO] [stdout] ---- src/general/one_operator.rs - general::one_operator::impl_group (line 302) stdout ----
[INFO] [stdout] error: cannot find macro `impl_group` in this scope
[INFO] [stdout]   --> src/general/one_operator.rs:328:1
[INFO] [stdout]    |
[INFO] [stdout] 27 | impl_group!(<Additive> for Wrapper<T> where T: AbstractGroup<Additive>);
[INFO] [stdout]    | ^^^^^^^^^^
[INFO] [stdout] 
[INFO] [stdout] error: aborting due to previous error
[INFO] [stdout] 
[INFO] [stdout] Couldn't compile the test.
[INFO] [stdout] ---- src/general/one_operator.rs - general::one_operator::impl_loop (line 194) stdout ----
[INFO] [stdout] error: cannot find macro `impl_loop` in this scope
[INFO] [stdout]   --> src/general/one_operator.rs:220:1
[INFO] [stdout]    |
[INFO] [stdout] 27 | impl_loop!(<Additive> for Wrapper<T> where T: AbstractLoop<Additive>);
[INFO] [stdout]    | ^^^^^^^^^
[INFO] [stdout] 
[INFO] [stdout] error: aborting due to previous error
[INFO] [stdout] 
[INFO] [stdout] Couldn't compile the test.
[INFO] [stdout] ---- src/general/one_operator.rs - general::one_operator::impl_abelian (line 372) stdout ----
[INFO] [stdout] error: cannot find macro `impl_abelian` in this scope
[INFO] [stdout]   --> src/general/one_operator.rs:398:1
[INFO] [stdout]    |
[INFO] [stdout] 27 | impl_abelian!(<Additive> for Wrapper<T> where T: AbstractGroupAbelian<Additive>);
[INFO] [stdout]    | ^^^^^^^^^^^^
[INFO] [stdout] 
[INFO] [stdout] error: aborting due to previous error
[INFO] [stdout] 
[INFO] [stdout] Couldn't compile the test.
[INFO] [stdout] ---- src/general/two_operators.rs - general::two_operators::impl_ring (line 71) stdout ----
[INFO] [stdout] error: cannot find macro `impl_ring` in this scope
[INFO] [stdout]   --> src/general/two_operators.rs:109:1
[INFO] [stdout]    |
[INFO] [stdout] 39 | impl_ring!(<Additive, Multiplicative> for Wrapper<T> where T: AbstractRing);
[INFO] [stdout]    | ^^^^^^^^^
[INFO] [stdout] 
[INFO] [stdout] error: aborting due to previous error
[INFO] [stdout] 
[INFO] [stdout] Couldn't compile the test.
[INFO] [stdout] ---- src/general/one_operator.rs - general::one_operator::impl_semigroup (line 149) stdout ----
[INFO] [stdout] error: cannot find macro `impl_semigroup` in this scope
[INFO] [stdout]   --> src/general/one_operator.rs:163:1
[INFO] [stdout]    |
[INFO] [stdout] 15 | impl_semigroup!(<Additive> for Wrapper<T> where T: AbstractSemigroup<Additive>);
[INFO] [stdout]    | ^^^^^^^^^^^^^^
[INFO] [stdout] 
[INFO] [stdout] error: aborting due to previous error
[INFO] [stdout] 
[INFO] [stdout] Couldn't compile the test.
[INFO] [stdout] ---- src/general/two_operators.rs - general::two_operators::impl_field (line 221) stdout ----
[INFO] [stdout] error: cannot find macro `impl_field` in this scope
[INFO] [stdout]   --> src/general/two_operators.rs:264:1
[INFO] [stdout]    |
[INFO] [stdout] 44 | impl_field!(<Additive, Multiplicative> for Wrapper<T> where T: AbstractField);
[INFO] [stdout]    | ^^^^^^^^^^
[INFO] [stdout] 
[INFO] [stdout] error: aborting due to previous error
[INFO] [stdout] 
[INFO] [stdout] Couldn't compile the test.
[INFO] [stdout] ---- src/general/one_operator.rs - general::one_operator::impl_quasigroup (line 88) stdout ----
[INFO] [stdout] error: cannot find macro `impl_quasigroup` in this scope
[INFO] [stdout]   --> src/general/one_operator.rs:108:1
[INFO] [stdout]    |
[INFO] [stdout] 21 | impl_quasigroup!(<Additive> for Wrapper<T> where T: AbstractQuasigroup<Additive>);
[INFO] [stdout]    | ^^^^^^^^^^^^^^^
[INFO] [stdout] 
[INFO] [stdout] error: aborting due to previous error
[INFO] [stdout] 
[INFO] [stdout] Couldn't compile the test.
[INFO] [stdout] ---- src/macros.rs - macros::impl_marker (line 19) stdout ----
[INFO] [stdout] error: cannot find macro `impl_marker` in this scope
[INFO] [stdout]  --> src/macros.rs:25:1
[INFO] [stdout]   |
[INFO] [stdout] 7 | impl_marker!(Marker; u32; Struct);
[INFO] [stdout]   | ^^^^^^^^^^^
[INFO] [stdout] 
[INFO] [stdout] error: aborting due to previous error
[INFO] [stdout] 
[INFO] [stdout] Couldn't compile the test.
[INFO] [stdout] ---- src/macros.rs - macros::impl_marker (line 27) stdout ----
[INFO] [stdout] error: cannot find macro `impl_marker` in this scope
[INFO] [stdout]  --> src/macros.rs:34:1
[INFO] [stdout]   |
[INFO] [stdout] 8 | impl_marker!(Marker<T>; Struct<T> where T: Debug);
[INFO] [stdout]   | ^^^^^^^^^^^
[INFO] [stdout] 
[INFO] [stdout] error: aborting due to previous error
[INFO] [stdout] 
[INFO] [stdout] Couldn't compile the test.
[INFO] [stdout] ---- src/general/two_operators.rs - general::two_operators::impl_ring_commutative (line 161) stdout ----
[INFO] [stdout] error: cannot find macro `impl_ring` in this scope
[INFO] [stdout]   --> src/general/two_operators.rs:199:1
[INFO] [stdout]    |
[INFO] [stdout] 39 | impl_ring!(<Additive, Multiplicative> for Wrapper<T> where T: AbstractRingCommutative);
[INFO] [stdout]    | ^^^^^^^^^
[INFO] [stdout] 
[INFO] [stdout] error: aborting due to previous error
[INFO] [stdout] 
[INFO] [stdout] Couldn't compile the test.
[INFO] [stdout] 
[INFO] [stdout] failures:
[INFO] [stdout]     src/general/one_operator.rs - general::one_operator::impl_abelian (line 372)
[INFO] [stdout]     src/general/one_operator.rs - general::one_operator::impl_group (line 302)
[INFO] [stdout]     src/general/one_operator.rs - general::one_operator::impl_loop (line 194)
[INFO] [stdout]     src/general/one_operator.rs - general::one_operator::impl_monoid (line 265)
[INFO] [stdout]     src/general/one_operator.rs - general::one_operator::impl_quasigroup (line 88)
[INFO] [stdout]     src/general/one_operator.rs - general::one_operator::impl_semigroup (line 149)
[INFO] [stdout]     src/general/two_operators.rs - general::two_operators::impl_field (line 221)
[INFO] [stdout]     src/general/two_operators.rs - general::two_operators::impl_ring (line 71)
[INFO] [stdout]     src/general/two_operators.rs - general::two_operators::impl_ring_commutative (line 161)
[INFO] [stdout]     src/macros.rs - macros::impl_marker (line 19)
[INFO] [stdout]     src/macros.rs - macros::impl_marker (line 27)
[INFO] [stdout] 
[INFO] [stdout] test result: FAILED. 0 passed; 11 failed; 1 ignored; 0 measured; 0 filtered out; finished in 0.10s
[INFO] [stdout] 
[INFO] [stderr] error: doctest failed, to rerun pass `--doc`
[INFO] running `Command { std: "docker" "inspect" "d51307a5b48815bd5b31b472f60d08106b2aa205a0b3f4efed7777bffc01e65a", kill_on_drop: false }`
[INFO] running `Command { std: "docker" "rm" "-f" "d51307a5b48815bd5b31b472f60d08106b2aa205a0b3f4efed7777bffc01e65a", kill_on_drop: false }`
[INFO] [stdout] d51307a5b48815bd5b31b472f60d08106b2aa205a0b3f4efed7777bffc01e65a
