[INFO] fetching crate aei_tag_parser 1.2.1...
[INFO] testing aei_tag_parser-1.2.1 against 1.69.0 for beta-1.70-1
[INFO] extracting crate aei_tag_parser 1.2.1 into /workspace/builds/worker-5-tc1/source
[INFO] validating manifest of crates.io crate aei_tag_parser 1.2.1 on toolchain 1.69.0
[INFO] running `Command { std: CARGO_HOME="/workspace/cargo-home" RUSTUP_HOME="/workspace/rustup-home" "/workspace/cargo-home/bin/cargo" "+1.69.0" "metadata" "--manifest-path" "Cargo.toml" "--no-deps", kill_on_drop: false }`
[INFO] started tweaking crates.io crate aei_tag_parser 1.2.1
[INFO] finished tweaking crates.io crate aei_tag_parser 1.2.1
[INFO] tweaked toml for crates.io crate aei_tag_parser 1.2.1 written to /workspace/builds/worker-5-tc1/source/Cargo.toml
[INFO] crate crates.io crate aei_tag_parser 1.2.1 already has a lockfile, it will not be regenerated
[INFO] running `Command { std: CARGO_HOME="/workspace/cargo-home" RUSTUP_HOME="/workspace/rustup-home" "/workspace/cargo-home/bin/cargo" "+1.69.0" "fetch" "--manifest-path" "Cargo.toml", kill_on_drop: false }`
[INFO] [stderr]  Downloading crates ...
[INFO] [stderr]   Downloaded clap v3.2.23
[INFO] [stderr]   Downloaded proc-macro2 v1.0.50
[INFO] running `Command { std: "docker" "create" "-v" "/var/lib/crater-agent-workspace/builds/worker-5-tc1/target:/opt/rustwide/target:rw,Z" "-v" "/var/lib/crater-agent-workspace/builds/worker-5-tc1/source:/opt/rustwide/workdir:ro,Z" "-v" "/var/lib/crater-agent-workspace/cargo-home:/opt/rustwide/cargo-home:ro,Z" "-v" "/var/lib/crater-agent-workspace/rustup-home:/opt/rustwide/rustup-home:ro,Z" "-e" "SOURCE_DIR=/opt/rustwide/workdir" "-e" "CARGO_TARGET_DIR=/opt/rustwide/target" "-e" "CARGO_HOME=/opt/rustwide/cargo-home" "-e" "RUSTUP_HOME=/opt/rustwide/rustup-home" "-w" "/opt/rustwide/workdir" "-m" "1610612736" "--user" "0:0" "--network" "none" "ghcr.io/rust-lang/crates-build-env/linux@sha256:5ff2268d62e97bff2cde7d5815dd6ed5b47097566f13b8d0ca110b04b60e07ed" "/opt/rustwide/cargo-home/bin/cargo" "+1.69.0" "metadata" "--no-deps" "--format-version=1", kill_on_drop: false }`
[INFO] [stdout] 392c6f57862dd5bee902e21a34ca8d1fb5a4d084684df72aa6e5b8036c634fc3
[INFO] running `Command { std: "docker" "start" "-a" "392c6f57862dd5bee902e21a34ca8d1fb5a4d084684df72aa6e5b8036c634fc3", kill_on_drop: false }`
[INFO] running `Command { std: "docker" "inspect" "392c6f57862dd5bee902e21a34ca8d1fb5a4d084684df72aa6e5b8036c634fc3", kill_on_drop: false }`
[INFO] running `Command { std: "docker" "rm" "-f" "392c6f57862dd5bee902e21a34ca8d1fb5a4d084684df72aa6e5b8036c634fc3", kill_on_drop: false }`
[INFO] [stdout] 392c6f57862dd5bee902e21a34ca8d1fb5a4d084684df72aa6e5b8036c634fc3
[INFO] running `Command { std: "docker" "create" "-v" "/var/lib/crater-agent-workspace/builds/worker-5-tc1/target:/opt/rustwide/target:rw,Z" "-v" "/var/lib/crater-agent-workspace/builds/worker-5-tc1/source:/opt/rustwide/workdir:ro,Z" "-v" "/var/lib/crater-agent-workspace/cargo-home:/opt/rustwide/cargo-home:ro,Z" "-v" "/var/lib/crater-agent-workspace/rustup-home:/opt/rustwide/rustup-home:ro,Z" "-e" "SOURCE_DIR=/opt/rustwide/workdir" "-e" "CARGO_TARGET_DIR=/opt/rustwide/target" "-e" "CARGO_INCREMENTAL=0" "-e" "RUST_BACKTRACE=full" "-e" "RUSTFLAGS=--cap-lints=warn" "-e" "RUSTDOCFLAGS=--cap-lints=warn" "-e" "CARGO_HOME=/opt/rustwide/cargo-home" "-e" "RUSTUP_HOME=/opt/rustwide/rustup-home" "-w" "/opt/rustwide/workdir" "-m" "1610612736" "--user" "0:0" "--network" "none" "ghcr.io/rust-lang/crates-build-env/linux@sha256:5ff2268d62e97bff2cde7d5815dd6ed5b47097566f13b8d0ca110b04b60e07ed" "/opt/rustwide/cargo-home/bin/cargo" "+1.69.0" "build" "--frozen" "--message-format=json", kill_on_drop: false }`
[INFO] [stdout] 72a136511b1e551d5790b3f74a49c9894484adccd311c2aaa0ca8de02161a7dd
[INFO] running `Command { std: "docker" "start" "-a" "72a136511b1e551d5790b3f74a49c9894484adccd311c2aaa0ca8de02161a7dd", kill_on_drop: false }`
[INFO] [stderr]    Compiling proc-macro2 v1.0.50
[INFO] [stderr]    Compiling quote v1.0.23
[INFO] [stderr]    Compiling unicode-ident v1.0.6
[INFO] [stderr]    Compiling libc v0.2.139
[INFO] [stderr]    Compiling syn v1.0.107
[INFO] [stderr]    Compiling indexmap v1.9.2
[INFO] [stderr]    Compiling serde_derive v1.0.152
[INFO] [stderr]    Compiling os_str_bytes v6.4.1
[INFO] [stderr]    Compiling serde v1.0.152
[INFO] [stderr]    Compiling hashbrown v0.12.3
[INFO] [stderr]    Compiling clap_lex v0.2.4
[INFO] [stderr]    Compiling textwrap v0.16.0
[INFO] [stderr]    Compiling termcolor v1.2.0
[INFO] [stderr]    Compiling once_cell v1.17.0
[INFO] [stderr]    Compiling hex v0.4.3
[INFO] [stderr]    Compiling atty v0.2.14
[INFO] [stderr]    Compiling clap v3.2.23
[INFO] [stderr]    Compiling aei_tag_parser v1.2.1 (/opt/rustwide/workdir)
[INFO] [stderr]     Finished dev [unoptimized + debuginfo] target(s) in 13.31s
[INFO] running `Command { std: "docker" "inspect" "72a136511b1e551d5790b3f74a49c9894484adccd311c2aaa0ca8de02161a7dd", kill_on_drop: false }`
[INFO] running `Command { std: "docker" "rm" "-f" "72a136511b1e551d5790b3f74a49c9894484adccd311c2aaa0ca8de02161a7dd", kill_on_drop: false }`
[INFO] [stdout] 72a136511b1e551d5790b3f74a49c9894484adccd311c2aaa0ca8de02161a7dd
[INFO] running `Command { std: "docker" "create" "-v" "/var/lib/crater-agent-workspace/builds/worker-5-tc1/target:/opt/rustwide/target:rw,Z" "-v" "/var/lib/crater-agent-workspace/builds/worker-5-tc1/source:/opt/rustwide/workdir:ro,Z" "-v" "/var/lib/crater-agent-workspace/cargo-home:/opt/rustwide/cargo-home:ro,Z" "-v" "/var/lib/crater-agent-workspace/rustup-home:/opt/rustwide/rustup-home:ro,Z" "-e" "SOURCE_DIR=/opt/rustwide/workdir" "-e" "CARGO_TARGET_DIR=/opt/rustwide/target" "-e" "CARGO_INCREMENTAL=0" "-e" "RUST_BACKTRACE=full" "-e" "RUSTFLAGS=--cap-lints=warn" "-e" "RUSTDOCFLAGS=--cap-lints=warn" "-e" "CARGO_HOME=/opt/rustwide/cargo-home" "-e" "RUSTUP_HOME=/opt/rustwide/rustup-home" "-w" "/opt/rustwide/workdir" "-m" "1610612736" "--user" "0:0" "--network" "none" "ghcr.io/rust-lang/crates-build-env/linux@sha256:5ff2268d62e97bff2cde7d5815dd6ed5b47097566f13b8d0ca110b04b60e07ed" "/opt/rustwide/cargo-home/bin/cargo" "+1.69.0" "test" "--frozen" "--no-run" "--message-format=json", kill_on_drop: false }`
[INFO] [stdout] 25174239a370c13833d3d6c32e8eca8f8d8c20499a5f89f5ec6b2bd6e4f98c34
[INFO] running `Command { std: "docker" "start" "-a" "25174239a370c13833d3d6c32e8eca8f8d8c20499a5f89f5ec6b2bd6e4f98c34", kill_on_drop: false }`
[INFO] [stderr]    Compiling aei_tag_parser v1.2.1 (/opt/rustwide/workdir)
[INFO] [stderr]     Finished test [unoptimized + debuginfo] target(s) in 0.41s
[INFO] running `Command { std: "docker" "inspect" "25174239a370c13833d3d6c32e8eca8f8d8c20499a5f89f5ec6b2bd6e4f98c34", kill_on_drop: false }`
[INFO] running `Command { std: "docker" "rm" "-f" "25174239a370c13833d3d6c32e8eca8f8d8c20499a5f89f5ec6b2bd6e4f98c34", kill_on_drop: false }`
[INFO] [stdout] 25174239a370c13833d3d6c32e8eca8f8d8c20499a5f89f5ec6b2bd6e4f98c34
[INFO] running `Command { std: "docker" "create" "-v" "/var/lib/crater-agent-workspace/builds/worker-5-tc1/target:/opt/rustwide/target:rw,Z" "-v" "/var/lib/crater-agent-workspace/builds/worker-5-tc1/source:/opt/rustwide/workdir:ro,Z" "-v" "/var/lib/crater-agent-workspace/cargo-home:/opt/rustwide/cargo-home:ro,Z" "-v" "/var/lib/crater-agent-workspace/rustup-home:/opt/rustwide/rustup-home:ro,Z" "-e" "SOURCE_DIR=/opt/rustwide/workdir" "-e" "CARGO_TARGET_DIR=/opt/rustwide/target" "-e" "CARGO_INCREMENTAL=0" "-e" "RUST_BACKTRACE=full" "-e" "RUSTFLAGS=--cap-lints=warn" "-e" "RUSTDOCFLAGS=--cap-lints=warn" "-e" "CARGO_HOME=/opt/rustwide/cargo-home" "-e" "RUSTUP_HOME=/opt/rustwide/rustup-home" "-w" "/opt/rustwide/workdir" "-m" "1610612736" "--user" "0:0" "--network" "none" "ghcr.io/rust-lang/crates-build-env/linux@sha256:5ff2268d62e97bff2cde7d5815dd6ed5b47097566f13b8d0ca110b04b60e07ed" "/opt/rustwide/cargo-home/bin/cargo" "+1.69.0" "test" "--frozen", kill_on_drop: false }`
[INFO] [stdout] 87b927e89b426715410be4a84069124d36a16cd5f0c5dd91d4ba216e35e9b890
[INFO] running `Command { std: "docker" "start" "-a" "87b927e89b426715410be4a84069124d36a16cd5f0c5dd91d4ba216e35e9b890", kill_on_drop: false }`
[INFO] [stderr]     Finished test [unoptimized + debuginfo] target(s) in 0.02s
[INFO] [stderr]      Running unittests src/lib.rs (/opt/rustwide/target/debug/deps/aei_tag_parser-7fd0915c0b657a5c)
[INFO] [stdout] 
[INFO] [stdout] running 17 tests
[INFO] [stdout] test tests::invalid_hex_invalid_characters ... ok
[INFO] [stdout] test tests::invalid_hex_odd_length ... ok
[INFO] [stdout] test tests::raw_value ... ok
[INFO] [stdout] test tests::invalid_hex_invalid_length ... ok
[INFO] [stdout] test tests::test_short_string ... ok
[INFO] [stdout] test tests::valid_car_number ... ok
[INFO] [stdout] test tests::valid_equipement_initial ... ok
[INFO] [stdout] test tests::valid_equipment_initial_code ... ok
[INFO] [stdout] test tests::valid_group ... ok
[INFO] [stdout] test tests::valid_group_code_parsing ... ok
[INFO] [stdout] test tests::valid_length_ft ... ok
[INFO] [stdout] test tests::valid_tag_type ... ok
[INFO] [stdout] test tests::valid_length_dm ... ok
[INFO] [stdout] test tests::valid_number_axles ... ok
[INFO] [stdout] test tests::valid_group_code ... ok
[INFO] [stdout] test tests::valid_side_indicator ... ok
[INFO] [stdout] test tests::invalid_group_code_parsing - should panic ... ok
[INFO] [stdout] 
[INFO] [stdout] test result: ok. 17 passed; 0 failed; 0 ignored; 0 measured; 0 filtered out; finished in 0.01s
[INFO] [stdout] 
[INFO] [stderr]      Running unittests src/main.rs (/opt/rustwide/target/debug/deps/aei_tag_parser-32bd86f4262d4e19)
[INFO] [stdout] 
[INFO] [stdout] running 0 tests
[INFO] [stdout] 
[INFO] [stdout] test result: ok. 0 passed; 0 failed; 0 ignored; 0 measured; 0 filtered out; finished in 0.00s
[INFO] [stdout] 
[INFO] [stderr]    Doc-tests aei_tag_parser
[INFO] [stdout] 
[INFO] [stdout] running 1 test
[INFO] [stdout] test src/lib.rs - (line 59) ... FAILED
[INFO] [stdout] 
[INFO] [stdout] failures:
[INFO] [stdout] 
[INFO] [stdout] ---- src/lib.rs - (line 59) stdout ----
[INFO] [stdout] error[E0412]: cannot find type `AEITagData` in this scope
[INFO] [stdout]  --> src/lib.rs:61:11
[INFO] [stdout]   |
[INFO] [stdout] 4 | let tag : AEITagData = AEITagData::new(&tag_str);
[INFO] [stdout]   |           ^^^^^^^^^^ not found in this scope
[INFO] [stdout]   |
[INFO] [stdout] help: consider importing this struct
[INFO] [stdout]   |
[INFO] [stdout] 2 | use aei_tag_parser::AEITagData;
[INFO] [stdout]   |
[INFO] [stdout] 
[INFO] [stdout] error[E0433]: failed to resolve: use of undeclared type `AEITagData`
[INFO] [stdout]  --> src/lib.rs:61:24
[INFO] [stdout]   |
[INFO] [stdout] 4 | let tag : AEITagData = AEITagData::new(&tag_str);
[INFO] [stdout]   |                        ^^^^^^^^^^ use of undeclared type `AEITagData`
[INFO] [stdout]   |
[INFO] [stdout] help: consider importing this struct
[INFO] [stdout]   |
[INFO] [stdout] 2 | use aei_tag_parser::AEITagData;
[INFO] [stdout]   |
[INFO] [stdout] 
[INFO] [stdout] error: aborting due to 2 previous errors
[INFO] [stdout] 
[INFO] [stdout] Some errors have detailed explanations: E0412, E0433.
[INFO] [stdout] For more information about an error, try `rustc --explain E0412`.
[INFO] [stdout] Couldn't compile the test.
[INFO] [stdout] 
[INFO] [stdout] failures:
[INFO] [stdout]     src/lib.rs - (line 59)
[INFO] [stdout] 
[INFO] [stdout] test result: FAILED. 0 passed; 1 failed; 0 ignored; 0 measured; 0 filtered out; finished in 0.03s
[INFO] [stdout] 
[INFO] [stderr] error: doctest failed, to rerun pass `--doc`
[INFO] running `Command { std: "docker" "inspect" "87b927e89b426715410be4a84069124d36a16cd5f0c5dd91d4ba216e35e9b890", kill_on_drop: false }`
[INFO] running `Command { std: "docker" "rm" "-f" "87b927e89b426715410be4a84069124d36a16cd5f0c5dd91d4ba216e35e9b890", kill_on_drop: false }`
[INFO] [stdout] 87b927e89b426715410be4a84069124d36a16cd5f0c5dd91d4ba216e35e9b890
