[INFO] fetching crate ads_client 1.2.1...
[INFO] testing ads_client-1.2.1 against beta-2023-04-20 for beta-1.70-1
[INFO] extracting crate ads_client 1.2.1 into /workspace/builds/worker-0-tc2/source
[INFO] validating manifest of crates.io crate ads_client 1.2.1 on toolchain beta-2023-04-20
[INFO] running `Command { std: CARGO_HOME="/workspace/cargo-home" RUSTUP_HOME="/workspace/rustup-home" "/workspace/cargo-home/bin/cargo" "+beta-2023-04-20" "metadata" "--manifest-path" "Cargo.toml" "--no-deps", kill_on_drop: false }`
[INFO] started tweaking crates.io crate ads_client 1.2.1
[INFO] finished tweaking crates.io crate ads_client 1.2.1
[INFO] tweaked toml for crates.io crate ads_client 1.2.1 written to /workspace/builds/worker-0-tc2/source/Cargo.toml
[INFO] crate crates.io crate ads_client 1.2.1 already has a lockfile, it will not be regenerated
[INFO] running `Command { std: CARGO_HOME="/workspace/cargo-home" RUSTUP_HOME="/workspace/rustup-home" "/workspace/cargo-home/bin/cargo" "+beta-2023-04-20" "fetch" "--manifest-path" "Cargo.toml", kill_on_drop: false }`
[INFO] running `Command { std: "docker" "create" "-v" "/var/lib/crater-agent-workspace/builds/worker-0-tc2/target:/opt/rustwide/target:rw,Z" "-v" "/var/lib/crater-agent-workspace/builds/worker-0-tc2/source:/opt/rustwide/workdir:ro,Z" "-v" "/var/lib/crater-agent-workspace/cargo-home:/opt/rustwide/cargo-home:ro,Z" "-v" "/var/lib/crater-agent-workspace/rustup-home:/opt/rustwide/rustup-home:ro,Z" "-e" "SOURCE_DIR=/opt/rustwide/workdir" "-e" "CARGO_TARGET_DIR=/opt/rustwide/target" "-e" "CARGO_HOME=/opt/rustwide/cargo-home" "-e" "RUSTUP_HOME=/opt/rustwide/rustup-home" "-w" "/opt/rustwide/workdir" "-m" "1610612736" "--user" "0:0" "--network" "none" "ghcr.io/rust-lang/crates-build-env/linux@sha256:5ff2268d62e97bff2cde7d5815dd6ed5b47097566f13b8d0ca110b04b60e07ed" "/opt/rustwide/cargo-home/bin/cargo" "+beta-2023-04-20" "metadata" "--no-deps" "--format-version=1", kill_on_drop: false }`
[INFO] [stdout] da49b6abd42c92e64b9020818ef5cc76e1bc62e3c84a0e4ee43c3056d310ffa4
[INFO] running `Command { std: "docker" "start" "-a" "da49b6abd42c92e64b9020818ef5cc76e1bc62e3c84a0e4ee43c3056d310ffa4", kill_on_drop: false }`
[INFO] running `Command { std: "docker" "inspect" "da49b6abd42c92e64b9020818ef5cc76e1bc62e3c84a0e4ee43c3056d310ffa4", kill_on_drop: false }`
[INFO] running `Command { std: "docker" "rm" "-f" "da49b6abd42c92e64b9020818ef5cc76e1bc62e3c84a0e4ee43c3056d310ffa4", kill_on_drop: false }`
[INFO] [stdout] da49b6abd42c92e64b9020818ef5cc76e1bc62e3c84a0e4ee43c3056d310ffa4
[INFO] running `Command { std: "docker" "create" "-v" "/var/lib/crater-agent-workspace/builds/worker-0-tc2/target:/opt/rustwide/target:rw,Z" "-v" "/var/lib/crater-agent-workspace/builds/worker-0-tc2/source:/opt/rustwide/workdir:ro,Z" "-v" "/var/lib/crater-agent-workspace/cargo-home:/opt/rustwide/cargo-home:ro,Z" "-v" "/var/lib/crater-agent-workspace/rustup-home:/opt/rustwide/rustup-home:ro,Z" "-e" "SOURCE_DIR=/opt/rustwide/workdir" "-e" "CARGO_TARGET_DIR=/opt/rustwide/target" "-e" "CARGO_INCREMENTAL=0" "-e" "RUST_BACKTRACE=full" "-e" "RUSTFLAGS=--cap-lints=warn" "-e" "RUSTDOCFLAGS=--cap-lints=warn" "-e" "CARGO_HOME=/opt/rustwide/cargo-home" "-e" "RUSTUP_HOME=/opt/rustwide/rustup-home" "-w" "/opt/rustwide/workdir" "-m" "1610612736" "--user" "0:0" "--network" "none" "ghcr.io/rust-lang/crates-build-env/linux@sha256:5ff2268d62e97bff2cde7d5815dd6ed5b47097566f13b8d0ca110b04b60e07ed" "/opt/rustwide/cargo-home/bin/cargo" "+beta-2023-04-20" "build" "--frozen" "--message-format=json", kill_on_drop: false }`
[INFO] [stdout] 143fa0a62b981ea047767a0928351b5c5b6a3c22c167c8c1c27a7e2651def2ab
[INFO] running `Command { std: "docker" "start" "-a" "143fa0a62b981ea047767a0928351b5c5b6a3c22c167c8c1c27a7e2651def2ab", kill_on_drop: false }`
[INFO] [stderr]    Compiling libc v0.2.132
[INFO] [stderr]    Compiling proc-macro2 v1.0.43
[INFO] [stderr]    Compiling quote v1.0.21
[INFO] [stderr]    Compiling unicode-ident v1.0.3
[INFO] [stderr]    Compiling log v0.4.17
[INFO] [stderr]    Compiling syn v1.0.99
[INFO] [stderr]    Compiling cfg-if v1.0.0
[INFO] [stderr]    Compiling autocfg v1.1.0
[INFO] [stderr]    Compiling memchr v2.5.0
[INFO] [stderr]    Compiling once_cell v1.14.0
[INFO] [stderr]    Compiling pin-project-lite v0.2.9
[INFO] [stderr]    Compiling bytes v1.2.1
[INFO] [stderr]    Compiling tokio v1.21.0
[INFO] [stderr]    Compiling num_cpus v1.13.1
[INFO] [stderr]    Compiling socket2 v0.4.7
[INFO] [stderr]    Compiling mio v0.8.4
[INFO] [stderr]    Compiling tokio-macros v1.8.0
[INFO] [stderr]    Compiling ads_client v1.2.1 (/opt/rustwide/workdir)
[INFO] [stderr]     Finished dev [unoptimized + debuginfo] target(s) in 14.60s
[INFO] running `Command { std: "docker" "inspect" "143fa0a62b981ea047767a0928351b5c5b6a3c22c167c8c1c27a7e2651def2ab", kill_on_drop: false }`
[INFO] running `Command { std: "docker" "rm" "-f" "143fa0a62b981ea047767a0928351b5c5b6a3c22c167c8c1c27a7e2651def2ab", kill_on_drop: false }`
[INFO] [stdout] 143fa0a62b981ea047767a0928351b5c5b6a3c22c167c8c1c27a7e2651def2ab
[INFO] running `Command { std: "docker" "create" "-v" "/var/lib/crater-agent-workspace/builds/worker-0-tc2/target:/opt/rustwide/target:rw,Z" "-v" "/var/lib/crater-agent-workspace/builds/worker-0-tc2/source:/opt/rustwide/workdir:ro,Z" "-v" "/var/lib/crater-agent-workspace/cargo-home:/opt/rustwide/cargo-home:ro,Z" "-v" "/var/lib/crater-agent-workspace/rustup-home:/opt/rustwide/rustup-home:ro,Z" "-e" "SOURCE_DIR=/opt/rustwide/workdir" "-e" "CARGO_TARGET_DIR=/opt/rustwide/target" "-e" "CARGO_INCREMENTAL=0" "-e" "RUST_BACKTRACE=full" "-e" "RUSTFLAGS=--cap-lints=warn" "-e" "RUSTDOCFLAGS=--cap-lints=warn" "-e" "CARGO_HOME=/opt/rustwide/cargo-home" "-e" "RUSTUP_HOME=/opt/rustwide/rustup-home" "-w" "/opt/rustwide/workdir" "-m" "1610612736" "--user" "0:0" "--network" "none" "ghcr.io/rust-lang/crates-build-env/linux@sha256:5ff2268d62e97bff2cde7d5815dd6ed5b47097566f13b8d0ca110b04b60e07ed" "/opt/rustwide/cargo-home/bin/cargo" "+beta-2023-04-20" "test" "--frozen" "--no-run" "--message-format=json", kill_on_drop: false }`
[INFO] [stdout] f9f2fc27e9b5625cad79079bdf14af909b5cf8962e36ba1f7793e8b2f45f2492
[INFO] running `Command { std: "docker" "start" "-a" "f9f2fc27e9b5625cad79079bdf14af909b5cf8962e36ba1f7793e8b2f45f2492", kill_on_drop: false }`
[INFO] [stderr]    Compiling ads_client v1.2.1 (/opt/rustwide/workdir)
[INFO] [stderr]     Finished test [unoptimized + debuginfo] target(s) in 7.99s
[INFO] running `Command { std: "docker" "inspect" "f9f2fc27e9b5625cad79079bdf14af909b5cf8962e36ba1f7793e8b2f45f2492", kill_on_drop: false }`
[INFO] running `Command { std: "docker" "rm" "-f" "f9f2fc27e9b5625cad79079bdf14af909b5cf8962e36ba1f7793e8b2f45f2492", kill_on_drop: false }`
[INFO] [stdout] f9f2fc27e9b5625cad79079bdf14af909b5cf8962e36ba1f7793e8b2f45f2492
[INFO] running `Command { std: "docker" "create" "-v" "/var/lib/crater-agent-workspace/builds/worker-0-tc2/target:/opt/rustwide/target:rw,Z" "-v" "/var/lib/crater-agent-workspace/builds/worker-0-tc2/source:/opt/rustwide/workdir:ro,Z" "-v" "/var/lib/crater-agent-workspace/cargo-home:/opt/rustwide/cargo-home:ro,Z" "-v" "/var/lib/crater-agent-workspace/rustup-home:/opt/rustwide/rustup-home:ro,Z" "-e" "SOURCE_DIR=/opt/rustwide/workdir" "-e" "CARGO_TARGET_DIR=/opt/rustwide/target" "-e" "CARGO_INCREMENTAL=0" "-e" "RUST_BACKTRACE=full" "-e" "RUSTFLAGS=--cap-lints=warn" "-e" "RUSTDOCFLAGS=--cap-lints=warn" "-e" "CARGO_HOME=/opt/rustwide/cargo-home" "-e" "RUSTUP_HOME=/opt/rustwide/rustup-home" "-w" "/opt/rustwide/workdir" "-m" "1610612736" "--user" "0:0" "--network" "none" "ghcr.io/rust-lang/crates-build-env/linux@sha256:5ff2268d62e97bff2cde7d5815dd6ed5b47097566f13b8d0ca110b04b60e07ed" "/opt/rustwide/cargo-home/bin/cargo" "+beta-2023-04-20" "test" "--frozen", kill_on_drop: false }`
[INFO] [stdout] 4c95f87f567a787d228bc38a8e9c189562455ce4bc4ee7e232fb7af76acb02a4
[INFO] running `Command { std: "docker" "start" "-a" "4c95f87f567a787d228bc38a8e9c189562455ce4bc4ee7e232fb7af76acb02a4", kill_on_drop: false }`
[INFO] [stderr]     Finished test [unoptimized + debuginfo] target(s) in 0.03s
[INFO] [stderr]      Running unittests src/lib.rs (/opt/rustwide/target/debug/deps/ads_client-27ce7be8c615aa37)
[INFO] [stdout] 
[INFO] [stdout] running 0 tests
[INFO] [stdout] 
[INFO] [stdout] test result: ok. 0 passed; 0 failed; 0 ignored; 0 measured; 0 filtered out; finished in 0.00s
[INFO] [stdout] 
[INFO] [stderr]    Doc-tests ads_client
[INFO] [stdout] 
[INFO] [stdout] running 5 tests
[INFO] [stdout] test src/ads_read_write.rs - ads_read_write::Client::read_write (line 53) ... FAILED
[INFO] [stdout] test src/lib.rs - Client::new (line 253) ... FAILED
[INFO] [stdout] test src/ads_write.rs - ads_write::Client::write (line 35) ... FAILED
[INFO] [stdout] test src/ads_read_state.rs - ads_read_state::Client::read_state (line 26) ... FAILED
[INFO] [stdout] test src/ads_read.rs - ads_read::Client::read (line 51) ... FAILED
[INFO] [stdout] 
[INFO] [stdout] failures:
[INFO] [stdout] 
[INFO] [stdout] ---- src/ads_read_write.rs - ads_read_write::Client::read_write (line 53) stdout ----
[INFO] [stdout] Test executable failed (exit status: 1).
[INFO] [stdout] 
[INFO] [stdout] stderr:
[INFO] [stdout] Error: AdsError { n_error: 10, s_msg: "Connection refused (os error 111)" }
[INFO] [stdout] 
[INFO] [stdout] 
[INFO] [stdout] ---- src/lib.rs - Client::new (line 253) stdout ----
[INFO] [stdout] Test executable failed (exit status: 1).
[INFO] [stdout] 
[INFO] [stdout] stderr:
[INFO] [stdout] Error: AdsError { n_error: 10, s_msg: "Connection refused (os error 111)" }
[INFO] [stdout] 
[INFO] [stdout] 
[INFO] [stdout] ---- src/ads_write.rs - ads_write::Client::write (line 35) stdout ----
[INFO] [stdout] Test executable failed (exit status: 1).
[INFO] [stdout] 
[INFO] [stdout] stderr:
[INFO] [stdout] Error: AdsError { n_error: 10, s_msg: "Connection refused (os error 111)" }
[INFO] [stdout] 
[INFO] [stdout] 
[INFO] [stdout] ---- src/ads_read_state.rs - ads_read_state::Client::read_state (line 26) stdout ----
[INFO] [stdout] Test executable failed (exit status: 1).
[INFO] [stdout] 
[INFO] [stdout] stderr:
[INFO] [stdout] Error: AdsError { n_error: 10, s_msg: "Connection refused (os error 111)" }
[INFO] [stdout] 
[INFO] [stdout] 
[INFO] [stdout] ---- src/ads_read.rs - ads_read::Client::read (line 51) stdout ----
[INFO] [stdout] Test executable failed (exit status: 1).
[INFO] [stdout] 
[INFO] [stdout] stderr:
[INFO] [stdout] Error: AdsError { n_error: 10, s_msg: "Connection refused (os error 111)" }
[INFO] [stdout] 
[INFO] [stdout] 
[INFO] [stdout] 
[INFO] [stdout] failures:
[INFO] [stdout]     src/ads_read.rs - ads_read::Client::read (line 51)
[INFO] [stdout]     src/ads_read_state.rs - ads_read_state::Client::read_state (line 26)
[INFO] [stdout]     src/ads_read_write.rs - ads_read_write::Client::read_write (line 53)
[INFO] [stdout]     src/ads_write.rs - ads_write::Client::write (line 35)
[INFO] [stdout]     src/lib.rs - Client::new (line 253)
[INFO] [stdout] 
[INFO] [stdout] test result: FAILED. 0 passed; 5 failed; 0 ignored; 0 measured; 0 filtered out; finished in 3.28s
[INFO] [stdout] 
[INFO] [stderr] error: doctest failed, to rerun pass `--doc`
[INFO] running `Command { std: "docker" "inspect" "4c95f87f567a787d228bc38a8e9c189562455ce4bc4ee7e232fb7af76acb02a4", kill_on_drop: false }`
[INFO] running `Command { std: "docker" "rm" "-f" "4c95f87f567a787d228bc38a8e9c189562455ce4bc4ee7e232fb7af76acb02a4", kill_on_drop: false }`
[INFO] [stdout] 4c95f87f567a787d228bc38a8e9c189562455ce4bc4ee7e232fb7af76acb02a4
