[INFO] fetching crate adder_test123 0.1.1...
[INFO] testing adder_test123-0.1.1 against 1.69.0 for beta-1.70-1
[INFO] extracting crate adder_test123 0.1.1 into /workspace/builds/worker-2-tc1/source
[INFO] validating manifest of crates.io crate adder_test123 0.1.1 on toolchain 1.69.0
[INFO] running `Command { std: CARGO_HOME="/workspace/cargo-home" RUSTUP_HOME="/workspace/rustup-home" "/workspace/cargo-home/bin/cargo" "+1.69.0" "metadata" "--manifest-path" "Cargo.toml" "--no-deps", kill_on_drop: false }`
[INFO] started tweaking crates.io crate adder_test123 0.1.1
[INFO] finished tweaking crates.io crate adder_test123 0.1.1
[INFO] tweaked toml for crates.io crate adder_test123 0.1.1 written to /workspace/builds/worker-2-tc1/source/Cargo.toml
[INFO] running `Command { std: CARGO_HOME="/workspace/cargo-home" RUSTUP_HOME="/workspace/rustup-home" __CARGO_TEST_CHANNEL_OVERRIDE_DO_NOT_USE_THIS="nightly" "/workspace/cargo-home/bin/cargo" "+1.69.0" "generate-lockfile" "--manifest-path" "Cargo.toml" "-Zno-index-update", kill_on_drop: false }`
[INFO] running `Command { std: CARGO_HOME="/workspace/cargo-home" RUSTUP_HOME="/workspace/rustup-home" "/workspace/cargo-home/bin/cargo" "+1.69.0" "fetch" "--manifest-path" "Cargo.toml", kill_on_drop: false }`
[INFO] running `Command { std: "docker" "create" "-v" "/var/lib/crater-agent-workspace/builds/worker-2-tc1/target:/opt/rustwide/target:rw,Z" "-v" "/var/lib/crater-agent-workspace/builds/worker-2-tc1/source:/opt/rustwide/workdir:ro,Z" "-v" "/var/lib/crater-agent-workspace/cargo-home:/opt/rustwide/cargo-home:ro,Z" "-v" "/var/lib/crater-agent-workspace/rustup-home:/opt/rustwide/rustup-home:ro,Z" "-e" "SOURCE_DIR=/opt/rustwide/workdir" "-e" "CARGO_TARGET_DIR=/opt/rustwide/target" "-e" "CARGO_HOME=/opt/rustwide/cargo-home" "-e" "RUSTUP_HOME=/opt/rustwide/rustup-home" "-w" "/opt/rustwide/workdir" "-m" "1610612736" "--user" "0:0" "--network" "none" "ghcr.io/rust-lang/crates-build-env/linux@sha256:5ff2268d62e97bff2cde7d5815dd6ed5b47097566f13b8d0ca110b04b60e07ed" "/opt/rustwide/cargo-home/bin/cargo" "+1.69.0" "metadata" "--no-deps" "--format-version=1", kill_on_drop: false }`
[INFO] [stdout] 24142af1eb2e3252fa1d41b4558eb1ea3fbc57c4a7984598763b197636e1c3ee
[INFO] running `Command { std: "docker" "start" "-a" "24142af1eb2e3252fa1d41b4558eb1ea3fbc57c4a7984598763b197636e1c3ee", kill_on_drop: false }`
[INFO] running `Command { std: "docker" "inspect" "24142af1eb2e3252fa1d41b4558eb1ea3fbc57c4a7984598763b197636e1c3ee", kill_on_drop: false }`
[INFO] running `Command { std: "docker" "rm" "-f" "24142af1eb2e3252fa1d41b4558eb1ea3fbc57c4a7984598763b197636e1c3ee", kill_on_drop: false }`
[INFO] [stdout] 24142af1eb2e3252fa1d41b4558eb1ea3fbc57c4a7984598763b197636e1c3ee
[INFO] running `Command { std: "docker" "create" "-v" "/var/lib/crater-agent-workspace/builds/worker-2-tc1/target:/opt/rustwide/target:rw,Z" "-v" "/var/lib/crater-agent-workspace/builds/worker-2-tc1/source:/opt/rustwide/workdir:ro,Z" "-v" "/var/lib/crater-agent-workspace/cargo-home:/opt/rustwide/cargo-home:ro,Z" "-v" "/var/lib/crater-agent-workspace/rustup-home:/opt/rustwide/rustup-home:ro,Z" "-e" "SOURCE_DIR=/opt/rustwide/workdir" "-e" "CARGO_TARGET_DIR=/opt/rustwide/target" "-e" "CARGO_INCREMENTAL=0" "-e" "RUST_BACKTRACE=full" "-e" "RUSTFLAGS=--cap-lints=warn" "-e" "RUSTDOCFLAGS=--cap-lints=warn" "-e" "CARGO_HOME=/opt/rustwide/cargo-home" "-e" "RUSTUP_HOME=/opt/rustwide/rustup-home" "-w" "/opt/rustwide/workdir" "-m" "1610612736" "--user" "0:0" "--network" "none" "ghcr.io/rust-lang/crates-build-env/linux@sha256:5ff2268d62e97bff2cde7d5815dd6ed5b47097566f13b8d0ca110b04b60e07ed" "/opt/rustwide/cargo-home/bin/cargo" "+1.69.0" "build" "--frozen" "--message-format=json", kill_on_drop: false }`
[INFO] [stdout] fb52c7f722608d1fa563fd16f931227fc38db1166f76807a27a710890fb5637b
[INFO] running `Command { std: "docker" "start" "-a" "fb52c7f722608d1fa563fd16f931227fc38db1166f76807a27a710890fb5637b", kill_on_drop: false }`
[INFO] [stderr]    Compiling adder_test123 v0.1.1 (/opt/rustwide/workdir)
[INFO] [stderr]     Finished dev [unoptimized + debuginfo] target(s) in 0.08s
[INFO] running `Command { std: "docker" "inspect" "fb52c7f722608d1fa563fd16f931227fc38db1166f76807a27a710890fb5637b", kill_on_drop: false }`
[INFO] running `Command { std: "docker" "rm" "-f" "fb52c7f722608d1fa563fd16f931227fc38db1166f76807a27a710890fb5637b", kill_on_drop: false }`
[INFO] [stdout] fb52c7f722608d1fa563fd16f931227fc38db1166f76807a27a710890fb5637b
[INFO] running `Command { std: "docker" "create" "-v" "/var/lib/crater-agent-workspace/builds/worker-2-tc1/target:/opt/rustwide/target:rw,Z" "-v" "/var/lib/crater-agent-workspace/builds/worker-2-tc1/source:/opt/rustwide/workdir:ro,Z" "-v" "/var/lib/crater-agent-workspace/cargo-home:/opt/rustwide/cargo-home:ro,Z" "-v" "/var/lib/crater-agent-workspace/rustup-home:/opt/rustwide/rustup-home:ro,Z" "-e" "SOURCE_DIR=/opt/rustwide/workdir" "-e" "CARGO_TARGET_DIR=/opt/rustwide/target" "-e" "CARGO_INCREMENTAL=0" "-e" "RUST_BACKTRACE=full" "-e" "RUSTFLAGS=--cap-lints=warn" "-e" "RUSTDOCFLAGS=--cap-lints=warn" "-e" "CARGO_HOME=/opt/rustwide/cargo-home" "-e" "RUSTUP_HOME=/opt/rustwide/rustup-home" "-w" "/opt/rustwide/workdir" "-m" "1610612736" "--user" "0:0" "--network" "none" "ghcr.io/rust-lang/crates-build-env/linux@sha256:5ff2268d62e97bff2cde7d5815dd6ed5b47097566f13b8d0ca110b04b60e07ed" "/opt/rustwide/cargo-home/bin/cargo" "+1.69.0" "test" "--frozen" "--no-run" "--message-format=json", kill_on_drop: false }`
[INFO] [stdout] bfecad275d1d400101a9c243481e874022030afc7bdf78ed37a1fbd3a1420366
[INFO] running `Command { std: "docker" "start" "-a" "bfecad275d1d400101a9c243481e874022030afc7bdf78ed37a1fbd3a1420366", kill_on_drop: false }`
[INFO] [stderr]    Compiling adder_test123 v0.1.1 (/opt/rustwide/workdir)
[INFO] [stderr]     Finished test [unoptimized + debuginfo] target(s) in 0.41s
[INFO] running `Command { std: "docker" "inspect" "bfecad275d1d400101a9c243481e874022030afc7bdf78ed37a1fbd3a1420366", kill_on_drop: false }`
[INFO] running `Command { std: "docker" "rm" "-f" "bfecad275d1d400101a9c243481e874022030afc7bdf78ed37a1fbd3a1420366", kill_on_drop: false }`
[INFO] [stdout] bfecad275d1d400101a9c243481e874022030afc7bdf78ed37a1fbd3a1420366
[INFO] running `Command { std: "docker" "create" "-v" "/var/lib/crater-agent-workspace/builds/worker-2-tc1/target:/opt/rustwide/target:rw,Z" "-v" "/var/lib/crater-agent-workspace/builds/worker-2-tc1/source:/opt/rustwide/workdir:ro,Z" "-v" "/var/lib/crater-agent-workspace/cargo-home:/opt/rustwide/cargo-home:ro,Z" "-v" "/var/lib/crater-agent-workspace/rustup-home:/opt/rustwide/rustup-home:ro,Z" "-e" "SOURCE_DIR=/opt/rustwide/workdir" "-e" "CARGO_TARGET_DIR=/opt/rustwide/target" "-e" "CARGO_INCREMENTAL=0" "-e" "RUST_BACKTRACE=full" "-e" "RUSTFLAGS=--cap-lints=warn" "-e" "RUSTDOCFLAGS=--cap-lints=warn" "-e" "CARGO_HOME=/opt/rustwide/cargo-home" "-e" "RUSTUP_HOME=/opt/rustwide/rustup-home" "-w" "/opt/rustwide/workdir" "-m" "1610612736" "--user" "0:0" "--network" "none" "ghcr.io/rust-lang/crates-build-env/linux@sha256:5ff2268d62e97bff2cde7d5815dd6ed5b47097566f13b8d0ca110b04b60e07ed" "/opt/rustwide/cargo-home/bin/cargo" "+1.69.0" "test" "--frozen", kill_on_drop: false }`
[INFO] [stdout] a009eb32d282df21e6f1ff7e183bb7a97b7e3f4ee6c7a435db443a73a7a79a7d
[INFO] running `Command { std: "docker" "start" "-a" "a009eb32d282df21e6f1ff7e183bb7a97b7e3f4ee6c7a435db443a73a7a79a7d", kill_on_drop: false }`
[INFO] [stderr]     Finished test [unoptimized + debuginfo] target(s) in 0.00s
[INFO] [stdout] 
[INFO] [stderr]      Running unittests src/lib.rs (/opt/rustwide/target/debug/deps/adder_test123-2865f0c574259211)
[INFO] [stdout] running 3 tests
[INFO] [stdout] test tests::exploration ... ok
[INFO] [stdout] test tests::test2 ... ok
[INFO] [stdout] test tests::it_works ... ok
[INFO] [stdout] 
[INFO] [stdout] test result: ok. 3 passed; 0 failed; 0 ignored; 0 measured; 0 filtered out; finished in 0.00s
[INFO] [stdout] 
[INFO] [stderr]    Doc-tests adder_test123
[INFO] [stdout] 
[INFO] [stdout] running 1 test
[INFO] [stdout] test src/lib.rs - add (line 5) ... FAILED
[INFO] [stdout] 
[INFO] [stdout] failures:
[INFO] [stdout] 
[INFO] [stdout] ---- src/lib.rs - add (line 5) stdout ----
[INFO] [stdout] error[E0433]: failed to resolve: use of undeclared crate or module `adder`
[INFO] [stdout]  --> src/lib.rs:6:13
[INFO] [stdout]   |
[INFO] [stdout] 3 | let answer =adder:: add(1,2);
[INFO] [stdout]   |             ^^^^^ use of undeclared crate or module `adder`
[INFO] [stdout] 
[INFO] [stdout] error: aborting due to previous error
[INFO] [stdout] 
[INFO] [stdout] For more information about this error, try `rustc --explain E0433`.
[INFO] [stdout] Couldn't compile the test.
[INFO] [stdout] 
[INFO] [stdout] failures:
[INFO] [stdout]     src/lib.rs - add (line 5)
[INFO] [stdout] 
[INFO] [stdout] test result: FAILED. 0 passed; 1 failed; 0 ignored; 0 measured; 0 filtered out; finished in 0.05s
[INFO] [stdout] 
[INFO] [stderr] error: doctest failed, to rerun pass `--doc`
[INFO] running `Command { std: "docker" "inspect" "a009eb32d282df21e6f1ff7e183bb7a97b7e3f4ee6c7a435db443a73a7a79a7d", kill_on_drop: false }`
[INFO] running `Command { std: "docker" "rm" "-f" "a009eb32d282df21e6f1ff7e183bb7a97b7e3f4ee6c7a435db443a73a7a79a7d", kill_on_drop: false }`
[INFO] [stdout] a009eb32d282df21e6f1ff7e183bb7a97b7e3f4ee6c7a435db443a73a7a79a7d
