[INFO] fetching crate acton 0.1.1...
[INFO] testing acton-0.1.1 against beta-2023-04-20 for beta-1.70-1
[INFO] extracting crate acton 0.1.1 into /workspace/builds/worker-4-tc2/source
[INFO] validating manifest of crates.io crate acton 0.1.1 on toolchain beta-2023-04-20
[INFO] running `Command { std: CARGO_HOME="/workspace/cargo-home" RUSTUP_HOME="/workspace/rustup-home" "/workspace/cargo-home/bin/cargo" "+beta-2023-04-20" "metadata" "--manifest-path" "Cargo.toml" "--no-deps", kill_on_drop: false }`
[INFO] started tweaking crates.io crate acton 0.1.1
[INFO] finished tweaking crates.io crate acton 0.1.1
[INFO] tweaked toml for crates.io crate acton 0.1.1 written to /workspace/builds/worker-4-tc2/source/Cargo.toml
[INFO] crate crates.io crate acton 0.1.1 already has a lockfile, it will not be regenerated
[INFO] running `Command { std: CARGO_HOME="/workspace/cargo-home" RUSTUP_HOME="/workspace/rustup-home" "/workspace/cargo-home/bin/cargo" "+beta-2023-04-20" "fetch" "--manifest-path" "Cargo.toml", kill_on_drop: false }`
[INFO] [stderr]     Updating crates.io index
[INFO] [stderr]     Blocking waiting for file lock on package cache
[INFO] [stderr]  Downloading crates ...
[INFO] [stderr]   Downloaded tokio-stream v0.1.8
[INFO] [stderr]   Downloaded quote v1.0.10
[INFO] [stderr]   Downloaded syn v1.0.82
[INFO] [stderr]   Downloaded smallvec v1.7.0
[INFO] [stderr]   Downloaded rand_core v0.4.2
[INFO] [stderr]   Downloaded rustc-serialize v0.3.24
[INFO] [stderr]   Downloaded ipnetwork v0.18.0
[INFO] [stderr]   Downloaded termcolor v1.1.2
[INFO] [stderr]   Downloaded num-complex v0.1.43
[INFO] [stderr]   Downloaded pnet_packet v0.29.0
[INFO] [stderr]   Downloaded pnet_datalink v0.29.0
[INFO] [stderr]   Downloaded eui48 v1.1.0
[INFO] [stderr]   Downloaded num-integer v0.1.44
[INFO] [stderr]   Downloaded fuchsia-cprng v0.1.1
[INFO] [stderr]   Downloaded nix v0.23.1
[INFO] [stderr]   Downloaded hex v0.4.3
[INFO] [stderr]   Downloaded nom v7.1.0
[INFO] [stderr]   Downloaded futures-channel v0.3.19
[INFO] [stderr]   Downloaded memoffset v0.6.5
[INFO] [stderr]   Downloaded num-traits v0.1.43
[INFO] [stderr]   Downloaded pnet_macros v0.29.0
[INFO] [stderr]   Downloaded pnet_sys v0.29.0
[INFO] [stderr]   Downloaded regex-syntax v0.6.25
[INFO] [stderr]   Downloaded libc v0.2.113
[INFO] [stderr]   Downloaded strsim v0.8.0
[INFO] [stderr]   Downloaded textwrap v0.11.0
[INFO] [stderr]   Downloaded pnet_transport v0.29.0
[INFO] [stderr]   Downloaded pnet v0.29.0
[INFO] [stderr]   Downloaded aho-corasick v0.7.18
[INFO] [stderr]   Downloaded parking_lot v0.11.2
[INFO] [stderr]   Downloaded unicode-width v0.1.9
[INFO] [stderr]   Downloaded heck v0.3.3
[INFO] [stderr]   Downloaded structopt-derive v0.4.18
[INFO] [stderr]   Downloaded minimal-lexical v0.2.1
[INFO] [stderr]   Downloaded regex v1.5.4
[INFO] [stderr]   Downloaded vec_map v0.8.2
[INFO] [stderr]   Downloaded num-traits v0.2.14
[INFO] [stderr]   Downloaded thread_local v0.3.6
[INFO] [stderr]   Downloaded aho-corasick v0.6.10
[INFO] [stderr]   Downloaded regex-syntax v0.5.6
[INFO] [stderr]   Downloaded glob v0.3.0
[INFO] [stderr]   Downloaded paste v1.0.6
[INFO] [stderr]   Downloaded futures-executor v0.3.19
[INFO] [stderr]   Downloaded futures-io v0.3.19
[INFO] [stderr]   Downloaded futures-macro v0.3.19
[INFO] [stderr]   Downloaded futures-sink v0.3.19
[INFO] [stderr]   Downloaded futures-task v0.3.19
[INFO] [stderr]   Downloaded slab v0.4.5
[INFO] [stderr]   Downloaded async-stream v0.3.2
[INFO] [stderr]   Downloaded pnet_base v0.29.0
[INFO] [stderr]   Downloaded pnet_macros_support v0.29.0
[INFO] [stderr]   Downloaded cc v1.0.72
[INFO] [stderr]   Downloaded nix v0.22.3
[INFO] [stderr]   Downloaded clap v2.34.0
[INFO] [stderr]   Downloaded unicode-segmentation v1.8.0
[INFO] [stderr]   Downloaded version_check v0.9.3
[INFO] [stderr]   Downloaded structopt v0.3.25
[INFO] [stderr]   Downloaded netlink-packet-utils v0.5.0
[INFO] [stderr]   Downloaded futures-core v0.3.19
[INFO] [stderr]   Downloaded lock_api v0.4.5
[INFO] [stderr]   Downloaded parking_lot_core v0.8.5
[INFO] [stderr]   Downloaded netlink-packet-core v0.4.1
[INFO] [stderr]   Downloaded tokio-test v0.4.2
[INFO] [stderr]   Downloaded byteorder v1.4.3
[INFO] [stderr]   Downloaded ctrlc v3.2.1
[INFO] [stderr]   Downloaded pin-project-lite v0.2.7
[INFO] [stderr]   Downloaded env_logger v0.9.0
[INFO] [stderr]   Downloaded num-iter v0.1.42
[INFO] [stderr]   Downloaded rand v0.4.6
[INFO] [stderr]   Downloaded num-bigint v0.1.44
[INFO] [stderr]   Downloaded async-stream-impl v0.3.2
[INFO] [stderr]   Downloaded num-rational v0.1.42
[INFO] [stderr]   Downloaded num v0.1.42
[INFO] [stderr]   Downloaded ucd-util v0.1.8
[INFO] [stderr]   Downloaded utf8-ranges v1.0.4
[INFO] [stderr]   Downloaded regex v0.2.11
[INFO] [stderr]   Downloaded ipaddress v0.1.2
[INFO] [stderr]   Downloaded rtnetlink v0.9.0
[INFO] [stderr]   Downloaded netlink-proto v0.9.1
[INFO] [stderr]   Downloaded futures-util v0.3.19
[INFO] [stderr]   Downloaded netlink-sys v0.8.1
[INFO] [stderr]   Downloaded futures v0.3.19
[INFO] [stderr]   Downloaded rand_core v0.3.1
[INFO] [stderr]   Downloaded rdrand v0.4.0
[INFO] [stderr]   Downloaded ntapi v0.3.6
[INFO] [stderr]   Downloaded mio v0.7.14
[INFO] [stderr]   Downloaded tokio v1.15.0
[INFO] [stderr]   Downloaded proc-macro2 v1.0.33
[INFO] [stderr]   Downloaded netlink-packet-route v0.10.0
[INFO] [stderr]   Downloaded serde v1.0.135
[INFO] running `Command { std: "docker" "create" "-v" "/var/lib/crater-agent-workspace/builds/worker-4-tc2/target:/opt/rustwide/target:rw,Z" "-v" "/var/lib/crater-agent-workspace/builds/worker-4-tc2/source:/opt/rustwide/workdir:ro,Z" "-v" "/var/lib/crater-agent-workspace/cargo-home:/opt/rustwide/cargo-home:ro,Z" "-v" "/var/lib/crater-agent-workspace/rustup-home:/opt/rustwide/rustup-home:ro,Z" "-e" "SOURCE_DIR=/opt/rustwide/workdir" "-e" "CARGO_TARGET_DIR=/opt/rustwide/target" "-e" "CARGO_HOME=/opt/rustwide/cargo-home" "-e" "RUSTUP_HOME=/opt/rustwide/rustup-home" "-w" "/opt/rustwide/workdir" "-m" "1610612736" "--user" "0:0" "--network" "none" "ghcr.io/rust-lang/crates-build-env/linux@sha256:5ff2268d62e97bff2cde7d5815dd6ed5b47097566f13b8d0ca110b04b60e07ed" "/opt/rustwide/cargo-home/bin/cargo" "+beta-2023-04-20" "metadata" "--no-deps" "--format-version=1", kill_on_drop: false }`
[INFO] [stdout] e5e3c8159ee2b439e557b9c01632849bef9b453bb473c99399676a4ad7439de3
[INFO] running `Command { std: "docker" "start" "-a" "e5e3c8159ee2b439e557b9c01632849bef9b453bb473c99399676a4ad7439de3", kill_on_drop: false }`
[INFO] running `Command { std: "docker" "inspect" "e5e3c8159ee2b439e557b9c01632849bef9b453bb473c99399676a4ad7439de3", kill_on_drop: false }`
[INFO] running `Command { std: "docker" "rm" "-f" "e5e3c8159ee2b439e557b9c01632849bef9b453bb473c99399676a4ad7439de3", kill_on_drop: false }`
[INFO] [stdout] e5e3c8159ee2b439e557b9c01632849bef9b453bb473c99399676a4ad7439de3
[INFO] running `Command { std: "docker" "create" "-v" "/var/lib/crater-agent-workspace/builds/worker-4-tc2/target:/opt/rustwide/target:rw,Z" "-v" "/var/lib/crater-agent-workspace/builds/worker-4-tc2/source:/opt/rustwide/workdir:ro,Z" "-v" "/var/lib/crater-agent-workspace/cargo-home:/opt/rustwide/cargo-home:ro,Z" "-v" "/var/lib/crater-agent-workspace/rustup-home:/opt/rustwide/rustup-home:ro,Z" "-e" "SOURCE_DIR=/opt/rustwide/workdir" "-e" "CARGO_TARGET_DIR=/opt/rustwide/target" "-e" "CARGO_INCREMENTAL=0" "-e" "RUST_BACKTRACE=full" "-e" "RUSTFLAGS=--cap-lints=warn" "-e" "RUSTDOCFLAGS=--cap-lints=warn" "-e" "CARGO_HOME=/opt/rustwide/cargo-home" "-e" "RUSTUP_HOME=/opt/rustwide/rustup-home" "-w" "/opt/rustwide/workdir" "-m" "1610612736" "--user" "0:0" "--network" "none" "ghcr.io/rust-lang/crates-build-env/linux@sha256:5ff2268d62e97bff2cde7d5815dd6ed5b47097566f13b8d0ca110b04b60e07ed" "/opt/rustwide/cargo-home/bin/cargo" "+beta-2023-04-20" "build" "--frozen" "--message-format=json", kill_on_drop: false }`
[INFO] [stdout] 27a8bc75e6fe2207213dff7cda862fa3fa8fef3bcce8fa7fc15bd2a33ecfd0c7
[INFO] running `Command { std: "docker" "start" "-a" "27a8bc75e6fe2207213dff7cda862fa3fa8fef3bcce8fa7fc15bd2a33ecfd0c7", kill_on_drop: false }`
[INFO] [stderr]    Compiling libc v0.2.113
[INFO] [stderr]    Compiling proc-macro2 v1.0.33
[INFO] [stderr]    Compiling unicode-xid v0.2.2
[INFO] [stderr]    Compiling syn v1.0.82
[INFO] [stderr]    Compiling memchr v2.4.1
[INFO] [stderr]    Compiling autocfg v1.0.1
[INFO] [stderr]    Compiling cfg-if v1.0.0
[INFO] [stderr]    Compiling futures-core v0.3.19
[INFO] [stderr]    Compiling version_check v0.9.3
[INFO] [stderr]    Compiling log v0.4.14
[INFO] [stderr]    Compiling num-traits v0.2.14
[INFO] [stderr]    Compiling pin-project-lite v0.2.7
[INFO] [stderr]    Compiling parking_lot_core v0.8.5
[INFO] [stderr]    Compiling instant v0.1.12
[INFO] [stderr]    Compiling futures-channel v0.3.19
[INFO] [stderr]    Compiling smallvec v1.7.0
[INFO] [stderr]    Compiling quote v1.0.10
[INFO] [stderr]    Compiling futures-task v0.3.19
[INFO] [stderr]    Compiling lock_api v0.4.5
[INFO] [stderr]    Compiling aho-corasick v0.7.18
[INFO] [stderr]    Compiling num-integer v0.1.44
[INFO] [stderr]    Compiling bitflags v1.3.2
[INFO] [stderr]    Compiling futures-sink v0.3.19
[INFO] [stderr]    Compiling anyhow v1.0.53
[INFO] [stderr]    Compiling futures-util v0.3.19
[INFO] [stderr]    Compiling regex-syntax v0.6.25
[INFO] [stderr]    Compiling mio v0.7.14
[INFO] [stderr]    Compiling parking_lot v0.11.2
[INFO] [stderr]    Compiling signal-hook-registry v1.4.0
[INFO] [stderr]    Compiling num_cpus v1.13.1
[INFO] [stderr]    Compiling memoffset v0.6.5
[INFO] [stderr]    Compiling slab v0.4.5
[INFO] [stderr]    Compiling bytes v1.1.0
[INFO] [stderr]    Compiling futures-io v0.3.19
[INFO] [stderr]    Compiling rustc-serialize v0.3.24
[INFO] [stderr]    Compiling once_cell v1.9.0
[INFO] [stderr]    Compiling proc-macro-error-attr v1.0.4
[INFO] [stderr]    Compiling byteorder v1.4.3
[INFO] [stderr]    Compiling pnet_base v0.29.0
[INFO] [stderr]    Compiling regex v1.5.4
[INFO] [stderr]    Compiling paste v1.0.6
[INFO] [stderr]    Compiling serde v1.0.135
[INFO] [stderr]    Compiling rand v0.4.6
[INFO] [stderr]    Compiling proc-macro-error v1.0.4
[INFO] [stderr]    Compiling num-iter v0.1.42
[INFO] [stderr]    Compiling pnet_macros_support v0.29.0
[INFO] [stderr]    Compiling pnet_sys v0.29.0
[INFO] [stderr]    Compiling atty v0.2.14
[INFO] [stderr]    Compiling unicode-width v0.1.9
[INFO] [stderr]    Compiling num-bigint v0.1.44
[INFO] [stderr]    Compiling regex v0.2.11
[INFO] [stderr]    Compiling ucd-util v0.1.8
[INFO] [stderr]    Compiling unicode-segmentation v1.8.0
[INFO] [stderr]    Compiling regex-syntax v0.5.6
[INFO] [stderr]    Compiling textwrap v0.11.0
[INFO] [stderr]    Compiling heck v0.3.3
[INFO] [stderr]    Compiling num-complex v0.1.43
[INFO] [stderr]    Compiling num-rational v0.1.42
[INFO] [stderr]    Compiling thread_local v0.3.6
[INFO] [stderr]    Compiling aho-corasick v0.6.10
[INFO] [stderr]    Compiling nom v7.1.0
[INFO] [stderr]    Compiling vec_map v0.8.2
[INFO] [stderr]    Compiling strsim v0.8.0
[INFO] [stderr]    Compiling ansi_term v0.12.1
[INFO] [stderr]    Compiling pnet v0.29.0
[INFO] [stderr]    Compiling utf8-ranges v1.0.4
[INFO] [stderr]    Compiling clap v2.34.0
[INFO] [stderr]    Compiling num v0.1.42
[INFO] [stderr]    Compiling nix v0.22.3
[INFO] [stderr]    Compiling nix v0.23.1
[INFO] [stderr]    Compiling num-traits v0.1.43
[INFO] [stderr]    Compiling ipnetwork v0.18.0
[INFO] [stderr]    Compiling humantime v2.1.0
[INFO] [stderr]    Compiling pnet_datalink v0.29.0
[INFO] [stderr]    Compiling termcolor v1.1.2
[INFO] [stderr]    Compiling thiserror-impl v1.0.30
[INFO] [stderr]    Compiling tokio-macros v1.7.0
[INFO] [stderr]    Compiling futures-macro v0.3.19
[INFO] [stderr]    Compiling pnet_macros v0.29.0
[INFO] [stderr]    Compiling tokio v1.15.0
[INFO] [stderr]    Compiling async-stream-impl v0.3.2
[INFO] [stderr]    Compiling thiserror v1.0.30
[INFO] [stderr]    Compiling netlink-packet-utils v0.5.0
[INFO] [stderr]    Compiling pnet_packet v0.29.0
[INFO] [stderr]    Compiling netlink-packet-core v0.4.1
[INFO] [stderr]    Compiling structopt-derive v0.4.18
[INFO] [stderr]    Compiling netlink-packet-route v0.10.0
[INFO] [stderr]    Compiling async-stream v0.3.2
[INFO] [stderr]    Compiling minimal-lexical v0.2.1
[INFO] [stderr]    Compiling ctrlc v3.2.1
[INFO] [stderr]    Compiling env_logger v0.9.0
[INFO] [stderr]    Compiling ipaddress v0.1.2
[INFO] [stderr]    Compiling eui48 v1.1.0
[INFO] [stderr]    Compiling structopt v0.3.25
[INFO] [stderr]    Compiling hex v0.4.3
[INFO] [stderr]    Compiling futures-executor v0.3.19
[INFO] [stderr]    Compiling futures v0.3.19
[INFO] [stderr]    Compiling netlink-sys v0.8.1
[INFO] [stderr]    Compiling tokio-stream v0.1.8
[INFO] [stderr]    Compiling pnet_transport v0.29.0
[INFO] [stderr]    Compiling netlink-proto v0.9.1
[INFO] [stderr]    Compiling rtnetlink v0.9.0
[INFO] [stderr]    Compiling tokio-test v0.4.2
[INFO] [stderr]    Compiling acton v0.1.1 (/opt/rustwide/workdir)
[INFO] [stderr]     Finished dev [unoptimized + debuginfo] target(s) in 59.94s
[INFO] [stderr] warning: the following packages contain code that will be rejected by a future version of Rust: rustc-serialize v0.3.24
[INFO] [stderr] note: to see what the problems were, use the option `--future-incompat-report`, or run `cargo report future-incompatibilities --id 1`
[INFO] running `Command { std: "docker" "inspect" "27a8bc75e6fe2207213dff7cda862fa3fa8fef3bcce8fa7fc15bd2a33ecfd0c7", kill_on_drop: false }`
[INFO] running `Command { std: "docker" "rm" "-f" "27a8bc75e6fe2207213dff7cda862fa3fa8fef3bcce8fa7fc15bd2a33ecfd0c7", kill_on_drop: false }`
[INFO] [stdout] 27a8bc75e6fe2207213dff7cda862fa3fa8fef3bcce8fa7fc15bd2a33ecfd0c7
[INFO] running `Command { std: "docker" "create" "-v" "/var/lib/crater-agent-workspace/builds/worker-4-tc2/target:/opt/rustwide/target:rw,Z" "-v" "/var/lib/crater-agent-workspace/builds/worker-4-tc2/source:/opt/rustwide/workdir:ro,Z" "-v" "/var/lib/crater-agent-workspace/cargo-home:/opt/rustwide/cargo-home:ro,Z" "-v" "/var/lib/crater-agent-workspace/rustup-home:/opt/rustwide/rustup-home:ro,Z" "-e" "SOURCE_DIR=/opt/rustwide/workdir" "-e" "CARGO_TARGET_DIR=/opt/rustwide/target" "-e" "CARGO_INCREMENTAL=0" "-e" "RUST_BACKTRACE=full" "-e" "RUSTFLAGS=--cap-lints=warn" "-e" "RUSTDOCFLAGS=--cap-lints=warn" "-e" "CARGO_HOME=/opt/rustwide/cargo-home" "-e" "RUSTUP_HOME=/opt/rustwide/rustup-home" "-w" "/opt/rustwide/workdir" "-m" "1610612736" "--user" "0:0" "--network" "none" "ghcr.io/rust-lang/crates-build-env/linux@sha256:5ff2268d62e97bff2cde7d5815dd6ed5b47097566f13b8d0ca110b04b60e07ed" "/opt/rustwide/cargo-home/bin/cargo" "+beta-2023-04-20" "test" "--frozen" "--no-run" "--message-format=json", kill_on_drop: false }`
[INFO] [stdout] 589d519da0fe44109a0a448dbc7bb31caeb628e18e69c5e1552b7e4d27c10b6e
[INFO] running `Command { std: "docker" "start" "-a" "589d519da0fe44109a0a448dbc7bb31caeb628e18e69c5e1552b7e4d27c10b6e", kill_on_drop: false }`
[INFO] [stderr]    Compiling acton v0.1.1 (/opt/rustwide/workdir)
[INFO] [stderr]     Finished test [unoptimized + debuginfo] target(s) in 3.06s
[INFO] [stderr] warning: the following packages contain code that will be rejected by a future version of Rust: rustc-serialize v0.3.24
[INFO] [stderr] note: to see what the problems were, use the option `--future-incompat-report`, or run `cargo report future-incompatibilities --id 1`
[INFO] running `Command { std: "docker" "inspect" "589d519da0fe44109a0a448dbc7bb31caeb628e18e69c5e1552b7e4d27c10b6e", kill_on_drop: false }`
[INFO] running `Command { std: "docker" "rm" "-f" "589d519da0fe44109a0a448dbc7bb31caeb628e18e69c5e1552b7e4d27c10b6e", kill_on_drop: false }`
[INFO] [stdout] 589d519da0fe44109a0a448dbc7bb31caeb628e18e69c5e1552b7e4d27c10b6e
[INFO] running `Command { std: "docker" "create" "-v" "/var/lib/crater-agent-workspace/builds/worker-4-tc2/target:/opt/rustwide/target:rw,Z" "-v" "/var/lib/crater-agent-workspace/builds/worker-4-tc2/source:/opt/rustwide/workdir:ro,Z" "-v" "/var/lib/crater-agent-workspace/cargo-home:/opt/rustwide/cargo-home:ro,Z" "-v" "/var/lib/crater-agent-workspace/rustup-home:/opt/rustwide/rustup-home:ro,Z" "-e" "SOURCE_DIR=/opt/rustwide/workdir" "-e" "CARGO_TARGET_DIR=/opt/rustwide/target" "-e" "CARGO_INCREMENTAL=0" "-e" "RUST_BACKTRACE=full" "-e" "RUSTFLAGS=--cap-lints=warn" "-e" "RUSTDOCFLAGS=--cap-lints=warn" "-e" "CARGO_HOME=/opt/rustwide/cargo-home" "-e" "RUSTUP_HOME=/opt/rustwide/rustup-home" "-w" "/opt/rustwide/workdir" "-m" "1610612736" "--user" "0:0" "--network" "none" "ghcr.io/rust-lang/crates-build-env/linux@sha256:5ff2268d62e97bff2cde7d5815dd6ed5b47097566f13b8d0ca110b04b60e07ed" "/opt/rustwide/cargo-home/bin/cargo" "+beta-2023-04-20" "test" "--frozen", kill_on_drop: false }`
[INFO] [stdout] 66113261cb230c94756825a5f2a7635bd113b94e8fc141715fb3e26c44c8776b
[INFO] running `Command { std: "docker" "start" "-a" "66113261cb230c94756825a5f2a7635bd113b94e8fc141715fb3e26c44c8776b", kill_on_drop: false }`
[INFO] [stderr]     Finished test [unoptimized + debuginfo] target(s) in 0.11s
[INFO] [stdout] 
[INFO] [stderr] warning: the following packages contain code that will be rejected by a future version of Rust: rustc-serialize v0.3.24
[INFO] [stdout] running 1 test
[INFO] [stderr] note: to see what the problems were, use the option `--future-incompat-report`, or run `cargo report future-incompatibilities --id 1`
[INFO] [stderr]      Running unittests src/lib.rs (/opt/rustwide/target/debug/deps/acton-b4604d7bed29ec41)
[INFO] [stderr] error: test failed, to rerun pass `--lib`
[INFO] [stdout] test linuxtap::tests::test_tap_rx_tx ... FAILED
[INFO] [stdout] 
[INFO] [stdout] failures:
[INFO] [stdout] 
[INFO] [stdout] ---- linuxtap::tests::test_tap_rx_tx stdout ----
[INFO] [stdout] thread 'linuxtap::tests::test_tap_rx_tx' panicked at 'fail to create tap interface: Error: Os { code: 2, kind: NotFound, message: "No such file or directory" }', src/linuxtap.rs:897:25
[INFO] [stdout] stack backtrace:
[INFO] [stdout]    0:     0x558951bcf60a - std::backtrace_rs::backtrace::libunwind::trace::h2f05d0192276a8f6
[INFO] [stdout]                                at /rustc/1b7dd2252b99671ce5d1cb9664c5f8636329436d/library/std/src/../../backtrace/src/backtrace/libunwind.rs:93:5
[INFO] [stdout]    1:     0x558951bcf60a - std::backtrace_rs::backtrace::trace_unsynchronized::hedc23dff7a1af150
[INFO] [stdout]                                at /rustc/1b7dd2252b99671ce5d1cb9664c5f8636329436d/library/std/src/../../backtrace/src/backtrace/mod.rs:66:5
[INFO] [stdout]    2:     0x558951bcf60a - std::sys_common::backtrace::_print_fmt::h17541ef7592f3ce2
[INFO] [stdout]                                at /rustc/1b7dd2252b99671ce5d1cb9664c5f8636329436d/library/std/src/sys_common/backtrace.rs:65:5
[INFO] [stdout]    3:     0x558951bcf60a - <std::sys_common::backtrace::_print::DisplayBacktrace as core::fmt::Display>::fmt::h20f75df5ab0c0792
[INFO] [stdout]                                at /rustc/1b7dd2252b99671ce5d1cb9664c5f8636329436d/library/std/src/sys_common/backtrace.rs:44:22
[INFO] [stdout]    4:     0x558951bf3daf - core::fmt::write::h78109e6f466b3af6
[INFO] [stdout]                                at /rustc/1b7dd2252b99671ce5d1cb9664c5f8636329436d/library/core/src/fmt/mod.rs:1254:17
[INFO] [stdout]    5:     0x558951bcc5e5 - std::io::Write::write_fmt::hd24bfb68a1b35a25
[INFO] [stdout]                                at /rustc/1b7dd2252b99671ce5d1cb9664c5f8636329436d/library/std/src/io/mod.rs:1698:15
[INFO] [stdout]    6:     0x558951bcf3d5 - std::sys_common::backtrace::_print::h8dac57a9f8fbf9a5
[INFO] [stdout]                                at /rustc/1b7dd2252b99671ce5d1cb9664c5f8636329436d/library/std/src/sys_common/backtrace.rs:47:5
[INFO] [stdout]    7:     0x558951bcf3d5 - std::sys_common::backtrace::print::hf9ecbf41d1aa712f
[INFO] [stdout]                                at /rustc/1b7dd2252b99671ce5d1cb9664c5f8636329436d/library/std/src/sys_common/backtrace.rs:34:9
[INFO] [stdout]    8:     0x558951bd108e - std::panicking::default_hook::{{closure}}::h04c07acfc84ca028
[INFO] [stdout]                                at /rustc/1b7dd2252b99671ce5d1cb9664c5f8636329436d/library/std/src/panicking.rs:269:22
[INFO] [stdout]    9:     0x558951bd0dc1 - std::panicking::default_hook::h01f6bb23e1eceb2c
[INFO] [stdout]                                at /rustc/1b7dd2252b99671ce5d1cb9664c5f8636329436d/library/std/src/panicking.rs:285:9
[INFO] [stdout]   10:     0x558951953c3b - <alloc::boxed::Box<F,A> as core::ops::function::Fn<Args>>::call::h87fe9f7b2fd49e4c
[INFO] [stdout]                                at /rustc/1b7dd2252b99671ce5d1cb9664c5f8636329436d/library/alloc/src/boxed.rs:1987:9
[INFO] [stdout]   11:     0x558951953c3b - test::test_main::{{closure}}::he94d679243a7531b
[INFO] [stdout]                                at /rustc/1b7dd2252b99671ce5d1cb9664c5f8636329436d/library/test/src/lib.rs:134:21
[INFO] [stdout]   12:     0x558951bd1774 - <alloc::boxed::Box<F,A> as core::ops::function::Fn<Args>>::call::h3f2d6d8b14c4769f
[INFO] [stdout]                                at /rustc/1b7dd2252b99671ce5d1cb9664c5f8636329436d/library/alloc/src/boxed.rs:1987:9
[INFO] [stdout]   13:     0x558951bd1774 - std::panicking::rust_panic_with_hook::h2bb3722bbaf2f6df
[INFO] [stdout]                                at /rustc/1b7dd2252b99671ce5d1cb9664c5f8636329436d/library/std/src/panicking.rs:695:13
[INFO] [stdout]   14:     0x558951bd14e9 - std::panicking::begin_panic_handler::{{closure}}::h91bc7f36a4be011b
[INFO] [stdout]                                at /rustc/1b7dd2252b99671ce5d1cb9664c5f8636329436d/library/std/src/panicking.rs:582:13
[INFO] [stdout]   15:     0x558951bcfa76 - std::sys_common::backtrace::__rust_end_short_backtrace::h8b3d3717114f9e59
[INFO] [stdout]                                at /rustc/1b7dd2252b99671ce5d1cb9664c5f8636329436d/library/std/src/sys_common/backtrace.rs:150:18
[INFO] [stdout]   16:     0x558951bd1242 - rust_begin_unwind
[INFO] [stdout]                                at /rustc/1b7dd2252b99671ce5d1cb9664c5f8636329436d/library/std/src/panicking.rs:578:5
[INFO] [stdout]   17:     0x5589519090e3 - core::panicking::panic_fmt::hfd368e3fbdabea26
[INFO] [stdout]                                at /rustc/1b7dd2252b99671ce5d1cb9664c5f8636329436d/library/core/src/panicking.rs:67:14
[INFO] [stdout]   18:     0x558951911469 - acton::linuxtap::tests::test_tap_rx_tx::{{closure}}::hecc56c31fc234ee6
[INFO] [stdout]                                at /opt/rustwide/workdir/src/linuxtap.rs:897:25
[INFO] [stdout]   19:     0x558951910124 - tokio::park::thread::CachedParkThread::block_on::{{closure}}::hd06d83af554b2979
[INFO] [stdout]                                at /opt/rustwide/cargo-home/registry/src/index.crates.io-6f17d22bba15001f/tokio-1.15.0/src/park/thread.rs:263:54
[INFO] [stdout]   20:     0x558951918f40 - tokio::coop::with_budget::{{closure}}::he46990b29c5b5f3d
[INFO] [stdout]                                at /opt/rustwide/cargo-home/registry/src/index.crates.io-6f17d22bba15001f/tokio-1.15.0/src/coop.rs:102:9
[INFO] [stdout]   21:     0x5589519181f9 - std::thread::local::LocalKey<T>::try_with::h25ecde6dae286e2f
[INFO] [stdout]                                at /rustc/1b7dd2252b99671ce5d1cb9664c5f8636329436d/library/std/src/thread/local.rs:252:16
[INFO] [stdout]   22:     0x558951917cea - std::thread::local::LocalKey<T>::with::h2f44625ae0a789bd
[INFO] [stdout]                                at /rustc/1b7dd2252b99671ce5d1cb9664c5f8636329436d/library/std/src/thread/local.rs:228:9
[INFO] [stdout]   23:     0x55895190fb3c - tokio::coop::with_budget::ha47d5e20068c52eb
[INFO] [stdout]                                at /opt/rustwide/cargo-home/registry/src/index.crates.io-6f17d22bba15001f/tokio-1.15.0/src/coop.rs:95:5
[INFO] [stdout]   24:     0x55895190fb3c - tokio::coop::budget::ha53ac3f830cbf8d3
[INFO] [stdout]                                at /opt/rustwide/cargo-home/registry/src/index.crates.io-6f17d22bba15001f/tokio-1.15.0/src/coop.rs:72:5
[INFO] [stdout]   25:     0x55895190fb3c - tokio::park::thread::CachedParkThread::block_on::h3eb63aa924b04a7a
[INFO] [stdout]                                at /opt/rustwide/cargo-home/registry/src/index.crates.io-6f17d22bba15001f/tokio-1.15.0/src/park/thread.rs:263:31
[INFO] [stdout]   26:     0x558951916e63 - tokio::runtime::enter::Enter::block_on::h6b137acefaf2abfd
[INFO] [stdout]                                at /opt/rustwide/cargo-home/registry/src/index.crates.io-6f17d22bba15001f/tokio-1.15.0/src/runtime/enter.rs:151:13
[INFO] [stdout]   27:     0x55895191ff5f - tokio::runtime::thread_pool::ThreadPool::block_on::h5b03c415e3b33341
[INFO] [stdout]                                at /opt/rustwide/cargo-home/registry/src/index.crates.io-6f17d22bba15001f/tokio-1.15.0/src/runtime/thread_pool/mod.rs:77:9
[INFO] [stdout]   28:     0x558951912959 - tokio::runtime::Runtime::block_on::hcb537269c50705d9
[INFO] [stdout]                                at /opt/rustwide/cargo-home/registry/src/index.crates.io-6f17d22bba15001f/tokio-1.15.0/src/runtime/mod.rs:463:43
[INFO] [stdout]   29:     0x5589519105b8 - acton::linuxtap::tests::test_tap_rx_tx::h0c21756813280785
[INFO] [stdout]                                at /opt/rustwide/workdir/src/linuxtap.rs:851:17
[INFO] [stdout]   30:     0x558951910537 - acton::linuxtap::tests::test_tap_rx_tx::{{closure}}::h46cb7d3d8748c646
[INFO] [stdout]                                at /opt/rustwide/workdir/src/linuxtap.rs:848:25
[INFO] [stdout]   31:     0x558951919525 - core::ops::function::FnOnce::call_once::h56c6000ab20c34bc
[INFO] [stdout]                                at /rustc/1b7dd2252b99671ce5d1cb9664c5f8636329436d/library/core/src/ops/function.rs:250:5
[INFO] [stdout]   32:     0x558951958b0f - core::ops::function::FnOnce::call_once::ha6a70e79f7481a7e
[INFO] [stdout]                                at /rustc/1b7dd2252b99671ce5d1cb9664c5f8636329436d/library/core/src/ops/function.rs:250:5
[INFO] [stdout]   33:     0x558951958b0f - test::__rust_begin_short_backtrace::hce33033019b61e69
[INFO] [stdout]                                at /rustc/1b7dd2252b99671ce5d1cb9664c5f8636329436d/library/test/src/lib.rs:655:18
[INFO] [stdout]   34:     0x5589519262fc - test::run_test::{{closure}}::h858d3528838ae3e5
[INFO] [stdout]                                at /rustc/1b7dd2252b99671ce5d1cb9664c5f8636329436d/library/test/src/lib.rs:646:30
[INFO] [stdout]   35:     0x5589519262fc - core::ops::function::FnOnce::call_once{{vtable.shim}}::he8ac2b00f01ae79e
[INFO] [stdout]                                at /rustc/1b7dd2252b99671ce5d1cb9664c5f8636329436d/library/core/src/ops/function.rs:250:5
[INFO] [stdout]   36:     0x558951957be6 - <alloc::boxed::Box<F,A> as core::ops::function::FnOnce<Args>>::call_once::h8093d25b522725ef
[INFO] [stdout]                                at /rustc/1b7dd2252b99671ce5d1cb9664c5f8636329436d/library/alloc/src/boxed.rs:1973:9
[INFO] [stdout]   37:     0x558951957be6 - <core::panic::unwind_safe::AssertUnwindSafe<F> as core::ops::function::FnOnce<()>>::call_once::h5c334c204e4a3913
[INFO] [stdout]                                at /rustc/1b7dd2252b99671ce5d1cb9664c5f8636329436d/library/core/src/panic/unwind_safe.rs:271:9
[INFO] [stdout]   38:     0x558951957be6 - std::panicking::try::do_call::ha8b740c7b9478074
[INFO] [stdout]                                at /rustc/1b7dd2252b99671ce5d1cb9664c5f8636329436d/library/std/src/panicking.rs:485:40
[INFO] [stdout]   39:     0x558951957be6 - std::panicking::try::h5d34f63d0e41b64e
[INFO] [stdout]                                at /rustc/1b7dd2252b99671ce5d1cb9664c5f8636329436d/library/std/src/panicking.rs:449:19
[INFO] [stdout]   40:     0x558951957be6 - std::panic::catch_unwind::hcfbb511e1aa7fc67
[INFO] [stdout]                                at /rustc/1b7dd2252b99671ce5d1cb9664c5f8636329436d/library/std/src/panic.rs:140:14
[INFO] [stdout]   41:     0x558951957be6 - test::run_test_in_process::h9abda90f802eaf21
[INFO] [stdout]                                at /rustc/1b7dd2252b99671ce5d1cb9664c5f8636329436d/library/test/src/lib.rs:678:27
[INFO] [stdout]   42:     0x558951957be6 - test::run_test::run_test_inner::{{closure}}::h0f058de91f6c6edf
[INFO] [stdout]                                at /rustc/1b7dd2252b99671ce5d1cb9664c5f8636329436d/library/test/src/lib.rs:572:39
[INFO] [stdout]   43:     0x558951920b05 - test::run_test::run_test_inner::{{closure}}::h5ca48a4c59c6c1fb
[INFO] [stdout]                                at /rustc/1b7dd2252b99671ce5d1cb9664c5f8636329436d/library/test/src/lib.rs:599:37
[INFO] [stdout]   44:     0x558951920b05 - std::sys_common::backtrace::__rust_begin_short_backtrace::h32bd51e1495d4a33
[INFO] [stdout]                                at /rustc/1b7dd2252b99671ce5d1cb9664c5f8636329436d/library/std/src/sys_common/backtrace.rs:134:18
[INFO] [stdout]   45:     0x558951926041 - std::thread::Builder::spawn_unchecked_::{{closure}}::{{closure}}::hc086fae9b128b2db
[INFO] [stdout]                                at /rustc/1b7dd2252b99671ce5d1cb9664c5f8636329436d/library/std/src/thread/mod.rs:526:17
[INFO] [stdout]   46:     0x558951926041 - <core::panic::unwind_safe::AssertUnwindSafe<F> as core::ops::function::FnOnce<()>>::call_once::hb66571888d270d43
[INFO] [stdout]                                at /rustc/1b7dd2252b99671ce5d1cb9664c5f8636329436d/library/core/src/panic/unwind_safe.rs:271:9
[INFO] [stdout]   47:     0x558951926041 - std::panicking::try::do_call::h4fa2ef4f6e51fecf
[INFO] [stdout]                                at /rustc/1b7dd2252b99671ce5d1cb9664c5f8636329436d/library/std/src/panicking.rs:485:40
[INFO] [stdout]   48:     0x558951926041 - std::panicking::try::h1e9e22b8584489b5
[INFO] [stdout]                                at /rustc/1b7dd2252b99671ce5d1cb9664c5f8636329436d/library/std/src/panicking.rs:449:19
[INFO] [stdout]   49:     0x558951926041 - std::panic::catch_unwind::h44698a3de0e0769e
[INFO] [stdout]                                at /rustc/1b7dd2252b99671ce5d1cb9664c5f8636329436d/library/std/src/panic.rs:140:14
[INFO] [stdout]   50:     0x558951926041 - std::thread::Builder::spawn_unchecked_::{{closure}}::h50153abde3fe239e
[INFO] [stdout]                                at /rustc/1b7dd2252b99671ce5d1cb9664c5f8636329436d/library/std/src/thread/mod.rs:525:30
[INFO] [stdout]   51:     0x558951926041 - core::ops::function::FnOnce::call_once{{vtable.shim}}::hbe5bbf6f38394364
[INFO] [stdout]                                at /rustc/1b7dd2252b99671ce5d1cb9664c5f8636329436d/library/core/src/ops/function.rs:250:5
[INFO] [stdout]   52:     0x558951bd5d55 - <alloc::boxed::Box<F,A> as core::ops::function::FnOnce<Args>>::call_once::h0d83cb2920a49046
[INFO] [stdout]                                at /rustc/1b7dd2252b99671ce5d1cb9664c5f8636329436d/library/alloc/src/boxed.rs:1973:9
[INFO] [stdout]   53:     0x558951bd5d55 - <alloc::boxed::Box<F,A> as core::ops::function::FnOnce<Args>>::call_once::hbe0a008aa7d9ef59
[INFO] [stdout]                                at /rustc/1b7dd2252b99671ce5d1cb9664c5f8636329436d/library/alloc/src/boxed.rs:1973:9
[INFO] [stdout]   54:     0x558951bd5d55 - std::sys::unix::thread::Thread::new::thread_start::h3a466996bdf6b1f9
[INFO] [stdout]                                at /rustc/1b7dd2252b99671ce5d1cb9664c5f8636329436d/library/std/src/sys/unix/thread.rs:108:17
[INFO] [stdout]   55:     0x7f1e3c5abb43 - <unknown>
[INFO] [stdout]   56:     0x7f1e3c63cbb4 - __clone
[INFO] [stdout]   57:                0x0 - <unknown>
[INFO] [stdout] 
[INFO] [stdout] 
[INFO] [stdout] failures:
[INFO] [stdout]     linuxtap::tests::test_tap_rx_tx
[INFO] [stdout] 
[INFO] [stdout] test result: FAILED. 0 passed; 1 failed; 0 ignored; 0 measured; 0 filtered out; finished in 0.04s
[INFO] [stdout] 
[INFO] running `Command { std: "docker" "inspect" "66113261cb230c94756825a5f2a7635bd113b94e8fc141715fb3e26c44c8776b", kill_on_drop: false }`
[INFO] running `Command { std: "docker" "rm" "-f" "66113261cb230c94756825a5f2a7635bd113b94e8fc141715fb3e26c44c8776b", kill_on_drop: false }`
[INFO] [stdout] 66113261cb230c94756825a5f2a7635bd113b94e8fc141715fb3e26c44c8776b
