[INFO] fetching crate actix-telegram-derive 0.2.2...
[INFO] testing actix-telegram-derive-0.2.2 against 1.69.0 for beta-1.70-1
[INFO] extracting crate actix-telegram-derive 0.2.2 into /workspace/builds/worker-1-tc1/source
[INFO] validating manifest of crates.io crate actix-telegram-derive 0.2.2 on toolchain 1.69.0
[INFO] running `Command { std: CARGO_HOME="/workspace/cargo-home" RUSTUP_HOME="/workspace/rustup-home" "/workspace/cargo-home/bin/cargo" "+1.69.0" "metadata" "--manifest-path" "Cargo.toml" "--no-deps", kill_on_drop: false }`
[INFO] started tweaking crates.io crate actix-telegram-derive 0.2.2
[INFO] finished tweaking crates.io crate actix-telegram-derive 0.2.2
[INFO] tweaked toml for crates.io crate actix-telegram-derive 0.2.2 written to /workspace/builds/worker-1-tc1/source/Cargo.toml
[INFO] running `Command { std: CARGO_HOME="/workspace/cargo-home" RUSTUP_HOME="/workspace/rustup-home" __CARGO_TEST_CHANNEL_OVERRIDE_DO_NOT_USE_THIS="nightly" "/workspace/cargo-home/bin/cargo" "+1.69.0" "generate-lockfile" "--manifest-path" "Cargo.toml" "-Zno-index-update", kill_on_drop: false }`
[INFO] running `Command { std: CARGO_HOME="/workspace/cargo-home" RUSTUP_HOME="/workspace/rustup-home" "/workspace/cargo-home/bin/cargo" "+1.69.0" "fetch" "--manifest-path" "Cargo.toml", kill_on_drop: false }`
[INFO] running `Command { std: "docker" "create" "-v" "/var/lib/crater-agent-workspace/builds/worker-1-tc1/target:/opt/rustwide/target:rw,Z" "-v" "/var/lib/crater-agent-workspace/builds/worker-1-tc1/source:/opt/rustwide/workdir:ro,Z" "-v" "/var/lib/crater-agent-workspace/cargo-home:/opt/rustwide/cargo-home:ro,Z" "-v" "/var/lib/crater-agent-workspace/rustup-home:/opt/rustwide/rustup-home:ro,Z" "-e" "SOURCE_DIR=/opt/rustwide/workdir" "-e" "CARGO_TARGET_DIR=/opt/rustwide/target" "-e" "CARGO_HOME=/opt/rustwide/cargo-home" "-e" "RUSTUP_HOME=/opt/rustwide/rustup-home" "-w" "/opt/rustwide/workdir" "-m" "1610612736" "--user" "0:0" "--network" "none" "ghcr.io/rust-lang/crates-build-env/linux@sha256:5ff2268d62e97bff2cde7d5815dd6ed5b47097566f13b8d0ca110b04b60e07ed" "/opt/rustwide/cargo-home/bin/cargo" "+1.69.0" "metadata" "--no-deps" "--format-version=1", kill_on_drop: false }`
[INFO] [stdout] a2045b92b404faa838acc52bd7e423fb1b60d8bb9154648bdefc2a7484cf524f
[INFO] running `Command { std: "docker" "start" "-a" "a2045b92b404faa838acc52bd7e423fb1b60d8bb9154648bdefc2a7484cf524f", kill_on_drop: false }`
[INFO] running `Command { std: "docker" "inspect" "a2045b92b404faa838acc52bd7e423fb1b60d8bb9154648bdefc2a7484cf524f", kill_on_drop: false }`
[INFO] running `Command { std: "docker" "rm" "-f" "a2045b92b404faa838acc52bd7e423fb1b60d8bb9154648bdefc2a7484cf524f", kill_on_drop: false }`
[INFO] [stdout] a2045b92b404faa838acc52bd7e423fb1b60d8bb9154648bdefc2a7484cf524f
[INFO] running `Command { std: "docker" "create" "-v" "/var/lib/crater-agent-workspace/builds/worker-1-tc1/target:/opt/rustwide/target:rw,Z" "-v" "/var/lib/crater-agent-workspace/builds/worker-1-tc1/source:/opt/rustwide/workdir:ro,Z" "-v" "/var/lib/crater-agent-workspace/cargo-home:/opt/rustwide/cargo-home:ro,Z" "-v" "/var/lib/crater-agent-workspace/rustup-home:/opt/rustwide/rustup-home:ro,Z" "-e" "SOURCE_DIR=/opt/rustwide/workdir" "-e" "CARGO_TARGET_DIR=/opt/rustwide/target" "-e" "CARGO_INCREMENTAL=0" "-e" "RUST_BACKTRACE=full" "-e" "RUSTFLAGS=--cap-lints=warn" "-e" "RUSTDOCFLAGS=--cap-lints=warn" "-e" "CARGO_HOME=/opt/rustwide/cargo-home" "-e" "RUSTUP_HOME=/opt/rustwide/rustup-home" "-w" "/opt/rustwide/workdir" "-m" "1610612736" "--user" "0:0" "--network" "none" "ghcr.io/rust-lang/crates-build-env/linux@sha256:5ff2268d62e97bff2cde7d5815dd6ed5b47097566f13b8d0ca110b04b60e07ed" "/opt/rustwide/cargo-home/bin/cargo" "+1.69.0" "build" "--frozen" "--message-format=json", kill_on_drop: false }`
[INFO] [stdout] fb839cf8857854bebddbc10009f9bc16bad9032e06979dd8fb5e843ebdd71830
[INFO] running `Command { std: "docker" "start" "-a" "fb839cf8857854bebddbc10009f9bc16bad9032e06979dd8fb5e843ebdd71830", kill_on_drop: false }`
[INFO] [stderr]    Compiling proc-macro2 v0.4.30
[INFO] [stderr]    Compiling unicode-xid v0.1.0
[INFO] [stderr]    Compiling syn v0.15.44
[INFO] [stderr]    Compiling quote v0.6.13
[INFO] [stderr]    Compiling actix-telegram-derive v0.2.2 (/opt/rustwide/workdir)
[INFO] [stdout] warning: trait objects without an explicit `dyn` are deprecated
[INFO] [stdout]    --> src/lib.rs:327:51
[INFO] [stdout]     |
[INFO] [stdout] 327 | fn file_fields(fields: FieldsNamed) -> Option<Box<ToTokens>> {
[INFO] [stdout]     |                                                   ^^^^^^^^
[INFO] [stdout]     |
[INFO] [stdout]     = warning: this is accepted in the current edition (Rust 2015) but is a hard error in Rust 2021!
[INFO] [stdout]     = note: for more information, see <https://doc.rust-lang.org/nightly/edition-guide/rust-2021/warnings-promoted-to-error.html>
[INFO] [stdout]     = note: `#[warn(bare_trait_objects)]` on by default
[INFO] [stdout] help: use `dyn`
[INFO] [stdout]     |
[INFO] [stdout] 327 | fn file_fields(fields: FieldsNamed) -> Option<Box<dyn ToTokens>> {
[INFO] [stdout]     |                                                   +++
[INFO] [stdout] 
[INFO] [stdout] 
[INFO] [stdout] warning: trait objects without an explicit `dyn` are deprecated
[INFO] [stdout]    --> src/lib.rs:227:33
[INFO] [stdout]     |
[INFO] [stdout] 227 |     let file_fields: Option<Box<ToTokens>> = match struct_name.to_string().as_str() {
[INFO] [stdout]     |                                 ^^^^^^^^
[INFO] [stdout]     |
[INFO] [stdout]     = warning: this is accepted in the current edition (Rust 2015) but is a hard error in Rust 2021!
[INFO] [stdout]     = note: for more information, see <https://doc.rust-lang.org/nightly/edition-guide/rust-2021/warnings-promoted-to-error.html>
[INFO] [stdout] help: use `dyn`
[INFO] [stdout]     |
[INFO] [stdout] 227 |     let file_fields: Option<Box<dyn ToTokens>> = match struct_name.to_string().as_str() {
[INFO] [stdout]     |                                 +++
[INFO] [stdout] 
[INFO] [stdout] 
[INFO] [stdout] warning: 2 warnings emitted
[INFO] [stdout] 
[INFO] [stdout] 
[INFO] [stderr]     Finished dev [unoptimized + debuginfo] target(s) in 5.87s
[INFO] running `Command { std: "docker" "inspect" "fb839cf8857854bebddbc10009f9bc16bad9032e06979dd8fb5e843ebdd71830", kill_on_drop: false }`
[INFO] running `Command { std: "docker" "rm" "-f" "fb839cf8857854bebddbc10009f9bc16bad9032e06979dd8fb5e843ebdd71830", kill_on_drop: false }`
[INFO] [stdout] fb839cf8857854bebddbc10009f9bc16bad9032e06979dd8fb5e843ebdd71830
[INFO] running `Command { std: "docker" "create" "-v" "/var/lib/crater-agent-workspace/builds/worker-1-tc1/target:/opt/rustwide/target:rw,Z" "-v" "/var/lib/crater-agent-workspace/builds/worker-1-tc1/source:/opt/rustwide/workdir:ro,Z" "-v" "/var/lib/crater-agent-workspace/cargo-home:/opt/rustwide/cargo-home:ro,Z" "-v" "/var/lib/crater-agent-workspace/rustup-home:/opt/rustwide/rustup-home:ro,Z" "-e" "SOURCE_DIR=/opt/rustwide/workdir" "-e" "CARGO_TARGET_DIR=/opt/rustwide/target" "-e" "CARGO_INCREMENTAL=0" "-e" "RUST_BACKTRACE=full" "-e" "RUSTFLAGS=--cap-lints=warn" "-e" "RUSTDOCFLAGS=--cap-lints=warn" "-e" "CARGO_HOME=/opt/rustwide/cargo-home" "-e" "RUSTUP_HOME=/opt/rustwide/rustup-home" "-w" "/opt/rustwide/workdir" "-m" "1610612736" "--user" "0:0" "--network" "none" "ghcr.io/rust-lang/crates-build-env/linux@sha256:5ff2268d62e97bff2cde7d5815dd6ed5b47097566f13b8d0ca110b04b60e07ed" "/opt/rustwide/cargo-home/bin/cargo" "+1.69.0" "test" "--frozen" "--no-run" "--message-format=json", kill_on_drop: false }`
[INFO] [stdout] 157bfced27f72bc998502ddcda32738d093f8d9c6d3279a5e8888b232d086c9f
[INFO] running `Command { std: "docker" "start" "-a" "157bfced27f72bc998502ddcda32738d093f8d9c6d3279a5e8888b232d086c9f", kill_on_drop: false }`
[INFO] [stderr]    Compiling actix-telegram-derive v0.2.2 (/opt/rustwide/workdir)
[INFO] [stdout] warning: trait objects without an explicit `dyn` are deprecated
[INFO] [stdout]    --> src/lib.rs:327:51
[INFO] [stdout]     |
[INFO] [stdout] 327 | fn file_fields(fields: FieldsNamed) -> Option<Box<ToTokens>> {
[INFO] [stdout]     |                                                   ^^^^^^^^
[INFO] [stdout]     |
[INFO] [stdout]     = warning: this is accepted in the current edition (Rust 2015) but is a hard error in Rust 2021!
[INFO] [stdout]     = note: for more information, see <https://doc.rust-lang.org/nightly/edition-guide/rust-2021/warnings-promoted-to-error.html>
[INFO] [stdout]     = note: `#[warn(bare_trait_objects)]` on by default
[INFO] [stdout] help: use `dyn`
[INFO] [stdout]     |
[INFO] [stdout] 327 | fn file_fields(fields: FieldsNamed) -> Option<Box<dyn ToTokens>> {
[INFO] [stdout]     |                                                   +++
[INFO] [stdout] 
[INFO] [stdout] 
[INFO] [stdout] warning: trait objects without an explicit `dyn` are deprecated
[INFO] [stdout]    --> src/lib.rs:327:51
[INFO] [stdout]     |
[INFO] [stdout] 327 | fn file_fields(fields: FieldsNamed) -> Option<Box<ToTokens>> {
[INFO] [stdout]     |                                                   ^^^^^^^^
[INFO] [stdout]     |
[INFO] [stdout]     = warning: this is accepted in the current edition (Rust 2015) but is a hard error in Rust 2021!
[INFO] [stdout]     = note: for more information, see <https://doc.rust-lang.org/nightly/edition-guide/rust-2021/warnings-promoted-to-error.html>
[INFO] [stdout]     = note: `#[warn(bare_trait_objects)]` on by default
[INFO] [stdout] help: use `dyn`
[INFO] [stdout]     |
[INFO] [stdout] 327 | fn file_fields(fields: FieldsNamed) -> Option<Box<dyn ToTokens>> {
[INFO] [stdout]     |                                                   +++
[INFO] [stdout] 
[INFO] [stdout] 
[INFO] [stdout] warning: trait objects without an explicit `dyn` are deprecated
[INFO] [stdout]    --> src/lib.rs:227:33
[INFO] [stdout]     |
[INFO] [stdout] 227 |     let file_fields: Option<Box<ToTokens>> = match struct_name.to_string().as_str() {
[INFO] [stdout]     |                                 ^^^^^^^^
[INFO] [stdout]     |
[INFO] [stdout]     = warning: this is accepted in the current edition (Rust 2015) but is a hard error in Rust 2021!
[INFO] [stdout]     = note: for more information, see <https://doc.rust-lang.org/nightly/edition-guide/rust-2021/warnings-promoted-to-error.html>
[INFO] [stdout] help: use `dyn`
[INFO] [stdout]     |
[INFO] [stdout] 227 |     let file_fields: Option<Box<dyn ToTokens>> = match struct_name.to_string().as_str() {
[INFO] [stdout]     |                                 +++
[INFO] [stdout] 
[INFO] [stdout] 
[INFO] [stdout] warning: trait objects without an explicit `dyn` are deprecated
[INFO] [stdout]    --> src/lib.rs:227:33
[INFO] [stdout]     |
[INFO] [stdout] 227 |     let file_fields: Option<Box<ToTokens>> = match struct_name.to_string().as_str() {
[INFO] [stdout]     |                                 ^^^^^^^^
[INFO] [stdout]     |
[INFO] [stdout]     = warning: this is accepted in the current edition (Rust 2015) but is a hard error in Rust 2021!
[INFO] [stdout]     = note: for more information, see <https://doc.rust-lang.org/nightly/edition-guide/rust-2021/warnings-promoted-to-error.html>
[INFO] [stdout] help: use `dyn`
[INFO] [stdout]     |
[INFO] [stdout] 227 |     let file_fields: Option<Box<dyn ToTokens>> = match struct_name.to_string().as_str() {
[INFO] [stdout]     |                                 +++
[INFO] [stdout] 
[INFO] [stdout] 
[INFO] [stdout] warning: 2 warnings emitted
[INFO] [stdout] 
[INFO] [stdout] 
[INFO] [stdout] warning: 2 warnings emitted
[INFO] [stdout] 
[INFO] [stdout] 
[INFO] [stderr]     Finished test [unoptimized + debuginfo] target(s) in 1.57s
[INFO] running `Command { std: "docker" "inspect" "157bfced27f72bc998502ddcda32738d093f8d9c6d3279a5e8888b232d086c9f", kill_on_drop: false }`
[INFO] running `Command { std: "docker" "rm" "-f" "157bfced27f72bc998502ddcda32738d093f8d9c6d3279a5e8888b232d086c9f", kill_on_drop: false }`
[INFO] [stdout] 157bfced27f72bc998502ddcda32738d093f8d9c6d3279a5e8888b232d086c9f
[INFO] running `Command { std: "docker" "create" "-v" "/var/lib/crater-agent-workspace/builds/worker-1-tc1/target:/opt/rustwide/target:rw,Z" "-v" "/var/lib/crater-agent-workspace/builds/worker-1-tc1/source:/opt/rustwide/workdir:ro,Z" "-v" "/var/lib/crater-agent-workspace/cargo-home:/opt/rustwide/cargo-home:ro,Z" "-v" "/var/lib/crater-agent-workspace/rustup-home:/opt/rustwide/rustup-home:ro,Z" "-e" "SOURCE_DIR=/opt/rustwide/workdir" "-e" "CARGO_TARGET_DIR=/opt/rustwide/target" "-e" "CARGO_INCREMENTAL=0" "-e" "RUST_BACKTRACE=full" "-e" "RUSTFLAGS=--cap-lints=warn" "-e" "RUSTDOCFLAGS=--cap-lints=warn" "-e" "CARGO_HOME=/opt/rustwide/cargo-home" "-e" "RUSTUP_HOME=/opt/rustwide/rustup-home" "-w" "/opt/rustwide/workdir" "-m" "1610612736" "--user" "0:0" "--network" "none" "ghcr.io/rust-lang/crates-build-env/linux@sha256:5ff2268d62e97bff2cde7d5815dd6ed5b47097566f13b8d0ca110b04b60e07ed" "/opt/rustwide/cargo-home/bin/cargo" "+1.69.0" "test" "--frozen", kill_on_drop: false }`
[INFO] [stdout] d54be9cdee1b2dbf3904e9440180226904b8c140567dc0c8e765e01a147bde9d
[INFO] running `Command { std: "docker" "start" "-a" "d54be9cdee1b2dbf3904e9440180226904b8c140567dc0c8e765e01a147bde9d", kill_on_drop: false }`
[INFO] [stderr] warning: trait objects without an explicit `dyn` are deprecated
[INFO] [stderr]    --> src/lib.rs:327:51
[INFO] [stderr]     |
[INFO] [stderr] 327 | fn file_fields(fields: FieldsNamed) -> Option<Box<ToTokens>> {
[INFO] [stderr]     |                                                   ^^^^^^^^
[INFO] [stderr]     |
[INFO] [stderr]     = warning: this is accepted in the current edition (Rust 2015) but is a hard error in Rust 2021!
[INFO] [stderr]     = note: for more information, see <https://doc.rust-lang.org/nightly/edition-guide/rust-2021/warnings-promoted-to-error.html>
[INFO] [stderr]     = note: `#[warn(bare_trait_objects)]` on by default
[INFO] [stderr] help: use `dyn`
[INFO] [stderr]     |
[INFO] [stderr] 327 | fn file_fields(fields: FieldsNamed) -> Option<Box<dyn ToTokens>> {
[INFO] [stderr]     |                                                   +++
[INFO] [stderr] 
[INFO] [stderr] warning: trait objects without an explicit `dyn` are deprecated
[INFO] [stderr]    --> src/lib.rs:227:33
[INFO] [stderr]     |
[INFO] [stderr] 227 |     let file_fields: Option<Box<ToTokens>> = match struct_name.to_string().as_str() {
[INFO] [stderr]     |                                 ^^^^^^^^
[INFO] [stderr]     |
[INFO] [stderr]     = warning: this is accepted in the current edition (Rust 2015) but is a hard error in Rust 2021!
[INFO] [stderr]     = note: for more information, see <https://doc.rust-lang.org/nightly/edition-guide/rust-2021/warnings-promoted-to-error.html>
[INFO] [stderr] help: use `dyn`
[INFO] [stderr]     |
[INFO] [stderr] 227 |     let file_fields: Option<Box<dyn ToTokens>> = match struct_name.to_string().as_str() {
[INFO] [stderr]     |                                 +++
[INFO] [stderr] 
[INFO] [stderr] warning: `actix-telegram-derive` (lib) generated 2 warnings (run `cargo fix --lib -p actix-telegram-derive` to apply 2 suggestions)
[INFO] [stderr] warning: `actix-telegram-derive` (lib test) generated 2 warnings (2 duplicates)
[INFO] [stderr]     Finished test [unoptimized + debuginfo] target(s) in 0.01s
[INFO] [stderr]      Running unittests src/lib.rs (/opt/rustwide/target/debug/deps/actix_telegram_derive-4175e432b0cb181e)
[INFO] [stderr]    Doc-tests actix-telegram-derive
[INFO] [stdout] 
[INFO] [stdout] running 0 tests
[INFO] [stdout] 
[INFO] [stdout] test result: ok. 0 passed; 0 failed; 0 ignored; 0 measured; 0 filtered out; finished in 0.00s
[INFO] [stdout] 
[INFO] [stdout] 
[INFO] [stdout] running 2 tests
[INFO] [stdout] test src/lib.rs - (line 50) - compile fail ... ok
[INFO] [stderr] error: doctest failed, to rerun pass `--doc`
[INFO] [stdout] test src/lib.rs - (line 9) ... FAILED
[INFO] [stdout] 
[INFO] [stdout] failures:
[INFO] [stdout] 
[INFO] [stdout] ---- src/lib.rs - (line 9) stdout ----
[INFO] [stdout] error[E0463]: can't find crate for `getset`
[INFO] [stdout]  --> src/lib.rs:11:1
[INFO] [stdout]   |
[INFO] [stdout] 3 | extern crate getset;
[INFO] [stdout]   | ^^^^^^^^^^^^^^^^^^^^ can't find crate
[INFO] [stdout] 
[INFO] [stdout] error: cannot find derive macro `Getters` in this scope
[INFO] [stdout]  --> src/lib.rs:13:10
[INFO] [stdout]   |
[INFO] [stdout] 5 | #[derive(Getters, Setters, New, Default)]
[INFO] [stdout]   |          ^^^^^^^
[INFO] [stdout] 
[INFO] [stdout] error: cannot find derive macro `Setters` in this scope
[INFO] [stdout]  --> src/lib.rs:13:19
[INFO] [stdout]   |
[INFO] [stdout] 5 | #[derive(Getters, Setters, New, Default)]
[INFO] [stdout]   |                   ^^^^^^^
[INFO] [stdout] 
[INFO] [stdout] error: cannot find derive macro `New` in this scope
[INFO] [stdout]  --> src/lib.rs:13:28
[INFO] [stdout]   |
[INFO] [stdout] 5 | #[derive(Getters, Setters, New, Default)]
[INFO] [stdout]   |                            ^^^
[INFO] [stdout] 
[INFO] [stdout] error: cannot find attribute `get` in this scope
[INFO] [stdout]  --> src/lib.rs:14:3
[INFO] [stdout]   |
[INFO] [stdout] 6 | #[get(vis = "pub")]
[INFO] [stdout]   |   ^^^
[INFO] [stdout] 
[INFO] [stdout] error: cannot find attribute `get` in this scope
[INFO] [stdout]  --> src/lib.rs:15:3
[INFO] [stdout]   |
[INFO] [stdout] 7 | #[get(vis = "pub", mutable)]
[INFO] [stdout]   |   ^^^
[INFO] [stdout] 
[INFO] [stdout] error: cannot find attribute `set` in this scope
[INFO] [stdout]  --> src/lib.rs:16:3
[INFO] [stdout]   |
[INFO] [stdout] 8 | #[set(vis = "pub", consume)]
[INFO] [stdout]   |   ^^^
[INFO] [stdout] 
[INFO] [stdout] error: cannot find attribute `set` in this scope
[INFO] [stdout]  --> src/lib.rs:17:3
[INFO] [stdout]   |
[INFO] [stdout] 9 | #[set(vis = "pub")]
[INFO] [stdout]   |   ^^^
[INFO] [stdout] 
[INFO] [stdout] error: cannot find attribute `new` in this scope
[INFO] [stdout]   --> src/lib.rs:18:3
[INFO] [stdout]    |
[INFO] [stdout] 10 | #[new(vis = "pub")]
[INFO] [stdout]    |   ^^^
[INFO] [stdout] 
[INFO] [stdout] error: cannot find attribute `get` in this scope
[INFO] [stdout]   --> src/lib.rs:22:7
[INFO] [stdout]    |
[INFO] [stdout] 14 |     #[get(copy)] #[get(mutable)] #[set]
[INFO] [stdout]    |       ^^^
[INFO] [stdout] 
[INFO] [stdout] error: cannot find attribute `get` in this scope
[INFO] [stdout]   --> src/lib.rs:22:20
[INFO] [stdout]    |
[INFO] [stdout] 14 |     #[get(copy)] #[get(mutable)] #[set]
[INFO] [stdout]    |                    ^^^
[INFO] [stdout] 
[INFO] [stdout] error: cannot find attribute `set` in this scope
[INFO] [stdout]   --> src/lib.rs:22:36
[INFO] [stdout]    |
[INFO] [stdout] 14 |     #[get(copy)] #[get(mutable)] #[set]
[INFO] [stdout]    |                                    ^^^
[INFO] [stdout] 
[INFO] [stdout] error: cannot find attribute `set` in this scope
[INFO] [stdout]   --> src/lib.rs:29:7
[INFO] [stdout]    |
[INFO] [stdout] 21 |     #[set(optional)]
[INFO] [stdout]    |       ^^^
[INFO] [stdout] 
[INFO] [stdout] error[E0599]: no function or associated item named `new` found for struct `Foo` in the current scope
[INFO] [stdout]   --> src/lib.rs:34:34
[INFO] [stdout]    |
[INFO] [stdout] 11 | pub struct Foo<T> where T: Copy + Clone + Default {
[INFO] [stdout]    | ----------------- function or associated item `new` not found for this struct
[INFO] [stdout] ...
[INFO] [stdout] 26 |     let mut foo: Foo<i64> = Foo::new(1).consume_set_public(3);
[INFO] [stdout]    |                                  ^^^ function or associated item not found in `Foo<_>`
[INFO] [stdout] 
[INFO] [stdout] error: aborting due to 14 previous errors
[INFO] [stdout] 
[INFO] [stdout] Some errors have detailed explanations: E0463, E0599.
[INFO] [stdout] For more information about an error, try `rustc --explain E0463`.
[INFO] [stdout] Couldn't compile the test.
[INFO] [stdout] 
[INFO] [stdout] failures:
[INFO] [stdout]     src/lib.rs - (line 9)
[INFO] [stdout] 
[INFO] [stdout] test result: FAILED. 1 passed; 1 failed; 0 ignored; 0 measured; 0 filtered out; finished in 0.14s
[INFO] [stdout] 
[INFO] running `Command { std: "docker" "inspect" "d54be9cdee1b2dbf3904e9440180226904b8c140567dc0c8e765e01a147bde9d", kill_on_drop: false }`
[INFO] running `Command { std: "docker" "rm" "-f" "d54be9cdee1b2dbf3904e9440180226904b8c140567dc0c8e765e01a147bde9d", kill_on_drop: false }`
[INFO] [stdout] d54be9cdee1b2dbf3904e9440180226904b8c140567dc0c8e765e01a147bde9d
