[INFO] fetching crate actix-form-data 0.7.0-beta.0...
[INFO] testing actix-form-data-0.7.0-beta.0 against 1.69.0 for beta-1.70-1
[INFO] extracting crate actix-form-data 0.7.0-beta.0 into /workspace/builds/worker-7-tc1/source
[INFO] validating manifest of crates.io crate actix-form-data 0.7.0-beta.0 on toolchain 1.69.0
[INFO] running `Command { std: CARGO_HOME="/workspace/cargo-home" RUSTUP_HOME="/workspace/rustup-home" "/workspace/cargo-home/bin/cargo" "+1.69.0" "metadata" "--manifest-path" "Cargo.toml" "--no-deps", kill_on_drop: false }`
[INFO] started tweaking crates.io crate actix-form-data 0.7.0-beta.0
[INFO] finished tweaking crates.io crate actix-form-data 0.7.0-beta.0
[INFO] tweaked toml for crates.io crate actix-form-data 0.7.0-beta.0 written to /workspace/builds/worker-7-tc1/source/Cargo.toml
[INFO] crate crates.io crate actix-form-data 0.7.0-beta.0 already has a lockfile, it will not be regenerated
[INFO] running `Command { std: CARGO_HOME="/workspace/cargo-home" RUSTUP_HOME="/workspace/rustup-home" "/workspace/cargo-home/bin/cargo" "+1.69.0" "fetch" "--manifest-path" "Cargo.toml", kill_on_drop: false }`
[INFO] [stderr]     Blocking waiting for file lock on package cache
[INFO] [stderr]  Downloading crates ...
[INFO] [stderr]   Downloaded tracing-core v0.1.29
[INFO] [stderr]   Downloaded actix-service v2.0.2
[INFO] [stderr]   Downloaded actix-server v2.1.1
[INFO] [stderr]   Downloaded paste v1.0.9
[INFO] [stderr]   Downloaded actix-multipart v0.4.0
[INFO] [stderr]   Downloaded sha1 v0.10.4
[INFO] [stderr]   Downloaded typenum v1.15.0
[INFO] [stderr]   Downloaded futures-sink v0.3.24
[INFO] [stderr]   Downloaded tokio-util v0.7.3
[INFO] [stderr]   Downloaded unchecked-index v0.2.2
[INFO] [stderr]   Downloaded twoway v0.2.2
[INFO] [stderr]   Downloaded local-channel v0.1.3
[INFO] [stderr]   Downloaded once_cell v1.14.0
[INFO] [stderr]   Downloaded proc-macro2 v1.0.43
[INFO] [stderr]   Downloaded tracing v0.1.36
[INFO] [stderr]   Downloaded lock_api v0.4.8
[INFO] [stderr]   Downloaded serde_derive v1.0.144
[INFO] [stderr]   Downloaded ryu v1.0.11
[INFO] [stderr]   Downloaded async-task v4.3.0
[INFO] [stderr]   Downloaded actix-web v4.1.0
[INFO] [stderr]   Downloaded concurrent-queue v1.2.4
[INFO] [stderr]   Downloaded unicode-normalization v0.1.21
[INFO] [stderr]   Downloaded semver v1.0.13
[INFO] [stderr]   Downloaded form_urlencoded v1.0.1
[INFO] [stderr]   Downloaded unicode-bidi v0.3.8
[INFO] [stderr]   Downloaded anyhow v1.0.64
[INFO] [stderr]   Downloaded matches v0.1.9
[INFO] [stderr]   Downloaded url v2.2.2
[INFO] [stderr]   Downloaded async-channel v1.7.1
[INFO] [stderr]   Downloaded atomic-waker v1.0.0
[INFO] [stderr]   Downloaded unicode-ident v1.0.3
[INFO] [stderr]   Downloaded smallvec v1.9.0
[INFO] [stderr]   Downloaded tracing-attributes v0.1.22
[INFO] [stderr]   Downloaded futures-io v0.3.24
[INFO] [stderr]   Downloaded block-buffer v0.10.3
[INFO] [stderr]   Downloaded matchers v0.1.0
[INFO] [stderr]   Downloaded base64 v0.13.0
[INFO] [stderr]   Downloaded firestorm v0.5.1
[INFO] [stderr]   Downloaded generic-array v0.14.6
[INFO] [stderr]   Downloaded convert_case v0.4.0
[INFO] [stderr]   Downloaded tinyvec_macros v0.1.0
[INFO] [stderr]   Downloaded h2 v0.3.14
[INFO] [stderr]   Downloaded regex v1.6.0
[INFO] [stderr]   Downloaded sharded-slab v0.1.4
[INFO] [stderr]   Downloaded event-listener v2.5.3
[INFO] [stderr]   Downloaded regex-automata v0.1.10
[INFO] [stderr]   Downloaded bytes v1.2.1
[INFO] [stderr]   Downloaded syn v1.0.99
[INFO] [stderr]   Downloaded getrandom v0.2.7
[INFO] [stderr]   Downloaded mio v0.8.4
[INFO] [stderr]   Downloaded actix-http v3.2.1
[INFO] [stderr]   Downloaded bytestring v1.1.0
[INFO] [stderr]   Downloaded indexmap v1.9.1
[INFO] [stderr]   Downloaded cpufeatures v0.2.5
[INFO] [stderr]   Downloaded socket2 v0.4.7
[INFO] [stderr]   Downloaded language-tags v0.3.2
[INFO] [stderr]   Downloaded async-fs v1.6.0
[INFO] [stderr]   Downloaded idna v0.2.3
[INFO] [stderr]   Downloaded regex-syntax v0.6.27
[INFO] [stderr]   Downloaded async-lock v2.5.0
[INFO] [stderr]   Downloaded quote v1.0.21
[INFO] [stderr]   Downloaded windows_i686_msvc v0.36.1
[INFO] [stderr]   Downloaded windows_x86_64_msvc v0.36.1
[INFO] [stderr]   Downloaded encoding_rs v0.8.31
[INFO] [stderr]   Downloaded windows_i686_gnu v0.36.1
[INFO] [stderr]   Downloaded tokio v1.21.0
[INFO] [stderr]   Downloaded thread_local v1.1.4
[INFO] [stderr]   Downloaded actix-router v0.5.0
[INFO] [stderr]   Downloaded cache-padded v1.2.0
[INFO] [stderr]   Downloaded valuable v0.1.0
[INFO] [stderr]   Downloaded blocking v1.2.0
[INFO] [stderr]   Downloaded fastrand v1.8.0
[INFO] [stderr]   Downloaded waker-fn v1.1.0
[INFO] [stderr]   Downloaded tracing-log v0.1.3
[INFO] [stderr]   Downloaded time v0.3.14
[INFO] [stderr]   Downloaded futures-macro v0.3.24
[INFO] [stderr]   Downloaded parking v2.0.0
[INFO] [stderr]   Downloaded futures-lite v1.12.0
[INFO] [stderr]   Downloaded futures-core v0.3.24
[INFO] [stderr]   Downloaded futures-task v0.3.24
[INFO] [stderr]   Downloaded slab v0.4.7
[INFO] [stderr]   Downloaded futures-util v0.3.24
[INFO] [stderr]   Downloaded itoa v1.0.3
[INFO] [stderr]   Downloaded thiserror v1.0.34
[INFO] [stderr]   Downloaded thiserror-impl v1.0.34
[INFO] [stderr]   Downloaded serde v1.0.144
[INFO] [stderr]   Downloaded serde_json v1.0.85
[INFO] [stderr]   Downloaded parking_lot_core v0.9.3
[INFO] [stderr]   Downloaded signal-hook-registry v1.4.0
[INFO] [stderr]   Downloaded aho-corasick v0.7.19
[INFO] [stderr]   Downloaded tracing-subscriber v0.3.15
[INFO] [stderr]   Downloaded ppv-lite86 v0.2.16
[INFO] [stderr]   Downloaded rand_core v0.6.3
[INFO] [stderr]   Downloaded digest v0.10.3
[INFO] [stderr]   Downloaded libc v0.2.132
[INFO] [stderr]   Downloaded http v0.2.8
[INFO] [stderr]   Downloaded hermit-abi v0.1.19
[INFO] [stderr]   Downloaded actix-codec v0.5.0
[INFO] [stderr]   Downloaded actix-macros v0.2.3
[INFO] [stderr]   Downloaded actix-rt v2.7.0
[INFO] [stderr]   Downloaded num_cpus v1.13.1
[INFO] [stderr]   Downloaded local-waker v0.1.3
[INFO] [stderr]   Downloaded actix-utils v3.0.0
[INFO] [stderr]   Downloaded windows_aarch64_msvc v0.36.1
[INFO] [stderr]   Downloaded windows_x86_64_gnu v0.36.1
[INFO] [stderr]   Downloaded windows-sys v0.36.1
[INFO] running `Command { std: "docker" "create" "-v" "/var/lib/crater-agent-workspace/builds/worker-7-tc1/target:/opt/rustwide/target:rw,Z" "-v" "/var/lib/crater-agent-workspace/builds/worker-7-tc1/source:/opt/rustwide/workdir:ro,Z" "-v" "/var/lib/crater-agent-workspace/cargo-home:/opt/rustwide/cargo-home:ro,Z" "-v" "/var/lib/crater-agent-workspace/rustup-home:/opt/rustwide/rustup-home:ro,Z" "-e" "SOURCE_DIR=/opt/rustwide/workdir" "-e" "CARGO_TARGET_DIR=/opt/rustwide/target" "-e" "CARGO_HOME=/opt/rustwide/cargo-home" "-e" "RUSTUP_HOME=/opt/rustwide/rustup-home" "-w" "/opt/rustwide/workdir" "-m" "1610612736" "--user" "0:0" "--network" "none" "ghcr.io/rust-lang/crates-build-env/linux@sha256:5ff2268d62e97bff2cde7d5815dd6ed5b47097566f13b8d0ca110b04b60e07ed" "/opt/rustwide/cargo-home/bin/cargo" "+1.69.0" "metadata" "--no-deps" "--format-version=1", kill_on_drop: false }`
[INFO] [stdout] b6cbb19017da5af8266a1657889c1504d6e81f890b0192c0fad289ec012be388
[INFO] running `Command { std: "docker" "start" "-a" "b6cbb19017da5af8266a1657889c1504d6e81f890b0192c0fad289ec012be388", kill_on_drop: false }`
[INFO] running `Command { std: "docker" "inspect" "b6cbb19017da5af8266a1657889c1504d6e81f890b0192c0fad289ec012be388", kill_on_drop: false }`
[INFO] running `Command { std: "docker" "rm" "-f" "b6cbb19017da5af8266a1657889c1504d6e81f890b0192c0fad289ec012be388", kill_on_drop: false }`
[INFO] [stdout] b6cbb19017da5af8266a1657889c1504d6e81f890b0192c0fad289ec012be388
[INFO] running `Command { std: "docker" "create" "-v" "/var/lib/crater-agent-workspace/builds/worker-7-tc1/target:/opt/rustwide/target:rw,Z" "-v" "/var/lib/crater-agent-workspace/builds/worker-7-tc1/source:/opt/rustwide/workdir:ro,Z" "-v" "/var/lib/crater-agent-workspace/cargo-home:/opt/rustwide/cargo-home:ro,Z" "-v" "/var/lib/crater-agent-workspace/rustup-home:/opt/rustwide/rustup-home:ro,Z" "-e" "SOURCE_DIR=/opt/rustwide/workdir" "-e" "CARGO_TARGET_DIR=/opt/rustwide/target" "-e" "CARGO_INCREMENTAL=0" "-e" "RUST_BACKTRACE=full" "-e" "RUSTFLAGS=--cap-lints=warn" "-e" "RUSTDOCFLAGS=--cap-lints=warn" "-e" "CARGO_HOME=/opt/rustwide/cargo-home" "-e" "RUSTUP_HOME=/opt/rustwide/rustup-home" "-w" "/opt/rustwide/workdir" "-m" "1610612736" "--user" "0:0" "--network" "none" "ghcr.io/rust-lang/crates-build-env/linux@sha256:5ff2268d62e97bff2cde7d5815dd6ed5b47097566f13b8d0ca110b04b60e07ed" "/opt/rustwide/cargo-home/bin/cargo" "+1.69.0" "build" "--frozen" "--message-format=json", kill_on_drop: false }`
[INFO] [stdout] 6b0feb7a034a0ee60844260d303a744221ab97fe6c10acab4211d94803442c45
[INFO] running `Command { std: "docker" "start" "-a" "6b0feb7a034a0ee60844260d303a744221ab97fe6c10acab4211d94803442c45", kill_on_drop: false }`
[INFO] [stderr]    Compiling autocfg v1.1.0
[INFO] [stderr]    Compiling libc v0.2.132
[INFO] [stderr]    Compiling cfg-if v1.0.0
[INFO] [stderr]    Compiling proc-macro2 v1.0.43
[INFO] [stderr]    Compiling unicode-ident v1.0.3
[INFO] [stderr]    Compiling quote v1.0.21
[INFO] [stderr]    Compiling syn v1.0.99
[INFO] [stderr]    Compiling memchr v2.5.0
[INFO] [stderr]    Compiling log v0.4.17
[INFO] [stderr]    Compiling pin-project-lite v0.2.9
[INFO] [stderr]    Compiling futures-core v0.3.24
[INFO] [stderr]    Compiling version_check v0.9.4
[INFO] [stderr]    Compiling lock_api v0.4.8
[INFO] [stderr]    Compiling parking_lot_core v0.9.3
[INFO] [stderr]    Compiling bytes v1.2.1
[INFO] [stderr]    Compiling once_cell v1.14.0
[INFO] [stderr]    Compiling smallvec v1.9.0
[INFO] [stderr]    Compiling scopeguard v1.1.0
[INFO] [stderr]    Compiling tokio v1.21.0
[INFO] [stderr]    Compiling typenum v1.15.0
[INFO] [stderr]    Compiling generic-array v0.14.6
[INFO] [stderr]    Compiling socket2 v0.4.7
[INFO] [stderr]    Compiling mio v0.8.4
[INFO] [stderr]    Compiling signal-hook-registry v1.4.0
[INFO] [stderr]    Compiling slab v0.4.7
[INFO] [stderr]    Compiling itoa v1.0.3
[INFO] [stderr]    Compiling parking_lot v0.12.1
[INFO] [stderr]    Compiling futures-task v0.3.24
[INFO] [stderr]    Compiling tracing-core v0.1.29
[INFO] [stderr]    Compiling futures-util v0.3.24
[INFO] [stderr]    Compiling getrandom v0.2.7
[INFO] [stderr]    Compiling serde v1.0.144
[INFO] [stderr]    Compiling futures-sink v0.3.24
[INFO] [stderr]    Compiling pin-utils v0.1.0
[INFO] [stderr]    Compiling indexmap v1.9.1
[INFO] [stderr]    Compiling local-waker v0.1.3
[INFO] [stderr]    Compiling tinyvec_macros v0.1.0
[INFO] [stderr]    Compiling matches v0.1.9
[INFO] [stderr]    Compiling percent-encoding v2.1.0
[INFO] [stderr]    Compiling fnv v1.0.7
[INFO] [stderr]    Compiling tinyvec v1.6.0
[INFO] [stderr]    Compiling http v0.2.8
[INFO] [stderr]    Compiling rand_core v0.6.3
[INFO] [stderr]    Compiling ahash v0.7.6
[INFO] [stderr]    Compiling crypto-common v0.1.6
[INFO] [stderr]    Compiling block-buffer v0.10.3
[INFO] [stderr]    Compiling hashbrown v0.12.3
[INFO] [stderr]    Compiling paste v1.0.9
[INFO] [stderr]    Compiling ppv-lite86 v0.2.16
[INFO] [stderr]    Compiling encoding_rs v0.8.31
[INFO] [stderr]    Compiling httparse v1.8.0
[INFO] [stderr]    Compiling unicode-normalization v0.1.21
[INFO] [stderr]    Compiling actix-service v2.0.2
[INFO] [stderr]    Compiling rand_chacha v0.3.1
[INFO] [stderr]    Compiling digest v0.10.3
[INFO] [stderr]    Compiling form_urlencoded v1.0.1
[INFO] [stderr]    Compiling actix-utils v3.0.0
[INFO] [stderr]    Compiling bytestring v1.1.0
[INFO] [stderr]    Compiling aho-corasick v0.7.19
[INFO] [stderr]    Compiling convert_case v0.4.0
[INFO] [stderr]    Compiling serde_json v1.0.85
[INFO] [stderr]    Compiling regex-syntax v0.6.27
[INFO] [stderr]    Compiling cpufeatures v0.2.5
[INFO] [stderr]    Compiling bitflags v1.3.2
[INFO] [stderr]    Compiling ryu v1.0.11
[INFO] [stderr]    Compiling unicode-bidi v0.3.8
[INFO] [stderr]    Compiling sha1 v0.10.4
[INFO] [stderr]    Compiling idna v0.2.3
[INFO] [stderr]    Compiling rand v0.8.5
[INFO] [stderr]    Compiling num_cpus v1.13.1
[INFO] [stderr]    Compiling firestorm v0.5.1
[INFO] [stderr]    Compiling mime v0.3.16
[INFO] [stderr]    Compiling num_threads v0.1.6
[INFO] [stderr]    Compiling base64 v0.13.0
[INFO] [stderr]    Compiling language-tags v0.3.2
[INFO] [stderr]    Compiling httpdate v1.0.2
[INFO] [stderr]    Compiling time v0.3.14
[INFO] [stderr]    Compiling regex v1.6.0
[INFO] [stderr]    Compiling serde_urlencoded v0.7.1
[INFO] [stderr]    Compiling url v2.2.2
[INFO] [stderr]    Compiling actix-router v0.5.0
[INFO] [stderr]    Compiling unchecked-index v0.2.2
[INFO] [stderr]    Compiling twoway v0.2.2
[INFO] [stderr]    Compiling tracing-attributes v0.1.22
[INFO] [stderr]    Compiling futures-macro v0.3.24
[INFO] [stderr]    Compiling actix-macros v0.2.3
[INFO] [stderr]    Compiling derive_more v0.99.17
[INFO] [stderr]    Compiling thiserror-impl v1.0.34
[INFO] [stderr]    Compiling actix-rt v2.7.0
[INFO] [stderr]    Compiling thiserror v1.0.34
[INFO] [stderr]    Compiling tracing v0.1.36
[INFO] [stderr]    Compiling tokio-util v0.7.3
[INFO] [stderr]    Compiling actix-codec v0.5.0
[INFO] [stderr]    Compiling h2 v0.3.14
[INFO] [stderr]    Compiling local-channel v0.1.3
[INFO] [stderr]    Compiling actix-server v2.1.1
[INFO] [stderr]    Compiling actix-http v3.2.1
[INFO] [stderr]    Compiling actix-web v4.1.0
[INFO] [stderr]    Compiling actix-multipart v0.4.0
[INFO] [stderr]    Compiling actix-form-data v0.7.0-beta.0 (/opt/rustwide/workdir)
[INFO] [stderr]     Finished dev [unoptimized + debuginfo] target(s) in 1m 23s
[INFO] running `Command { std: "docker" "inspect" "6b0feb7a034a0ee60844260d303a744221ab97fe6c10acab4211d94803442c45", kill_on_drop: false }`
[INFO] running `Command { std: "docker" "rm" "-f" "6b0feb7a034a0ee60844260d303a744221ab97fe6c10acab4211d94803442c45", kill_on_drop: false }`
[INFO] [stdout] 6b0feb7a034a0ee60844260d303a744221ab97fe6c10acab4211d94803442c45
[INFO] running `Command { std: "docker" "create" "-v" "/var/lib/crater-agent-workspace/builds/worker-7-tc1/target:/opt/rustwide/target:rw,Z" "-v" "/var/lib/crater-agent-workspace/builds/worker-7-tc1/source:/opt/rustwide/workdir:ro,Z" "-v" "/var/lib/crater-agent-workspace/cargo-home:/opt/rustwide/cargo-home:ro,Z" "-v" "/var/lib/crater-agent-workspace/rustup-home:/opt/rustwide/rustup-home:ro,Z" "-e" "SOURCE_DIR=/opt/rustwide/workdir" "-e" "CARGO_TARGET_DIR=/opt/rustwide/target" "-e" "CARGO_INCREMENTAL=0" "-e" "RUST_BACKTRACE=full" "-e" "RUSTFLAGS=--cap-lints=warn" "-e" "RUSTDOCFLAGS=--cap-lints=warn" "-e" "CARGO_HOME=/opt/rustwide/cargo-home" "-e" "RUSTUP_HOME=/opt/rustwide/rustup-home" "-w" "/opt/rustwide/workdir" "-m" "1610612736" "--user" "0:0" "--network" "none" "ghcr.io/rust-lang/crates-build-env/linux@sha256:5ff2268d62e97bff2cde7d5815dd6ed5b47097566f13b8d0ca110b04b60e07ed" "/opt/rustwide/cargo-home/bin/cargo" "+1.69.0" "test" "--frozen" "--no-run" "--message-format=json", kill_on_drop: false }`
[INFO] [stdout] 63583efe6bcf1e5e5b20f887c9ff0ef9b9eb7bbce19f37b5cd2d0417fc26bce0
[INFO] running `Command { std: "docker" "start" "-a" "63583efe6bcf1e5e5b20f887c9ff0ef9b9eb7bbce19f37b5cd2d0417fc26bce0", kill_on_drop: false }`
[INFO] [stderr]    Compiling log v0.4.17
[INFO] [stderr]    Compiling tracing-core v0.1.29
[INFO] [stderr]    Compiling serde_derive v1.0.144
[INFO] [stderr]    Compiling serde v1.0.144
[INFO] [stderr]    Compiling cache-padded v1.2.0
[INFO] [stderr]    Compiling event-listener v2.5.3
[INFO] [stderr]    Compiling fastrand v1.8.0
[INFO] [stderr]    Compiling waker-fn v1.1.0
[INFO] [stderr]    Compiling concurrent-queue v1.2.4
[INFO] [stderr]    Compiling parking v2.0.0
[INFO] [stderr]    Compiling lazy_static v1.4.0
[INFO] [stderr]    Compiling futures-io v0.3.24
[INFO] [stderr]    Compiling async-channel v1.7.1
[INFO] [stderr]    Compiling regex-automata v0.1.10
[INFO] [stderr]    Compiling async-fs v1.6.0
[INFO] [stderr]    Compiling anyhow v1.0.64
[INFO] [stderr]    Compiling mio v0.8.4
[INFO] [stderr]    Compiling tracing v0.1.36
[INFO] [stderr]    Compiling futures-lite v1.12.0
[INFO] [stderr]    Compiling async-task v4.3.0
[INFO] [stderr]    Compiling atomic-waker v1.0.0
[INFO] [stderr]    Compiling tracing-log v0.1.3
[INFO] [stderr]    Compiling sharded-slab v0.1.4
[INFO] [stderr]    Compiling async-lock v2.5.0
[INFO] [stderr]    Compiling tokio v1.21.0
[INFO] [stderr]    Compiling matchers v0.1.0
[INFO] [stderr]    Compiling thread_local v1.1.4
[INFO] [stderr]    Compiling ansi_term v0.12.1
[INFO] [stderr]    Compiling blocking v1.2.0
[INFO] [stderr]    Compiling tracing-subscriber v0.3.15
[INFO] [stderr]    Compiling tokio-util v0.7.3
[INFO] [stderr]    Compiling actix-rt v2.7.0
[INFO] [stderr]    Compiling actix-server v2.1.1
[INFO] [stderr]    Compiling h2 v0.3.14
[INFO] [stderr]    Compiling actix-codec v0.5.0
[INFO] [stderr]    Compiling actix-router v0.5.0
[INFO] [stderr]    Compiling serde_urlencoded v0.7.1
[INFO] [stderr]    Compiling serde_json v1.0.85
[INFO] [stderr]    Compiling actix-http v3.2.1
[INFO] [stderr]    Compiling actix-web v4.1.0
[INFO] [stderr]    Compiling actix-multipart v0.4.0
[INFO] [stderr]    Compiling actix-form-data v0.7.0-beta.0 (/opt/rustwide/workdir)
[INFO] [stderr]     Finished test [unoptimized + debuginfo] target(s) in 1m 15s
[INFO] running `Command { std: "docker" "inspect" "63583efe6bcf1e5e5b20f887c9ff0ef9b9eb7bbce19f37b5cd2d0417fc26bce0", kill_on_drop: false }`
[INFO] running `Command { std: "docker" "rm" "-f" "63583efe6bcf1e5e5b20f887c9ff0ef9b9eb7bbce19f37b5cd2d0417fc26bce0", kill_on_drop: false }`
[INFO] [stdout] 63583efe6bcf1e5e5b20f887c9ff0ef9b9eb7bbce19f37b5cd2d0417fc26bce0
[INFO] running `Command { std: "docker" "create" "-v" "/var/lib/crater-agent-workspace/builds/worker-7-tc1/target:/opt/rustwide/target:rw,Z" "-v" "/var/lib/crater-agent-workspace/builds/worker-7-tc1/source:/opt/rustwide/workdir:ro,Z" "-v" "/var/lib/crater-agent-workspace/cargo-home:/opt/rustwide/cargo-home:ro,Z" "-v" "/var/lib/crater-agent-workspace/rustup-home:/opt/rustwide/rustup-home:ro,Z" "-e" "SOURCE_DIR=/opt/rustwide/workdir" "-e" "CARGO_TARGET_DIR=/opt/rustwide/target" "-e" "CARGO_INCREMENTAL=0" "-e" "RUST_BACKTRACE=full" "-e" "RUSTFLAGS=--cap-lints=warn" "-e" "RUSTDOCFLAGS=--cap-lints=warn" "-e" "CARGO_HOME=/opt/rustwide/cargo-home" "-e" "RUSTUP_HOME=/opt/rustwide/rustup-home" "-w" "/opt/rustwide/workdir" "-m" "1610612736" "--user" "0:0" "--network" "none" "ghcr.io/rust-lang/crates-build-env/linux@sha256:5ff2268d62e97bff2cde7d5815dd6ed5b47097566f13b8d0ca110b04b60e07ed" "/opt/rustwide/cargo-home/bin/cargo" "+1.69.0" "test" "--frozen", kill_on_drop: false }`
[INFO] [stdout] 6419d865f0298e83ee52f0d5b1a4b9eebc08b6a2644e9c5ef889837a5c2286b2
[INFO] running `Command { std: "docker" "start" "-a" "6419d865f0298e83ee52f0d5b1a4b9eebc08b6a2644e9c5ef889837a5c2286b2", kill_on_drop: false }`
[INFO] [stderr]     Finished test [unoptimized + debuginfo] target(s) in 0.20s
[INFO] [stderr]      Running unittests src/lib.rs (/opt/rustwide/target/debug/deps/actix_form_data-147fb64bd93e5426)
[INFO] [stdout] 
[INFO] [stdout] running 0 tests
[INFO] [stdout] 
[INFO] [stdout] test result: ok. 0 passed; 0 failed; 0 ignored; 0 measured; 0 filtered out; finished in 0.00s
[INFO] [stdout] 
[INFO] [stderr]    Doc-tests actix-form-data
[INFO] [stdout] 
[INFO] [stdout] running 12 tests
[INFO] [stdout] test src/lib.rs - (line 27) ... FAILED
[INFO] [stdout] test src/types.rs - types::Field<T,E>::text (line 243) ... ok
[INFO] [stdout] test src/types.rs - types::Field<T,E>::bytes (line 233) ... ok
[INFO] [stdout] test src/types.rs - types::Field<T,E>::array (line 275) ... ok
[INFO] [stdout] test src/types.rs - types::Field<T,E>::int (line 253) ... ok
[INFO] [stdout] test src/types.rs - types::Field<T,E>::float (line 264) ... ok
[INFO] [stdout] test src/types.rs - types::Field<T,E>::map (line 292) ... ok
[INFO] [stdout] test src/types.rs - types::Map<T,E>::finalize (line 419) ... ok
[INFO] [stdout] test src/types.rs - types::Map<T,E>::field (line 404) ... ok
[INFO] [stdout] test src/types.rs - types::Form (line 450) ... ok
[INFO] [stdout] test src/types.rs - types::Value (line 45) ... ok
[INFO] [stdout] test src/types.rs - types::Field<T,E>::file (line 196) ... ok
[INFO] [stdout] 
[INFO] [stdout] failures:
[INFO] [stdout] 
[INFO] [stdout] ---- src/lib.rs - (line 27) stdout ----
[INFO] [stdout] error[E0437]: type `Config` is not a member of trait `FormData`
[INFO] [stdout]   --> src/lib.rs:38:6
[INFO] [stdout]    |
[INFO] [stdout] 13 |      type Config = ();
[INFO] [stdout]    |      ^^^^^^^^^^^^^^^^^ not a member of trait `FormData`
[INFO] [stdout] 
[INFO] [stdout] error[E0053]: method `form` has an incompatible type for trait
[INFO] [stdout]   --> src/lib.rs:42:17
[INFO] [stdout]    |
[INFO] [stdout] 17 |      fn form(_: Option<&()>) -> Form<Self::Item, Self::Error> {
[INFO] [stdout]    |                 ^^^^^^^^^^^
[INFO] [stdout]    |                 |
[INFO] [stdout]    |                 expected `&HttpRequest`, found `Option<&()>`
[INFO] [stdout]    |                 help: change the parameter type to match the trait: `&HttpRequest`
[INFO] [stdout]    |
[INFO] [stdout]    = note: expected signature `fn(&HttpRequest) -> actix_form_data::Form<_, _>`
[INFO] [stdout]               found signature `fn(Option<&()>) -> actix_form_data::Form<_, _>`
[INFO] [stdout] 
[INFO] [stdout] error: aborting due to 2 previous errors
[INFO] [stdout] 
[INFO] [stdout] Some errors have detailed explanations: E0053, E0437.
[INFO] [stdout] For more information about an error, try `rustc --explain E0053`.
[INFO] [stdout] Couldn't compile the test.
[INFO] [stdout] 
[INFO] [stdout] failures:
[INFO] [stdout]     src/lib.rs - (line 27)
[INFO] [stdout] 
[INFO] [stdout] test result: FAILED. 11 passed; 1 failed; 0 ignored; 0 measured; 0 filtered out; finished in 6.76s
[INFO] [stdout] 
[INFO] [stderr] error: doctest failed, to rerun pass `--doc`
[INFO] running `Command { std: "docker" "inspect" "6419d865f0298e83ee52f0d5b1a4b9eebc08b6a2644e9c5ef889837a5c2286b2", kill_on_drop: false }`
[INFO] running `Command { std: "docker" "rm" "-f" "6419d865f0298e83ee52f0d5b1a4b9eebc08b6a2644e9c5ef889837a5c2286b2", kill_on_drop: false }`
[INFO] [stdout] 6419d865f0298e83ee52f0d5b1a4b9eebc08b6a2644e9c5ef889837a5c2286b2
