[INFO] fetching crate activitypub_federation 0.4.0...
[INFO] testing activitypub_federation-0.4.0 against 1.69.0 for beta-1.70-1
[INFO] extracting crate activitypub_federation 0.4.0 into /workspace/builds/worker-7-tc1/source
[INFO] validating manifest of crates.io crate activitypub_federation 0.4.0 on toolchain 1.69.0
[INFO] running `Command { std: CARGO_HOME="/workspace/cargo-home" RUSTUP_HOME="/workspace/rustup-home" "/workspace/cargo-home/bin/cargo" "+1.69.0" "metadata" "--manifest-path" "Cargo.toml" "--no-deps", kill_on_drop: false }`
[INFO] started tweaking crates.io crate activitypub_federation 0.4.0
[INFO] removed 0 missing examples
[INFO] finished tweaking crates.io crate activitypub_federation 0.4.0
[INFO] tweaked toml for crates.io crate activitypub_federation 0.4.0 written to /workspace/builds/worker-7-tc1/source/Cargo.toml
[INFO] crate crates.io crate activitypub_federation 0.4.0 already has a lockfile, it will not be regenerated
[INFO] running `Command { std: CARGO_HOME="/workspace/cargo-home" RUSTUP_HOME="/workspace/rustup-home" "/workspace/cargo-home/bin/cargo" "+1.69.0" "fetch" "--manifest-path" "Cargo.toml", kill_on_drop: false }`
[INFO] [stderr]  Downloading crates ...
[INFO] [stderr]   Downloaded openssl-macros v0.1.0
[INFO] [stderr]   Downloaded wasm-bindgen-macro-support v0.2.83
[INFO] [stderr]   Downloaded wasm-bindgen-backend v0.2.83
[INFO] [stderr]   Downloaded wasm-bindgen-shared v0.2.83
[INFO] [stderr]   Downloaded try-lock v0.2.3
[INFO] [stderr]   Downloaded serde v1.0.147
[INFO] [stderr]   Downloaded mime v0.3.16
[INFO] [stderr]   Downloaded httpdate v1.0.2
[INFO] [stderr]   Downloaded actix-utils v3.0.1
[INFO] [stderr]   Downloaded wasm-bindgen v0.2.83
[INFO] [stderr]   Downloaded reqwest-middleware v0.2.0
[INFO] [stderr]   Downloaded block-buffer v0.10.3
[INFO] [stderr]   Downloaded rand_core v0.6.4
[INFO] [stderr]   Downloaded enum_delegate v0.2.0
[INFO] [stderr]   Downloaded num_cpus v1.14.0
[INFO] [stderr]   Downloaded futures-sink v0.3.25
[INFO] [stderr]   Downloaded displaydoc v0.2.3
[INFO] [stderr]   Downloaded wasm-bindgen-futures v0.4.33
[INFO] [stderr]   Downloaded http-range-header v0.3.0
[INFO] [stderr]   Downloaded hyper-tls v0.5.0
[INFO] [stderr]   Downloaded http-body v0.4.5
[INFO] [stderr]   Downloaded tempfile v3.3.0
[INFO] [stderr]   Downloaded convert_case v0.4.0
[INFO] [stderr]   Downloaded derive_builder_macro v0.12.0
[INFO] [stderr]   Downloaded activitystreams-kinds v0.2.1
[INFO] [stderr]   Downloaded scratch v1.0.2
[INFO] [stderr]   Downloaded thiserror-impl v1.0.37
[INFO] [stderr]   Downloaded tokio-macros v1.8.0
[INFO] [stderr]   Downloaded tinyvec_macros v0.1.0
[INFO] [stderr]   Downloaded wasm-bindgen-macro v0.2.83
[INFO] [stderr]   Downloaded itoa v1.0.4
[INFO] [stderr]   Downloaded crypto-common v0.1.6
[INFO] [stderr]   Downloaded android_system_properties v0.1.5
[INFO] [stderr]   Downloaded http-signature-normalization v0.6.0
[INFO] [stderr]   Downloaded derive_builder_core v0.12.0
[INFO] [stderr]   Downloaded paste v1.0.9
[INFO] [stderr]   Downloaded either v1.8.0
[INFO] [stderr]   Downloaded humantime v2.1.0
[INFO] [stderr]   Downloaded ppv-lite86 v0.2.17
[INFO] [stderr]   Downloaded security-framework-sys v2.6.1
[INFO] [stderr]   Downloaded axum-core v0.3.2
[INFO] [stderr]   Downloaded digest v0.10.5
[INFO] [stderr]   Downloaded sha2 v0.10.6
[INFO] [stderr]   Downloaded actix-router v0.5.1
[INFO] [stderr]   Downloaded tokio-native-tls v0.3.0
[INFO] [stderr]   Downloaded async-trait v0.1.58
[INFO] [stderr]   Downloaded iana-time-zone v0.1.53
[INFO] [stderr]   Downloaded darling v0.14.3
[INFO] [stderr]   Downloaded once_cell v1.16.0
[INFO] [stderr]   Downloaded winreg v0.10.1
[INFO] [stderr]   Downloaded lock_api v0.4.9
[INFO] [stderr]   Downloaded derive_builder v0.12.0
[INFO] [stderr]   Downloaded thiserror v1.0.37
[INFO] [stderr]   Downloaded core-foundation-sys v0.8.3
[INFO] [stderr]   Downloaded generic-array v0.14.6
[INFO] [stderr]   Downloaded futures-core v0.3.25
[INFO] [stderr]   Downloaded codespan-reporting v0.11.1
[INFO] [stderr]   Downloaded ipnet v2.5.1
[INFO] [stderr]   Downloaded termcolor v1.1.3
[INFO] [stderr]   Downloaded slab v0.4.7
[INFO] [stderr]   Downloaded redox_syscall v0.2.16
[INFO] [stderr]   Downloaded num-integer v0.1.45
[INFO] [stderr]   Downloaded darling_core v0.14.3
[INFO] [stderr]   Downloaded cxxbridge-macro v1.0.82
[INFO] [stderr]   Downloaded ryu v1.0.11
[INFO] [stderr]   Downloaded futures-channel v0.3.25
[INFO] [stderr]   Downloaded anyhow v1.0.66
[INFO] [stderr]   Downloaded headers v0.3.8
[INFO] [stderr]   Downloaded js-sys v0.3.60
[INFO] [stderr]   Downloaded typenum v1.15.0
[INFO] [stderr]   Downloaded schannel v0.1.20
[INFO] [stderr]   Downloaded smallvec v1.10.0
[INFO] [stderr]   Downloaded core-foundation v0.9.3
[INFO] [stderr]   Downloaded cxx-build v1.0.82
[INFO] [stderr]   Downloaded cc v1.0.76
[INFO] [stderr]   Downloaded openssl v0.10.42
[INFO] [stderr]   Downloaded sha1 v0.10.5
[INFO] [stderr]   Downloaded local-channel v0.1.3
[INFO] [stderr]   Downloaded actix-codec v0.5.0
[INFO] [stderr]   Downloaded iana-time-zone-haiku v0.1.1
[INFO] [stderr]   Downloaded indexmap v1.9.1
[INFO] [stderr]   Downloaded bytes v1.3.0
[INFO] [stderr]   Downloaded openssl-sys v0.9.77
[INFO] [stderr]   Downloaded time-macros v0.2.6
[INFO] [stderr]   Downloaded env_logger v0.9.3
[INFO] [stderr]   Downloaded getrandom v0.2.8
[INFO] [stderr]   Downloaded time v0.3.17
[INFO] [stderr]   Downloaded semver v1.0.14
[INFO] [stderr]   Downloaded security-framework v2.7.0
[INFO] [stderr]   Downloaded matchit v0.7.0
[INFO] [stderr]   Downloaded rand_chacha v0.3.1
[INFO] [stderr]   Downloaded fastrand v1.8.0
[INFO] [stderr]   Downloaded ahash v0.7.6
[INFO] [stderr]   Downloaded headers-core v0.2.0
[INFO] [stderr]   Downloaded futures-task v0.3.25
[INFO] [stderr]   Downloaded windows_aarch64_gnullvm v0.42.0
[INFO] [stderr]   Downloaded local-waker v0.1.3
[INFO] [stderr]   Downloaded rand v0.8.5
[INFO] [stderr]   Downloaded sync_wrapper v0.1.2
[INFO] [stderr]   Downloaded darling_macro v0.14.3
[INFO] [stderr]   Downloaded aho-corasick v0.7.19
[INFO] [stderr]   Downloaded h2 v0.3.15
[INFO] [stderr]   Downloaded mio v0.8.5
[INFO] [stderr]   Downloaded link-cplusplus v1.0.7
[INFO] [stderr]   Downloaded dyn-clone v1.0.9
[INFO] [stderr]   Downloaded tokio-util v0.7.4
[INFO] [stderr]   Downloaded tower-layer v0.3.2
[INFO] [stderr]   Downloaded cpufeatures v0.2.5
[INFO] [stderr]   Downloaded time-core v0.1.0
[INFO] [stderr]   Downloaded rustc_version v0.4.0
[INFO] [stderr]   Downloaded heck v0.4.1
[INFO] [stderr]   Downloaded axum v0.6.7
[INFO] [stderr]   Downloaded actix-macros v0.2.3
[INFO] [stderr]   Downloaded rustversion v1.0.9
[INFO] [stderr]   Downloaded http v0.2.8
[INFO] [stderr]   Downloaded itertools v0.10.5
[INFO] [stderr]   Downloaded reqwest v0.11.12
[INFO] [stderr]   Downloaded actix-http v3.2.2
[INFO] [stderr]   Downloaded cxxbridge-flags v1.0.82
[INFO] [stderr]   Downloaded event-listener v2.5.3
[INFO] [stderr]   Downloaded actix-rt v2.7.0
[INFO] [stderr]   Downloaded futures-util v0.3.25
[INFO] [stderr]   Downloaded tracing-attributes v0.1.23
[INFO] [stderr]   Downloaded background-jobs-core v0.13.0
[INFO] [stderr]   Downloaded serde_json v1.0.87
[INFO] [stderr]   Downloaded bytestring v1.2.0
[INFO] [stderr]   Downloaded serde_path_to_error v0.1.9
[INFO] [stderr]   Downloaded task-local-extensions v0.1.3
[INFO] [stderr]   Downloaded quote v1.0.21
[INFO] [stderr]   Downloaded socket2 v0.4.7
[INFO] [stderr]   Downloaded regex v1.7.1
[INFO] [stderr]   Downloaded regex-syntax v0.6.28
[INFO] [stderr]   Downloaded axum-macros v0.3.4
[INFO] [stderr]   Downloaded background-jobs-actix v0.13.1
[INFO] [stderr]   Downloaded http-signature-normalization-reqwest v0.7.1
[INFO] [stderr]   Downloaded encoding_rs v0.8.31
[INFO] [stderr]   Downloaded unicode-ident v1.0.5
[INFO] [stderr]   Downloaded actix-service v2.0.2
[INFO] [stderr]   Downloaded enum_delegate_lib v0.2.0
[INFO] [stderr]   Downloaded bumpalo v3.11.1
[INFO] [stderr]   Downloaded unicode-bidi v0.3.8
[INFO] [stderr]   Downloaded web-sys v0.3.60
[INFO] [stderr]   Downloaded actix-server v2.1.1
[INFO] [stderr]   Downloaded parking_lot_core v0.9.4
[INFO] [stderr]   Downloaded uuid v1.2.1
[INFO] [stderr]   Downloaded derive_more v0.99.17
[INFO] [stderr]   Downloaded parking_lot v0.12.1
[INFO] [stderr]   Downloaded serde_derive v1.0.147
[INFO] [stderr]   Downloaded language-tags v0.3.2
[INFO] [stderr]   Downloaded chrono v0.4.23
[INFO] [stderr]   Downloaded proc-macro2 v1.0.47
[INFO] [stderr]   Downloaded hyper v0.14.23
[INFO] [stderr]   Downloaded tower-http v0.3.4
[INFO] [stderr]   Downloaded cxx v1.0.82
[INFO] [stderr]   Downloaded vcpkg v0.2.15
[INFO] [stderr]   Downloaded tower v0.4.13
[INFO] [stderr]   Downloaded actix-web v4.2.1
[INFO] [stderr]   Downloaded syn v1.0.103
[INFO] [stderr]   Downloaded windows_x86_64_gnullvm v0.42.0
[INFO] [stderr]   Downloaded background-jobs v0.13.0
[INFO] [stderr]   Downloaded tokio v1.21.2
[INFO] [stderr]   Downloaded windows_x86_64_msvc v0.42.0
[INFO] [stderr]   Downloaded windows_aarch64_msvc v0.42.0
[INFO] [stderr]   Downloaded windows_x86_64_gnu v0.42.0
[INFO] [stderr]   Downloaded windows_i686_gnu v0.42.0
[INFO] [stderr]   Downloaded windows_i686_msvc v0.42.0
[INFO] [stderr]   Downloaded libc v0.2.137
[INFO] [stderr]   Downloaded windows-sys v0.42.0
[INFO] running `Command { std: "docker" "create" "-v" "/var/lib/crater-agent-workspace/builds/worker-7-tc1/target:/opt/rustwide/target:rw,Z" "-v" "/var/lib/crater-agent-workspace/builds/worker-7-tc1/source:/opt/rustwide/workdir:ro,Z" "-v" "/var/lib/crater-agent-workspace/cargo-home:/opt/rustwide/cargo-home:ro,Z" "-v" "/var/lib/crater-agent-workspace/rustup-home:/opt/rustwide/rustup-home:ro,Z" "-e" "SOURCE_DIR=/opt/rustwide/workdir" "-e" "CARGO_TARGET_DIR=/opt/rustwide/target" "-e" "CARGO_HOME=/opt/rustwide/cargo-home" "-e" "RUSTUP_HOME=/opt/rustwide/rustup-home" "-w" "/opt/rustwide/workdir" "-m" "1610612736" "--user" "0:0" "--network" "none" "ghcr.io/rust-lang/crates-build-env/linux@sha256:5ff2268d62e97bff2cde7d5815dd6ed5b47097566f13b8d0ca110b04b60e07ed" "/opt/rustwide/cargo-home/bin/cargo" "+1.69.0" "metadata" "--no-deps" "--format-version=1", kill_on_drop: false }`
[INFO] [stdout] e244e4ac5d8835468c6bc26f735cf59da4f1f456ee49e3d6a1e2efda2d13cd68
[INFO] running `Command { std: "docker" "start" "-a" "e244e4ac5d8835468c6bc26f735cf59da4f1f456ee49e3d6a1e2efda2d13cd68", kill_on_drop: false }`
[INFO] running `Command { std: "docker" "inspect" "e244e4ac5d8835468c6bc26f735cf59da4f1f456ee49e3d6a1e2efda2d13cd68", kill_on_drop: false }`
[INFO] running `Command { std: "docker" "rm" "-f" "e244e4ac5d8835468c6bc26f735cf59da4f1f456ee49e3d6a1e2efda2d13cd68", kill_on_drop: false }`
[INFO] [stdout] e244e4ac5d8835468c6bc26f735cf59da4f1f456ee49e3d6a1e2efda2d13cd68
[INFO] running `Command { std: "docker" "create" "-v" "/var/lib/crater-agent-workspace/builds/worker-7-tc1/target:/opt/rustwide/target:rw,Z" "-v" "/var/lib/crater-agent-workspace/builds/worker-7-tc1/source:/opt/rustwide/workdir:ro,Z" "-v" "/var/lib/crater-agent-workspace/cargo-home:/opt/rustwide/cargo-home:ro,Z" "-v" "/var/lib/crater-agent-workspace/rustup-home:/opt/rustwide/rustup-home:ro,Z" "-e" "SOURCE_DIR=/opt/rustwide/workdir" "-e" "CARGO_TARGET_DIR=/opt/rustwide/target" "-e" "CARGO_INCREMENTAL=0" "-e" "RUST_BACKTRACE=full" "-e" "RUSTFLAGS=--cap-lints=warn" "-e" "RUSTDOCFLAGS=--cap-lints=warn" "-e" "CARGO_HOME=/opt/rustwide/cargo-home" "-e" "RUSTUP_HOME=/opt/rustwide/rustup-home" "-w" "/opt/rustwide/workdir" "-m" "1610612736" "--user" "0:0" "--network" "none" "ghcr.io/rust-lang/crates-build-env/linux@sha256:5ff2268d62e97bff2cde7d5815dd6ed5b47097566f13b8d0ca110b04b60e07ed" "/opt/rustwide/cargo-home/bin/cargo" "+1.69.0" "build" "--frozen" "--message-format=json", kill_on_drop: false }`
[INFO] [stdout] 1aeb23e8ac9c7468d2f4f1700d6b7e27cfccf650af41ce841aca20b4e8b2360d
[INFO] running `Command { std: "docker" "start" "-a" "1aeb23e8ac9c7468d2f4f1700d6b7e27cfccf650af41ce841aca20b4e8b2360d", kill_on_drop: false }`
[INFO] [stderr]    Compiling proc-macro2 v1.0.47
[INFO] [stderr]    Compiling quote v1.0.21
[INFO] [stderr]    Compiling unicode-ident v1.0.5
[INFO] [stderr]    Compiling syn v1.0.103
[INFO] [stderr]    Compiling cfg-if v1.0.0
[INFO] [stderr]    Compiling autocfg v1.1.0
[INFO] [stderr]    Compiling libc v0.2.137
[INFO] [stderr]    Compiling pin-project-lite v0.2.9
[INFO] [stderr]    Compiling log v0.4.17
[INFO] [stderr]    Compiling bytes v1.3.0
[INFO] [stderr]    Compiling futures-core v0.3.25
[INFO] [stderr]    Compiling once_cell v1.16.0
[INFO] [stderr]    Compiling version_check v0.9.4
[INFO] [stderr]    Compiling memchr v2.5.0
[INFO] [stderr]    Compiling lock_api v0.4.9
[INFO] [stderr]    Compiling itoa v1.0.4
[INFO] [stderr]    Compiling parking_lot_core v0.9.4
[INFO] [stderr]    Compiling fnv v1.0.7
[INFO] [stderr]    Compiling scopeguard v1.1.0
[INFO] [stderr]    Compiling smallvec v1.10.0
[INFO] [stderr]    Compiling tracing-core v0.1.30
[INFO] [stderr]    Compiling tokio v1.21.2
[INFO] [stderr]    Compiling mio v0.8.5
[INFO] [stderr]    Compiling signal-hook-registry v1.4.0
[INFO] [stderr]    Compiling socket2 v0.4.7
[INFO] [stderr]    Compiling parking_lot v0.12.1
[INFO] [stderr]    Compiling serde_derive v1.0.147
[INFO] [stderr]    Compiling serde v1.0.147
[INFO] [stderr]    Compiling futures-task v0.3.25
[INFO] [stderr]    Compiling futures-util v0.3.25
[INFO] [stderr]    Compiling http v0.2.8
[INFO] [stderr]    Compiling indexmap v1.9.1
[INFO] [stderr]    Compiling pin-utils v0.1.0
[INFO] [stderr]    Compiling hashbrown v0.12.3
[INFO] [stderr]    Compiling typenum v1.15.0
[INFO] [stderr]    Compiling bitflags v1.3.2
[INFO] [stderr]    Compiling generic-array v0.14.6
[INFO] [stderr]    Compiling pkg-config v0.3.26
[INFO] [stderr]    Compiling cc v1.0.76
[INFO] [stderr]    Compiling futures-sink v0.3.25
[INFO] [stderr]    Compiling slab v0.4.7
[INFO] [stderr]    Compiling getrandom v0.2.8
[INFO] [stderr]    Compiling serde_json v1.0.87
[INFO] [stderr]    Compiling httparse v1.8.0
[INFO] [stderr]    Compiling percent-encoding v2.2.0
[INFO] [stderr]    Compiling ryu v1.0.11
[INFO] [stderr]    Compiling httpdate v1.0.2
[INFO] [stderr]    Compiling tinyvec_macros v0.1.0
[INFO] [stderr]    Compiling tower-service v0.3.2
[INFO] [stderr]    Compiling mime v0.3.16
[INFO] [stderr]    Compiling openssl-sys v0.9.77
[INFO] [stderr]    Compiling async-trait v0.1.58
[INFO] [stderr]    Compiling tinyvec v1.6.0
[INFO] [stderr]    Compiling crypto-common v0.1.6
[INFO] [stderr]    Compiling block-buffer v0.10.3
[INFO] [stderr]    Compiling http-body v0.4.5
[INFO] [stderr]    Compiling unicase v2.6.0
[INFO] [stderr]    Compiling rustversion v1.0.9
[INFO] [stderr]    Compiling foreign-types-shared v0.1.1
[INFO] [stderr]    Compiling openssl v0.10.42
[INFO] [stderr]    Compiling futures-channel v0.3.25
[INFO] [stderr]    Compiling ppv-lite86 v0.2.17
[INFO] [stderr]    Compiling unicode-normalization v0.1.22
[INFO] [stderr]    Compiling foreign-types v0.3.2
[INFO] [stderr]    Compiling digest v0.10.5
[INFO] [stderr]    Compiling form_urlencoded v1.1.0
[INFO] [stderr]    Compiling anyhow v1.0.66
[INFO] [stderr]    Compiling try-lock v0.2.3
[INFO] [stderr]    Compiling thiserror v1.0.37
[INFO] [stderr]    Compiling base64 v0.13.1
[INFO] [stderr]    Compiling native-tls v0.2.11
[INFO] [stderr]    Compiling unicode-bidi v0.3.8
[INFO] [stderr]    Compiling encoding_rs v0.8.31
[INFO] [stderr]    Compiling cpufeatures v0.2.5
[INFO] [stderr]    Compiling want v0.3.0
[INFO] [stderr]    Compiling idna v0.3.0
[INFO] [stderr]    Compiling ident_case v1.0.1
[INFO] [stderr]    Compiling strsim v0.10.0
[INFO] [stderr]    Compiling openssl-probe v0.1.5
[INFO] [stderr]    Compiling darling_core v0.14.3
[INFO] [stderr]    Compiling mime_guess v2.0.4
[INFO] [stderr]    Compiling local-waker v0.1.3
[INFO] [stderr]    Compiling time-core v0.1.0
[INFO] [stderr]    Compiling rand_core v0.6.4
[INFO] [stderr]    Compiling sha1 v0.10.5
[INFO] [stderr]    Compiling ahash v0.7.6
[INFO] [stderr]    Compiling num-traits v0.2.15
[INFO] [stderr]    Compiling tower-layer v0.3.2
[INFO] [stderr]    Compiling event-listener v2.5.3
[INFO] [stderr]    Compiling paste v1.0.9
[INFO] [stderr]    Compiling rand_chacha v0.3.1
[INFO] [stderr]    Compiling actix-service v2.0.2
[INFO] [stderr]    Compiling axum-core v0.3.2
[INFO] [stderr]    Compiling actix-utils v3.0.1
[INFO] [stderr]    Compiling aho-corasick v0.7.19
[INFO] [stderr]    Compiling num-integer v0.1.45
[INFO] [stderr]    Compiling tracing-attributes v0.1.23
[INFO] [stderr]    Compiling tokio-macros v1.8.0
[INFO] [stderr]    Compiling pin-project-internal v1.0.12
[INFO] [stderr]    Compiling actix-macros v0.2.3
[INFO] [stderr]    Compiling openssl-macros v0.1.0
[INFO] [stderr]    Compiling thiserror-impl v1.0.37
[INFO] [stderr]    Compiling darling_macro v0.14.3
[INFO] [stderr]    Compiling tracing v0.1.37
[INFO] [stderr]    Compiling pin-project v1.0.12
[INFO] [stderr]    Compiling tracing-futures v0.2.5
[INFO] [stderr]    Compiling bytestring v1.2.0
[INFO] [stderr]    Compiling convert_case v0.4.0
[INFO] [stderr]    Compiling darling v0.14.3
[INFO] [stderr]    Compiling ipnet v2.5.1
[INFO] [stderr]    Compiling regex-syntax v0.6.28
[INFO] [stderr]    Compiling derive_builder_core v0.12.0
[INFO] [stderr]    Compiling derive_more v0.99.17
[INFO] [stderr]    Compiling tower v0.4.13
[INFO] [stderr]    Compiling rand v0.8.5
[INFO] [stderr]    Compiling async-mutex v1.4.0
[INFO] [stderr]    Compiling regex v1.7.1
[INFO] [stderr]    Compiling axum v0.6.7
[INFO] [stderr]    Compiling local-channel v0.1.3
[INFO] [stderr]    Compiling headers-core v0.2.0
[INFO] [stderr]    Compiling num_cpus v1.14.0
[INFO] [stderr]    Compiling language-tags v0.3.2
[INFO] [stderr]    Compiling http-range-header v0.3.0
[INFO] [stderr]    Compiling tokio-util v0.7.4
[INFO] [stderr]    Compiling actix-rt v2.7.0
[INFO] [stderr]    Compiling tokio-native-tls v0.3.0
[INFO] [stderr]    Compiling h2 v0.3.15
[INFO] [stderr]    Compiling actix-codec v0.5.0
[INFO] [stderr]    Compiling task-local-extensions v0.1.3
[INFO] [stderr]    Compiling actix-server v2.1.1
[INFO] [stderr]    Compiling tower-http v0.3.4
[INFO] [stderr]    Compiling headers v0.3.8
[INFO] [stderr]    Compiling enum_delegate_lib v0.2.0
[INFO] [stderr]    Compiling derive_builder_macro v0.12.0
[INFO] [stderr]    Compiling sha2 v0.10.6
[INFO] [stderr]    Compiling http-signature-normalization v0.6.0
[INFO] [stderr]    Compiling iana-time-zone v0.1.53
[INFO] [stderr]    Compiling matchit v0.7.0
[INFO] [stderr]    Compiling sync_wrapper v0.1.2
[INFO] [stderr]    Compiling either v1.8.0
[INFO] [stderr]    Compiling derive_builder v0.12.0
[INFO] [stderr]    Compiling chrono v0.4.23
[INFO] [stderr]    Compiling itertools v0.10.5
[INFO] [stderr]    Compiling enum_delegate v0.2.0
[INFO] [stderr]    Compiling displaydoc v0.2.3
[INFO] [stderr]    Compiling dyn-clone v1.0.9
[INFO] [stderr]    Compiling url v2.3.1
[INFO] [stderr]    Compiling serde_urlencoded v0.7.1
[INFO] [stderr]    Compiling time v0.3.17
[INFO] [stderr]    Compiling uuid v1.2.1
[INFO] [stderr]    Compiling serde_path_to_error v0.1.9
[INFO] [stderr]    Compiling actix-router v0.5.1
[INFO] [stderr]    Compiling activitystreams-kinds v0.2.1
[INFO] [stderr]    Compiling background-jobs-core v0.13.0
[INFO] [stderr]    Compiling hyper v0.14.23
[INFO] [stderr]    Compiling actix-http v3.2.2
[INFO] [stderr]    Compiling background-jobs-actix v0.13.1
[INFO] [stderr]    Compiling background-jobs v0.13.0
[INFO] [stderr]    Compiling actix-web v4.2.1
[INFO] [stderr]    Compiling hyper-tls v0.5.0
[INFO] [stderr]    Compiling reqwest v0.11.12
[INFO] [stderr]    Compiling reqwest-middleware v0.2.0
[INFO] [stderr]    Compiling http-signature-normalization-reqwest v0.7.1
[INFO] [stderr]    Compiling activitypub_federation v0.4.0 (/opt/rustwide/workdir)
[INFO] [stderr]     Finished dev [unoptimized] target(s) in 1m 27s
[INFO] running `Command { std: "docker" "inspect" "1aeb23e8ac9c7468d2f4f1700d6b7e27cfccf650af41ce841aca20b4e8b2360d", kill_on_drop: false }`
[INFO] running `Command { std: "docker" "rm" "-f" "1aeb23e8ac9c7468d2f4f1700d6b7e27cfccf650af41ce841aca20b4e8b2360d", kill_on_drop: false }`
[INFO] [stdout] 1aeb23e8ac9c7468d2f4f1700d6b7e27cfccf650af41ce841aca20b4e8b2360d
[INFO] running `Command { std: "docker" "create" "-v" "/var/lib/crater-agent-workspace/builds/worker-7-tc1/target:/opt/rustwide/target:rw,Z" "-v" "/var/lib/crater-agent-workspace/builds/worker-7-tc1/source:/opt/rustwide/workdir:ro,Z" "-v" "/var/lib/crater-agent-workspace/cargo-home:/opt/rustwide/cargo-home:ro,Z" "-v" "/var/lib/crater-agent-workspace/rustup-home:/opt/rustwide/rustup-home:ro,Z" "-e" "SOURCE_DIR=/opt/rustwide/workdir" "-e" "CARGO_TARGET_DIR=/opt/rustwide/target" "-e" "CARGO_INCREMENTAL=0" "-e" "RUST_BACKTRACE=full" "-e" "RUSTFLAGS=--cap-lints=warn" "-e" "RUSTDOCFLAGS=--cap-lints=warn" "-e" "CARGO_HOME=/opt/rustwide/cargo-home" "-e" "RUSTUP_HOME=/opt/rustwide/rustup-home" "-w" "/opt/rustwide/workdir" "-m" "1610612736" "--user" "0:0" "--network" "none" "ghcr.io/rust-lang/crates-build-env/linux@sha256:5ff2268d62e97bff2cde7d5815dd6ed5b47097566f13b8d0ca110b04b60e07ed" "/opt/rustwide/cargo-home/bin/cargo" "+1.69.0" "test" "--frozen" "--no-run" "--message-format=json", kill_on_drop: false }`
[INFO] [stdout] e833be66ea18a75c29085fbe687e53a3451bf2bb145add84a00210f8d7f6b280
[INFO] running `Command { std: "docker" "start" "-a" "e833be66ea18a75c29085fbe687e53a3451bf2bb145add84a00210f8d7f6b280", kill_on_drop: false }`
[INFO] [stderr]    Compiling log v0.4.17
[INFO] [stderr]    Compiling tokio v1.21.2
[INFO] [stderr]    Compiling axum v0.6.7
[INFO] [stderr]    Compiling atty v0.2.14
[INFO] [stderr]    Compiling termcolor v1.1.3
[INFO] [stderr]    Compiling humantime v2.1.0
[INFO] [stderr]    Compiling heck v0.4.1
[INFO] [stderr]    Compiling axum-macros v0.3.4
[INFO] [stderr]    Compiling mio v0.8.5
[INFO] [stderr]    Compiling tracing v0.1.37
[INFO] [stderr]    Compiling want v0.3.0
[INFO] [stderr]    Compiling native-tls v0.2.11
[INFO] [stderr]    Compiling env_logger v0.9.3
[INFO] [stderr]    Compiling tracing-futures v0.2.5
[INFO] [stderr]    Compiling actix-router v0.5.1
[INFO] [stderr]    Compiling tokio-util v0.7.4
[INFO] [stderr]    Compiling actix-rt v2.7.0
[INFO] [stderr]    Compiling tokio-native-tls v0.3.0
[INFO] [stderr]    Compiling task-local-extensions v0.1.3
[INFO] [stderr]    Compiling tower v0.4.13
[INFO] [stderr]    Compiling background-jobs-core v0.13.0
[INFO] [stderr]    Compiling h2 v0.3.15
[INFO] [stderr]    Compiling actix-codec v0.5.0
[INFO] [stderr]    Compiling tower-http v0.3.4
[INFO] [stderr]    Compiling actix-server v2.1.1
[INFO] [stderr]    Compiling background-jobs-actix v0.13.1
[INFO] [stderr]    Compiling background-jobs v0.13.0
[INFO] [stderr]    Compiling hyper v0.14.23
[INFO] [stderr]    Compiling actix-http v3.2.2
[INFO] [stderr]    Compiling actix-web v4.2.1
[INFO] [stderr]    Compiling hyper-tls v0.5.0
[INFO] [stderr]    Compiling reqwest v0.11.12
[INFO] [stderr]    Compiling reqwest-middleware v0.2.0
[INFO] [stderr]    Compiling http-signature-normalization-reqwest v0.7.1
[INFO] [stderr]    Compiling activitypub_federation v0.4.0 (/opt/rustwide/workdir)
[INFO] [stderr]     Finished test [unoptimized] target(s) in 1m 13s
[INFO] running `Command { std: "docker" "inspect" "e833be66ea18a75c29085fbe687e53a3451bf2bb145add84a00210f8d7f6b280", kill_on_drop: false }`
[INFO] running `Command { std: "docker" "rm" "-f" "e833be66ea18a75c29085fbe687e53a3451bf2bb145add84a00210f8d7f6b280", kill_on_drop: false }`
[INFO] [stdout] e833be66ea18a75c29085fbe687e53a3451bf2bb145add84a00210f8d7f6b280
[INFO] running `Command { std: "docker" "create" "-v" "/var/lib/crater-agent-workspace/builds/worker-7-tc1/target:/opt/rustwide/target:rw,Z" "-v" "/var/lib/crater-agent-workspace/builds/worker-7-tc1/source:/opt/rustwide/workdir:ro,Z" "-v" "/var/lib/crater-agent-workspace/cargo-home:/opt/rustwide/cargo-home:ro,Z" "-v" "/var/lib/crater-agent-workspace/rustup-home:/opt/rustwide/rustup-home:ro,Z" "-e" "SOURCE_DIR=/opt/rustwide/workdir" "-e" "CARGO_TARGET_DIR=/opt/rustwide/target" "-e" "CARGO_INCREMENTAL=0" "-e" "RUST_BACKTRACE=full" "-e" "RUSTFLAGS=--cap-lints=warn" "-e" "RUSTDOCFLAGS=--cap-lints=warn" "-e" "CARGO_HOME=/opt/rustwide/cargo-home" "-e" "RUSTUP_HOME=/opt/rustwide/rustup-home" "-w" "/opt/rustwide/workdir" "-m" "1610612736" "--user" "0:0" "--network" "none" "ghcr.io/rust-lang/crates-build-env/linux@sha256:5ff2268d62e97bff2cde7d5815dd6ed5b47097566f13b8d0ca110b04b60e07ed" "/opt/rustwide/cargo-home/bin/cargo" "+1.69.0" "test" "--frozen", kill_on_drop: false }`
[INFO] [stdout] a6f8dddba5604b8f6f92a6676217469c8b435329592f6501fbdd9fe75e72e785
[INFO] running `Command { std: "docker" "start" "-a" "a6f8dddba5604b8f6f92a6676217469c8b435329592f6501fbdd9fe75e72e785", kill_on_drop: false }`
[INFO] [stderr]     Finished test [unoptimized] target(s) in 0.33s
[INFO] [stderr]      Running unittests src/lib.rs (/opt/rustwide/target/debug/deps/activitypub_federation-5f94fa9f834cab86)
[INFO] [stdout] 
[INFO] [stdout] running 6 tests
[INFO] [stdout] test fetch::object_id::tests::test_deserialize ... ok
[INFO] [stdout] test fetch::object_id::tests::test_should_refetch_object ... ok
[INFO] [stdout] test fetch::webfinger::tests::test_webfinger ... FAILED
[INFO] [stdout] test actix_web::inbox::test::test_receive_activity ... ok
[INFO] [stdout] test actix_web::inbox::test::test_receive_activity_invalid_path ... ok
[INFO] [stdout] test actix_web::inbox::test::test_receive_activity_invalid_body_signature ... ok
[INFO] [stdout] 
[INFO] [stdout] failures:
[INFO] [stdout] 
[INFO] [stdout] ---- fetch::webfinger::tests::test_webfinger stdout ----
[INFO] [stdout] thread 'fetch::webfinger::tests::test_webfinger' panicked at 'assertion failed: res.is_ok()', src/fetch/webfinger.rs:169:9
[INFO] [stdout] stack backtrace:
[INFO] [stdout]    0:     0x5607393175aa - <unknown>
[INFO] [stdout]    1:     0x56073933f1ce - <unknown>
[INFO] [stdout]    2:     0x560739313e55 - <unknown>
[INFO] [stdout]    3:     0x560739317375 - <unknown>
[INFO] [stdout]    4:     0x56073931913f - <unknown>
[INFO] [stdout]    5:     0x560739318dff - <unknown>
[INFO] [stdout]    6:     0x560738d44ec7 - <unknown>
[INFO] [stdout]    7:     0x56073931986d - <unknown>
[INFO] [stdout]    8:     0x5607393195a2 - <unknown>
[INFO] [stdout]    9:     0x560739317a16 - <unknown>
[INFO] [stdout]   10:     0x5607393192f2 - <unknown>
[INFO] [stdout]   11:     0x560738c5b4a3 - <unknown>
[INFO] [stdout]   12:     0x560738c5b53d - <unknown>
[INFO] [stdout]   13:     0x560738cf7ece - <unknown>
[INFO] [stdout]   14:     0x560738cda600 - <unknown>
[INFO] [stdout]   15:     0x560738d080c8 - <unknown>
[INFO] [stdout]   16:     0x560738c9d0fe - <unknown>
[INFO] [stdout]   17:     0x560738c9ae16 - <unknown>
[INFO] [stdout]   18:     0x560738cd9e18 - <unknown>
[INFO] [stdout]   19:     0x560738cd884c - <unknown>
[INFO] [stdout]   20:     0x560738c9bc84 - <unknown>
[INFO] [stdout]   21:     0x560738c9b256 - <unknown>
[INFO] [stdout]   22:     0x560738cd851b - <unknown>
[INFO] [stdout]   23:     0x560738cd9bd8 - <unknown>
[INFO] [stdout]   24:     0x560738cd956e - <unknown>
[INFO] [stdout]   25:     0x560738cd064a - <unknown>
[INFO] [stdout]   26:     0x560738cb514a - <unknown>
[INFO] [stdout]   27:     0x560738d081e8 - <unknown>
[INFO] [stdout]   28:     0x560738c9cc1e - <unknown>
[INFO] [stdout]   29:     0x560738c9b096 - <unknown>
[INFO] [stdout]   30:     0x560738cb4d6a - <unknown>
[INFO] [stdout]   31:     0x560738cb10d2 - <unknown>
[INFO] [stdout]   32:     0x560738cb2efb - <unknown>
[INFO] [stdout]   33:     0x560738cb2acb - <unknown>
[INFO] [stdout]   34:     0x560738ccb91d - <unknown>
[INFO] [stdout]   35:     0x560738cb1c8e - <unknown>
[INFO] [stdout]   36:     0x560738cb2b77 - <unknown>
[INFO] [stdout]   37:     0x560738caf323 - <unknown>
[INFO] [stdout]   38:     0x560738c6ee18 - <unknown>
[INFO] [stdout]   39:     0x560738cd89f9 - <unknown>
[INFO] [stdout]   40:     0x560738c9f917 - <unknown>
[INFO] [stdout]   41:     0x560738cda64a - <unknown>
[INFO] [stdout]   42:     0x560738cf7ae8 - <unknown>
[INFO] [stdout]   43:     0x560738cf7a63 - <unknown>
[INFO] [stdout]   44:     0x560738cf9395 - <unknown>
[INFO] [stdout]   45:     0x560738d4a2af - <unknown>
[INFO] [stdout]   46:     0x560738d1b8cc - <unknown>
[INFO] [stdout]   47:     0x560738d49276 - <unknown>
[INFO] [stdout]   48:     0x560738d15f41 - <unknown>
[INFO] [stdout]   49:     0x560738d1b95b - <unknown>
[INFO] [stdout]   50:     0x56073931dda3 - <unknown>
[INFO] [stdout]   51:     0x7fc2b619ab43 - <unknown>
[INFO] [stdout]   52:     0x7fc2b622bbb4 - __clone
[INFO] [stdout]   53:                0x0 - <unknown>
[INFO] [stdout] 
[INFO] [stdout] 
[INFO] [stdout] failures:
[INFO] [stdout]     fetch::webfinger::tests::test_webfinger
[INFO] [stdout] 
[INFO] [stdout] test result: FAILED. 5 passed; 1 failed; 0 ignored; 0 measured; 0 filtered out; finished in 1.03s
[INFO] [stdout] 
[INFO] [stderr] error: test failed, to rerun pass `--lib`
[INFO] running `Command { std: "docker" "inspect" "a6f8dddba5604b8f6f92a6676217469c8b435329592f6501fbdd9fe75e72e785", kill_on_drop: false }`
[INFO] running `Command { std: "docker" "rm" "-f" "a6f8dddba5604b8f6f92a6676217469c8b435329592f6501fbdd9fe75e72e785", kill_on_drop: false }`
[INFO] [stdout] a6f8dddba5604b8f6f92a6676217469c8b435329592f6501fbdd9fe75e72e785
