[INFO] fetching crate actions-digest 0.2.2...
[INFO] testing actions-digest-0.2.2 against 1.69.0 for beta-1.70-1
[INFO] extracting crate actions-digest 0.2.2 into /workspace/builds/worker-6-tc1/source
[INFO] validating manifest of crates.io crate actions-digest 0.2.2 on toolchain 1.69.0
[INFO] running `Command { std: CARGO_HOME="/workspace/cargo-home" RUSTUP_HOME="/workspace/rustup-home" "/workspace/cargo-home/bin/cargo" "+1.69.0" "metadata" "--manifest-path" "Cargo.toml" "--no-deps", kill_on_drop: false }`
[INFO] started tweaking crates.io crate actions-digest 0.2.2
[INFO] finished tweaking crates.io crate actions-digest 0.2.2
[INFO] tweaked toml for crates.io crate actions-digest 0.2.2 written to /workspace/builds/worker-6-tc1/source/Cargo.toml
[INFO] crate crates.io crate actions-digest 0.2.2 already has a lockfile, it will not be regenerated
[INFO] running `Command { std: CARGO_HOME="/workspace/cargo-home" RUSTUP_HOME="/workspace/rustup-home" "/workspace/cargo-home/bin/cargo" "+1.69.0" "fetch" "--manifest-path" "Cargo.toml", kill_on_drop: false }`
[INFO] [stderr]  Downloading crates ...
[INFO] [stderr]   Downloaded predicates-tree v1.0.5
[INFO] [stderr]   Downloaded webpki-roots v0.22.2
[INFO] [stderr]   Downloaded webpki v0.22.0
[INFO] [stderr]   Downloaded regex-automata v0.1.10
[INFO] [stderr]   Downloaded rustls v0.20.2
[INFO] [stderr]   Downloaded hyper-rustls v0.23.0
[INFO] [stderr]   Downloaded normalize-line-endings v0.3.0
[INFO] [stderr]   Downloaded predicates-core v1.0.3
[INFO] [stderr]   Downloaded pretty_assertions v1.1.0
[INFO] [stderr]   Downloaded predicates v2.1.1
[INFO] [stderr]   Downloaded anyhow v1.0.55
[INFO] [stderr]   Downloaded difflib v0.4.0
[INFO] [stderr]   Downloaded crossbeam-deque v0.8.1
[INFO] [stderr]   Downloaded wait-timeout v0.2.0
[INFO] [stderr]   Downloaded heck v0.4.0
[INFO] [stderr]   Downloaded rayon v1.5.1
[INFO] [stderr]   Downloaded rustls-pemfile v0.2.1
[INFO] [stderr]   Downloaded termtree v0.2.4
[INFO] [stderr]   Downloaded clap_derive v3.0.14
[INFO] [stderr]   Downloaded clap v3.0.14
[INFO] [stderr]   Downloaded crossbeam-epoch v0.9.7
[INFO] [stderr]   Downloaded rstest v0.12.0
[INFO] [stderr]   Downloaded libc v0.2.117
[INFO] [stderr]   Downloaded tokio v1.16.1
[INFO] [stderr]   Downloaded sct v0.7.0
[INFO] [stderr]   Downloaded terminal_size v0.1.17
[INFO] [stderr]   Downloaded rayon-core v1.9.1
[INFO] [stderr]   Downloaded float-cmp v0.9.0
[INFO] [stderr]   Downloaded assert_cmd v2.0.4
[INFO] [stderr]   Downloaded cc v1.0.72
[INFO] [stderr]   Downloaded ctor v0.1.21
[INFO] [stderr]   Downloaded diff v0.1.12
[INFO] [stderr]   Downloaded output_vt100 v0.1.2
[INFO] [stderr]   Downloaded tokio-rustls v0.23.2
[INFO] [stderr]   Downloaded mio v0.7.14
[INFO] [stderr]   Downloaded tracing v0.1.30
[INFO] running `Command { std: "docker" "create" "-v" "/var/lib/crater-agent-workspace/builds/worker-6-tc1/target:/opt/rustwide/target:rw,Z" "-v" "/var/lib/crater-agent-workspace/builds/worker-6-tc1/source:/opt/rustwide/workdir:ro,Z" "-v" "/var/lib/crater-agent-workspace/cargo-home:/opt/rustwide/cargo-home:ro,Z" "-v" "/var/lib/crater-agent-workspace/rustup-home:/opt/rustwide/rustup-home:ro,Z" "-e" "SOURCE_DIR=/opt/rustwide/workdir" "-e" "CARGO_TARGET_DIR=/opt/rustwide/target" "-e" "CARGO_HOME=/opt/rustwide/cargo-home" "-e" "RUSTUP_HOME=/opt/rustwide/rustup-home" "-w" "/opt/rustwide/workdir" "-m" "1610612736" "--user" "0:0" "--network" "none" "ghcr.io/rust-lang/crates-build-env/linux@sha256:5ff2268d62e97bff2cde7d5815dd6ed5b47097566f13b8d0ca110b04b60e07ed" "/opt/rustwide/cargo-home/bin/cargo" "+1.69.0" "metadata" "--no-deps" "--format-version=1", kill_on_drop: false }`
[INFO] [stdout] fba5592406e729676b055f7b54c344a671a07f34486c96840b0dfae4df9f337c
[INFO] running `Command { std: "docker" "start" "-a" "fba5592406e729676b055f7b54c344a671a07f34486c96840b0dfae4df9f337c", kill_on_drop: false }`
[INFO] running `Command { std: "docker" "inspect" "fba5592406e729676b055f7b54c344a671a07f34486c96840b0dfae4df9f337c", kill_on_drop: false }`
[INFO] running `Command { std: "docker" "rm" "-f" "fba5592406e729676b055f7b54c344a671a07f34486c96840b0dfae4df9f337c", kill_on_drop: false }`
[INFO] [stdout] fba5592406e729676b055f7b54c344a671a07f34486c96840b0dfae4df9f337c
[INFO] running `Command { std: "docker" "create" "-v" "/var/lib/crater-agent-workspace/builds/worker-6-tc1/target:/opt/rustwide/target:rw,Z" "-v" "/var/lib/crater-agent-workspace/builds/worker-6-tc1/source:/opt/rustwide/workdir:ro,Z" "-v" "/var/lib/crater-agent-workspace/cargo-home:/opt/rustwide/cargo-home:ro,Z" "-v" "/var/lib/crater-agent-workspace/rustup-home:/opt/rustwide/rustup-home:ro,Z" "-e" "SOURCE_DIR=/opt/rustwide/workdir" "-e" "CARGO_TARGET_DIR=/opt/rustwide/target" "-e" "CARGO_INCREMENTAL=0" "-e" "RUST_BACKTRACE=full" "-e" "RUSTFLAGS=--cap-lints=warn" "-e" "RUSTDOCFLAGS=--cap-lints=warn" "-e" "CARGO_HOME=/opt/rustwide/cargo-home" "-e" "RUSTUP_HOME=/opt/rustwide/rustup-home" "-w" "/opt/rustwide/workdir" "-m" "1610612736" "--user" "0:0" "--network" "none" "ghcr.io/rust-lang/crates-build-env/linux@sha256:5ff2268d62e97bff2cde7d5815dd6ed5b47097566f13b8d0ca110b04b60e07ed" "/opt/rustwide/cargo-home/bin/cargo" "+1.69.0" "build" "--frozen" "--message-format=json", kill_on_drop: false }`
[INFO] [stdout] 3e527a7016ccb76fc53edbb24f67abd0609fd2609f6a64e5706b22c78f30f32e
[INFO] running `Command { std: "docker" "start" "-a" "3e527a7016ccb76fc53edbb24f67abd0609fd2609f6a64e5706b22c78f30f32e", kill_on_drop: false }`
[INFO] [stderr]    Compiling libc v0.2.117
[INFO] [stderr]    Compiling cfg-if v1.0.0
[INFO] [stderr]    Compiling autocfg v1.1.0
[INFO] [stderr]    Compiling proc-macro2 v1.0.36
[INFO] [stderr]    Compiling memchr v2.4.1
[INFO] [stderr]    Compiling unicode-xid v0.2.2
[INFO] [stderr]    Compiling lazy_static v1.4.0
[INFO] [stderr]    Compiling log v0.4.14
[INFO] [stderr]    Compiling syn v1.0.86
[INFO] [stderr]    Compiling pin-project-lite v0.2.8
[INFO] [stderr]    Compiling cc v1.0.72
[INFO] [stderr]    Compiling futures-core v0.3.21
[INFO] [stderr]    Compiling bytes v1.1.0
[INFO] [stderr]    Compiling spin v0.5.2
[INFO] [stderr]    Compiling version_check v0.9.4
[INFO] [stderr]    Compiling untrusted v0.7.1
[INFO] [stderr]    Compiling once_cell v1.9.0
[INFO] [stderr]    Compiling quote v1.0.15
[INFO] [stderr]    Compiling itoa v1.0.1
[INFO] [stderr]    Compiling num_cpus v1.13.1
[INFO] [stderr]    Compiling mio v0.7.14
[INFO] [stderr]    Compiling indexmap v1.8.0
[INFO] [stderr]    Compiling futures-task v0.3.21
[INFO] [stderr]    Compiling crossbeam-utils v0.8.7
[INFO] [stderr]    Compiling memoffset v0.6.5
[INFO] [stderr]    Compiling tokio v1.16.1
[INFO] [stderr]    Compiling futures-util v0.3.21
[INFO] [stderr]    Compiling ring v0.16.20
[INFO] [stderr]    Compiling fnv v1.0.7
[INFO] [stderr]    Compiling hashbrown v0.11.2
[INFO] [stderr]    Compiling serde_derive v1.0.136
[INFO] [stderr]    Compiling http v0.2.6
[INFO] [stderr]    Compiling proc-macro-error-attr v1.0.4
[INFO] [stderr]    Compiling tracing-core v0.1.22
[INFO] [stderr]    Compiling crossbeam-epoch v0.9.7
[INFO] [stderr]    Compiling matches v0.1.9
[INFO] [stderr]    Compiling futures-sink v0.3.21
[INFO] [stderr]    Compiling futures-channel v0.3.21
[INFO] [stderr]    Compiling httparse v1.6.0
[INFO] [stderr]    Compiling slab v0.4.5
[INFO] [stderr]    Compiling pin-utils v0.1.0
[INFO] [stderr]    Compiling serde v1.0.136
[INFO] [stderr]    Compiling futures-io v0.3.21
[INFO] [stderr]    Compiling tinyvec_macros v0.1.0
[INFO] [stderr]    Compiling tinyvec v1.5.1
[INFO] [stderr]    Compiling tracing v0.1.30
[INFO] [stderr]    Compiling proc-macro-error v1.0.4
[INFO] [stderr]    Compiling percent-encoding v2.1.0
[INFO] [stderr]    Compiling try-lock v0.2.3
[INFO] [stderr]    Compiling scopeguard v1.1.0
[INFO] [stderr]    Compiling rayon-core v1.9.1
[INFO] [stderr]    Compiling unicode-normalization v0.1.19
[INFO] [stderr]    Compiling http-body v0.4.4
[INFO] [stderr]    Compiling want v0.3.0
[INFO] [stderr]    Compiling form_urlencoded v1.0.1
[INFO] [stderr]    Compiling socket2 v0.4.4
[INFO] [stderr]    Compiling unicode-bidi v0.3.7
[INFO] [stderr]    Compiling serde_json v1.0.79
[INFO] [stderr]    Compiling webpki v0.22.0
[INFO] [stderr]    Compiling sct v0.7.0
[INFO] [stderr]    Compiling tokio-util v0.6.9
[INFO] [stderr]    Compiling tower-service v0.3.1
[INFO] [stderr]    Compiling rustls v0.20.2
[INFO] [stderr]    Compiling ryu v1.0.9
[INFO] [stderr]    Compiling encoding_rs v0.8.30
[INFO] [stderr]    Compiling h2 v0.3.11
[INFO] [stderr]    Compiling httpdate v1.0.2
[INFO] [stderr]    Compiling idna v0.2.3
[INFO] [stderr]    Compiling crossbeam-deque v0.8.1
[INFO] [stderr]    Compiling crossbeam-channel v0.5.2
[INFO] [stderr]    Compiling terminal_size v0.1.17
[INFO] [stderr]    Compiling rayon v1.5.1
[INFO] [stderr]    Compiling anyhow v1.0.55
[INFO] [stderr]    Compiling heck v0.4.0
[INFO] [stderr]    Compiling base64 v0.13.0
[INFO] [stderr]    Compiling clap_derive v3.0.14
[INFO] [stderr]    Compiling rustls-pemfile v0.2.1
[INFO] [stderr]    Compiling thiserror-impl v1.0.30
[INFO] [stderr]    Compiling tokio-rustls v0.23.2
[INFO] [stderr]    Compiling textwrap v0.14.2
[INFO] [stderr]    Compiling url v2.2.2
[INFO] [stderr]    Compiling webpki-roots v0.22.2
[INFO] [stderr]    Compiling atty v0.2.14
[INFO] [stderr]    Compiling os_str_bytes v6.0.0
[INFO] [stderr]    Compiling aho-corasick v0.7.18
[INFO] [stderr]    Compiling strsim v0.10.0
[INFO] [stderr]    Compiling bitflags v1.3.2
[INFO] [stderr]    Compiling ipnet v2.3.1
[INFO] [stderr]    Compiling either v1.6.1
[INFO] [stderr]    Compiling regex-syntax v0.6.25
[INFO] [stderr]    Compiling mime v0.3.16
[INFO] [stderr]    Compiling termcolor v1.1.2
[INFO] [stderr]    Compiling clap v3.0.14
[INFO] [stderr]    Compiling hyper v0.14.17
[INFO] [stderr]    Compiling thiserror v1.0.30
[INFO] [stderr]    Compiling regex v1.5.4
[INFO] [stderr]    Compiling hyper-rustls v0.23.0
[INFO] [stderr]    Compiling serde_urlencoded v0.7.1
[INFO] [stderr]    Compiling reqwest v0.11.9
[INFO] [stderr]    Compiling actions-digest v0.2.2 (/opt/rustwide/workdir)
[INFO] [stderr]     Finished dev [unoptimized + debuginfo] target(s) in 51.30s
[INFO] running `Command { std: "docker" "inspect" "3e527a7016ccb76fc53edbb24f67abd0609fd2609f6a64e5706b22c78f30f32e", kill_on_drop: false }`
[INFO] running `Command { std: "docker" "rm" "-f" "3e527a7016ccb76fc53edbb24f67abd0609fd2609f6a64e5706b22c78f30f32e", kill_on_drop: false }`
[INFO] [stdout] 3e527a7016ccb76fc53edbb24f67abd0609fd2609f6a64e5706b22c78f30f32e
[INFO] running `Command { std: "docker" "create" "-v" "/var/lib/crater-agent-workspace/builds/worker-6-tc1/target:/opt/rustwide/target:rw,Z" "-v" "/var/lib/crater-agent-workspace/builds/worker-6-tc1/source:/opt/rustwide/workdir:ro,Z" "-v" "/var/lib/crater-agent-workspace/cargo-home:/opt/rustwide/cargo-home:ro,Z" "-v" "/var/lib/crater-agent-workspace/rustup-home:/opt/rustwide/rustup-home:ro,Z" "-e" "SOURCE_DIR=/opt/rustwide/workdir" "-e" "CARGO_TARGET_DIR=/opt/rustwide/target" "-e" "CARGO_INCREMENTAL=0" "-e" "RUST_BACKTRACE=full" "-e" "RUSTFLAGS=--cap-lints=warn" "-e" "RUSTDOCFLAGS=--cap-lints=warn" "-e" "CARGO_HOME=/opt/rustwide/cargo-home" "-e" "RUSTUP_HOME=/opt/rustwide/rustup-home" "-w" "/opt/rustwide/workdir" "-m" "1610612736" "--user" "0:0" "--network" "none" "ghcr.io/rust-lang/crates-build-env/linux@sha256:5ff2268d62e97bff2cde7d5815dd6ed5b47097566f13b8d0ca110b04b60e07ed" "/opt/rustwide/cargo-home/bin/cargo" "+1.69.0" "test" "--frozen" "--no-run" "--message-format=json", kill_on_drop: false }`
[INFO] [stdout] a37ba9e4bae3b7febf0f2795b5b39818abb8a0e2dc26df26fbb1a48586f391b2
[INFO] running `Command { std: "docker" "start" "-a" "a37ba9e4bae3b7febf0f2795b5b39818abb8a0e2dc26df26fbb1a48586f391b2", kill_on_drop: false }`
[INFO] [stderr]    Compiling syn v1.0.86
[INFO] [stderr]    Compiling semver v1.0.5
[INFO] [stderr]    Compiling num-traits v0.2.14
[INFO] [stderr]    Compiling doc-comment v0.3.3
[INFO] [stderr]    Compiling predicates-core v1.0.3
[INFO] [stderr]    Compiling itertools v0.10.3
[INFO] [stderr]    Compiling normalize-line-endings v0.3.0
[INFO] [stderr]    Compiling difflib v0.4.0
[INFO] [stderr]    Compiling regex-automata v0.1.10
[INFO] [stderr]    Compiling termtree v0.2.4
[INFO] [stderr]    Compiling predicates-tree v1.0.5
[INFO] [stderr]    Compiling bstr v0.2.17
[INFO] [stderr]    Compiling rustc_version v0.4.0
[INFO] [stderr]    Compiling wait-timeout v0.2.0
[INFO] [stderr]    Compiling ansi_term v0.12.1
[INFO] [stderr]    Compiling rstest v0.12.0
[INFO] [stderr]    Compiling diff v0.1.12
[INFO] [stderr]    Compiling pretty_assertions v1.1.0
[INFO] [stderr]    Compiling float-cmp v0.9.0
[INFO] [stderr]    Compiling predicates v2.1.1
[INFO] [stderr]    Compiling assert_cmd v2.0.4
[INFO] [stderr]    Compiling proc-macro-error v1.0.4
[INFO] [stderr]    Compiling serde_derive v1.0.136
[INFO] [stderr]    Compiling thiserror-impl v1.0.30
[INFO] [stderr]    Compiling clap_derive v3.0.14
[INFO] [stderr]    Compiling thiserror v1.0.30
[INFO] [stderr]    Compiling clap v3.0.14
[INFO] [stderr]    Compiling serde v1.0.136
[INFO] [stderr]    Compiling serde_json v1.0.79
[INFO] [stderr]    Compiling serde_urlencoded v0.7.1
[INFO] [stderr]    Compiling reqwest v0.11.9
[INFO] [stderr]    Compiling actions-digest v0.2.2 (/opt/rustwide/workdir)
[INFO] [stderr]     Finished test [unoptimized + debuginfo] target(s) in 35.77s
[INFO] running `Command { std: "docker" "inspect" "a37ba9e4bae3b7febf0f2795b5b39818abb8a0e2dc26df26fbb1a48586f391b2", kill_on_drop: false }`
[INFO] running `Command { std: "docker" "rm" "-f" "a37ba9e4bae3b7febf0f2795b5b39818abb8a0e2dc26df26fbb1a48586f391b2", kill_on_drop: false }`
[INFO] [stdout] a37ba9e4bae3b7febf0f2795b5b39818abb8a0e2dc26df26fbb1a48586f391b2
[INFO] running `Command { std: "docker" "create" "-v" "/var/lib/crater-agent-workspace/builds/worker-6-tc1/target:/opt/rustwide/target:rw,Z" "-v" "/var/lib/crater-agent-workspace/builds/worker-6-tc1/source:/opt/rustwide/workdir:ro,Z" "-v" "/var/lib/crater-agent-workspace/cargo-home:/opt/rustwide/cargo-home:ro,Z" "-v" "/var/lib/crater-agent-workspace/rustup-home:/opt/rustwide/rustup-home:ro,Z" "-e" "SOURCE_DIR=/opt/rustwide/workdir" "-e" "CARGO_TARGET_DIR=/opt/rustwide/target" "-e" "CARGO_INCREMENTAL=0" "-e" "RUST_BACKTRACE=full" "-e" "RUSTFLAGS=--cap-lints=warn" "-e" "RUSTDOCFLAGS=--cap-lints=warn" "-e" "CARGO_HOME=/opt/rustwide/cargo-home" "-e" "RUSTUP_HOME=/opt/rustwide/rustup-home" "-w" "/opt/rustwide/workdir" "-m" "1610612736" "--user" "0:0" "--network" "none" "ghcr.io/rust-lang/crates-build-env/linux@sha256:5ff2268d62e97bff2cde7d5815dd6ed5b47097566f13b8d0ca110b04b60e07ed" "/opt/rustwide/cargo-home/bin/cargo" "+1.69.0" "test" "--frozen", kill_on_drop: false }`
[INFO] [stdout] 0b95f64c6ad5c0d8ad6a24591bad19117041416f89240d98f7d185b206b7391a
[INFO] running `Command { std: "docker" "start" "-a" "0b95f64c6ad5c0d8ad6a24591bad19117041416f89240d98f7d185b206b7391a", kill_on_drop: false }`
[INFO] [stderr]     Finished test [unoptimized + debuginfo] target(s) in 0.21s
[INFO] [stderr]      Running unittests src/main.rs (/opt/rustwide/target/debug/deps/actions_digest-8bd1912b48c9900a)
[INFO] [stdout] 
[INFO] [stdout] running 8 tests
[INFO] [stdout] test step::action::tests::from_str::case_4 ... ok
[INFO] [stdout] test step::action::tests::from_str::case_5 ... ok
[INFO] [stdout] test step::action::tests::from_str::case_7 ... ok
[INFO] [stdout] test step::action::tests::from_str::case_3 ... ok
[INFO] [stdout] test step::action::tests::from_str::case_2 ... ok
[INFO] [stdout] test step::action::tests::from_str::case_6 ... ok
[INFO] [stdout] test step::action::tests::from_str::case_1 ... ok
[INFO] [stdout] test step::action::tests::from_str::case_8 ... ok
[INFO] [stdout] 
[INFO] [stdout] test result: ok. 8 passed; 0 failed; 0 ignored; 0 measured; 0 filtered out; finished in 0.10s
[INFO] [stdout] 
[INFO] [stderr]      Running tests/integration/main.rs (/opt/rustwide/target/debug/deps/integration-2e444ac1e7b5b0e3)
[INFO] [stdout] 
[INFO] [stdout] running 1 test
[INFO] [stderr] error: test failed, to rerun pass `--test integration`
[INFO] [stdout] test resolve::process_workflow ... FAILED
[INFO] [stdout] 
[INFO] [stdout] failures:
[INFO] [stdout] 
[INFO] [stdout] ---- resolve::process_workflow stdout ----
[INFO] [stdout] thread 'resolve::process_workflow' panicked at 'Unexpected stdout, failed diff original var
[INFO] [stdout] ├── original: ---
[INFO] [stdout] │   name: Test
[INFO] [stdout] │   
[INFO] [stdout] │   'on':
[INFO] [stdout] │     pull_request: ~
[INFO] [stdout] │   
[INFO] [stdout] │   defaults:
[INFO] [stdout] │     run:
[INFO] [stdout] │       shell: bash
[INFO] [stdout] │   
[INFO] [stdout] │   jobs:
[INFO] [stdout] │     test:
[INFO] [stdout] │       runs-on: ubuntu-20.04
[INFO] [stdout] │       steps:
[INFO] [stdout] │         - name: already resolved -> nothing to do
[INFO] [stdout] │           uses: hendrikmaus/dummy-action@c0077f5d7b6875d22bb5424412019ad4df84488c # v2.1.0
[INFO] [stdout] │   
[INFO] [stdout] │         - name: full tag name -> resolve to commit sha
[INFO] [stdout] │           uses: hendrikmaus/dummy-action@c0077f5d7b6875d22bb5424412019ad4df84488c
[INFO] [stdout] │   
[INFO] [stdout] │         - name: full tag name (older tag) -> resolve to commit sha
[INFO] [stdout] │           uses: hendrikmaus/dummy-action@10802b643a91b3f3bdda5f7179a73e0bfc29a263
[INFO] [stdout] │   
[INFO] [stdout] │         - name: partial tag name -> resolve to latest 2.x commit sha
[INFO] [stdout] │           uses: hendrikmaus/dummy-action@c0077f5d7b6875d22bb5424412019ad4df84488c
[INFO] [stdout] │   
[INFO] [stdout] │         - name: branch -> resolve to tip of branch
[INFO] [stdout] │           uses: hendrikmaus/dummy-action@bdf6679a63d06ae36bb7c1c62266dff4412ff58b
[INFO] [stdout] │   
[INFO] [stdout] │         - name: invalid version -> untouched, error logged
[INFO] [stdout] │           uses: hendrikmaus/dummy-action@INVALID
[INFO] [stdout] │   
[INFO] [stdout] │         - name: additional comment on the end of the line
[INFO] [stdout] │           uses: hendrikmaus/dummy-action@c0077f5d7b6875d22bb5424412019ad4df84488c # I am comment, and I am here to stay
[INFO] [stdout] │   
[INFO] [stdout] │         - name: quoted with single quotes
[INFO] [stdout] │           uses: 'hendrikmaus/dummy-action@d7978554106cf5f5ee9c07dc68487f771a2ebcb8'
[INFO] [stdout] │   
[INFO] [stdout] │         - name: quoted with double quotes
[INFO] [stdout] │           uses: "hendrikmaus/dummy-action@d7978554106cf5f5ee9c07dc68487f771a2ebcb8"
[INFO] [stdout] │   
[INFO] [stdout] │         - name: the yaml key is now also quoted
[INFO] [stdout] │           "uses": "hendrikmaus/dummy-action@d7978554106cf5f5ee9c07dc68487f771a2ebcb8"
[INFO] [stdout] │   
[INFO] [stdout] │         - uses: hendrikmaus/dummy-action@10802b643a91b3f3bdda5f7179a73e0bfc29a263
[INFO] [stdout] │           name: here uses is the first element
[INFO] [stdout] ├── diff: 
[INFO] [stdout] │   --- 	orig
[INFO] [stdout] │   +++ 	var
[INFO] [stdout] │   @@ -19 +19 @@
[INFO] [stdout] │   -        uses: hendrikmaus/dummy-action@c0077f5d7b6875d22bb5424412019ad4df84488c
[INFO] [stdout] │   +        uses: hendrikmaus/dummy-action@2.1.0
[INFO] [stdout] │   @@ -22 +22 @@
[INFO] [stdout] │   -        uses: hendrikmaus/dummy-action@10802b643a91b3f3bdda5f7179a73e0bfc29a263
[INFO] [stdout] │   +        uses: hendrikmaus/dummy-action@2.0.0
[INFO] [stdout] │   @@ -25 +25 @@
[INFO] [stdout] │   -        uses: hendrikmaus/dummy-action@c0077f5d7b6875d22bb5424412019ad4df84488c
[INFO] [stdout] │   +        uses: hendrikmaus/dummy-action@2
[INFO] [stdout] │   @@ -28 +28 @@
[INFO] [stdout] │   -        uses: hendrikmaus/dummy-action@bdf6679a63d06ae36bb7c1c62266dff4412ff58b
[INFO] [stdout] │   +        uses: hendrikmaus/dummy-action@main
[INFO] [stdout] │   @@ -34 +34 @@
[INFO] [stdout] │   -        uses: hendrikmaus/dummy-action@c0077f5d7b6875d22bb5424412019ad4df84488c # I am comment, and I am here to stay
[INFO] [stdout] │   +        uses: hendrikmaus/dummy-action@2 # I am comment, and I am here to stay
[INFO] [stdout] │   @@ -37 +37 @@
[INFO] [stdout] │   -        uses: 'hendrikmaus/dummy-action@d7978554106cf5f5ee9c07dc68487f771a2ebcb8'
[INFO] [stdout] │   +        uses: 'hendrikmaus/dummy-action@1'
[INFO] [stdout] │   @@ -40 +40 @@
[INFO] [stdout] │   -        uses: "hendrikmaus/dummy-action@d7978554106cf5f5ee9c07dc68487f771a2ebcb8"
[INFO] [stdout] │   +        uses: "hendrikmaus/dummy-action@1"
[INFO] [stdout] │   @@ -43 +43 @@
[INFO] [stdout] │   -        "uses": "hendrikmaus/dummy-action@d7978554106cf5f5ee9c07dc68487f771a2ebcb8"
[INFO] [stdout] │   +        "uses": "hendrikmaus/dummy-action@1"
[INFO] [stdout] │   @@ -45 +45 @@
[INFO] [stdout] │   -      - uses: hendrikmaus/dummy-action@10802b643a91b3f3bdda5f7179a73e0bfc29a263
[INFO] [stdout] │   +      - uses: hendrikmaus/dummy-action@2.0
[INFO] [stdout] └── var as str: ---
[INFO] [stdout]     name: Test
[INFO] [stdout]     
[INFO] [stdout]     'on':
[INFO] [stdout]       pull_request: ~
[INFO] [stdout]     
[INFO] [stdout]     defaults:
[INFO] [stdout]       run:
[INFO] [stdout]         shell: bash
[INFO] [stdout]     
[INFO] [stdout]     jobs:
[INFO] [stdout]       test:
[INFO] [stdout]         runs-on: ubuntu-20.04
[INFO] [stdout]         steps:
[INFO] [stdout]           - name: already resolved -> nothing to do
[INFO] [stdout]             uses: hendrikmaus/dummy-action@c0077f5d7b6875d22bb5424412019ad4df84488c # v2.1.0
[INFO] [stdout]     
[INFO] [stdout]           - name: full tag name -> resolve to commit sha
[INFO] [stdout]             uses: hendrikmaus/dummy-action@2.1.0
[INFO] [stdout]     
[INFO] [stdout]           - name: full tag name (older tag) -> resolve to commit sha
[INFO] [stdout]             uses: hendrikmaus/dummy-action@2.0.0
[INFO] [stdout]     
[INFO] [stdout]           - name: partial tag name -> resolve to latest 2.x commit sha
[INFO] [stdout]             uses: hendrikmaus/dummy-action@2
[INFO] [stdout]     
[INFO] [stdout]           - name: branch -> resolve to tip of branch
[INFO] [stdout]             uses: hendrikmaus/dummy-action@main
[INFO] [stdout]     
[INFO] [stdout]           - name: invalid version -> untouched, error logged
[INFO] [stdout]             uses: hendrikmaus/dummy-action@INVALID
[INFO] [stdout]     
[INFO] [stdout]           - name: additional comment on the end of the line
[INFO] [stdout]             uses: hendrikmaus/dummy-action@2 # I am comment, and I am here to stay
[INFO] [stdout]     
[INFO] [stdout]           - name: quoted with single quotes
[INFO] [stdout]             uses: 'hendrikmaus/dummy-action@1'
[INFO] [stdout]     
[INFO] [stdout]           - name: quoted with double quotes
[INFO] [stdout]             uses: "hendrikmaus/dummy-action@1"
[INFO] [stdout]     
[INFO] [stdout]           - name: the yaml key is now also quoted
[INFO] [stdout]             "uses": "hendrikmaus/dummy-action@1"
[INFO] [stdout]     
[INFO] [stdout]           - uses: hendrikmaus/dummy-action@2.0
[INFO] [stdout]             name: here uses is the first element
[INFO] [stdout] 
[INFO] [stdout] command=`"/opt/rustwide/target/debug/actions-digest" "tests/integration/data/before.yaml"`
[INFO] [stdout] code=0
[INFO] [stdout] stdout="---\nname: Test\n\n\'on\':\n  pull_request: ~\n\ndefaults:\n  run:\n    shell: bash\n\njobs:\n  test:\n    runs-on: ubuntu-20.04\n    steps:\n      - name: already resolved -> nothing to do\n        uses: hendrikmaus/dummy-action@c0077f5d7b6875d22bb5424412019ad4df84488c # v2.1.0\n\n      - name: full tag name -> resolve to commit sha\n        uses: hendrikmaus/dummy-action@2.1.0\n\n      - name: full tag name (older tag) -> resolve to commit sha\n        uses: hendrikmaus/dummy-action@2.0.0\n\n      - name: partial tag name -> resolve to latest 2.x commit sha\n        uses: hendrikmaus/dummy-action@2\n\n      - name: branch -> resolve to tip of branch\n        uses: hendrikmaus/dummy-action@main\n\n      - name: invalid version -> untouched, error logged\n        uses: hendrikmaus/dummy-action@INVALID\n\n      - name: additional comment on the end of the line\n        uses: hendrikmaus/dummy-action@2 # I am comment, and I am here to stay\n\n      - name: quoted with single quotes\n        uses: \'hendrikmaus/dummy-action@1\'\n\n      - name: quoted with double quotes\n        uses: \"hendrikmaus/dummy-action@1\"\n\n      - name: the yaml key is now also quoted\n        \"uses\": \"hendrikmaus/dummy-action@1\"\n\n      - uses: hendrikmaus/dummy-action@2.0\n        name: here uses is the first element\n"
[INFO] [stdout] stderr="error: hendrikmaus/dummy-action@c0077f5d7b6875d22bb5424412019ad4df84488c -> GitHub API error: error sending request for url (https://api.github.com/repos/hendrikmaus/dummy-action/git/matching-refs/tags/c0077f5d7b6875d22bb5424412019ad4df84488c?per_page=1): error trying to connect: dns error: failed to lookup address information: Temporary failure in name resolution\nerror: hendrikmaus/dummy-action@2.1.0 -> GitHub API error: error sending request for url (https://api.github.com/repos/hendrikmaus/dummy-action/git/matching-refs/tags/2.1.0?per_page=1): error trying to connect: dns error: failed to lookup address information: Temporary failure in name resolution\nerror: hendrikmaus/dummy-action@2.0.0 -> GitHub API error: error sending request for url (https://api.github.com/repos/hendrikmaus/dummy-action/git/matching-refs/tags/2.0.0?per_page=1): error trying to connect: dns error: failed to lookup address information: Temporary failure in name resolution\nerror: hendrikmaus/dummy-action@1 -> GitHub API error: error sending request for url (https://api.github.com/repos/hendrikmaus/dummy-action/git/matching-refs/tags/1?per_page=1): error trying to connect: dns error: failed to lookup address information: Temporary failure in name resolution\nerror: hendrikmaus/dummy-action@2 -> GitHub API error: error sending request for url (https://api.github.com/repos/hendrikmaus/dummy-action/git/matching-refs/tags/2?per_page=1): error trying to connect: dns error: failed to lookup address information: Temporary failure in name resolution\nerror: hendrikmaus/dummy-action@main -> GitHub API error: error sending request for url (https://api.github.com/repos/hendrikmaus/dummy-action/git/matching-refs/tags/main?per_page=1): error trying to connect: dns error: failed to lookup address information: Temporary failure in name resolution\nerror: hendrikmaus/dummy-action@INVALID -> GitHub API error: error sending request for url (https://api.github.com/repos/hendrikmaus/dummy-action/git/matching-refs/tags/INVALID?per_page=1): error trying to connect: dns error: failed to lookup address information: Temporary failure in name resolution\nerror: hendrikmaus/dummy-action@1 -> GitHub API error: error sending request for url (https://api.github.com/repos/hendrikmaus/dummy-action/git/matching-refs/tags/1?per_page=1): error trying to connect: dns error: failed to lookup address information: Temporary failure in name resolution\nerror: hendrikmaus/dummy-action@2.0 -> GitHub API error: error sending request for url (https://api.github.com/repos/hendrikmaus/dummy-action/git/matching-refs/tags/2.0?per_page=1): error trying to connect: dns error: failed to lookup address information: Temporary failure in name resolution\nerror: hendrikmaus/dummy-action@2 -> GitHub API error: error sending request for url (https://api.github.com/repos/hendrikmaus/dummy-action/git/matching-refs/tags/2?per_page=1): error trying to connect: dns error: failed to lookup address information: Temporary failure in name resolution\nerror: hendrikmaus/dummy-action@1 -> GitHub API error: error sending request for url (https://api.github.com/repos/hendrikmaus/dummy-action/git/matching-refs/tags/1?per_page=1): error trying to connect: dns error: failed to lookup address information: Temporary failure in name resolution\n"
[INFO] [stdout] ', /rustc/84c898d65adf2f39a5a98507f1fe0ce10a2b8dbc/library/core/src/ops/function.rs:250:5
[INFO] [stdout] stack backtrace:
[INFO] [stdout]    0:     0x55f0f2f9caca - std::backtrace_rs::backtrace::libunwind::trace::ha9053a9a07ca49cb
[INFO] [stdout]                                at /rustc/84c898d65adf2f39a5a98507f1fe0ce10a2b8dbc/library/std/src/../../backtrace/src/backtrace/libunwind.rs:93:5
[INFO] [stdout]    1:     0x55f0f2f9caca - std::backtrace_rs::backtrace::trace_unsynchronized::h9c2852a457ad564e
[INFO] [stdout]                                at /rustc/84c898d65adf2f39a5a98507f1fe0ce10a2b8dbc/library/std/src/../../backtrace/src/backtrace/mod.rs:66:5
[INFO] [stdout]    2:     0x55f0f2f9caca - std::sys_common::backtrace::_print_fmt::h457936fbfaa0070f
[INFO] [stdout]                                at /rustc/84c898d65adf2f39a5a98507f1fe0ce10a2b8dbc/library/std/src/sys_common/backtrace.rs:65:5
[INFO] [stdout]    3:     0x55f0f2f9caca - <std::sys_common::backtrace::_print::DisplayBacktrace as core::fmt::Display>::fmt::h5779d7bf7f70cb0c
[INFO] [stdout]                                at /rustc/84c898d65adf2f39a5a98507f1fe0ce10a2b8dbc/library/std/src/sys_common/backtrace.rs:44:22
[INFO] [stdout]    4:     0x55f0f2fc0eee - core::fmt::write::h5a4baaff1bcd3eb5
[INFO] [stdout]                                at /rustc/84c898d65adf2f39a5a98507f1fe0ce10a2b8dbc/library/core/src/fmt/mod.rs:1232:17
[INFO] [stdout]    5:     0x55f0f2f99c05 - std::io::Write::write_fmt::h478f79c628ef31d1
[INFO] [stdout]                                at /rustc/84c898d65adf2f39a5a98507f1fe0ce10a2b8dbc/library/std/src/io/mod.rs:1684:15
[INFO] [stdout]    6:     0x55f0f2f9c895 - std::sys_common::backtrace::_print::h5fcdc36060f177e8
[INFO] [stdout]                                at /rustc/84c898d65adf2f39a5a98507f1fe0ce10a2b8dbc/library/std/src/sys_common/backtrace.rs:47:5
[INFO] [stdout]    7:     0x55f0f2f9c895 - std::sys_common::backtrace::print::h54ca9458b876c8bf
[INFO] [stdout]                                at /rustc/84c898d65adf2f39a5a98507f1fe0ce10a2b8dbc/library/std/src/sys_common/backtrace.rs:34:9
[INFO] [stdout]    8:     0x55f0f2f9e6df - std::panicking::default_hook::{{closure}}::hbe471161c7664ed6
[INFO] [stdout]                                at /rustc/84c898d65adf2f39a5a98507f1fe0ce10a2b8dbc/library/std/src/panicking.rs:271:22
[INFO] [stdout]    9:     0x55f0f2f9e39f - std::panicking::default_hook::ha3500da57aa4ac4f
[INFO] [stdout]                                at /rustc/84c898d65adf2f39a5a98507f1fe0ce10a2b8dbc/library/std/src/panicking.rs:287:9
[INFO] [stdout]   10:     0x55f0f2f1d9d7 - <alloc::boxed::Box<F,A> as core::ops::function::Fn<Args>>::call::hdf1b89dd137ece34
[INFO] [stdout]                                at /rustc/84c898d65adf2f39a5a98507f1fe0ce10a2b8dbc/library/alloc/src/boxed.rs:2001:9
[INFO] [stdout]   11:     0x55f0f2f1d9d7 - test::test_main::{{closure}}::h9081a79f20e75698
[INFO] [stdout]                                at /rustc/84c898d65adf2f39a5a98507f1fe0ce10a2b8dbc/library/test/src/lib.rs:135:21
[INFO] [stdout]   12:     0x55f0f2f9ee0d - <alloc::boxed::Box<F,A> as core::ops::function::Fn<Args>>::call::h6507bddc3eebb4a5
[INFO] [stdout]                                at /rustc/84c898d65adf2f39a5a98507f1fe0ce10a2b8dbc/library/alloc/src/boxed.rs:2001:9
[INFO] [stdout]   13:     0x55f0f2f9ee0d - std::panicking::rust_panic_with_hook::h50c09d000dc561d2
[INFO] [stdout]                                at /rustc/84c898d65adf2f39a5a98507f1fe0ce10a2b8dbc/library/std/src/panicking.rs:696:13
[INFO] [stdout]   14:     0x55f0f2f9eb89 - std::panicking::begin_panic_handler::{{closure}}::h9e2b2176e00e0d9c
[INFO] [stdout]                                at /rustc/84c898d65adf2f39a5a98507f1fe0ce10a2b8dbc/library/std/src/panicking.rs:583:13
[INFO] [stdout]   15:     0x55f0f2f9cf36 - std::sys_common::backtrace::__rust_end_short_backtrace::h5739b8e512c09d02
[INFO] [stdout]                                at /rustc/84c898d65adf2f39a5a98507f1fe0ce10a2b8dbc/library/std/src/sys_common/backtrace.rs:150:18
[INFO] [stdout]   16:     0x55f0f2f9e892 - rust_begin_unwind
[INFO] [stdout]                                at /rustc/84c898d65adf2f39a5a98507f1fe0ce10a2b8dbc/library/std/src/panicking.rs:579:5
[INFO] [stdout]   17:     0x55f0f2ee7c03 - core::panicking::panic_fmt::hf33a1475b4dc5c3e
[INFO] [stdout]                                at /rustc/84c898d65adf2f39a5a98507f1fe0ce10a2b8dbc/library/core/src/panicking.rs:64:14
[INFO] [stdout]   18:     0x55f0f2f2d03c - core::panicking::panic_display::h23d11d54add0c2da
[INFO] [stdout]                                at /rustc/84c898d65adf2f39a5a98507f1fe0ce10a2b8dbc/library/core/src/panicking.rs:147:5
[INFO] [stdout]   19:     0x55f0f2f2a177 - assert_cmd::assert::AssertError::panic::hc8baede372717a04
[INFO] [stdout]                                at /opt/rustwide/cargo-home/registry/src/github.com-1ecc6299db9ec823/assert_cmd-2.0.4/src/assert.rs:1036:9
[INFO] [stdout]   20:     0x55f0f2f2b3b7 - core::ops::function::FnOnce::call_once::h52857ec95035bf39
[INFO] [stdout]                                at /rustc/84c898d65adf2f39a5a98507f1fe0ce10a2b8dbc/library/core/src/ops/function.rs:250:5
[INFO] [stdout]   21:     0x55f0f2f28770 - core::result::Result<T,E>::unwrap_or_else::h6ac679962d105c8c
[INFO] [stdout]                                at /rustc/84c898d65adf2f39a5a98507f1fe0ce10a2b8dbc/library/core/src/result.rs:1465:23
[INFO] [stdout]   22:     0x55f0f2ee9729 - assert_cmd::assert::Assert::stdout::h07836d4bb39588e8
[INFO] [stdout]                                at /opt/rustwide/cargo-home/registry/src/github.com-1ecc6299db9ec823/assert_cmd-2.0.4/src/assert.rs:362:9
[INFO] [stdout]   23:     0x55f0f2eeacf9 - integration::resolve::process_workflow::he26a6a1bd47f3549
[INFO] [stdout]                                at /opt/rustwide/workdir/tests/integration/resolve.rs:14:5
[INFO] [stdout]   24:     0x55f0f2eea877 - integration::resolve::process_workflow::{{closure}}::hd4e7247fdaa69a85
[INFO] [stdout]                                at /opt/rustwide/workdir/tests/integration/resolve.rs:8:26
[INFO] [stdout]   25:     0x55f0f2ee92a5 - core::ops::function::FnOnce::call_once::hfb4602a5d02eb1d1
[INFO] [stdout]                                at /rustc/84c898d65adf2f39a5a98507f1fe0ce10a2b8dbc/library/core/src/ops/function.rs:250:5
[INFO] [stdout]   26:     0x55f0f2f22dbf - core::ops::function::FnOnce::call_once::h7d969581be7d0075
[INFO] [stdout]                                at /rustc/84c898d65adf2f39a5a98507f1fe0ce10a2b8dbc/library/core/src/ops/function.rs:250:5
[INFO] [stdout]   27:     0x55f0f2f22dbf - test::__rust_begin_short_backtrace::hca25a52684e56655
[INFO] [stdout]                                at /rustc/84c898d65adf2f39a5a98507f1fe0ce10a2b8dbc/library/test/src/lib.rs:656:18
[INFO] [stdout]   28:     0x55f0f2ef43dc - test::run_test::{{closure}}::ha8ac744c4af1a4bb
[INFO] [stdout]                                at /rustc/84c898d65adf2f39a5a98507f1fe0ce10a2b8dbc/library/test/src/lib.rs:647:30
[INFO] [stdout]   29:     0x55f0f2ef43dc - core::ops::function::FnOnce::call_once{{vtable.shim}}::h7b411a9ed45bdecf
[INFO] [stdout]                                at /rustc/84c898d65adf2f39a5a98507f1fe0ce10a2b8dbc/library/core/src/ops/function.rs:250:5
[INFO] [stdout]   30:     0x55f0f2f21d86 - <alloc::boxed::Box<F,A> as core::ops::function::FnOnce<Args>>::call_once::hd05328869a8ed200
[INFO] [stdout]                                at /rustc/84c898d65adf2f39a5a98507f1fe0ce10a2b8dbc/library/alloc/src/boxed.rs:1987:9
[INFO] [stdout]   31:     0x55f0f2f21d86 - <core::panic::unwind_safe::AssertUnwindSafe<F> as core::ops::function::FnOnce<()>>::call_once::h0c601ce20bd5b2be
[INFO] [stdout]                                at /rustc/84c898d65adf2f39a5a98507f1fe0ce10a2b8dbc/library/core/src/panic/unwind_safe.rs:271:9
[INFO] [stdout]   32:     0x55f0f2f21d86 - std::panicking::try::do_call::ha4be5c164fe30854
[INFO] [stdout]                                at /rustc/84c898d65adf2f39a5a98507f1fe0ce10a2b8dbc/library/std/src/panicking.rs:487:40
[INFO] [stdout]   33:     0x55f0f2f21d86 - std::panicking::try::h604546f3609af05f
[INFO] [stdout]                                at /rustc/84c898d65adf2f39a5a98507f1fe0ce10a2b8dbc/library/std/src/panicking.rs:451:19
[INFO] [stdout]   34:     0x55f0f2f21d86 - std::panic::catch_unwind::h5bfa8afe44c9c2f9
[INFO] [stdout]                                at /rustc/84c898d65adf2f39a5a98507f1fe0ce10a2b8dbc/library/std/src/panic.rs:140:14
[INFO] [stdout]   35:     0x55f0f2f21d86 - test::run_test_in_process::hd50dee55dd63e6aa
[INFO] [stdout]                                at /rustc/84c898d65adf2f39a5a98507f1fe0ce10a2b8dbc/library/test/src/lib.rs:679:27
[INFO] [stdout]   36:     0x55f0f2f21d86 - test::run_test::run_test_inner::{{closure}}::h4aa0f433aa85cea8
[INFO] [stdout]                                at /rustc/84c898d65adf2f39a5a98507f1fe0ce10a2b8dbc/library/test/src/lib.rs:573:39
[INFO] [stdout]   37:     0x55f0f2eeea51 - test::run_test::run_test_inner::{{closure}}::had56431adf24b4d6
[INFO] [stdout]                                at /rustc/84c898d65adf2f39a5a98507f1fe0ce10a2b8dbc/library/test/src/lib.rs:600:37
[INFO] [stdout]   38:     0x55f0f2eeea51 - std::sys_common::backtrace::__rust_begin_short_backtrace::ha8d9890e0c73bf13
[INFO] [stdout]                                at /rustc/84c898d65adf2f39a5a98507f1fe0ce10a2b8dbc/library/std/src/sys_common/backtrace.rs:134:18
[INFO] [stdout]   39:     0x55f0f2ef446b - std::thread::Builder::spawn_unchecked_::{{closure}}::{{closure}}::h251832bcb4a95327
[INFO] [stdout]                                at /rustc/84c898d65adf2f39a5a98507f1fe0ce10a2b8dbc/library/std/src/thread/mod.rs:560:17
[INFO] [stdout]   40:     0x55f0f2ef446b - <core::panic::unwind_safe::AssertUnwindSafe<F> as core::ops::function::FnOnce<()>>::call_once::h8fdff598fa414831
[INFO] [stdout]                                at /rustc/84c898d65adf2f39a5a98507f1fe0ce10a2b8dbc/library/core/src/panic/unwind_safe.rs:271:9
[INFO] [stdout]   41:     0x55f0f2ef446b - std::panicking::try::do_call::h455dd2f7764a950f
[INFO] [stdout]                                at /rustc/84c898d65adf2f39a5a98507f1fe0ce10a2b8dbc/library/std/src/panicking.rs:487:40
[INFO] [stdout]   42:     0x55f0f2ef446b - std::panicking::try::had6f23b7b73ae72a
[INFO] [stdout]                                at /rustc/84c898d65adf2f39a5a98507f1fe0ce10a2b8dbc/library/std/src/panicking.rs:451:19
[INFO] [stdout]   43:     0x55f0f2ef446b - std::panic::catch_unwind::ha6a5ca3915b4dad0
[INFO] [stdout]                                at /rustc/84c898d65adf2f39a5a98507f1fe0ce10a2b8dbc/library/std/src/panic.rs:140:14
[INFO] [stdout]   44:     0x55f0f2ef446b - std::thread::Builder::spawn_unchecked_::{{closure}}::h883b72ef75da6231
[INFO] [stdout]                                at /rustc/84c898d65adf2f39a5a98507f1fe0ce10a2b8dbc/library/std/src/thread/mod.rs:559:30
[INFO] [stdout]   45:     0x55f0f2ef446b - core::ops::function::FnOnce::call_once{{vtable.shim}}::hb7dff73dc8bd2ccb
[INFO] [stdout]                                at /rustc/84c898d65adf2f39a5a98507f1fe0ce10a2b8dbc/library/core/src/ops/function.rs:250:5
[INFO] [stdout]   46:     0x55f0f2fa3903 - <alloc::boxed::Box<F,A> as core::ops::function::FnOnce<Args>>::call_once::h39990b24eedef2ab
[INFO] [stdout]                                at /rustc/84c898d65adf2f39a5a98507f1fe0ce10a2b8dbc/library/alloc/src/boxed.rs:1987:9
[INFO] [stdout]   47:     0x55f0f2fa3903 - <alloc::boxed::Box<F,A> as core::ops::function::FnOnce<Args>>::call_once::h01a027258444143b
[INFO] [stdout]                                at /rustc/84c898d65adf2f39a5a98507f1fe0ce10a2b8dbc/library/alloc/src/boxed.rs:1987:9
[INFO] [stdout]   48:     0x55f0f2fa3903 - std::sys::unix::thread::Thread::new::thread_start::ha4f1cdd9c25884ba
[INFO] [stdout]                                at /rustc/84c898d65adf2f39a5a98507f1fe0ce10a2b8dbc/library/std/src/sys/unix/thread.rs:108:17
[INFO] [stdout]   49:     0x7f0d4987cb43 - <unknown>
[INFO] [stdout]   50:     0x7f0d4990dbb4 - __clone
[INFO] [stdout]   51:                0x0 - <unknown>
[INFO] [stdout] 
[INFO] [stdout] 
[INFO] [stdout] failures:
[INFO] [stdout]     resolve::process_workflow
[INFO] [stdout] 
[INFO] [stdout] test result: FAILED. 0 passed; 1 failed; 0 ignored; 0 measured; 0 filtered out; finished in 0.19s
[INFO] [stdout] 
[INFO] running `Command { std: "docker" "inspect" "0b95f64c6ad5c0d8ad6a24591bad19117041416f89240d98f7d185b206b7391a", kill_on_drop: false }`
[INFO] running `Command { std: "docker" "rm" "-f" "0b95f64c6ad5c0d8ad6a24591bad19117041416f89240d98f7d185b206b7391a", kill_on_drop: false }`
[INFO] [stdout] 0b95f64c6ad5c0d8ad6a24591bad19117041416f89240d98f7d185b206b7391a
