[INFO] fetching crate a_r_c_h_e_r_y 0.4.3...
[INFO] testing a_r_c_h_e_r_y-0.4.3 against 1.69.0 for beta-1.70-1
[INFO] extracting crate a_r_c_h_e_r_y 0.4.3 into /workspace/builds/worker-5-tc1/source
[INFO] validating manifest of crates.io crate a_r_c_h_e_r_y 0.4.3 on toolchain 1.69.0
[INFO] running `Command { std: CARGO_HOME="/workspace/cargo-home" RUSTUP_HOME="/workspace/rustup-home" "/workspace/cargo-home/bin/cargo" "+1.69.0" "metadata" "--manifest-path" "Cargo.toml" "--no-deps", kill_on_drop: false }`
[INFO] started tweaking crates.io crate a_r_c_h_e_r_y 0.4.3
[INFO] finished tweaking crates.io crate a_r_c_h_e_r_y 0.4.3
[INFO] tweaked toml for crates.io crate a_r_c_h_e_r_y 0.4.3 written to /workspace/builds/worker-5-tc1/source/Cargo.toml
[INFO] crate crates.io crate a_r_c_h_e_r_y 0.4.3 already has a lockfile, it will not be regenerated
[INFO] running `Command { std: CARGO_HOME="/workspace/cargo-home" RUSTUP_HOME="/workspace/rustup-home" "/workspace/cargo-home/bin/cargo" "+1.69.0" "fetch" "--manifest-path" "Cargo.toml", kill_on_drop: false }`
[INFO] [stderr]  Downloading crates ...
[INFO] [stderr]   Downloaded output_vt100 v0.1.2
[INFO] [stderr]   Downloaded either v1.6.1
[INFO] [stderr]   Downloaded crossbeam-deque v0.8.1
[INFO] [stderr]   Downloaded half v1.8.2
[INFO] [stderr]   Downloaded memchr v2.4.1
[INFO] [stderr]   Downloaded instant v0.1.12
[INFO] [stderr]   Downloaded getopts v0.2.21
[INFO] [stderr]   Downloaded tester v0.7.0
[INFO] [stderr]   Downloaded libc v0.2.117
[INFO] [stderr]   Downloaded unicode-width v0.1.9
[INFO] [stderr]   Downloaded dirs-sys v0.3.6
[INFO] [stderr]   Downloaded serde_json v1.0.78
[INFO] [stderr]   Downloaded memoffset v0.6.5
[INFO] [stderr]   Downloaded cast v0.2.7
[INFO] [stderr]   Downloaded hermit-abi v0.1.19
[INFO] [stderr]   Downloaded unicode-xid v0.2.2
[INFO] [stderr]   Downloaded redox_syscall v0.2.10
[INFO] [stderr]   Downloaded wasm-bindgen-backend v0.2.79
[INFO] [stderr]   Downloaded anyhow v1.0.53
[INFO] [stderr]   Downloaded tempfile v3.3.0
[INFO] [stderr]   Downloaded tinytemplate v1.2.1
[INFO] [stderr]   Downloaded log v0.4.14
[INFO] [stderr]   Downloaded plotters-svg v0.3.1
[INFO] [stderr]   Downloaded num_cpus v1.13.1
[INFO] [stderr]   Downloaded dirs v2.0.2
[INFO] [stderr]   Downloaded same-file v1.0.6
[INFO] [stderr]   Downloaded csv-core v0.1.10
[INFO] [stderr]   Downloaded redox_users v0.4.0
[INFO] [stderr]   Downloaded diff v0.1.12
[INFO] [stderr]   Downloaded plotters-backend v0.3.2
[INFO] [stderr]   Downloaded wasm-bindgen-shared v0.2.79
[INFO] [stderr]   Downloaded filetime v0.2.15
[INFO] [stderr]   Downloaded winapi-util v0.1.5
[INFO] [stderr]   Downloaded fastrand v1.7.0
[INFO] [stderr]   Downloaded itoa v1.0.1
[INFO] [stderr]   Downloaded oorandom v11.1.3
[INFO] [stderr]   Downloaded num-traits v0.2.14
[INFO] [stderr]   Downloaded walkdir v2.3.2
[INFO] [stderr]   Downloaded getrandom v0.2.4
[INFO] [stderr]   Downloaded proc-macro2 v1.0.36
[INFO] [stderr]   Downloaded wasm-bindgen-macro v0.2.79
[INFO] [stderr]   Downloaded semver v1.0.5
[INFO] [stderr]   Downloaded ctor v0.1.21
[INFO] [stderr]   Downloaded static_assertions v1.1.0
[INFO] [stderr]   Downloaded rustfix v0.5.1
[INFO] [stderr]   Downloaded miow v0.3.7
[INFO] [stderr]   Downloaded criterion-plot v0.4.4
[INFO] [stderr]   Downloaded wasm-bindgen-macro-support v0.2.79
[INFO] [stderr]   Downloaded bumpalo v3.9.1
[INFO] [stderr]   Downloaded wasi v0.10.2+wasi-snapshot-preview1
[INFO] [stderr]   Downloaded quote v1.0.15
[INFO] [stderr]   Downloaded serde v1.0.136
[INFO] [stderr]   Downloaded crossbeam-utils v0.8.7
[INFO] [stderr]   Downloaded serde_cbor v0.11.2
[INFO] [stderr]   Downloaded ansi_term v0.11.0
[INFO] [stderr]   Downloaded crossbeam-epoch v0.9.7
[INFO] [stderr]   Downloaded compiletest_rs v0.5.0
[INFO] [stderr]   Downloaded ryu v1.0.9
[INFO] [stderr]   Downloaded term v0.6.1
[INFO] [stderr]   Downloaded crossbeam-channel v0.5.2
[INFO] [stderr]   Downloaded serde_derive v1.0.136
[INFO] [stderr]   Downloaded rayon-core v1.9.1
[INFO] [stderr]   Downloaded js-sys v0.3.56
[INFO] [stderr]   Downloaded itertools v0.10.3
[INFO] [stderr]   Downloaded regex-automata v0.1.10
[INFO] [stderr]   Downloaded aho-corasick v0.7.18
[INFO] [stderr]   Downloaded criterion v0.3.5
[INFO] [stderr]   Downloaded difference v2.0.0
[INFO] [stderr]   Downloaded rayon v1.5.1
[INFO] [stderr]   Downloaded wasm-bindgen v0.2.79
[INFO] [stderr]   Downloaded syn v1.0.86
[INFO] [stderr]   Downloaded regex v1.5.4
[INFO] [stderr]   Downloaded regex-syntax v0.6.25
[INFO] [stderr]   Downloaded bstr v0.2.17
[INFO] [stderr]   Downloaded web-sys v0.3.56
[INFO] [stderr]   Downloaded csv v1.1.6
[INFO] [stderr]   Downloaded winapi v0.3.9
[INFO] [stderr]   Downloaded pretty_assertions v0.6.1
[INFO] [stderr]   Downloaded winapi-i686-pc-windows-gnu v0.4.0
[INFO] [stderr]   Downloaded winapi-x86_64-pc-windows-gnu v0.4.0
[INFO] [stderr]   Downloaded plotters v0.3.1
[INFO] running `Command { std: "docker" "create" "-v" "/var/lib/crater-agent-workspace/builds/worker-5-tc1/target:/opt/rustwide/target:rw,Z" "-v" "/var/lib/crater-agent-workspace/builds/worker-5-tc1/source:/opt/rustwide/workdir:ro,Z" "-v" "/var/lib/crater-agent-workspace/cargo-home:/opt/rustwide/cargo-home:ro,Z" "-v" "/var/lib/crater-agent-workspace/rustup-home:/opt/rustwide/rustup-home:ro,Z" "-e" "SOURCE_DIR=/opt/rustwide/workdir" "-e" "CARGO_TARGET_DIR=/opt/rustwide/target" "-e" "CARGO_HOME=/opt/rustwide/cargo-home" "-e" "RUSTUP_HOME=/opt/rustwide/rustup-home" "-w" "/opt/rustwide/workdir" "-m" "1610612736" "--user" "0:0" "--network" "none" "ghcr.io/rust-lang/crates-build-env/linux@sha256:5ff2268d62e97bff2cde7d5815dd6ed5b47097566f13b8d0ca110b04b60e07ed" "/opt/rustwide/cargo-home/bin/cargo" "+1.69.0" "metadata" "--no-deps" "--format-version=1", kill_on_drop: false }`
[INFO] [stdout] 8b8223e4a344b2102fbd885a206fe3a7ddf8218100bc87b520a021660be2e2f9
[INFO] running `Command { std: "docker" "start" "-a" "8b8223e4a344b2102fbd885a206fe3a7ddf8218100bc87b520a021660be2e2f9", kill_on_drop: false }`
[INFO] running `Command { std: "docker" "inspect" "8b8223e4a344b2102fbd885a206fe3a7ddf8218100bc87b520a021660be2e2f9", kill_on_drop: false }`
[INFO] running `Command { std: "docker" "rm" "-f" "8b8223e4a344b2102fbd885a206fe3a7ddf8218100bc87b520a021660be2e2f9", kill_on_drop: false }`
[INFO] [stdout] 8b8223e4a344b2102fbd885a206fe3a7ddf8218100bc87b520a021660be2e2f9
[INFO] running `Command { std: "docker" "create" "-v" "/var/lib/crater-agent-workspace/builds/worker-5-tc1/target:/opt/rustwide/target:rw,Z" "-v" "/var/lib/crater-agent-workspace/builds/worker-5-tc1/source:/opt/rustwide/workdir:ro,Z" "-v" "/var/lib/crater-agent-workspace/cargo-home:/opt/rustwide/cargo-home:ro,Z" "-v" "/var/lib/crater-agent-workspace/rustup-home:/opt/rustwide/rustup-home:ro,Z" "-e" "SOURCE_DIR=/opt/rustwide/workdir" "-e" "CARGO_TARGET_DIR=/opt/rustwide/target" "-e" "CARGO_INCREMENTAL=0" "-e" "RUST_BACKTRACE=full" "-e" "RUSTFLAGS=--cap-lints=warn" "-e" "RUSTDOCFLAGS=--cap-lints=warn" "-e" "CARGO_HOME=/opt/rustwide/cargo-home" "-e" "RUSTUP_HOME=/opt/rustwide/rustup-home" "-w" "/opt/rustwide/workdir" "-m" "1610612736" "--user" "0:0" "--network" "none" "ghcr.io/rust-lang/crates-build-env/linux@sha256:5ff2268d62e97bff2cde7d5815dd6ed5b47097566f13b8d0ca110b04b60e07ed" "/opt/rustwide/cargo-home/bin/cargo" "+1.69.0" "build" "--frozen" "--message-format=json", kill_on_drop: false }`
[INFO] [stdout] 016ad4c2c5359101bd40f69776e7b4d1cea03d24e553152a710f9be9c4a48fde
[INFO] running `Command { std: "docker" "start" "-a" "016ad4c2c5359101bd40f69776e7b4d1cea03d24e553152a710f9be9c4a48fde", kill_on_drop: false }`
[INFO] [stderr]     Blocking waiting for file lock on package cache
[INFO] [stderr]    Compiling static_assertions v1.1.0
[INFO] [stderr]    Compiling a_r_c_h_e_r_y v0.4.3 (/opt/rustwide/workdir)
[INFO] [stderr]     Finished dev [unoptimized + debuginfo] target(s) in 0.67s
[INFO] running `Command { std: "docker" "inspect" "016ad4c2c5359101bd40f69776e7b4d1cea03d24e553152a710f9be9c4a48fde", kill_on_drop: false }`
[INFO] running `Command { std: "docker" "rm" "-f" "016ad4c2c5359101bd40f69776e7b4d1cea03d24e553152a710f9be9c4a48fde", kill_on_drop: false }`
[INFO] [stdout] 016ad4c2c5359101bd40f69776e7b4d1cea03d24e553152a710f9be9c4a48fde
[INFO] running `Command { std: "docker" "create" "-v" "/var/lib/crater-agent-workspace/builds/worker-5-tc1/target:/opt/rustwide/target:rw,Z" "-v" "/var/lib/crater-agent-workspace/builds/worker-5-tc1/source:/opt/rustwide/workdir:ro,Z" "-v" "/var/lib/crater-agent-workspace/cargo-home:/opt/rustwide/cargo-home:ro,Z" "-v" "/var/lib/crater-agent-workspace/rustup-home:/opt/rustwide/rustup-home:ro,Z" "-e" "SOURCE_DIR=/opt/rustwide/workdir" "-e" "CARGO_TARGET_DIR=/opt/rustwide/target" "-e" "CARGO_INCREMENTAL=0" "-e" "RUST_BACKTRACE=full" "-e" "RUSTFLAGS=--cap-lints=warn" "-e" "RUSTDOCFLAGS=--cap-lints=warn" "-e" "CARGO_HOME=/opt/rustwide/cargo-home" "-e" "RUSTUP_HOME=/opt/rustwide/rustup-home" "-w" "/opt/rustwide/workdir" "-m" "1610612736" "--user" "0:0" "--network" "none" "ghcr.io/rust-lang/crates-build-env/linux@sha256:5ff2268d62e97bff2cde7d5815dd6ed5b47097566f13b8d0ca110b04b60e07ed" "/opt/rustwide/cargo-home/bin/cargo" "+1.69.0" "test" "--frozen" "--no-run" "--message-format=json", kill_on_drop: false }`
[INFO] [stdout] 8201b05bfdc574f22b8a7eec567d3513d6a145a943ccd8cb246cbb569f64caa6
[INFO] running `Command { std: "docker" "start" "-a" "8201b05bfdc574f22b8a7eec567d3513d6a145a943ccd8cb246cbb569f64caa6", kill_on_drop: false }`
[INFO] [stderr]    Compiling proc-macro2 v1.0.36
[INFO] [stderr]    Compiling autocfg v1.1.0
[INFO] [stderr]    Compiling libc v0.2.117
[INFO] [stderr]    Compiling unicode-xid v0.2.2
[INFO] [stderr]    Compiling syn v1.0.86
[INFO] [stderr]    Compiling cfg-if v1.0.0
[INFO] [stderr]    Compiling serde_derive v1.0.136
[INFO] [stderr]    Compiling serde v1.0.136
[INFO] [stderr]    Compiling lazy_static v1.4.0
[INFO] [stderr]    Compiling memchr v2.4.1
[INFO] [stderr]    Compiling semver v1.0.5
[INFO] [stderr]    Compiling crossbeam-utils v0.8.7
[INFO] [stderr]    Compiling crossbeam-epoch v0.9.7
[INFO] [stderr]    Compiling ryu v1.0.9
[INFO] [stderr]    Compiling memoffset v0.6.5
[INFO] [stderr]    Compiling unicode-width v0.1.9
[INFO] [stderr]    Compiling serde_json v1.0.78
[INFO] [stderr]    Compiling rustc_version v0.4.0
[INFO] [stderr]    Compiling scopeguard v1.1.0
[INFO] [stderr]    Compiling quote v1.0.15
[INFO] [stderr]    Compiling itoa v1.0.1
[INFO] [stderr]    Compiling rayon-core v1.9.1
[INFO] [stderr]    Compiling dirs-sys v0.3.6
[INFO] [stderr]    Compiling cast v0.2.7
[INFO] [stderr]    Compiling num-traits v0.2.14
[INFO] [stderr]    Compiling log v0.4.14
[INFO] [stderr]    Compiling either v1.6.1
[INFO] [stderr]    Compiling anyhow v1.0.53
[INFO] [stderr]    Compiling cfg-if v0.1.10
[INFO] [stderr]    Compiling dirs v2.0.2
[INFO] [stderr]    Compiling crossbeam-deque v0.8.1
[INFO] [stderr]    Compiling crossbeam-channel v0.5.2
[INFO] [stderr]    Compiling num_cpus v1.13.1
[INFO] [stderr]    Compiling aho-corasick v0.7.18
[INFO] [stderr]    Compiling rayon v1.5.1
[INFO] [stderr]    Compiling regex-automata v0.1.10
[INFO] [stderr]    Compiling regex-syntax v0.6.25
[INFO] [stderr]    Compiling plotters-backend v0.3.2
[INFO] [stderr]    Compiling plotters-svg v0.3.1
[INFO] [stderr]    Compiling term v0.6.1
[INFO] [stderr]    Compiling itertools v0.10.3
[INFO] [stderr]    Compiling csv-core v0.1.10
[INFO] [stderr]    Compiling getopts v0.2.21
[INFO] [stderr]    Compiling textwrap v0.11.0
[INFO] [stderr]    Compiling half v1.8.2
[INFO] [stderr]    Compiling regex v1.5.4
[INFO] [stderr]    Compiling remove_dir_all v0.5.3
[INFO] [stderr]    Compiling compiletest_rs v0.5.0
[INFO] [stderr]    Compiling bitflags v1.3.2
[INFO] [stderr]    Compiling itoa v0.4.8
[INFO] [stderr]    Compiling fastrand v1.7.0
[INFO] [stderr]    Compiling same-file v1.0.6
[INFO] [stderr]    Compiling walkdir v2.3.2
[INFO] [stderr]    Compiling clap v2.34.0
[INFO] [stderr]    Compiling criterion-plot v0.4.4
[INFO] [stderr]    Compiling tempfile v3.3.0
[INFO] [stderr]    Compiling tester v0.7.0
[INFO] [stderr]    Compiling plotters v0.3.1
[INFO] [stderr]    Compiling filetime v0.2.15
[INFO] [stderr]    Compiling atty v0.2.14
[INFO] [stderr]    Compiling oorandom v11.1.3
[INFO] [stderr]    Compiling difference v2.0.0
[INFO] [stderr]    Compiling ansi_term v0.11.0
[INFO] [stderr]    Compiling diff v0.1.12
[INFO] [stderr]    Compiling pretty_assertions v0.6.1
[INFO] [stderr]    Compiling bstr v0.2.17
[INFO] [stderr]    Compiling serde_cbor v0.11.2
[INFO] [stderr]    Compiling csv v1.1.6
[INFO] [stderr]    Compiling tinytemplate v1.2.1
[INFO] [stderr]    Compiling rustfix v0.5.1
[INFO] [stderr]    Compiling criterion v0.3.5
[INFO] [stderr]    Compiling a_r_c_h_e_r_y v0.4.3 (/opt/rustwide/workdir)
[INFO] [stderr]     Finished test [unoptimized + debuginfo] target(s) in 27.25s
[INFO] [stderr] warning: the following packages contain code that will be rejected by a future version of Rust: criterion v0.3.5
[INFO] [stderr] note: to see what the problems were, use the option `--future-incompat-report`, or run `cargo report future-incompatibilities --id 1`
[INFO] running `Command { std: "docker" "inspect" "8201b05bfdc574f22b8a7eec567d3513d6a145a943ccd8cb246cbb569f64caa6", kill_on_drop: false }`
[INFO] running `Command { std: "docker" "rm" "-f" "8201b05bfdc574f22b8a7eec567d3513d6a145a943ccd8cb246cbb569f64caa6", kill_on_drop: false }`
[INFO] [stdout] 8201b05bfdc574f22b8a7eec567d3513d6a145a943ccd8cb246cbb569f64caa6
[INFO] running `Command { std: "docker" "create" "-v" "/var/lib/crater-agent-workspace/builds/worker-5-tc1/target:/opt/rustwide/target:rw,Z" "-v" "/var/lib/crater-agent-workspace/builds/worker-5-tc1/source:/opt/rustwide/workdir:ro,Z" "-v" "/var/lib/crater-agent-workspace/cargo-home:/opt/rustwide/cargo-home:ro,Z" "-v" "/var/lib/crater-agent-workspace/rustup-home:/opt/rustwide/rustup-home:ro,Z" "-e" "SOURCE_DIR=/opt/rustwide/workdir" "-e" "CARGO_TARGET_DIR=/opt/rustwide/target" "-e" "CARGO_INCREMENTAL=0" "-e" "RUST_BACKTRACE=full" "-e" "RUSTFLAGS=--cap-lints=warn" "-e" "RUSTDOCFLAGS=--cap-lints=warn" "-e" "CARGO_HOME=/opt/rustwide/cargo-home" "-e" "RUSTUP_HOME=/opt/rustwide/rustup-home" "-w" "/opt/rustwide/workdir" "-m" "1610612736" "--user" "0:0" "--network" "none" "ghcr.io/rust-lang/crates-build-env/linux@sha256:5ff2268d62e97bff2cde7d5815dd6ed5b47097566f13b8d0ca110b04b60e07ed" "/opt/rustwide/cargo-home/bin/cargo" "+1.69.0" "test" "--frozen", kill_on_drop: false }`
[INFO] [stdout] 974fe5f87b2efd675422bc68957fa5b8ce23979b99e0aeae436045764cc46f4a
[INFO] running `Command { std: "docker" "start" "-a" "974fe5f87b2efd675422bc68957fa5b8ce23979b99e0aeae436045764cc46f4a", kill_on_drop: false }`
[INFO] [stderr]     Blocking waiting for file lock on package cache
[INFO] [stderr]     Finished test [unoptimized + debuginfo] target(s) in 3.05s
[INFO] [stderr] warning: the following packages contain code that will be rejected by a future version of Rust: criterion v0.3.5
[INFO] [stderr] note: to see what the problems were, use the option `--future-incompat-report`, or run `cargo report future-incompatibilities --id 1`
[INFO] [stderr]      Running unittests src/lib.rs (/opt/rustwide/target/debug/deps/a_r_c_h_e_r_y-67fcb30f8e9b74da)
[INFO] [stdout] 
[INFO] [stdout] running 36 tests
[INFO] [stdout] test shared_pointer::kind::arc::test::test_as_ptr ... ok
[INFO] [stdout] test shared_pointer::kind::arc::test::test_debug ... ok
[INFO] [stdout] test shared_pointer::kind::arc::test::test_deref ... ok
[INFO] [stdout] test shared_pointer::kind::arc::test::test_from_box_t ... ok
[INFO] [stdout] test shared_pointer::kind::arc::test::test_strong_count ... ok
[INFO] [stdout] test shared_pointer::kind::rc::test::test_clone ... ok
[INFO] [stdout] test shared_pointer::kind::arc::test::test_try_unwrap ... ok
[INFO] [stdout] test shared_pointer::kind::arc::test::test_clone ... ok
[INFO] [stdout] test shared_pointer::kind::rc::test::test_as_ptr ... ok
[INFO] [stdout] test shared_pointer::kind::rc::test::test_debug ... ok
[INFO] [stdout] test shared_pointer::kind::rc::test::test_from_box_t ... ok
[INFO] [stdout] test shared_pointer::kind::rc::test::test_get_mut ... ok
[INFO] [stdout] test shared_pointer::kind::rc::test::test_deref ... ok
[INFO] [stdout] test shared_pointer::kind::rc::test::test_make_mut ... ok
[INFO] [stdout] test shared_pointer::kind::rc::test::test_try_unwrap ... ok
[INFO] [stdout] test shared_pointer::test::test_as_ptr ... ok
[INFO] [stdout] test shared_pointer::test::test_clone ... ok
[INFO] [stdout] test shared_pointer::test::test_debug ... ok
[INFO] [stdout] test shared_pointer::test::test_default ... ok
[INFO] [stdout] test shared_pointer::test::test_deref ... ok
[INFO] [stdout] test shared_pointer::test::test_fmt_pointer ... ok
[INFO] [stdout] test shared_pointer::kind::rc::test::test_strong_count ... ok
[INFO] [stdout] test shared_pointer::test::test_from_t ... ok
[INFO] [stdout] test shared_pointer::test::test_get_mut ... ok
[INFO] [stdout] test shared_pointer::test::test_eq ... ok
[INFO] [stdout] test shared_pointer::test::test_from_box_t ... ok
[INFO] [stdout] test shared_pointer::test::test_display ... ok
[INFO] [stdout] test shared_pointer::kind::arc::test::test_make_mut ... ok
[INFO] [stdout] test shared_pointer::test::test_hash_pointer_kind_consistent ... ok
[INFO] [stdout] test shared_pointer::kind::arc::test::test_get_mut ... ok
[INFO] [stdout] test shared_pointer::test::test_make_mut ... ok
[INFO] [stdout] test shared_pointer::test::test_hash ... ok
[INFO] [stdout] test shared_pointer::test::test_ord ... ok
[INFO] [stdout] test shared_pointer::test::test_ptr_eq ... ok
[INFO] [stdout] test shared_pointer::test::test_strong_count ... ok
[INFO] [stdout] test shared_pointer::test::test_try_unwrap ... ok
[INFO] [stdout] 
[INFO] [stdout] test result: ok. 36 passed; 0 failed; 0 ignored; 0 measured; 0 filtered out; finished in 0.01s
[INFO] [stdout] 
[INFO] [stderr]    Doc-tests a_r_c_h_e_r_y
[INFO] [stdout] 
[INFO] [stdout] running 4 tests
[INFO] [stdout] test src/shared_pointer/mod.rs - shared_pointer::SharedPointer (line 56) ... FAILED
[INFO] [stdout] test src/lib.rs - (line 79) ... FAILED
[INFO] [stdout] test src/lib.rs - (line 59) ... FAILED
[INFO] [stdout] test src/shared_pointer/mod.rs - shared_pointer::SharedPointer (line 36) ... FAILED
[INFO] [stdout] 
[INFO] [stdout] failures:
[INFO] [stdout] 
[INFO] [stdout] ---- src/shared_pointer/mod.rs - shared_pointer::SharedPointer (line 56) stdout ----
[INFO] [stdout] error[E0432]: unresolved import `archery`
[INFO] [stdout]  --> src/shared_pointer/mod.rs:57:5
[INFO] [stdout]   |
[INFO] [stdout] 3 | use archery::*;
[INFO] [stdout]   |     ^^^^^^^ use of undeclared crate or module `archery`
[INFO] [stdout] 
[INFO] [stdout] error[E0405]: cannot find trait `SharedPointerKind` in this scope
[INFO] [stdout]  --> src/shared_pointer/mod.rs:59:30
[INFO] [stdout]   |
[INFO] [stdout] 5 | struct KeyValuePair<K, V, P: SharedPointerKind> {
[INFO] [stdout]   |                              ^^^^^^^^^^^^^^^^^ not found in this scope
[INFO] [stdout]   |
[INFO] [stdout] help: consider importing this trait
[INFO] [stdout]   |
[INFO] [stdout] 2 | use a_r_c_h_e_r_y::SharedPointerKind;
[INFO] [stdout]   |
[INFO] [stdout] 
[INFO] [stdout] error[E0412]: cannot find type `SharedPointer` in this scope
[INFO] [stdout]  --> src/shared_pointer/mod.rs:60:13
[INFO] [stdout]   |
[INFO] [stdout] 6 |    pub key: SharedPointer<K, P>,
[INFO] [stdout]   |             ^^^^^^^^^^^^^ not found in this scope
[INFO] [stdout]   |
[INFO] [stdout] help: consider importing this struct
[INFO] [stdout]   |
[INFO] [stdout] 2 | use a_r_c_h_e_r_y::SharedPointer;
[INFO] [stdout]   |
[INFO] [stdout] 
[INFO] [stdout] error[E0412]: cannot find type `SharedPointer` in this scope
[INFO] [stdout]  --> src/shared_pointer/mod.rs:61:15
[INFO] [stdout]   |
[INFO] [stdout] 7 |    pub value: SharedPointer<V, P>,
[INFO] [stdout]   |               ^^^^^^^^^^^^^ not found in this scope
[INFO] [stdout]   |
[INFO] [stdout] help: consider importing this struct
[INFO] [stdout]   |
[INFO] [stdout] 2 | use a_r_c_h_e_r_y::SharedPointer;
[INFO] [stdout]   |
[INFO] [stdout] 
[INFO] [stdout] error[E0405]: cannot find trait `SharedPointerKind` in this scope
[INFO] [stdout]   --> src/shared_pointer/mod.rs:64:15
[INFO] [stdout]    |
[INFO] [stdout] 10 | impl<K, V, P: SharedPointerKind> KeyValuePair<K, V, P> {
[INFO] [stdout]    |               ^^^^^^^^^^^^^^^^^ not found in this scope
[INFO] [stdout]    |
[INFO] [stdout] help: consider importing this trait
[INFO] [stdout]    |
[INFO] [stdout] 2  | use a_r_c_h_e_r_y::SharedPointerKind;
[INFO] [stdout]    |
[INFO] [stdout] 
[INFO] [stdout] error[E0433]: failed to resolve: use of undeclared type `SharedPointer`
[INFO] [stdout]   --> src/shared_pointer/mod.rs:67:18
[INFO] [stdout]    |
[INFO] [stdout] 13 |             key: SharedPointer::new(key),
[INFO] [stdout]    |                  ^^^^^^^^^^^^^ use of undeclared type `SharedPointer`
[INFO] [stdout]    |
[INFO] [stdout] help: consider importing this struct
[INFO] [stdout]    |
[INFO] [stdout] 2  | use a_r_c_h_e_r_y::SharedPointer;
[INFO] [stdout]    |
[INFO] [stdout] 
[INFO] [stdout] error[E0433]: failed to resolve: use of undeclared type `SharedPointer`
[INFO] [stdout]   --> src/shared_pointer/mod.rs:68:20
[INFO] [stdout]    |
[INFO] [stdout] 14 |             value: SharedPointer::new(value),
[INFO] [stdout]    |                    ^^^^^^^^^^^^^ use of undeclared type `SharedPointer`
[INFO] [stdout]    |
[INFO] [stdout] help: consider importing this struct
[INFO] [stdout]    |
[INFO] [stdout] 2  | use a_r_c_h_e_r_y::SharedPointer;
[INFO] [stdout]    |
[INFO] [stdout] 
[INFO] [stdout] error[E0412]: cannot find type `RcK` in this scope
[INFO] [stdout]   --> src/shared_pointer/mod.rs:73:30
[INFO] [stdout]    |
[INFO] [stdout] 19 | let pair: KeyValuePair<_, _, RcK> =
[INFO] [stdout]    |                              ^^^ not found in this scope
[INFO] [stdout]    |
[INFO] [stdout] help: consider importing this struct
[INFO] [stdout]    |
[INFO] [stdout] 2  | use a_r_c_h_e_r_y::RcK;
[INFO] [stdout]    |
[INFO] [stdout] 
[INFO] [stdout] error: aborting due to 8 previous errors
[INFO] [stdout] 
[INFO] [stdout] Some errors have detailed explanations: E0405, E0412, E0432, E0433.
[INFO] [stdout] For more information about an error, try `rustc --explain E0405`.
[INFO] [stdout] Couldn't compile the test.
[INFO] [stdout] ---- src/lib.rs - (line 79) stdout ----
[INFO] [stdout] error[E0432]: unresolved import `archery`
[INFO] [stdout]  --> src/lib.rs:80:29
[INFO] [stdout]   |
[INFO] [stdout] 3 | /*DROP_LINE_IN_README*/ use archery::*;
[INFO] [stdout]   |                             ^^^^^^^ use of undeclared crate or module `archery`
[INFO] [stdout] 
[INFO] [stdout] error[E0405]: cannot find trait `SharedPointerKind` in this scope
[INFO] [stdout]  --> src/lib.rs:82:54
[INFO] [stdout]   |
[INFO] [stdout] 5 | /*DROP_LINE_IN_README*/ struct KeyValuePair<K, V, P: SharedPointerKind> {
[INFO] [stdout]   |                                                      ^^^^^^^^^^^^^^^^^ not found in this scope
[INFO] [stdout]   |
[INFO] [stdout] help: consider importing this trait
[INFO] [stdout]   |
[INFO] [stdout] 2 | use a_r_c_h_e_r_y::SharedPointerKind;
[INFO] [stdout]   |
[INFO] [stdout] 
[INFO] [stdout] error[E0412]: cannot find type `SharedPointer` in this scope
[INFO] [stdout]  --> src/lib.rs:83:37
[INFO] [stdout]   |
[INFO] [stdout] 6 | /*DROP_LINE_IN_README*/    pub key: SharedPointer<K, P>,
[INFO] [stdout]   |                                     ^^^^^^^^^^^^^ not found in this scope
[INFO] [stdout]   |
[INFO] [stdout] help: consider importing this struct
[INFO] [stdout]   |
[INFO] [stdout] 2 | use a_r_c_h_e_r_y::SharedPointer;
[INFO] [stdout]   |
[INFO] [stdout] 
[INFO] [stdout] error[E0412]: cannot find type `SharedPointer` in this scope
[INFO] [stdout]  --> src/lib.rs:84:39
[INFO] [stdout]   |
[INFO] [stdout] 7 | /*DROP_LINE_IN_README*/    pub value: SharedPointer<V, P>,
[INFO] [stdout]   |                                       ^^^^^^^^^^^^^ not found in this scope
[INFO] [stdout]   |
[INFO] [stdout] help: consider importing this struct
[INFO] [stdout]   |
[INFO] [stdout] 2 | use a_r_c_h_e_r_y::SharedPointer;
[INFO] [stdout]   |
[INFO] [stdout] 
[INFO] [stdout] error[E0405]: cannot find trait `SharedPointerKind` in this scope
[INFO] [stdout]   --> src/lib.rs:87:39
[INFO] [stdout]    |
[INFO] [stdout] 10 | /*DROP_LINE_IN_README*/ impl<K, V, P: SharedPointerKind> KeyValuePair<K, V, P> {
[INFO] [stdout]    |                                       ^^^^^^^^^^^^^^^^^ not found in this scope
[INFO] [stdout]    |
[INFO] [stdout] help: consider importing this trait
[INFO] [stdout]    |
[INFO] [stdout] 2  | use a_r_c_h_e_r_y::SharedPointerKind;
[INFO] [stdout]    |
[INFO] [stdout] 
[INFO] [stdout] error[E0433]: failed to resolve: use of undeclared type `SharedPointer`
[INFO] [stdout]   --> src/lib.rs:90:42
[INFO] [stdout]    |
[INFO] [stdout] 13 | /*DROP_LINE_IN_README*/             key: SharedPointer::new(key),
[INFO] [stdout]    |                                          ^^^^^^^^^^^^^ use of undeclared type `SharedPointer`
[INFO] [stdout]    |
[INFO] [stdout] help: consider importing this struct
[INFO] [stdout]    |
[INFO] [stdout] 2  | use a_r_c_h_e_r_y::SharedPointer;
[INFO] [stdout]    |
[INFO] [stdout] 
[INFO] [stdout] error[E0433]: failed to resolve: use of undeclared type `SharedPointer`
[INFO] [stdout]   --> src/lib.rs:91:44
[INFO] [stdout]    |
[INFO] [stdout] 14 | /*DROP_LINE_IN_README*/             value: SharedPointer::new(value),
[INFO] [stdout]    |                                            ^^^^^^^^^^^^^ use of undeclared type `SharedPointer`
[INFO] [stdout]    |
[INFO] [stdout] help: consider importing this struct
[INFO] [stdout]    |
[INFO] [stdout] 2  | use a_r_c_h_e_r_y::SharedPointer;
[INFO] [stdout]    |
[INFO] [stdout] 
[INFO] [stdout] error[E0412]: cannot find type `RcK` in this scope
[INFO] [stdout]   --> src/lib.rs:96:30
[INFO] [stdout]    |
[INFO] [stdout] 19 | let pair: KeyValuePair<_, _, RcK> =
[INFO] [stdout]    |                              ^^^ not found in this scope
[INFO] [stdout]    |
[INFO] [stdout] help: consider importing this struct
[INFO] [stdout]    |
[INFO] [stdout] 2  | use a_r_c_h_e_r_y::RcK;
[INFO] [stdout]    |
[INFO] [stdout] 
[INFO] [stdout] error: aborting due to 8 previous errors
[INFO] [stdout] 
[INFO] [stdout] Some errors have detailed explanations: E0405, E0412, E0432, E0433.
[INFO] [stdout] For more information about an error, try `rustc --explain E0405`.
[INFO] [stdout] Couldn't compile the test.
[INFO] [stdout] ---- src/lib.rs - (line 59) stdout ----
[INFO] [stdout] error[E0432]: unresolved import `archery`
[INFO] [stdout]  --> src/lib.rs:60:5
[INFO] [stdout]   |
[INFO] [stdout] 3 | use archery::*;
[INFO] [stdout]   |     ^^^^^^^ use of undeclared crate or module `archery`
[INFO] [stdout] 
[INFO] [stdout] error[E0405]: cannot find trait `SharedPointerKind` in this scope
[INFO] [stdout]  --> src/lib.rs:62:30
[INFO] [stdout]   |
[INFO] [stdout] 5 | struct KeyValuePair<K, V, P: SharedPointerKind> {
[INFO] [stdout]   |                              ^^^^^^^^^^^^^^^^^ not found in this scope
[INFO] [stdout]   |
[INFO] [stdout] help: consider importing this trait
[INFO] [stdout]   |
[INFO] [stdout] 2 | use a_r_c_h_e_r_y::SharedPointerKind;
[INFO] [stdout]   |
[INFO] [stdout] 
[INFO] [stdout] error[E0412]: cannot find type `SharedPointer` in this scope
[INFO] [stdout]  --> src/lib.rs:63:14
[INFO] [stdout]   |
[INFO] [stdout] 6 |     pub key: SharedPointer<K, P>,
[INFO] [stdout]   |              ^^^^^^^^^^^^^ not found in this scope
[INFO] [stdout]   |
[INFO] [stdout] help: consider importing this struct
[INFO] [stdout]   |
[INFO] [stdout] 2 | use a_r_c_h_e_r_y::SharedPointer;
[INFO] [stdout]   |
[INFO] [stdout] 
[INFO] [stdout] error[E0412]: cannot find type `SharedPointer` in this scope
[INFO] [stdout]  --> src/lib.rs:64:16
[INFO] [stdout]   |
[INFO] [stdout] 7 |     pub value: SharedPointer<V, P>,
[INFO] [stdout]   |                ^^^^^^^^^^^^^ not found in this scope
[INFO] [stdout]   |
[INFO] [stdout] help: consider importing this struct
[INFO] [stdout]   |
[INFO] [stdout] 2 | use a_r_c_h_e_r_y::SharedPointer;
[INFO] [stdout]   |
[INFO] [stdout] 
[INFO] [stdout] error[E0405]: cannot find trait `SharedPointerKind` in this scope
[INFO] [stdout]   --> src/lib.rs:67:15
[INFO] [stdout]    |
[INFO] [stdout] 10 | impl<K, V, P: SharedPointerKind> KeyValuePair<K, V, P> {
[INFO] [stdout]    |               ^^^^^^^^^^^^^^^^^ not found in this scope
[INFO] [stdout]    |
[INFO] [stdout] help: consider importing this trait
[INFO] [stdout]    |
[INFO] [stdout] 2  | use a_r_c_h_e_r_y::SharedPointerKind;
[INFO] [stdout]    |
[INFO] [stdout] 
[INFO] [stdout] error[E0433]: failed to resolve: use of undeclared type `SharedPointer`
[INFO] [stdout]   --> src/lib.rs:70:18
[INFO] [stdout]    |
[INFO] [stdout] 13 |             key: SharedPointer::new(key),
[INFO] [stdout]    |                  ^^^^^^^^^^^^^ use of undeclared type `SharedPointer`
[INFO] [stdout]    |
[INFO] [stdout] help: consider importing this struct
[INFO] [stdout]    |
[INFO] [stdout] 2  | use a_r_c_h_e_r_y::SharedPointer;
[INFO] [stdout]    |
[INFO] [stdout] 
[INFO] [stdout] error[E0433]: failed to resolve: use of undeclared type `SharedPointer`
[INFO] [stdout]   --> src/lib.rs:71:20
[INFO] [stdout]    |
[INFO] [stdout] 14 |             value: SharedPointer::new(value),
[INFO] [stdout]    |                    ^^^^^^^^^^^^^ use of undeclared type `SharedPointer`
[INFO] [stdout]    |
[INFO] [stdout] help: consider importing this struct
[INFO] [stdout]    |
[INFO] [stdout] 2  | use a_r_c_h_e_r_y::SharedPointer;
[INFO] [stdout]    |
[INFO] [stdout] 
[INFO] [stdout] error: aborting due to 7 previous errors
[INFO] [stdout] 
[INFO] [stdout] Some errors have detailed explanations: E0405, E0412, E0432, E0433.
[INFO] [stdout] For more information about an error, try `rustc --explain E0405`.
[INFO] [stdout] Couldn't compile the test.
[INFO] [stdout] ---- src/shared_pointer/mod.rs - shared_pointer::SharedPointer (line 36) stdout ----
[INFO] [stdout] error[E0432]: unresolved import `archery`
[INFO] [stdout]  --> src/shared_pointer/mod.rs:37:5
[INFO] [stdout]   |
[INFO] [stdout] 3 | use archery::*;
[INFO] [stdout]   |     ^^^^^^^ use of undeclared crate or module `archery`
[INFO] [stdout] 
[INFO] [stdout] error[E0405]: cannot find trait `SharedPointerKind` in this scope
[INFO] [stdout]  --> src/shared_pointer/mod.rs:39:30
[INFO] [stdout]   |
[INFO] [stdout] 5 | struct KeyValuePair<K, V, P: SharedPointerKind> {
[INFO] [stdout]   |                              ^^^^^^^^^^^^^^^^^ not found in this scope
[INFO] [stdout]   |
[INFO] [stdout] help: consider importing this trait
[INFO] [stdout]   |
[INFO] [stdout] 2 | use a_r_c_h_e_r_y::SharedPointerKind;
[INFO] [stdout]   |
[INFO] [stdout] 
[INFO] [stdout] error[E0412]: cannot find type `SharedPointer` in this scope
[INFO] [stdout]  --> src/shared_pointer/mod.rs:40:14
[INFO] [stdout]   |
[INFO] [stdout] 6 |     pub key: SharedPointer<K, P>,
[INFO] [stdout]   |              ^^^^^^^^^^^^^ not found in this scope
[INFO] [stdout]   |
[INFO] [stdout] help: consider importing this struct
[INFO] [stdout]   |
[INFO] [stdout] 2 | use a_r_c_h_e_r_y::SharedPointer;
[INFO] [stdout]   |
[INFO] [stdout] 
[INFO] [stdout] error[E0412]: cannot find type `SharedPointer` in this scope
[INFO] [stdout]  --> src/shared_pointer/mod.rs:41:16
[INFO] [stdout]   |
[INFO] [stdout] 7 |     pub value: SharedPointer<V, P>,
[INFO] [stdout]   |                ^^^^^^^^^^^^^ not found in this scope
[INFO] [stdout]   |
[INFO] [stdout] help: consider importing this struct
[INFO] [stdout]   |
[INFO] [stdout] 2 | use a_r_c_h_e_r_y::SharedPointer;
[INFO] [stdout]   |
[INFO] [stdout] 
[INFO] [stdout] error[E0405]: cannot find trait `SharedPointerKind` in this scope
[INFO] [stdout]   --> src/shared_pointer/mod.rs:44:15
[INFO] [stdout]    |
[INFO] [stdout] 10 | impl<K, V, P: SharedPointerKind> KeyValuePair<K, V, P> {
[INFO] [stdout]    |               ^^^^^^^^^^^^^^^^^ not found in this scope
[INFO] [stdout]    |
[INFO] [stdout] help: consider importing this trait
[INFO] [stdout]    |
[INFO] [stdout] 2  | use a_r_c_h_e_r_y::SharedPointerKind;
[INFO] [stdout]    |
[INFO] [stdout] 
[INFO] [stdout] error[E0433]: failed to resolve: use of undeclared type `SharedPointer`
[INFO] [stdout]   --> src/shared_pointer/mod.rs:47:18
[INFO] [stdout]    |
[INFO] [stdout] 13 |             key: SharedPointer::new(key),
[INFO] [stdout]    |                  ^^^^^^^^^^^^^ use of undeclared type `SharedPointer`
[INFO] [stdout]    |
[INFO] [stdout] help: consider importing this struct
[INFO] [stdout]    |
[INFO] [stdout] 2  | use a_r_c_h_e_r_y::SharedPointer;
[INFO] [stdout]    |
[INFO] [stdout] 
[INFO] [stdout] error[E0433]: failed to resolve: use of undeclared type `SharedPointer`
[INFO] [stdout]   --> src/shared_pointer/mod.rs:48:20
[INFO] [stdout]    |
[INFO] [stdout] 14 |             value: SharedPointer::new(value),
[INFO] [stdout]    |                    ^^^^^^^^^^^^^ use of undeclared type `SharedPointer`
[INFO] [stdout]    |
[INFO] [stdout] help: consider importing this struct
[INFO] [stdout]    |
[INFO] [stdout] 2  | use a_r_c_h_e_r_y::SharedPointer;
[INFO] [stdout]    |
[INFO] [stdout] 
[INFO] [stdout] error: aborting due to 7 previous errors
[INFO] [stdout] 
[INFO] [stdout] Some errors have detailed explanations: E0405, E0412, E0432, E0433.
[INFO] [stdout] For more information about an error, try `rustc --explain E0405`.
[INFO] [stdout] Couldn't compile the test.
[INFO] [stdout] 
[INFO] [stdout] failures:
[INFO] [stdout]     src/lib.rs - (line 59)
[INFO] [stdout]     src/lib.rs - (line 79)
[INFO] [stdout]     src/shared_pointer/mod.rs - shared_pointer::SharedPointer (line 36)
[INFO] [stdout]     src/shared_pointer/mod.rs - shared_pointer::SharedPointer (line 56)
[INFO] [stdout] 
[INFO] [stdout] test result: FAILED. 0 passed; 4 failed; 0 ignored; 0 measured; 0 filtered out; finished in 0.04s
[INFO] [stdout] 
[INFO] [stderr] error: doctest failed, to rerun pass `--doc`
[INFO] running `Command { std: "docker" "inspect" "974fe5f87b2efd675422bc68957fa5b8ce23979b99e0aeae436045764cc46f4a", kill_on_drop: false }`
[INFO] running `Command { std: "docker" "rm" "-f" "974fe5f87b2efd675422bc68957fa5b8ce23979b99e0aeae436045764cc46f4a", kill_on_drop: false }`
[INFO] [stdout] 974fe5f87b2efd675422bc68957fa5b8ce23979b99e0aeae436045764cc46f4a
