[INFO] fetching crate Minimal 0.1.3...
[INFO] testing Minimal-0.1.3 against beta-2023-04-20 for beta-1.70-1
[INFO] extracting crate Minimal 0.1.3 into /workspace/builds/worker-1-tc2/source
[INFO] validating manifest of crates.io crate Minimal 0.1.3 on toolchain beta-2023-04-20
[INFO] running `Command { std: CARGO_HOME="/workspace/cargo-home" RUSTUP_HOME="/workspace/rustup-home" "/workspace/cargo-home/bin/cargo" "+beta-2023-04-20" "metadata" "--manifest-path" "Cargo.toml" "--no-deps", kill_on_drop: false }`
[INFO] started tweaking crates.io crate Minimal 0.1.3
[INFO] finished tweaking crates.io crate Minimal 0.1.3
[INFO] tweaked toml for crates.io crate Minimal 0.1.3 written to /workspace/builds/worker-1-tc2/source/Cargo.toml
[INFO] running `Command { std: CARGO_HOME="/workspace/cargo-home" RUSTUP_HOME="/workspace/rustup-home" __CARGO_TEST_CHANNEL_OVERRIDE_DO_NOT_USE_THIS="nightly" "/workspace/cargo-home/bin/cargo" "+beta-2023-04-20" "generate-lockfile" "--manifest-path" "Cargo.toml" "-Zno-index-update", kill_on_drop: false }`
[INFO] running `Command { std: CARGO_HOME="/workspace/cargo-home" RUSTUP_HOME="/workspace/rustup-home" "/workspace/cargo-home/bin/cargo" "+beta-2023-04-20" "fetch" "--manifest-path" "Cargo.toml", kill_on_drop: false }`
[INFO] [stderr]  Downloading crates ...
[INFO] [stderr]   Downloaded bumpalo v3.12.1
[INFO] running `Command { std: "docker" "create" "-v" "/var/lib/crater-agent-workspace/builds/worker-1-tc2/target:/opt/rustwide/target:rw,Z" "-v" "/var/lib/crater-agent-workspace/builds/worker-1-tc2/source:/opt/rustwide/workdir:ro,Z" "-v" "/var/lib/crater-agent-workspace/cargo-home:/opt/rustwide/cargo-home:ro,Z" "-v" "/var/lib/crater-agent-workspace/rustup-home:/opt/rustwide/rustup-home:ro,Z" "-e" "SOURCE_DIR=/opt/rustwide/workdir" "-e" "CARGO_TARGET_DIR=/opt/rustwide/target" "-e" "CARGO_HOME=/opt/rustwide/cargo-home" "-e" "RUSTUP_HOME=/opt/rustwide/rustup-home" "-w" "/opt/rustwide/workdir" "-m" "1610612736" "--user" "0:0" "--network" "none" "ghcr.io/rust-lang/crates-build-env/linux@sha256:97d61d7686bf65f8ecb15491ab51835e82dc9176a96a831f143a431b191fc501" "/opt/rustwide/cargo-home/bin/cargo" "+beta-2023-04-20" "metadata" "--no-deps" "--format-version=1", kill_on_drop: false }`
[INFO] [stdout] ec05816b73b8791d4fea34301f2e63bfb0d6c09c62c6722b2d3e358dc9e3e4a1
[INFO] running `Command { std: "docker" "start" "-a" "ec05816b73b8791d4fea34301f2e63bfb0d6c09c62c6722b2d3e358dc9e3e4a1", kill_on_drop: false }`
[INFO] running `Command { std: "docker" "inspect" "ec05816b73b8791d4fea34301f2e63bfb0d6c09c62c6722b2d3e358dc9e3e4a1", kill_on_drop: false }`
[INFO] running `Command { std: "docker" "rm" "-f" "ec05816b73b8791d4fea34301f2e63bfb0d6c09c62c6722b2d3e358dc9e3e4a1", kill_on_drop: false }`
[INFO] [stdout] ec05816b73b8791d4fea34301f2e63bfb0d6c09c62c6722b2d3e358dc9e3e4a1
[INFO] running `Command { std: "docker" "create" "-v" "/var/lib/crater-agent-workspace/builds/worker-1-tc2/target:/opt/rustwide/target:rw,Z" "-v" "/var/lib/crater-agent-workspace/builds/worker-1-tc2/source:/opt/rustwide/workdir:ro,Z" "-v" "/var/lib/crater-agent-workspace/cargo-home:/opt/rustwide/cargo-home:ro,Z" "-v" "/var/lib/crater-agent-workspace/rustup-home:/opt/rustwide/rustup-home:ro,Z" "-e" "SOURCE_DIR=/opt/rustwide/workdir" "-e" "CARGO_TARGET_DIR=/opt/rustwide/target" "-e" "CARGO_INCREMENTAL=0" "-e" "RUST_BACKTRACE=full" "-e" "RUSTFLAGS=--cap-lints=warn" "-e" "RUSTDOCFLAGS=--cap-lints=warn" "-e" "CARGO_HOME=/opt/rustwide/cargo-home" "-e" "RUSTUP_HOME=/opt/rustwide/rustup-home" "-w" "/opt/rustwide/workdir" "-m" "1610612736" "--user" "0:0" "--network" "none" "ghcr.io/rust-lang/crates-build-env/linux@sha256:97d61d7686bf65f8ecb15491ab51835e82dc9176a96a831f143a431b191fc501" "/opt/rustwide/cargo-home/bin/cargo" "+beta-2023-04-20" "build" "--frozen" "--message-format=json", kill_on_drop: false }`
[INFO] [stdout] b63191c7c87ce672d0dd48d089d5e607fae8a3211c43a10c091459b1c822fa88
[INFO] running `Command { std: "docker" "start" "-a" "b63191c7c87ce672d0dd48d089d5e607fae8a3211c43a10c091459b1c822fa88", kill_on_drop: false }`
[INFO] [stderr]     Blocking waiting for file lock on package cache
[INFO] [stderr]    Compiling proc-macro2 v1.0.56
[INFO] [stderr]    Compiling quote v1.0.26
[INFO] [stderr]    Compiling unicode-ident v1.0.8
[INFO] [stderr]    Compiling wasm-bindgen-shared v0.2.84
[INFO] [stderr]    Compiling log v0.4.17
[INFO] [stderr]    Compiling syn v1.0.109
[INFO] [stderr]    Compiling cfg-if v1.0.0
[INFO] [stderr]    Compiling once_cell v1.17.1
[INFO] [stderr]    Compiling bumpalo v3.12.1
[INFO] [stderr]    Compiling wasm-bindgen v0.2.84
[INFO] [stderr]    Compiling wasm-bindgen-backend v0.2.84
[INFO] [stderr]    Compiling wasm-bindgen-macro-support v0.2.84
[INFO] [stderr]    Compiling wasm-bindgen-macro v0.2.84
[INFO] [stderr]    Compiling js-sys v0.3.61
[INFO] [stderr]    Compiling web-sys v0.3.61
[INFO] [stderr]    Compiling Minimal v0.1.3 (/opt/rustwide/workdir)
[INFO] [stdout] warning: crate `Minimal` should have a snake case name
[INFO] [stdout]   |
[INFO] [stdout]   = help: convert the identifier to snake case: `minimal`
[INFO] [stdout]   = note: `#[warn(non_snake_case)]` on by default
[INFO] [stdout] 
[INFO] [stdout] 
[INFO] [stdout] warning: 1 warning emitted
[INFO] [stdout] 
[INFO] [stdout] 
[INFO] [stderr]     Finished dev [unoptimized + debuginfo] target(s) in 18.97s
[INFO] running `Command { std: "docker" "inspect" "b63191c7c87ce672d0dd48d089d5e607fae8a3211c43a10c091459b1c822fa88", kill_on_drop: false }`
[INFO] running `Command { std: "docker" "rm" "-f" "b63191c7c87ce672d0dd48d089d5e607fae8a3211c43a10c091459b1c822fa88", kill_on_drop: false }`
[INFO] [stdout] b63191c7c87ce672d0dd48d089d5e607fae8a3211c43a10c091459b1c822fa88
[INFO] running `Command { std: "docker" "create" "-v" "/var/lib/crater-agent-workspace/builds/worker-1-tc2/target:/opt/rustwide/target:rw,Z" "-v" "/var/lib/crater-agent-workspace/builds/worker-1-tc2/source:/opt/rustwide/workdir:ro,Z" "-v" "/var/lib/crater-agent-workspace/cargo-home:/opt/rustwide/cargo-home:ro,Z" "-v" "/var/lib/crater-agent-workspace/rustup-home:/opt/rustwide/rustup-home:ro,Z" "-e" "SOURCE_DIR=/opt/rustwide/workdir" "-e" "CARGO_TARGET_DIR=/opt/rustwide/target" "-e" "CARGO_INCREMENTAL=0" "-e" "RUST_BACKTRACE=full" "-e" "RUSTFLAGS=--cap-lints=warn" "-e" "RUSTDOCFLAGS=--cap-lints=warn" "-e" "CARGO_HOME=/opt/rustwide/cargo-home" "-e" "RUSTUP_HOME=/opt/rustwide/rustup-home" "-w" "/opt/rustwide/workdir" "-m" "1610612736" "--user" "0:0" "--network" "none" "ghcr.io/rust-lang/crates-build-env/linux@sha256:97d61d7686bf65f8ecb15491ab51835e82dc9176a96a831f143a431b191fc501" "/opt/rustwide/cargo-home/bin/cargo" "+beta-2023-04-20" "test" "--frozen" "--no-run" "--message-format=json", kill_on_drop: false }`
[INFO] [stdout] b44e1df8d29a6803b4b46b4d7bd8e4777bec77f8845be5b8c373e8971dd3c41f
[INFO] running `Command { std: "docker" "start" "-a" "b44e1df8d29a6803b4b46b4d7bd8e4777bec77f8845be5b8c373e8971dd3c41f", kill_on_drop: false }`
[INFO] [stderr]    Compiling Minimal v0.1.3 (/opt/rustwide/workdir)
[INFO] [stdout] warning: crate `Minimal` should have a snake case name
[INFO] [stdout]   |
[INFO] [stdout]   = help: convert the identifier to snake case: `minimal`
[INFO] [stdout]   = note: `#[warn(non_snake_case)]` on by default
[INFO] [stdout] 
[INFO] [stdout] 
[INFO] [stdout] warning: 1 warning emitted
[INFO] [stdout] 
[INFO] [stdout] 
[INFO] [stdout] warning: crate `Minimal` should have a snake case name
[INFO] [stdout]   |
[INFO] [stdout]   = help: convert the identifier to snake case: `minimal`
[INFO] [stdout]   = note: `#[warn(non_snake_case)]` on by default
[INFO] [stdout] 
[INFO] [stdout] 
[INFO] [stdout] warning: 1 warning emitted
[INFO] [stdout] 
[INFO] [stdout] 
[INFO] [stderr]     Finished test [unoptimized + debuginfo] target(s) in 0.57s
[INFO] running `Command { std: "docker" "inspect" "b44e1df8d29a6803b4b46b4d7bd8e4777bec77f8845be5b8c373e8971dd3c41f", kill_on_drop: false }`
[INFO] running `Command { std: "docker" "rm" "-f" "b44e1df8d29a6803b4b46b4d7bd8e4777bec77f8845be5b8c373e8971dd3c41f", kill_on_drop: false }`
[INFO] [stdout] b44e1df8d29a6803b4b46b4d7bd8e4777bec77f8845be5b8c373e8971dd3c41f
[INFO] running `Command { std: "docker" "create" "-v" "/var/lib/crater-agent-workspace/builds/worker-1-tc2/target:/opt/rustwide/target:rw,Z" "-v" "/var/lib/crater-agent-workspace/builds/worker-1-tc2/source:/opt/rustwide/workdir:ro,Z" "-v" "/var/lib/crater-agent-workspace/cargo-home:/opt/rustwide/cargo-home:ro,Z" "-v" "/var/lib/crater-agent-workspace/rustup-home:/opt/rustwide/rustup-home:ro,Z" "-e" "SOURCE_DIR=/opt/rustwide/workdir" "-e" "CARGO_TARGET_DIR=/opt/rustwide/target" "-e" "CARGO_INCREMENTAL=0" "-e" "RUST_BACKTRACE=full" "-e" "RUSTFLAGS=--cap-lints=warn" "-e" "RUSTDOCFLAGS=--cap-lints=warn" "-e" "CARGO_HOME=/opt/rustwide/cargo-home" "-e" "RUSTUP_HOME=/opt/rustwide/rustup-home" "-w" "/opt/rustwide/workdir" "-m" "1610612736" "--user" "0:0" "--network" "none" "ghcr.io/rust-lang/crates-build-env/linux@sha256:97d61d7686bf65f8ecb15491ab51835e82dc9176a96a831f143a431b191fc501" "/opt/rustwide/cargo-home/bin/cargo" "+beta-2023-04-20" "test" "--frozen", kill_on_drop: false }`
[INFO] [stdout] ce6511a9ae450740165b44ced83d34ab2efa04e85d62009a88c01f2c3178c76c
[INFO] running `Command { std: "docker" "start" "-a" "ce6511a9ae450740165b44ced83d34ab2efa04e85d62009a88c01f2c3178c76c", kill_on_drop: false }`
[INFO] [stderr] warning: crate `Minimal` should have a snake case name
[INFO] [stderr]   |
[INFO] [stderr]   = help: convert the identifier to snake case: `minimal`
[INFO] [stderr]   = note: `#[warn(non_snake_case)]` on by default
[INFO] [stderr] 
[INFO] [stderr] warning: `Minimal` (lib) generated 1 warning
[INFO] [stderr] warning: `Minimal` (lib test) generated 1 warning (1 duplicate)
[INFO] [stderr]     Finished test [unoptimized + debuginfo] target(s) in 0.04s
[INFO] [stderr]      Running unittests src/lib.rs (/opt/rustwide/target/debug/deps/Minimal-ec7227696e81f700)
[INFO] [stderr]    Doc-tests Minimal
[INFO] [stdout] 
[INFO] [stdout] running 0 tests
[INFO] [stdout] 
[INFO] [stdout] test result: ok. 0 passed; 0 failed; 0 ignored; 0 measured; 0 filtered out; finished in 0.00s
[INFO] [stdout] 
[INFO] [stdout] 
[INFO] [stdout] running 8 tests
[INFO] [stdout] test src/lib.rs - utils::window (line 20) ... FAILED
[INFO] [stdout] test src/lib.rs - utils::document (line 35) ... FAILED
[INFO] [stdout] test src/lib.rs - utils::MinimalWindow (line 49) ... FAILED
[INFO] [stdout] test src/lib.rs - utils::MinimalNode (line 276) ... FAILED
[INFO] [stdout] test src/lib.rs - utils::MinimalHtml (line 226) ... FAILED
[INFO] [stdout] test src/lib.rs - utils::MinimalElement (line 134) ... FAILED
[INFO] [stdout] test src/lib.rs - utils::MinimalList (line 251) ... FAILED
[INFO] [stderr] error: doctest failed, to rerun pass `--doc`
[INFO] [stdout] test src/lib.rs - utils::MinimalDocument (line 88) ... FAILED
[INFO] [stdout] 
[INFO] [stdout] failures:
[INFO] [stdout] 
[INFO] [stdout] ---- src/lib.rs - utils::window (line 20) stdout ----
[INFO] [stdout] error: expected `::`, found `,`
[INFO] [stdout]  --> src/lib.rs:23:20
[INFO] [stdout]   |
[INFO] [stdout] 6 | assert_eq!(<Window>, window);
[INFO] [stdout]   |                    ^ expected `::`
[INFO] [stdout]  --> /rustc/1b7dd2252b99671ce5d1cb9664c5f8636329436d/library/core/src/macros/mod.rs:37:6
[INFO] [stdout]   |
[INFO] [stdout]   = note: while parsing argument for this `expr` macro fragment
[INFO] [stdout] 
[INFO] [stdout] error: aborting due to previous error
[INFO] [stdout] 
[INFO] [stdout] Couldn't compile the test.
[INFO] [stdout] ---- src/lib.rs - utils::document (line 35) stdout ----
[INFO] [stdout] error: expected `::`, found `,`
[INFO] [stdout]  --> src/lib.rs:38:22
[INFO] [stdout]   |
[INFO] [stdout] 6 | assert_eq!(<Document>, document);
[INFO] [stdout]   |                      ^ expected `::`
[INFO] [stdout]  --> /rustc/1b7dd2252b99671ce5d1cb9664c5f8636329436d/library/core/src/macros/mod.rs:37:6
[INFO] [stdout]   |
[INFO] [stdout]   = note: while parsing argument for this `expr` macro fragment
[INFO] [stdout] 
[INFO] [stdout] error: aborting due to previous error
[INFO] [stdout] 
[INFO] [stdout] Couldn't compile the test.
[INFO] [stdout] ---- src/lib.rs - utils::MinimalWindow (line 49) stdout ----
[INFO] [stdout] error: expected `::`, found `,`
[INFO] [stdout]  --> src/lib.rs:53:22
[INFO] [stdout]   |
[INFO] [stdout] 7 | assert_eq!(<Document>, document);
[INFO] [stdout]   |                      ^ expected `::`
[INFO] [stdout]  --> /rustc/1b7dd2252b99671ce5d1cb9664c5f8636329436d/library/core/src/macros/mod.rs:37:6
[INFO] [stdout]   |
[INFO] [stdout]   = note: while parsing argument for this `expr` macro fragment
[INFO] [stdout] 
[INFO] [stdout] error[E0599]: no method named `document_page` found for struct `web_sys::features::gen_Window::Window` in the current scope
[INFO] [stdout]   --> src/lib.rs:51:23
[INFO] [stdout]    |
[INFO] [stdout] 5  | let document = window.document_page();
[INFO] [stdout]    |                       ^^^^^^^^^^^^^
[INFO] [stdout]    |
[INFO] [stdout]   ::: /opt/rustwide/workdir/src/lib.rs:59:12
[INFO] [stdout]    |
[INFO] [stdout] 59 |         fn document_page(&self) -> Document;
[INFO] [stdout]    |            ------------- the method is available for `web_sys::features::gen_Window::Window` here
[INFO] [stdout]    |
[INFO] [stdout]    = help: items from traits can only be used if the trait is in scope
[INFO] [stdout] help: the following trait is implemented but not in scope; perhaps add a `use` for it:
[INFO] [stdout]    |
[INFO] [stdout] 2  + use crate::Minimal::MinimalWindow;
[INFO] [stdout]    |
[INFO] [stdout] help: there is a method with a similar name
[INFO] [stdout]    |
[INFO] [stdout] 5  | let document = window.document();
[INFO] [stdout]    |                       ~~~~~~~~
[INFO] [stdout] 
[INFO] [stdout] error: aborting due to 2 previous errors
[INFO] [stdout] 
[INFO] [stdout] For more information about this error, try `rustc --explain E0599`.
[INFO] [stdout] Couldn't compile the test.
[INFO] [stdout] ---- src/lib.rs - utils::MinimalNode (line 276) stdout ----
[INFO] [stdout] error: expected `::`, found `,`
[INFO] [stdout]  --> src/lib.rs:280:25
[INFO] [stdout]   |
[INFO] [stdout] 7 | assert_eq!(<HtmlElement>, first_child_html);
[INFO] [stdout]   |                         ^ expected `::`
[INFO] [stdout]  --> /rustc/1b7dd2252b99671ce5d1cb9664c5f8636329436d/library/core/src/macros/mod.rs:37:6
[INFO] [stdout]   |
[INFO] [stdout]   = note: while parsing argument for this `expr` macro fragment
[INFO] [stdout] 
[INFO] [stdout] error: expected `::`, found `,`
[INFO] [stdout]  --> src/lib.rs:282:25
[INFO] [stdout]   |
[INFO] [stdout] 9 | assert_eq!(<HtmlElement>, first_child_html);
[INFO] [stdout]   |                         ^ expected `::`
[INFO] [stdout]  --> /rustc/1b7dd2252b99671ce5d1cb9664c5f8636329436d/library/core/src/macros/mod.rs:37:6
[INFO] [stdout]   |
[INFO] [stdout]   = note: while parsing argument for this `expr` macro fragment
[INFO] [stdout] 
[INFO] [stdout] error: expected `::`, found `,`
[INFO] [stdout]   --> src/lib.rs:284:25
[INFO] [stdout]    |
[INFO] [stdout] 11 | assert_eq!(<HtmlElement>, first_child_html);
[INFO] [stdout]    |                         ^ expected `::`
[INFO] [stdout]   --> /rustc/1b7dd2252b99671ce5d1cb9664c5f8636329436d/library/core/src/macros/mod.rs:37:6
[INFO] [stdout]    |
[INFO] [stdout]    = note: while parsing argument for this `expr` macro fragment
[INFO] [stdout] 
[INFO] [stdout] error[E0599]: no method named `query_selector_list` found for struct `web_sys::features::gen_Document::Document` in the current scope
[INFO] [stdout]    --> src/lib.rs:278:19
[INFO] [stdout]     |
[INFO] [stdout] 5   | let h1 = document.query_selector_list("h1");
[INFO] [stdout]     |                   ^^^^^^^^^^^^^^^^^^^
[INFO] [stdout]     |
[INFO] [stdout]    ::: /opt/rustwide/workdir/src/lib.rs:103:12
[INFO] [stdout]     |
[INFO] [stdout] 103 |         fn query_selector_list<'a>(&self, value: &'a str) -> NodeList;
[INFO] [stdout]     |            ------------------- the method is available for `web_sys::features::gen_Document::Document` here
[INFO] [stdout]     |
[INFO] [stdout]     = help: items from traits can only be used if the trait is in scope
[INFO] [stdout] help: the following trait is implemented but not in scope; perhaps add a `use` for it:
[INFO] [stdout]     |
[INFO] [stdout] 2   + use crate::Minimal::MinimalDocument;
[INFO] [stdout]     |
[INFO] [stdout] help: there is a method with a similar name
[INFO] [stdout]     |
[INFO] [stdout] 5   | let h1 = document.query_selector("h1");
[INFO] [stdout]     |                   ~~~~~~~~~~~~~~
[INFO] [stdout] 
[INFO] [stdout] error: aborting due to 4 previous errors
[INFO] [stdout] 
[INFO] [stdout] For more information about this error, try `rustc --explain E0599`.
[INFO] [stdout] Couldn't compile the test.
[INFO] [stdout] ---- src/lib.rs - utils::MinimalHtml (line 226) stdout ----
[INFO] [stdout] error[E0599]: no method named `query_selector_html` found for struct `web_sys::features::gen_Document::Document` in the current scope
[INFO] [stdout]    --> src/lib.rs:228:24
[INFO] [stdout]     |
[INFO] [stdout] 5   | let h1_html = document.query_selector_html("h1");
[INFO] [stdout]     |                        ^^^^^^^^^^^^^^^^^^^
[INFO] [stdout]     |
[INFO] [stdout]    ::: /opt/rustwide/workdir/src/lib.rs:107:12
[INFO] [stdout]     |
[INFO] [stdout] 107 |         fn query_selector_html<'a>(&self, value: &'a str) -> HtmlElement;
[INFO] [stdout]     |            ------------------- the method is available for `web_sys::features::gen_Document::Document` here
[INFO] [stdout]     |
[INFO] [stdout]     = help: items from traits can only be used if the trait is in scope
[INFO] [stdout] help: the following trait is implemented but not in scope; perhaps add a `use` for it:
[INFO] [stdout]     |
[INFO] [stdout] 2   + use crate::Minimal::MinimalDocument;
[INFO] [stdout]     |
[INFO] [stdout] help: there is a method with a similar name
[INFO] [stdout]     |
[INFO] [stdout] 5   | let h1_html = document.query_selector("h1");
[INFO] [stdout]     |                        ~~~~~~~~~~~~~~
[INFO] [stdout] 
[INFO] [stdout] error: aborting due to previous error
[INFO] [stdout] 
[INFO] [stdout] For more information about this error, try `rustc --explain E0599`.
[INFO] [stdout] Couldn't compile the test.
[INFO] [stdout] ---- src/lib.rs - utils::MinimalElement (line 134) stdout ----
[INFO] [stdout] error: expected `::`, found `,`
[INFO] [stdout]  --> src/lib.rs:137:21
[INFO] [stdout]   |
[INFO] [stdout] 6 | assert_eq!(<Element>, h1_el);
[INFO] [stdout]   |                     ^ expected `::`
[INFO] [stdout]  --> /rustc/1b7dd2252b99671ce5d1cb9664c5f8636329436d/library/core/src/macros/mod.rs:37:6
[INFO] [stdout]   |
[INFO] [stdout]   = note: while parsing argument for this `expr` macro fragment
[INFO] [stdout] 
[INFO] [stdout] error: expected `::`, found `,`
[INFO] [stdout]  --> src/lib.rs:138:25
[INFO] [stdout]   |
[INFO] [stdout] 7 | assert_eq!(<HtmlElement>, h1_el.to_html());
[INFO] [stdout]   |                         ^ expected `::`
[INFO] [stdout]  --> /rustc/1b7dd2252b99671ce5d1cb9664c5f8636329436d/library/core/src/macros/mod.rs:37:6
[INFO] [stdout]   |
[INFO] [stdout]   = note: while parsing argument for this `expr` macro fragment
[INFO] [stdout] 
[INFO] [stdout] error[E0599]: no method named `query_selector_el` found for struct `web_sys::features::gen_Document::Document` in the current scope
[INFO] [stdout]    --> src/lib.rs:136:22
[INFO] [stdout]     |
[INFO] [stdout] 5   | let h1_el = document.query_selector_el("h1");
[INFO] [stdout]     |                      ^^^^^^^^^^^^^^^^^
[INFO] [stdout]     |
[INFO] [stdout]    ::: /opt/rustwide/workdir/src/lib.rs:105:12
[INFO] [stdout]     |
[INFO] [stdout] 105 |         fn query_selector_el<'a>(&self, value: &'a str) -> Element;
[INFO] [stdout]     |            ----------------- the method is available for `web_sys::features::gen_Document::Document` here
[INFO] [stdout]     |
[INFO] [stdout]     = help: items from traits can only be used if the trait is in scope
[INFO] [stdout] help: the following trait is implemented but not in scope; perhaps add a `use` for it:
[INFO] [stdout]     |
[INFO] [stdout] 2   + use crate::Minimal::MinimalDocument;
[INFO] [stdout]     |
[INFO] [stdout] help: there is a method with a similar name
[INFO] [stdout]     |
[INFO] [stdout] 5   | let h1_el = document.query_selector("h1");
[INFO] [stdout]     |                      ~~~~~~~~~~~~~~
[INFO] [stdout] 
[INFO] [stdout] error: aborting due to 3 previous errors
[INFO] [stdout] 
[INFO] [stdout] For more information about this error, try `rustc --explain E0599`.
[INFO] [stdout] Couldn't compile the test.
[INFO] [stdout] ---- src/lib.rs - utils::MinimalList (line 251) stdout ----
[INFO] [stdout] error: expected `::`, found `,`
[INFO] [stdout]  --> src/lib.rs:254:22
[INFO] [stdout]   |
[INFO] [stdout] 6 | assert_eq!(<NodeList>, h1_list);
[INFO] [stdout]   |                      ^ expected `::`
[INFO] [stdout]  --> /rustc/1b7dd2252b99671ce5d1cb9664c5f8636329436d/library/core/src/macros/mod.rs:37:6
[INFO] [stdout]   |
[INFO] [stdout]   = note: while parsing argument for this `expr` macro fragment
[INFO] [stdout] 
[INFO] [stdout] error: expected `::`, found `,`
[INFO] [stdout]  --> src/lib.rs:256:25
[INFO] [stdout]   |
[INFO] [stdout] 8 | assert_eq!(<HtmlElement>, element);
[INFO] [stdout]   |                         ^ expected `::`
[INFO] [stdout]  --> /rustc/1b7dd2252b99671ce5d1cb9664c5f8636329436d/library/core/src/macros/mod.rs:37:6
[INFO] [stdout]   |
[INFO] [stdout]   = note: while parsing argument for this `expr` macro fragment
[INFO] [stdout] 
[INFO] [stdout] error[E0599]: no method named `query_selector_list` found for struct `web_sys::features::gen_Document::Document` in the current scope
[INFO] [stdout]    --> src/lib.rs:253:24
[INFO] [stdout]     |
[INFO] [stdout] 5   | let h1_list = document.query_selector_list("h1");
[INFO] [stdout]     |                        ^^^^^^^^^^^^^^^^^^^
[INFO] [stdout]     |
[INFO] [stdout]    ::: /opt/rustwide/workdir/src/lib.rs:103:12
[INFO] [stdout]     |
[INFO] [stdout] 103 |         fn query_selector_list<'a>(&self, value: &'a str) -> NodeList;
[INFO] [stdout]     |            ------------------- the method is available for `web_sys::features::gen_Document::Document` here
[INFO] [stdout]     |
[INFO] [stdout]     = help: items from traits can only be used if the trait is in scope
[INFO] [stdout] help: the following trait is implemented but not in scope; perhaps add a `use` for it:
[INFO] [stdout]     |
[INFO] [stdout] 2   + use crate::Minimal::MinimalDocument;
[INFO] [stdout]     |
[INFO] [stdout] help: there is a method with a similar name
[INFO] [stdout]     |
[INFO] [stdout] 5   | let h1_list = document.query_selector("h1");
[INFO] [stdout]     |                        ~~~~~~~~~~~~~~
[INFO] [stdout] 
[INFO] [stdout] error: aborting due to 3 previous errors
[INFO] [stdout] 
[INFO] [stdout] For more information about this error, try `rustc --explain E0599`.
[INFO] [stdout] Couldn't compile the test.
[INFO] [stdout] ---- src/lib.rs - utils::MinimalDocument (line 88) stdout ----
[INFO] [stdout] error: expected `::`, found `,`
[INFO] [stdout]  --> src/lib.rs:93:21
[INFO] [stdout]   |
[INFO] [stdout] 8 | assert_eq!(<Element>, h1_el);
[INFO] [stdout]   |                     ^ expected `::`
[INFO] [stdout]  --> /rustc/1b7dd2252b99671ce5d1cb9664c5f8636329436d/library/core/src/macros/mod.rs:37:6
[INFO] [stdout]   |
[INFO] [stdout]   = note: while parsing argument for this `expr` macro fragment
[INFO] [stdout] 
[INFO] [stdout] error: expected `::`, found `,`
[INFO] [stdout]  --> src/lib.rs:94:25
[INFO] [stdout]   |
[INFO] [stdout] 9 | assert_eq!(<HtmlElement>, h1_html);
[INFO] [stdout]   |                         ^ expected `::`
[INFO] [stdout]  --> /rustc/1b7dd2252b99671ce5d1cb9664c5f8636329436d/library/core/src/macros/mod.rs:37:6
[INFO] [stdout]   |
[INFO] [stdout]   = note: while parsing argument for this `expr` macro fragment
[INFO] [stdout] 
[INFO] [stdout] error[E0599]: no method named `document_page` found for struct `web_sys::features::gen_Window::Window` in the current scope
[INFO] [stdout]   --> src/lib.rs:90:23
[INFO] [stdout]    |
[INFO] [stdout] 5  | let document = window.document_page();
[INFO] [stdout]    |                       ^^^^^^^^^^^^^
[INFO] [stdout]    |
[INFO] [stdout]   ::: /opt/rustwide/workdir/src/lib.rs:59:12
[INFO] [stdout]    |
[INFO] [stdout] 59 |         fn document_page(&self) -> Document;
[INFO] [stdout]    |            ------------- the method is available for `web_sys::features::gen_Window::Window` here
[INFO] [stdout]    |
[INFO] [stdout]    = help: items from traits can only be used if the trait is in scope
[INFO] [stdout] help: the following trait is implemented but not in scope; perhaps add a `use` for it:
[INFO] [stdout]    |
[INFO] [stdout] 2  + use crate::Minimal::MinimalWindow;
[INFO] [stdout]    |
[INFO] [stdout] help: there is a method with a similar name
[INFO] [stdout]    |
[INFO] [stdout] 5  | let document = window.document();
[INFO] [stdout]    |                       ~~~~~~~~
[INFO] [stdout] 
[INFO] [stdout] error: aborting due to 3 previous errors
[INFO] [stdout] 
[INFO] [stdout] For more information about this error, try `rustc --explain E0599`.
[INFO] [stdout] Couldn't compile the test.
[INFO] [stdout] 
[INFO] [stdout] failures:
[INFO] [stdout]     src/lib.rs - utils::MinimalDocument (line 88)
[INFO] [stdout]     src/lib.rs - utils::MinimalElement (line 134)
[INFO] [stdout]     src/lib.rs - utils::MinimalHtml (line 226)
[INFO] [stdout]     src/lib.rs - utils::MinimalList (line 251)
[INFO] [stdout]     src/lib.rs - utils::MinimalNode (line 276)
[INFO] [stdout]     src/lib.rs - utils::MinimalWindow (line 49)
[INFO] [stdout]     src/lib.rs - utils::document (line 35)
[INFO] [stdout]     src/lib.rs - utils::window (line 20)
[INFO] [stdout] 
[INFO] [stdout] test result: FAILED. 0 passed; 8 failed; 0 ignored; 0 measured; 0 filtered out; finished in 0.15s
[INFO] [stdout] 
[INFO] running `Command { std: "docker" "inspect" "ce6511a9ae450740165b44ced83d34ab2efa04e85d62009a88c01f2c3178c76c", kill_on_drop: false }`
[INFO] running `Command { std: "docker" "rm" "-f" "ce6511a9ae450740165b44ced83d34ab2efa04e85d62009a88c01f2c3178c76c", kill_on_drop: false }`
[INFO] [stdout] ce6511a9ae450740165b44ced83d34ab2efa04e85d62009a88c01f2c3178c76c
