[INFO] fetching crate Caching 0.2.5...
[INFO] testing Caching-0.2.5 against 1.69.0 for beta-1.70-1
[INFO] extracting crate Caching 0.2.5 into /workspace/builds/worker-3-tc1/source
[INFO] validating manifest of crates.io crate Caching 0.2.5 on toolchain 1.69.0
[INFO] running `Command { std: CARGO_HOME="/workspace/cargo-home" RUSTUP_HOME="/workspace/rustup-home" "/workspace/cargo-home/bin/cargo" "+1.69.0" "metadata" "--manifest-path" "Cargo.toml" "--no-deps", kill_on_drop: false }`
[INFO] started tweaking crates.io crate Caching 0.2.5
[INFO] finished tweaking crates.io crate Caching 0.2.5
[INFO] tweaked toml for crates.io crate Caching 0.2.5 written to /workspace/builds/worker-3-tc1/source/Cargo.toml
[INFO] running `Command { std: CARGO_HOME="/workspace/cargo-home" RUSTUP_HOME="/workspace/rustup-home" __CARGO_TEST_CHANNEL_OVERRIDE_DO_NOT_USE_THIS="nightly" "/workspace/cargo-home/bin/cargo" "+1.69.0" "generate-lockfile" "--manifest-path" "Cargo.toml" "-Zno-index-update", kill_on_drop: false }`
[INFO] running `Command { std: CARGO_HOME="/workspace/cargo-home" RUSTUP_HOME="/workspace/rustup-home" "/workspace/cargo-home/bin/cargo" "+1.69.0" "fetch" "--manifest-path" "Cargo.toml", kill_on_drop: false }`
[INFO] running `Command { std: "docker" "create" "-v" "/var/lib/crater-agent-workspace/builds/worker-3-tc1/target:/opt/rustwide/target:rw,Z" "-v" "/var/lib/crater-agent-workspace/builds/worker-3-tc1/source:/opt/rustwide/workdir:ro,Z" "-v" "/var/lib/crater-agent-workspace/cargo-home:/opt/rustwide/cargo-home:ro,Z" "-v" "/var/lib/crater-agent-workspace/rustup-home:/opt/rustwide/rustup-home:ro,Z" "-e" "SOURCE_DIR=/opt/rustwide/workdir" "-e" "CARGO_TARGET_DIR=/opt/rustwide/target" "-e" "CARGO_HOME=/opt/rustwide/cargo-home" "-e" "RUSTUP_HOME=/opt/rustwide/rustup-home" "-w" "/opt/rustwide/workdir" "-m" "1610612736" "--user" "0:0" "--network" "none" "ghcr.io/rust-lang/crates-build-env/linux@sha256:97d61d7686bf65f8ecb15491ab51835e82dc9176a96a831f143a431b191fc501" "/opt/rustwide/cargo-home/bin/cargo" "+1.69.0" "metadata" "--no-deps" "--format-version=1", kill_on_drop: false }`
[INFO] [stdout] d47d40c972b4c6e72f78c54e37ddea5921e91f87114092df1444369f1f93b7f2
[INFO] running `Command { std: "docker" "start" "-a" "d47d40c972b4c6e72f78c54e37ddea5921e91f87114092df1444369f1f93b7f2", kill_on_drop: false }`
[INFO] running `Command { std: "docker" "inspect" "d47d40c972b4c6e72f78c54e37ddea5921e91f87114092df1444369f1f93b7f2", kill_on_drop: false }`
[INFO] running `Command { std: "docker" "rm" "-f" "d47d40c972b4c6e72f78c54e37ddea5921e91f87114092df1444369f1f93b7f2", kill_on_drop: false }`
[INFO] [stdout] d47d40c972b4c6e72f78c54e37ddea5921e91f87114092df1444369f1f93b7f2
[INFO] running `Command { std: "docker" "create" "-v" "/var/lib/crater-agent-workspace/builds/worker-3-tc1/target:/opt/rustwide/target:rw,Z" "-v" "/var/lib/crater-agent-workspace/builds/worker-3-tc1/source:/opt/rustwide/workdir:ro,Z" "-v" "/var/lib/crater-agent-workspace/cargo-home:/opt/rustwide/cargo-home:ro,Z" "-v" "/var/lib/crater-agent-workspace/rustup-home:/opt/rustwide/rustup-home:ro,Z" "-e" "SOURCE_DIR=/opt/rustwide/workdir" "-e" "CARGO_TARGET_DIR=/opt/rustwide/target" "-e" "CARGO_INCREMENTAL=0" "-e" "RUST_BACKTRACE=full" "-e" "RUSTFLAGS=--cap-lints=warn" "-e" "RUSTDOCFLAGS=--cap-lints=warn" "-e" "CARGO_HOME=/opt/rustwide/cargo-home" "-e" "RUSTUP_HOME=/opt/rustwide/rustup-home" "-w" "/opt/rustwide/workdir" "-m" "1610612736" "--user" "0:0" "--network" "none" "ghcr.io/rust-lang/crates-build-env/linux@sha256:97d61d7686bf65f8ecb15491ab51835e82dc9176a96a831f143a431b191fc501" "/opt/rustwide/cargo-home/bin/cargo" "+1.69.0" "build" "--frozen" "--message-format=json", kill_on_drop: false }`
[INFO] [stdout] 5077469cbc48017705e2a079b59a26b6521420f5518d36fada224c1becd45255
[INFO] running `Command { std: "docker" "start" "-a" "5077469cbc48017705e2a079b59a26b6521420f5518d36fada224c1becd45255", kill_on_drop: false }`
[INFO] [stderr]    Compiling Caching v0.2.5 (/opt/rustwide/workdir)
[INFO] [stderr]     Finished dev [unoptimized + debuginfo] target(s) in 0.22s
[INFO] running `Command { std: "docker" "inspect" "5077469cbc48017705e2a079b59a26b6521420f5518d36fada224c1becd45255", kill_on_drop: false }`
[INFO] running `Command { std: "docker" "rm" "-f" "5077469cbc48017705e2a079b59a26b6521420f5518d36fada224c1becd45255", kill_on_drop: false }`
[INFO] [stdout] 5077469cbc48017705e2a079b59a26b6521420f5518d36fada224c1becd45255
[INFO] running `Command { std: "docker" "create" "-v" "/var/lib/crater-agent-workspace/builds/worker-3-tc1/target:/opt/rustwide/target:rw,Z" "-v" "/var/lib/crater-agent-workspace/builds/worker-3-tc1/source:/opt/rustwide/workdir:ro,Z" "-v" "/var/lib/crater-agent-workspace/cargo-home:/opt/rustwide/cargo-home:ro,Z" "-v" "/var/lib/crater-agent-workspace/rustup-home:/opt/rustwide/rustup-home:ro,Z" "-e" "SOURCE_DIR=/opt/rustwide/workdir" "-e" "CARGO_TARGET_DIR=/opt/rustwide/target" "-e" "CARGO_INCREMENTAL=0" "-e" "RUST_BACKTRACE=full" "-e" "RUSTFLAGS=--cap-lints=warn" "-e" "RUSTDOCFLAGS=--cap-lints=warn" "-e" "CARGO_HOME=/opt/rustwide/cargo-home" "-e" "RUSTUP_HOME=/opt/rustwide/rustup-home" "-w" "/opt/rustwide/workdir" "-m" "1610612736" "--user" "0:0" "--network" "none" "ghcr.io/rust-lang/crates-build-env/linux@sha256:97d61d7686bf65f8ecb15491ab51835e82dc9176a96a831f143a431b191fc501" "/opt/rustwide/cargo-home/bin/cargo" "+1.69.0" "test" "--frozen" "--no-run" "--message-format=json", kill_on_drop: false }`
[INFO] [stdout] a4a9a414c200b67d89b6f958db37e5cd66c153cba82d075b9cb5fb7d2b8cf753
[INFO] running `Command { std: "docker" "start" "-a" "a4a9a414c200b67d89b6f958db37e5cd66c153cba82d075b9cb5fb7d2b8cf753", kill_on_drop: false }`
[INFO] [stderr]    Compiling Caching v0.2.5 (/opt/rustwide/workdir)
[INFO] [stdout] warning: unused variable: `a`
[INFO] [stdout]    --> src/lib.rs:177:49
[INFO] [stdout]     |
[INFO] [stdout] 177 |         let mut cache = Cache::<i32, i32>::new(|a| -> bool { true });
[INFO] [stdout]     |                                                 ^ help: if this is intentional, prefix it with an underscore: `_a`
[INFO] [stdout]     |
[INFO] [stdout]     = note: `#[warn(unused_variables)]` on by default
[INFO] [stdout] 
[INFO] [stdout] 
[INFO] [stdout] warning: 1 warning emitted
[INFO] [stdout] 
[INFO] [stdout] 
[INFO] [stderr]     Finished test [unoptimized + debuginfo] target(s) in 0.33s
[INFO] running `Command { std: "docker" "inspect" "a4a9a414c200b67d89b6f958db37e5cd66c153cba82d075b9cb5fb7d2b8cf753", kill_on_drop: false }`
[INFO] running `Command { std: "docker" "rm" "-f" "a4a9a414c200b67d89b6f958db37e5cd66c153cba82d075b9cb5fb7d2b8cf753", kill_on_drop: false }`
[INFO] [stdout] a4a9a414c200b67d89b6f958db37e5cd66c153cba82d075b9cb5fb7d2b8cf753
[INFO] running `Command { std: "docker" "create" "-v" "/var/lib/crater-agent-workspace/builds/worker-3-tc1/target:/opt/rustwide/target:rw,Z" "-v" "/var/lib/crater-agent-workspace/builds/worker-3-tc1/source:/opt/rustwide/workdir:ro,Z" "-v" "/var/lib/crater-agent-workspace/cargo-home:/opt/rustwide/cargo-home:ro,Z" "-v" "/var/lib/crater-agent-workspace/rustup-home:/opt/rustwide/rustup-home:ro,Z" "-e" "SOURCE_DIR=/opt/rustwide/workdir" "-e" "CARGO_TARGET_DIR=/opt/rustwide/target" "-e" "CARGO_INCREMENTAL=0" "-e" "RUST_BACKTRACE=full" "-e" "RUSTFLAGS=--cap-lints=warn" "-e" "RUSTDOCFLAGS=--cap-lints=warn" "-e" "CARGO_HOME=/opt/rustwide/cargo-home" "-e" "RUSTUP_HOME=/opt/rustwide/rustup-home" "-w" "/opt/rustwide/workdir" "-m" "1610612736" "--user" "0:0" "--network" "none" "ghcr.io/rust-lang/crates-build-env/linux@sha256:97d61d7686bf65f8ecb15491ab51835e82dc9176a96a831f143a431b191fc501" "/opt/rustwide/cargo-home/bin/cargo" "+1.69.0" "test" "--frozen", kill_on_drop: false }`
[INFO] [stdout] 1c538dbeac7ae7378cb7236da4ca6847f2f80a0eaceec3b869e21acf3e445250
[INFO] running `Command { std: "docker" "start" "-a" "1c538dbeac7ae7378cb7236da4ca6847f2f80a0eaceec3b869e21acf3e445250", kill_on_drop: false }`
[INFO] [stderr] warning: unused variable: `a`
[INFO] [stderr]    --> src/lib.rs:177:49
[INFO] [stderr]     |
[INFO] [stderr] 177 |         let mut cache = Cache::<i32, i32>::new(|a| -> bool { true });
[INFO] [stderr]     |                                                 ^ help: if this is intentional, prefix it with an underscore: `_a`
[INFO] [stderr]     |
[INFO] [stderr]     = note: `#[warn(unused_variables)]` on by default
[INFO] [stderr] 
[INFO] [stderr] warning: `Caching` (lib test) generated 1 warning (run `cargo fix --lib -p Caching --tests` to apply 1 suggestion)
[INFO] [stderr]     Finished test [unoptimized + debuginfo] target(s) in 0.03s
[INFO] [stderr]      Running unittests src/lib.rs (/opt/rustwide/target/debug/deps/Caching-0fde45fa13ded7a2)
[INFO] [stdout] 
[INFO] [stdout] running 1 test
[INFO] [stdout] test tests::it_works ... ok
[INFO] [stdout] 
[INFO] [stdout] test result: ok. 1 passed; 0 failed; 0 ignored; 0 measured; 0 filtered out; finished in 0.00s
[INFO] [stdout] 
[INFO] [stderr]    Doc-tests Caching
[INFO] [stdout] 
[INFO] [stdout] running 5 tests
[INFO] [stdout] test src/lib.rs - Cache<E,T>::new (line 26) ... FAILED
[INFO] [stdout] test src/lib.rs - Cache<E,T>::call (line 43) ... FAILED
[INFO] [stdout] test src/lib.rs - Cache<E,T>::save (line 85) ... FAILED
[INFO] [stdout] test src/lib.rs - Cache<E,T>::get (line 71) ... FAILED
[INFO] [stdout] test src/lib.rs - Cache<E,T>::insert (line 57) ... FAILED
[INFO] [stdout] 
[INFO] [stdout] failures:
[INFO] [stdout] 
[INFO] [stdout] ---- src/lib.rs - Cache<E,T>::new (line 26) stdout ----
[INFO] [stdout] error[E0254]: the name `Caching` is defined multiple times
[INFO] [stdout]  --> src/lib.rs:27:5
[INFO] [stdout]   |
[INFO] [stdout] 2 | extern crate r#Caching;
[INFO] [stdout]   | ----------------------- previous import of the extern crate `Caching` here
[INFO] [stdout] 3 | use Caching;
[INFO] [stdout]   |     ^^^^^^^ `Caching` reimported here
[INFO] [stdout]   |
[INFO] [stdout]   = note: `Caching` must be defined only once in the type namespace of this module
[INFO] [stdout] 
[INFO] [stdout] error[E0433]: failed to resolve: use of undeclared crate or module `caching`
[INFO] [stdout]  --> src/lib.rs:29:18
[INFO] [stdout]   |
[INFO] [stdout] 5 |      let cache = caching::Cache::<i32,String>::new(|a/* This is a lists<i32, String>*/|-> bool {return true});
[INFO] [stdout]   |                  ^^^^^^^ use of undeclared crate or module `caching`
[INFO] [stdout]   |
[INFO] [stdout] help: there is a crate or module with a similar name
[INFO] [stdout]   |
[INFO] [stdout] 5 |      let cache = Caching::Cache::<i32,String>::new(|a/* This is a lists<i32, String>*/|-> bool {return true});
[INFO] [stdout]   |                  ~~~~~~~
[INFO] [stdout] help: consider importing this struct
[INFO] [stdout]   |
[INFO] [stdout] 3 | use Caching::Cache;
[INFO] [stdout]   |
[INFO] [stdout] help: if you import `Cache`, refer to it directly
[INFO] [stdout]   |
[INFO] [stdout] 5 -      let cache = caching::Cache::<i32,String>::new(|a/* This is a lists<i32, String>*/|-> bool {return true});
[INFO] [stdout] 5 +      let cache = Cache::<i32,String>::new(|a/* This is a lists<i32, String>*/|-> bool {return true});
[INFO] [stdout]   |
[INFO] [stdout] 
[INFO] [stdout] error: aborting due to 2 previous errors
[INFO] [stdout] 
[INFO] [stdout] Some errors have detailed explanations: E0254, E0433.
[INFO] [stdout] For more information about an error, try `rustc --explain E0254`.
[INFO] [stdout] Couldn't compile the test.
[INFO] [stdout] ---- src/lib.rs - Cache<E,T>::call (line 43) stdout ----
[INFO] [stdout] error[E0254]: the name `Caching` is defined multiple times
[INFO] [stdout]  --> src/lib.rs:44:5
[INFO] [stdout]   |
[INFO] [stdout] 2 | extern crate r#Caching;
[INFO] [stdout]   | ----------------------- previous import of the extern crate `Caching` here
[INFO] [stdout] 3 | use Caching;
[INFO] [stdout]   |     ^^^^^^^ `Caching` reimported here
[INFO] [stdout]   |
[INFO] [stdout]   = note: `Caching` must be defined only once in the type namespace of this module
[INFO] [stdout] 
[INFO] [stdout] error[E0433]: failed to resolve: use of undeclared crate or module `caching`
[INFO] [stdout]  --> src/lib.rs:46:18
[INFO] [stdout]   |
[INFO] [stdout] 5 |      let cache = caching::Cache::<i32,String>::new(|a/* This is a lists<i32, String>*/|-> bool {return true});
[INFO] [stdout]   |                  ^^^^^^^ use of undeclared crate or module `caching`
[INFO] [stdout]   |
[INFO] [stdout] help: there is a crate or module with a similar name
[INFO] [stdout]   |
[INFO] [stdout] 5 |      let cache = Caching::Cache::<i32,String>::new(|a/* This is a lists<i32, String>*/|-> bool {return true});
[INFO] [stdout]   |                  ~~~~~~~
[INFO] [stdout] help: consider importing this struct
[INFO] [stdout]   |
[INFO] [stdout] 3 | use Caching::Cache;
[INFO] [stdout]   |
[INFO] [stdout] help: if you import `Cache`, refer to it directly
[INFO] [stdout]   |
[INFO] [stdout] 5 -      let cache = caching::Cache::<i32,String>::new(|a/* This is a lists<i32, String>*/|-> bool {return true});
[INFO] [stdout] 5 +      let cache = Cache::<i32,String>::new(|a/* This is a lists<i32, String>*/|-> bool {return true});
[INFO] [stdout]   |
[INFO] [stdout] 
[INFO] [stdout] error: aborting due to 2 previous errors
[INFO] [stdout] 
[INFO] [stdout] Some errors have detailed explanations: E0254, E0433.
[INFO] [stdout] For more information about an error, try `rustc --explain E0254`.
[INFO] [stdout] Couldn't compile the test.
[INFO] [stdout] ---- src/lib.rs - Cache<E,T>::save (line 85) stdout ----
[INFO] [stdout] error[E0254]: the name `Caching` is defined multiple times
[INFO] [stdout]  --> src/lib.rs:86:5
[INFO] [stdout]   |
[INFO] [stdout] 2 | extern crate r#Caching;
[INFO] [stdout]   | ----------------------- previous import of the extern crate `Caching` here
[INFO] [stdout] 3 | use Caching;
[INFO] [stdout]   |     ^^^^^^^ `Caching` reimported here
[INFO] [stdout]   |
[INFO] [stdout]   = note: `Caching` must be defined only once in the type namespace of this module
[INFO] [stdout] 
[INFO] [stdout] error[E0433]: failed to resolve: use of undeclared crate or module `caching`
[INFO] [stdout]  --> src/lib.rs:88:18
[INFO] [stdout]   |
[INFO] [stdout] 5 |      let cache = caching::Cache::<i32,String>::new(|a/* This is a lists<i32, String>*/|-> bool {return true});
[INFO] [stdout]   |                  ^^^^^^^ use of undeclared crate or module `caching`
[INFO] [stdout]   |
[INFO] [stdout] help: there is a crate or module with a similar name
[INFO] [stdout]   |
[INFO] [stdout] 5 |      let cache = Caching::Cache::<i32,String>::new(|a/* This is a lists<i32, String>*/|-> bool {return true});
[INFO] [stdout]   |                  ~~~~~~~
[INFO] [stdout] help: consider importing this struct
[INFO] [stdout]   |
[INFO] [stdout] 3 | use Caching::Cache;
[INFO] [stdout]   |
[INFO] [stdout] help: if you import `Cache`, refer to it directly
[INFO] [stdout]   |
[INFO] [stdout] 5 -      let cache = caching::Cache::<i32,String>::new(|a/* This is a lists<i32, String>*/|-> bool {return true});
[INFO] [stdout] 5 +      let cache = Cache::<i32,String>::new(|a/* This is a lists<i32, String>*/|-> bool {return true});
[INFO] [stdout]   |
[INFO] [stdout] 
[INFO] [stdout] error[E0425]: cannot find value `cahce` in this scope
[INFO] [stdout]  --> src/lib.rs:90:6
[INFO] [stdout]   |
[INFO] [stdout] 7 |      cahce.save();//This safes the cache in two file, BUT NOT THE FUNCTION  
[INFO] [stdout]   |      ^^^^^ help: a local variable with a similar name exists: `cache`
[INFO] [stdout] 
[INFO] [stdout] error: aborting due to 3 previous errors
[INFO] [stdout] 
[INFO] [stdout] Some errors have detailed explanations: E0254, E0425, E0433.
[INFO] [stdout] For more information about an error, try `rustc --explain E0254`.
[INFO] [stdout] Couldn't compile the test.
[INFO] [stdout] ---- src/lib.rs - Cache<E,T>::get (line 71) stdout ----
[INFO] [stdout] error[E0254]: the name `Caching` is defined multiple times
[INFO] [stdout]  --> src/lib.rs:72:5
[INFO] [stdout]   |
[INFO] [stdout] 2 | extern crate r#Caching;
[INFO] [stdout]   | ----------------------- previous import of the extern crate `Caching` here
[INFO] [stdout] 3 | use Caching;
[INFO] [stdout]   |     ^^^^^^^ `Caching` reimported here
[INFO] [stdout]   |
[INFO] [stdout]   = note: `Caching` must be defined only once in the type namespace of this module
[INFO] [stdout] 
[INFO] [stdout] error[E0433]: failed to resolve: use of undeclared crate or module `caching`
[INFO] [stdout]  --> src/lib.rs:74:18
[INFO] [stdout]   |
[INFO] [stdout] 5 |      let cache = caching::Cache::<i32,String>::new(|a/* This is a lists<i32, String>*/|-> bool {return true});
[INFO] [stdout]   |                  ^^^^^^^ use of undeclared crate or module `caching`
[INFO] [stdout]   |
[INFO] [stdout] help: there is a crate or module with a similar name
[INFO] [stdout]   |
[INFO] [stdout] 5 |      let cache = Caching::Cache::<i32,String>::new(|a/* This is a lists<i32, String>*/|-> bool {return true});
[INFO] [stdout]   |                  ~~~~~~~
[INFO] [stdout] help: consider importing this struct
[INFO] [stdout]   |
[INFO] [stdout] 3 | use Caching::Cache;
[INFO] [stdout]   |
[INFO] [stdout] help: if you import `Cache`, refer to it directly
[INFO] [stdout]   |
[INFO] [stdout] 5 -      let cache = caching::Cache::<i32,String>::new(|a/* This is a lists<i32, String>*/|-> bool {return true});
[INFO] [stdout] 5 +      let cache = Cache::<i32,String>::new(|a/* This is a lists<i32, String>*/|-> bool {return true});
[INFO] [stdout]   |
[INFO] [stdout] 
[INFO] [stdout] error: aborting due to 2 previous errors
[INFO] [stdout] 
[INFO] [stdout] Some errors have detailed explanations: E0254, E0433.
[INFO] [stdout] For more information about an error, try `rustc --explain E0254`.
[INFO] [stdout] Couldn't compile the test.
[INFO] [stdout] ---- src/lib.rs - Cache<E,T>::insert (line 57) stdout ----
[INFO] [stdout] error[E0254]: the name `Caching` is defined multiple times
[INFO] [stdout]  --> src/lib.rs:58:5
[INFO] [stdout]   |
[INFO] [stdout] 2 | extern crate r#Caching;
[INFO] [stdout]   | ----------------------- previous import of the extern crate `Caching` here
[INFO] [stdout] 3 | use Caching;
[INFO] [stdout]   |     ^^^^^^^ `Caching` reimported here
[INFO] [stdout]   |
[INFO] [stdout]   = note: `Caching` must be defined only once in the type namespace of this module
[INFO] [stdout] 
[INFO] [stdout] error[E0433]: failed to resolve: use of undeclared crate or module `caching`
[INFO] [stdout]  --> src/lib.rs:60:18
[INFO] [stdout]   |
[INFO] [stdout] 5 |      let cache = caching::Cache::<i32,String>::new(|a/* This is a lists<i32, String>*/|-> bool {return true});
[INFO] [stdout]   |                  ^^^^^^^ use of undeclared crate or module `caching`
[INFO] [stdout]   |
[INFO] [stdout] help: there is a crate or module with a similar name
[INFO] [stdout]   |
[INFO] [stdout] 5 |      let cache = Caching::Cache::<i32,String>::new(|a/* This is a lists<i32, String>*/|-> bool {return true});
[INFO] [stdout]   |                  ~~~~~~~
[INFO] [stdout] help: consider importing this struct
[INFO] [stdout]   |
[INFO] [stdout] 3 | use Caching::Cache;
[INFO] [stdout]   |
[INFO] [stdout] help: if you import `Cache`, refer to it directly
[INFO] [stdout]   |
[INFO] [stdout] 5 -      let cache = caching::Cache::<i32,String>::new(|a/* This is a lists<i32, String>*/|-> bool {return true});
[INFO] [stdout] 5 +      let cache = Cache::<i32,String>::new(|a/* This is a lists<i32, String>*/|-> bool {return true});
[INFO] [stdout]   |
[INFO] [stdout] 
[INFO] [stdout] error: aborting due to 2 previous errors
[INFO] [stdout] 
[INFO] [stdout] Some errors have detailed explanations: E0254, E0433.
[INFO] [stdout] For more information about an error, try `rustc --explain E0254`.
[INFO] [stdout] Couldn't compile the test.
[INFO] [stdout] 
[INFO] [stdout] failures:
[INFO] [stdout]     src/lib.rs - Cache<E,T>::call (line 43)
[INFO] [stdout]     src/lib.rs - Cache<E,T>::get (line 71)
[INFO] [stdout]     src/lib.rs - Cache<E,T>::insert (line 57)
[INFO] [stdout]     src/lib.rs - Cache<E,T>::new (line 26)
[INFO] [stdout]     src/lib.rs - Cache<E,T>::save (line 85)
[INFO] [stdout] 
[INFO] [stdout] test result: FAILED. 0 passed; 5 failed; 0 ignored; 0 measured; 0 filtered out; finished in 0.05s
[INFO] [stdout] 
[INFO] [stderr] error: doctest failed, to rerun pass `--doc`
[INFO] running `Command { std: "docker" "inspect" "1c538dbeac7ae7378cb7236da4ca6847f2f80a0eaceec3b869e21acf3e445250", kill_on_drop: false }`
[INFO] running `Command { std: "docker" "rm" "-f" "1c538dbeac7ae7378cb7236da4ca6847f2f80a0eaceec3b869e21acf3e445250", kill_on_drop: false }`
[INFO] [stdout] 1c538dbeac7ae7378cb7236da4ca6847f2f80a0eaceec3b869e21acf3e445250
