[INFO] fetching crate Boa 0.13.1...
[INFO] testing Boa-0.13.1 against 1.69.0 for beta-1.70-1
[INFO] extracting crate Boa 0.13.1 into /workspace/builds/worker-1-tc1/source
[INFO] validating manifest of crates.io crate Boa 0.13.1 on toolchain 1.69.0
[INFO] running `Command { std: CARGO_HOME="/workspace/cargo-home" RUSTUP_HOME="/workspace/rustup-home" "/workspace/cargo-home/bin/cargo" "+1.69.0" "metadata" "--manifest-path" "Cargo.toml" "--no-deps", kill_on_drop: false }`
[INFO] started tweaking crates.io crate Boa 0.13.1
[INFO] finished tweaking crates.io crate Boa 0.13.1
[INFO] tweaked toml for crates.io crate Boa 0.13.1 written to /workspace/builds/worker-1-tc1/source/Cargo.toml
[INFO] crate crates.io crate Boa 0.13.1 already has a lockfile, it will not be regenerated
[INFO] running `Command { std: CARGO_HOME="/workspace/cargo-home" RUSTUP_HOME="/workspace/rustup-home" "/workspace/cargo-home/bin/cargo" "+1.69.0" "fetch" "--manifest-path" "Cargo.toml", kill_on_drop: false }`
[INFO] [stderr]  Downloading crates ...
[INFO] [stderr]   Downloaded serde v1.0.145
[INFO] [stderr]   Downloaded unicode-ident v1.0.4
[INFO] [stderr]   Downloaded serde_derive v1.0.145
[INFO] [stderr]   Downloaded itoa v1.0.3
[INFO] [stderr]   Downloaded once_cell v1.15.0
[INFO] [stderr]   Downloaded regress v0.4.1
[INFO] [stderr]   Downloaded redox_syscall v0.2.16
[INFO] [stderr]   Downloaded parking_lot_core v0.8.5
[INFO] [stderr]   Downloaded regex v1.6.0
[INFO] [stderr]   Downloaded dyn-clone v1.0.9
[INFO] [stderr]   Downloaded plotters v0.3.4
[INFO] [stderr]   Downloaded cc v1.0.73
[INFO] [stderr]   Downloaded getrandom v0.2.7
[INFO] [stderr]   Downloaded memmap2 v0.2.3
[INFO] [stderr]   Downloaded fast-float v0.2.0
[INFO] [stderr]   Downloaded serde_cbor v0.11.2
[INFO] [stderr]   Downloaded fs_extra v1.2.0
[INFO] [stderr]   Downloaded jemallocator v0.3.2
[INFO] [stderr]   Downloaded smallvec v1.9.0
[INFO] [stderr]   Downloaded perf-event-open-sys v1.0.1
[INFO] [stderr]   Downloaded parking_lot v0.11.2
[INFO] [stderr]   Downloaded crossbeam-epoch v0.9.10
[INFO] [stderr]   Downloaded gc_derive v0.4.1
[INFO] [stderr]   Downloaded gc v0.4.1
[INFO] [stderr]   Downloaded unicode-general-category v0.4.0
[INFO] [stderr]   Downloaded indexmap v1.9.1
[INFO] [stderr]   Downloaded unicode-xid v0.2.4
[INFO] [stderr]   Downloaded oorandom v11.1.3
[INFO] [stderr]   Downloaded crossbeam-deque v0.8.2
[INFO] [stderr]   Downloaded criterion-plot v0.4.5
[INFO] [stderr]   Downloaded cast v0.3.0
[INFO] [stderr]   Downloaded walkdir v2.3.2
[INFO] [stderr]   Downloaded plotters-backend v0.3.4
[INFO] [stderr]   Downloaded iana-time-zone v0.1.50
[INFO] [stderr]   Downloaded plotters-svg v0.3.3
[INFO] [stderr]   Downloaded time v0.1.44
[INFO] [stderr]   Downloaded crossbeam-utils v0.8.11
[INFO] [stderr]   Downloaded num-bigint v0.4.3
[INFO] [stderr]   Downloaded crossbeam-channel v0.5.6
[INFO] [stderr]   Downloaded regex-syntax v0.6.27
[INFO] [stderr]   Downloaded half v1.8.2
[INFO] [stderr]   Downloaded bstr v0.2.17
[INFO] [stderr]   Downloaded web-sys v0.3.60
[INFO] [stderr]   Downloaded jemalloc-sys v0.3.2
[INFO] [stderr]   Downloaded boa_unicode v0.13.0
[INFO] [stderr]   Downloaded measureme v9.1.2
[INFO] [stderr]   Downloaded libc v0.2.133
[INFO] [stderr]   Downloaded csv v1.1.6
[INFO] [stderr]   Downloaded csv-core v0.1.10
[INFO] [stderr]   Downloaded criterion v0.3.6
[INFO] [stderr]   Downloaded bumpalo v3.11.0
[INFO] [stderr]   Downloaded float-cmp v0.9.0
[INFO] [stderr]   Downloaded tinytemplate v1.2.1
[INFO] [stderr]   Downloaded synstructure v0.12.6
[INFO] [stderr]   Downloaded either v1.8.0
[INFO] [stderr]   Downloaded lock_api v0.4.9
[INFO] [stderr]   Downloaded proc-macro2 v1.0.44
[INFO] [stderr]   Downloaded ryu-js v0.2.2
[INFO] [stderr]   Downloaded syn v1.0.100
[INFO] [stderr]   Downloaded ryu v1.0.11
[INFO] [stderr]   Downloaded serde_json v1.0.85
[INFO] running `Command { std: "docker" "create" "-v" "/var/lib/crater-agent-workspace/builds/worker-1-tc1/target:/opt/rustwide/target:rw,Z" "-v" "/var/lib/crater-agent-workspace/builds/worker-1-tc1/source:/opt/rustwide/workdir:ro,Z" "-v" "/var/lib/crater-agent-workspace/cargo-home:/opt/rustwide/cargo-home:ro,Z" "-v" "/var/lib/crater-agent-workspace/rustup-home:/opt/rustwide/rustup-home:ro,Z" "-e" "SOURCE_DIR=/opt/rustwide/workdir" "-e" "CARGO_TARGET_DIR=/opt/rustwide/target" "-e" "CARGO_HOME=/opt/rustwide/cargo-home" "-e" "RUSTUP_HOME=/opt/rustwide/rustup-home" "-w" "/opt/rustwide/workdir" "-m" "1610612736" "--user" "0:0" "--network" "none" "ghcr.io/rust-lang/crates-build-env/linux@sha256:97d61d7686bf65f8ecb15491ab51835e82dc9176a96a831f143a431b191fc501" "/opt/rustwide/cargo-home/bin/cargo" "+1.69.0" "metadata" "--no-deps" "--format-version=1", kill_on_drop: false }`
[INFO] [stdout] 8b19ca94320ad29a1d7cf3cb23044faca388b3356451ab2a0df0b1acc55e917e
[INFO] running `Command { std: "docker" "start" "-a" "8b19ca94320ad29a1d7cf3cb23044faca388b3356451ab2a0df0b1acc55e917e", kill_on_drop: false }`
[INFO] running `Command { std: "docker" "inspect" "8b19ca94320ad29a1d7cf3cb23044faca388b3356451ab2a0df0b1acc55e917e", kill_on_drop: false }`
[INFO] running `Command { std: "docker" "rm" "-f" "8b19ca94320ad29a1d7cf3cb23044faca388b3356451ab2a0df0b1acc55e917e", kill_on_drop: false }`
[INFO] [stdout] 8b19ca94320ad29a1d7cf3cb23044faca388b3356451ab2a0df0b1acc55e917e
[INFO] running `Command { std: "docker" "create" "-v" "/var/lib/crater-agent-workspace/builds/worker-1-tc1/target:/opt/rustwide/target:rw,Z" "-v" "/var/lib/crater-agent-workspace/builds/worker-1-tc1/source:/opt/rustwide/workdir:ro,Z" "-v" "/var/lib/crater-agent-workspace/cargo-home:/opt/rustwide/cargo-home:ro,Z" "-v" "/var/lib/crater-agent-workspace/rustup-home:/opt/rustwide/rustup-home:ro,Z" "-e" "SOURCE_DIR=/opt/rustwide/workdir" "-e" "CARGO_TARGET_DIR=/opt/rustwide/target" "-e" "CARGO_INCREMENTAL=0" "-e" "RUST_BACKTRACE=full" "-e" "RUSTFLAGS=--cap-lints=warn" "-e" "RUSTDOCFLAGS=--cap-lints=warn" "-e" "CARGO_HOME=/opt/rustwide/cargo-home" "-e" "RUSTUP_HOME=/opt/rustwide/rustup-home" "-w" "/opt/rustwide/workdir" "-m" "1610612736" "--user" "0:0" "--network" "none" "ghcr.io/rust-lang/crates-build-env/linux@sha256:97d61d7686bf65f8ecb15491ab51835e82dc9176a96a831f143a431b191fc501" "/opt/rustwide/cargo-home/bin/cargo" "+1.69.0" "build" "--frozen" "--message-format=json", kill_on_drop: false }`
[INFO] [stdout] 55f67687157cf35ffbabfbfa06dcbf3296959ab6a24951c4abef2a439c1d954b
[INFO] running `Command { std: "docker" "start" "-a" "55f67687157cf35ffbabfbfa06dcbf3296959ab6a24951c4abef2a439c1d954b", kill_on_drop: false }`
[INFO] [stderr]    Compiling autocfg v1.1.0
[INFO] [stderr]    Compiling proc-macro2 v1.0.44
[INFO] [stderr]    Compiling quote v1.0.21
[INFO] [stderr]    Compiling unicode-ident v1.0.4
[INFO] [stderr]    Compiling syn v1.0.100
[INFO] [stderr]    Compiling libc v0.2.133
[INFO] [stderr]    Compiling serde_derive v1.0.145
[INFO] [stderr]    Compiling serde v1.0.145
[INFO] [stderr]    Compiling cfg-if v1.0.0
[INFO] [stderr]    Compiling memchr v2.5.0
[INFO] [stderr]    Compiling unicode-general-category v0.4.0
[INFO] [stderr]    Compiling unicode-xid v0.2.4
[INFO] [stderr]    Compiling num-traits v0.2.15
[INFO] [stderr]    Compiling num-integer v0.1.45
[INFO] [stderr]    Compiling num-bigint v0.4.3
[INFO] [stderr]    Compiling indexmap v1.9.1
[INFO] [stderr]    Compiling ppv-lite86 v0.2.16
[INFO] [stderr]    Compiling tinyvec_macros v0.1.0
[INFO] [stderr]    Compiling serde_json v1.0.85
[INFO] [stderr]    Compiling tinyvec v1.6.0
[INFO] [stderr]    Compiling iana-time-zone v0.1.50
[INFO] [stderr]    Compiling getrandom v0.2.7
[INFO] [stderr]    Compiling time v0.1.44
[INFO] [stderr]    Compiling itoa v1.0.3
[INFO] [stderr]    Compiling rand_core v0.6.4
[INFO] [stderr]    Compiling hashbrown v0.12.3
[INFO] [stderr]    Compiling ryu v1.0.11
[INFO] [stderr]    Compiling rand_chacha v0.3.1
[INFO] [stderr]    Compiling regress v0.4.1
[INFO] [stderr]    Compiling unicode-normalization v0.1.22
[INFO] [stderr]    Compiling rand v0.8.5
[INFO] [stderr]    Compiling boa_unicode v0.13.0
[INFO] [stderr]    Compiling bitflags v1.3.2
[INFO] [stderr]    Compiling rustc-hash v1.1.0
[INFO] [stderr]    Compiling chrono v0.4.22
[INFO] [stderr]    Compiling dyn-clone v1.0.9
[INFO] [stderr]    Compiling ryu-js v0.2.2
[INFO] [stderr]    Compiling fast-float v0.2.0
[INFO] [stderr]    Compiling synstructure v0.12.6
[INFO] [stderr]    Compiling gc_derive v0.4.1
[INFO] [stderr]    Compiling gc v0.4.1
[INFO] [stderr]    Compiling Boa v0.13.1 (/opt/rustwide/workdir)
[INFO] [stdout] warning: `#[must_use]` has no effect when applied to a type alias
[INFO] [stdout]   --> src/lib.rs:86:1
[INFO] [stdout]    |
[INFO] [stdout] 86 | #[must_use]
[INFO] [stdout]    | ^^^^^^^^^^^
[INFO] [stdout]    |
[INFO] [stdout]    = note: `#[warn(unused_attributes)]` on by default
[INFO] [stdout] 
[INFO] [stdout] 
[INFO] [stdout] warning: field `use_last_index` is never read
[INFO] [stdout]   --> src/builtins/regexp/mod.rs:42:5
[INFO] [stdout]    |
[INFO] [stdout] 37 | pub struct RegExp {
[INFO] [stdout]    |            ------ field in this struct
[INFO] [stdout] ...
[INFO] [stdout] 42 |     use_last_index: bool,
[INFO] [stdout]    |     ^^^^^^^^^^^^^^
[INFO] [stdout]    |
[INFO] [stdout]    = note: `RegExp` has derived impls for the traits `Clone` and `Debug`, but these are intentionally ignored during dead code analysis
[INFO] [stdout]    = note: `#[warn(dead_code)]` on by default
[INFO] [stdout] 
[INFO] [stdout] 
[INFO] [stdout] warning: field `is_default` is never read
[INFO] [stdout]   --> src/syntax/parser/statement/declaration/hoistable/function_decl/mod.rs:28:5
[INFO] [stdout]    |
[INFO] [stdout] 25 | pub(super) struct FunctionDeclaration {
[INFO] [stdout]    |                   ------------------- field in this struct
[INFO] [stdout] ...
[INFO] [stdout] 28 |     is_default: AllowDefault,
[INFO] [stdout]    |     ^^^^^^^^^^
[INFO] [stdout]    |
[INFO] [stdout]    = note: `FunctionDeclaration` has derived impls for the traits `Clone` and `Debug`, but these are intentionally ignored during dead code analysis
[INFO] [stdout] 
[INFO] [stdout] 
[INFO] [stdout] warning: unreachable `pub` item
[INFO] [stdout]   --> src/value/mod.rs:35:9
[INFO] [stdout]    |
[INFO] [stdout] 35 | pub use equality::*;
[INFO] [stdout]    | ---     ^^^^^^^^
[INFO] [stdout]    | |
[INFO] [stdout]    | help: consider restricting its visibility: `pub(crate)`
[INFO] [stdout]    |
[INFO] [stdout]    = help: or consider exporting it for use by other crates
[INFO] [stdout] note: the lint level is defined here
[INFO] [stdout]   --> src/lib.rs:20:5
[INFO] [stdout]    |
[INFO] [stdout] 20 |     unreachable_pub,
[INFO] [stdout]    |     ^^^^^^^^^^^^^^^
[INFO] [stdout] 
[INFO] [stdout] 
[INFO] [stdout] warning: unreachable `pub` item
[INFO] [stdout]   --> src/value/mod.rs:36:9
[INFO] [stdout]    |
[INFO] [stdout] 36 | pub use hash::*;
[INFO] [stdout]    | ---     ^^^^
[INFO] [stdout]    | |
[INFO] [stdout]    | help: consider restricting its visibility: `pub(crate)`
[INFO] [stdout]    |
[INFO] [stdout]    = help: or consider exporting it for use by other crates
[INFO] [stdout] 
[INFO] [stdout] 
[INFO] [stdout] warning: 5 warnings emitted
[INFO] [stdout] 
[INFO] [stdout] 
[INFO] [stderr]     Finished dev [unoptimized + debuginfo] target(s) in 45.19s
[INFO] running `Command { std: "docker" "inspect" "55f67687157cf35ffbabfbfa06dcbf3296959ab6a24951c4abef2a439c1d954b", kill_on_drop: false }`
[INFO] running `Command { std: "docker" "rm" "-f" "55f67687157cf35ffbabfbfa06dcbf3296959ab6a24951c4abef2a439c1d954b", kill_on_drop: false }`
[INFO] [stdout] 55f67687157cf35ffbabfbfa06dcbf3296959ab6a24951c4abef2a439c1d954b
[INFO] running `Command { std: "docker" "create" "-v" "/var/lib/crater-agent-workspace/builds/worker-1-tc1/target:/opt/rustwide/target:rw,Z" "-v" "/var/lib/crater-agent-workspace/builds/worker-1-tc1/source:/opt/rustwide/workdir:ro,Z" "-v" "/var/lib/crater-agent-workspace/cargo-home:/opt/rustwide/cargo-home:ro,Z" "-v" "/var/lib/crater-agent-workspace/rustup-home:/opt/rustwide/rustup-home:ro,Z" "-e" "SOURCE_DIR=/opt/rustwide/workdir" "-e" "CARGO_TARGET_DIR=/opt/rustwide/target" "-e" "CARGO_INCREMENTAL=0" "-e" "RUST_BACKTRACE=full" "-e" "RUSTFLAGS=--cap-lints=warn" "-e" "RUSTDOCFLAGS=--cap-lints=warn" "-e" "CARGO_HOME=/opt/rustwide/cargo-home" "-e" "RUSTUP_HOME=/opt/rustwide/rustup-home" "-w" "/opt/rustwide/workdir" "-m" "1610612736" "--user" "0:0" "--network" "none" "ghcr.io/rust-lang/crates-build-env/linux@sha256:97d61d7686bf65f8ecb15491ab51835e82dc9176a96a831f143a431b191fc501" "/opt/rustwide/cargo-home/bin/cargo" "+1.69.0" "test" "--frozen" "--no-run" "--message-format=json", kill_on_drop: false }`
[INFO] [stdout] 16b0eadbad58c2693b47bd3f1909d8da2ec693b175802f85a8adeb6effe9955d
[INFO] running `Command { std: "docker" "start" "-a" "16b0eadbad58c2693b47bd3f1909d8da2ec693b175802f85a8adeb6effe9955d", kill_on_drop: false }`
[INFO] [stderr]    Compiling crossbeam-utils v0.8.11
[INFO] [stderr]    Compiling memoffset v0.6.5
[INFO] [stderr]    Compiling once_cell v1.15.0
[INFO] [stderr]    Compiling crossbeam-epoch v0.9.10
[INFO] [stderr]    Compiling scopeguard v1.1.0
[INFO] [stderr]    Compiling rayon-core v1.9.3
[INFO] [stderr]    Compiling fs_extra v1.2.0
[INFO] [stderr]    Compiling either v1.8.0
[INFO] [stderr]    Compiling cc v1.0.73
[INFO] [stderr]    Compiling num_cpus v1.13.1
[INFO] [stderr]    Compiling rayon v1.5.3
[INFO] [stderr]    Compiling unicode-width v0.1.10
[INFO] [stderr]    Compiling regex-automata v0.1.10
[INFO] [stderr]    Compiling plotters-backend v0.3.4
[INFO] [stderr]    Compiling itertools v0.10.5
[INFO] [stderr]    Compiling textwrap v0.11.0
[INFO] [stderr]    Compiling bstr v0.2.17
[INFO] [stderr]    Compiling crossbeam-channel v0.5.6
[INFO] [stderr]    Compiling plotters-svg v0.3.3
[INFO] [stderr]    Compiling crossbeam-deque v0.8.2
[INFO] [stderr]    Compiling csv-core v0.1.10
[INFO] [stderr]    Compiling half v1.8.2
[INFO] [stderr]    Compiling itoa v0.4.8
[INFO] [stderr]    Compiling jemalloc-sys v0.3.2
[INFO] [stderr]    Compiling cast v0.3.0
[INFO] [stderr]    Compiling same-file v1.0.6
[INFO] [stderr]    Compiling regex-syntax v0.6.27
[INFO] [stderr]    Compiling walkdir v2.3.2
[INFO] [stderr]    Compiling csv v1.1.6
[INFO] [stderr]    Compiling serde_cbor v0.11.2
[INFO] [stderr]    Compiling plotters v0.3.4
[INFO] [stderr]    Compiling criterion-plot v0.4.5
[INFO] [stderr]    Compiling clap v2.34.0
[INFO] [stderr]    Compiling regex v1.6.0
[INFO] [stderr]    Compiling tinytemplate v1.2.1
[INFO] [stderr]    Compiling atty v0.2.14
[INFO] [stderr]    Compiling oorandom v11.1.3
[INFO] [stderr]    Compiling float-cmp v0.9.0
[INFO] [stdout] warning: `#[must_use]` has no effect when applied to a type alias
[INFO] [stdout]   --> src/lib.rs:86:1
[INFO] [stdout]    |
[INFO] [stdout] 86 | #[must_use]
[INFO] [stdout]    | ^^^^^^^^^^^
[INFO] [stdout]    |
[INFO] [stdout]    = note: `#[warn(unused_attributes)]` on by default
[INFO] [stdout] 
[INFO] [stdout] 
[INFO] [stdout] warning: field `use_last_index` is never read
[INFO] [stdout]   --> src/builtins/regexp/mod.rs:42:5
[INFO] [stdout]    |
[INFO] [stdout] 37 | pub struct RegExp {
[INFO] [stdout]    |            ------ field in this struct
[INFO] [stdout] ...
[INFO] [stdout] 42 |     use_last_index: bool,
[INFO] [stdout]    |     ^^^^^^^^^^^^^^
[INFO] [stdout]    |
[INFO] [stdout]    = note: `RegExp` has derived impls for the traits `Clone` and `Debug`, but these are intentionally ignored during dead code analysis
[INFO] [stdout]    = note: `#[warn(dead_code)]` on by default
[INFO] [stdout] 
[INFO] [stdout] 
[INFO] [stdout] warning: field `is_default` is never read
[INFO] [stdout]   --> src/syntax/parser/statement/declaration/hoistable/function_decl/mod.rs:28:5
[INFO] [stdout]    |
[INFO] [stdout] 25 | pub(super) struct FunctionDeclaration {
[INFO] [stdout]    |                   ------------------- field in this struct
[INFO] [stdout] ...
[INFO] [stdout] 28 |     is_default: AllowDefault,
[INFO] [stdout]    |     ^^^^^^^^^^
[INFO] [stdout]    |
[INFO] [stdout]    = note: `FunctionDeclaration` has derived impls for the traits `Clone` and `Debug`, but these are intentionally ignored during dead code analysis
[INFO] [stdout] 
[INFO] [stdout] 
[INFO] [stdout] warning: unreachable `pub` item
[INFO] [stdout]   --> src/value/mod.rs:35:9
[INFO] [stdout]    |
[INFO] [stdout] 35 | pub use equality::*;
[INFO] [stdout]    | ---     ^^^^^^^^
[INFO] [stdout]    | |
[INFO] [stdout]    | help: consider restricting its visibility: `pub(crate)`
[INFO] [stdout]    |
[INFO] [stdout]    = help: or consider exporting it for use by other crates
[INFO] [stdout] note: the lint level is defined here
[INFO] [stdout]   --> src/lib.rs:20:5
[INFO] [stdout]    |
[INFO] [stdout] 20 |     unreachable_pub,
[INFO] [stdout]    |     ^^^^^^^^^^^^^^^
[INFO] [stdout] 
[INFO] [stdout] 
[INFO] [stdout] warning: unreachable `pub` item
[INFO] [stdout]   --> src/value/mod.rs:36:9
[INFO] [stdout]    |
[INFO] [stdout] 36 | pub use hash::*;
[INFO] [stdout]    | ---     ^^^^
[INFO] [stdout]    | |
[INFO] [stdout]    | help: consider restricting its visibility: `pub(crate)`
[INFO] [stdout]    |
[INFO] [stdout]    = help: or consider exporting it for use by other crates
[INFO] [stdout] 
[INFO] [stdout] 
[INFO] [stdout] warning: 5 warnings emitted
[INFO] [stdout] 
[INFO] [stdout] 
[INFO] [stderr]    Compiling criterion v0.3.6
[INFO] [stderr]    Compiling jemallocator v0.3.2
[INFO] [stderr]    Compiling Boa v0.13.1 (/opt/rustwide/workdir)
[INFO] [stdout] warning: `#[must_use]` has no effect when applied to a type alias
[INFO] [stdout]   --> src/lib.rs:86:1
[INFO] [stdout]    |
[INFO] [stdout] 86 | #[must_use]
[INFO] [stdout]    | ^^^^^^^^^^^
[INFO] [stdout]    |
[INFO] [stdout]    = note: `#[warn(unused_attributes)]` on by default
[INFO] [stdout] 
[INFO] [stdout] 
[INFO] [stdout] warning: field `use_last_index` is never read
[INFO] [stdout]   --> src/builtins/regexp/mod.rs:42:5
[INFO] [stdout]    |
[INFO] [stdout] 37 | pub struct RegExp {
[INFO] [stdout]    |            ------ field in this struct
[INFO] [stdout] ...
[INFO] [stdout] 42 |     use_last_index: bool,
[INFO] [stdout]    |     ^^^^^^^^^^^^^^
[INFO] [stdout]    |
[INFO] [stdout]    = note: `RegExp` has derived impls for the traits `Clone` and `Debug`, but these are intentionally ignored during dead code analysis
[INFO] [stdout]    = note: `#[warn(dead_code)]` on by default
[INFO] [stdout] 
[INFO] [stdout] 
[INFO] [stdout] warning: field `is_default` is never read
[INFO] [stdout]   --> src/syntax/parser/statement/declaration/hoistable/function_decl/mod.rs:28:5
[INFO] [stdout]    |
[INFO] [stdout] 25 | pub(super) struct FunctionDeclaration {
[INFO] [stdout]    |                   ------------------- field in this struct
[INFO] [stdout] ...
[INFO] [stdout] 28 |     is_default: AllowDefault,
[INFO] [stdout]    |     ^^^^^^^^^^
[INFO] [stdout]    |
[INFO] [stdout]    = note: `FunctionDeclaration` has derived impls for the traits `Clone` and `Debug`, but these are intentionally ignored during dead code analysis
[INFO] [stdout] 
[INFO] [stdout] 
[INFO] [stdout] warning: unreachable `pub` item
[INFO] [stdout]   --> src/value/mod.rs:35:9
[INFO] [stdout]    |
[INFO] [stdout] 35 | pub use equality::*;
[INFO] [stdout]    | ---     ^^^^^^^^
[INFO] [stdout]    | |
[INFO] [stdout]    | help: consider restricting its visibility: `pub(crate)`
[INFO] [stdout]    |
[INFO] [stdout]    = help: or consider exporting it for use by other crates
[INFO] [stdout] note: the lint level is defined here
[INFO] [stdout]   --> src/lib.rs:20:5
[INFO] [stdout]    |
[INFO] [stdout] 20 |     unreachable_pub,
[INFO] [stdout]    |     ^^^^^^^^^^^^^^^
[INFO] [stdout] 
[INFO] [stdout] 
[INFO] [stdout] warning: unreachable `pub` item
[INFO] [stdout]   --> src/value/mod.rs:36:9
[INFO] [stdout]    |
[INFO] [stdout] 36 | pub use hash::*;
[INFO] [stdout]    | ---     ^^^^
[INFO] [stdout]    | |
[INFO] [stdout]    | help: consider restricting its visibility: `pub(crate)`
[INFO] [stdout]    |
[INFO] [stdout]    = help: or consider exporting it for use by other crates
[INFO] [stdout] 
[INFO] [stdout] 
[INFO] [stdout] warning: 5 warnings emitted
[INFO] [stdout] 
[INFO] [stdout] 
[INFO] [stderr]     Finished test [unoptimized + debuginfo] target(s) in 1m 45s
[INFO] [stderr] warning: the following packages contain code that will be rejected by a future version of Rust: fs_extra v1.2.0
[INFO] [stderr] note: to see what the problems were, use the option `--future-incompat-report`, or run `cargo report future-incompatibilities --id 1`
[INFO] running `Command { std: "docker" "inspect" "16b0eadbad58c2693b47bd3f1909d8da2ec693b175802f85a8adeb6effe9955d", kill_on_drop: false }`
[INFO] running `Command { std: "docker" "rm" "-f" "16b0eadbad58c2693b47bd3f1909d8da2ec693b175802f85a8adeb6effe9955d", kill_on_drop: false }`
[INFO] [stdout] 16b0eadbad58c2693b47bd3f1909d8da2ec693b175802f85a8adeb6effe9955d
[INFO] running `Command { std: "docker" "create" "-v" "/var/lib/crater-agent-workspace/builds/worker-1-tc1/target:/opt/rustwide/target:rw,Z" "-v" "/var/lib/crater-agent-workspace/builds/worker-1-tc1/source:/opt/rustwide/workdir:ro,Z" "-v" "/var/lib/crater-agent-workspace/cargo-home:/opt/rustwide/cargo-home:ro,Z" "-v" "/var/lib/crater-agent-workspace/rustup-home:/opt/rustwide/rustup-home:ro,Z" "-e" "SOURCE_DIR=/opt/rustwide/workdir" "-e" "CARGO_TARGET_DIR=/opt/rustwide/target" "-e" "CARGO_INCREMENTAL=0" "-e" "RUST_BACKTRACE=full" "-e" "RUSTFLAGS=--cap-lints=warn" "-e" "RUSTDOCFLAGS=--cap-lints=warn" "-e" "CARGO_HOME=/opt/rustwide/cargo-home" "-e" "RUSTUP_HOME=/opt/rustwide/rustup-home" "-w" "/opt/rustwide/workdir" "-m" "1610612736" "--user" "0:0" "--network" "none" "ghcr.io/rust-lang/crates-build-env/linux@sha256:97d61d7686bf65f8ecb15491ab51835e82dc9176a96a831f143a431b191fc501" "/opt/rustwide/cargo-home/bin/cargo" "+1.69.0" "test" "--frozen", kill_on_drop: false }`
[INFO] [stdout] 25391e61e01d11b3539850ca9c090daca63225ac61b6c08d9a393377cd3d961c
[INFO] running `Command { std: "docker" "start" "-a" "25391e61e01d11b3539850ca9c090daca63225ac61b6c08d9a393377cd3d961c", kill_on_drop: false }`
[INFO] [stderr] warning: `#[must_use]` has no effect when applied to a type alias
[INFO] [stderr]   --> src/lib.rs:86:1
[INFO] [stderr]    |
[INFO] [stderr] 86 | #[must_use]
[INFO] [stderr]    | ^^^^^^^^^^^
[INFO] [stderr]    |
[INFO] [stderr]    = note: `#[warn(unused_attributes)]` on by default
[INFO] [stderr] 
[INFO] [stderr] warning: field `use_last_index` is never read
[INFO] [stderr]   --> src/builtins/regexp/mod.rs:42:5
[INFO] [stderr]    |
[INFO] [stderr] 37 | pub struct RegExp {
[INFO] [stderr]    |            ------ field in this struct
[INFO] [stderr] ...
[INFO] [stderr] 42 |     use_last_index: bool,
[INFO] [stderr]    |     ^^^^^^^^^^^^^^
[INFO] [stderr]    |
[INFO] [stderr]    = note: `RegExp` has derived impls for the traits `Clone` and `Debug`, but these are intentionally ignored during dead code analysis
[INFO] [stderr]    = note: `#[warn(dead_code)]` on by default
[INFO] [stderr] 
[INFO] [stderr] warning: field `is_default` is never read
[INFO] [stderr]   --> src/syntax/parser/statement/declaration/hoistable/function_decl/mod.rs:28:5
[INFO] [stderr]    |
[INFO] [stderr] 25 | pub(super) struct FunctionDeclaration {
[INFO] [stderr]    |                   ------------------- field in this struct
[INFO] [stderr] ...
[INFO] [stderr] 28 |     is_default: AllowDefault,
[INFO] [stderr]    |     ^^^^^^^^^^
[INFO] [stderr]    |
[INFO] [stderr]    = note: `FunctionDeclaration` has derived impls for the traits `Clone` and `Debug`, but these are intentionally ignored during dead code analysis
[INFO] [stderr] 
[INFO] [stderr] warning: unreachable `pub` item
[INFO] [stderr]   --> src/value/mod.rs:35:9
[INFO] [stderr]    |
[INFO] [stderr] 35 | pub use equality::*;
[INFO] [stderr]    | ---     ^^^^^^^^
[INFO] [stderr]    | |
[INFO] [stderr]    | help: consider restricting its visibility: `pub(crate)`
[INFO] [stderr]    |
[INFO] [stderr]    = help: or consider exporting it for use by other crates
[INFO] [stderr] note: the lint level is defined here
[INFO] [stderr]   --> src/lib.rs:20:5
[INFO] [stderr]    |
[INFO] [stderr] 20 |     unreachable_pub,
[INFO] [stderr]    |     ^^^^^^^^^^^^^^^
[INFO] [stderr] 
[INFO] [stderr] warning: unreachable `pub` item
[INFO] [stderr]   --> src/value/mod.rs:36:9
[INFO] [stderr]    |
[INFO] [stderr] 36 | pub use hash::*;
[INFO] [stderr]    | ---     ^^^^
[INFO] [stderr]    | |
[INFO] [stderr]    | help: consider restricting its visibility: `pub(crate)`
[INFO] [stderr]    |
[INFO] [stderr]    = help: or consider exporting it for use by other crates
[INFO] [stderr] 
[INFO] [stdout] 
[INFO] [stderr] warning: `Boa` (lib) generated 5 warnings (run `cargo fix --lib -p Boa` to apply 2 suggestions)
[INFO] [stdout] running 913 tests
[INFO] [stderr] warning: `Boa` (lib test) generated 5 warnings (5 duplicates)
[INFO] [stderr]     Finished test [unoptimized + debuginfo] target(s) in 0.19s
[INFO] [stderr] warning: the following packages contain code that will be rejected by a future version of Rust: fs_extra v1.2.0
[INFO] [stderr] note: to see what the problems were, use the option `--future-incompat-report`, or run `cargo report future-incompatibilities --id 1`
[INFO] [stderr]      Running unittests src/lib.rs (/opt/rustwide/target/debug/deps/boa-a04a4641ff488307)
[INFO] [stdout] test builtins::array::tests::array_values_empty ... ok
[INFO] [stdout] test builtins::array::tests::array_keys_simple ... ok
[INFO] [stdout] test builtins::array::tests::array_spread_non_iterable ... ok
[INFO] [stdout] test builtins::array::tests::array_spread_arrays ... ok
[INFO] [stdout] test builtins::array::tests::array_values_simple ... ok
[INFO] [stdout] test builtins::array::tests::concat ... ignored
[INFO] [stdout] test builtins::array::tests::array_symbol_iterator ... ok
[INFO] [stdout] test builtins::array::tests::call_array_constructor_with_one_argument ... ok
[INFO] [stdout] test builtins::array::tests::array_values_symbol_iterator ... ok
[INFO] [stdout] test builtins::array::tests::array_sort ... ok
[INFO] [stdout] test builtins::array::tests::array_entries_simple ... ok
[INFO] [stdout] test builtins::array::tests::every ... ok
[INFO] [stdout] test builtins::array::tests::array_length_is_not_enumerable ... ok
[INFO] [stdout] test builtins::array::tests::array_values_sparse ... ok
[INFO] [stdout] test builtins::array::tests::copy_within ... ok
[INFO] [stdout] test builtins::array::tests::find ... ok
[INFO] [stdout] test builtins::array::tests::flat_infinity ... ok
[INFO] [stdout] test builtins::array::tests::flat ... ok
[INFO] [stdout] test builtins::array::tests::flat_map ... ok
[INFO] [stdout] test builtins::array::tests::fill_obj_ref ... ok
[INFO] [stdout] test builtins::array::tests::filter ... ok
[INFO] [stdout] test builtins::array::tests::flat_empty ... ok
[INFO] [stdout] test builtins::array::tests::find_index ... ok
[INFO] [stdout] test builtins::array::tests::fill ... ok
[INFO] [stdout] test builtins::array::tests::get_relative_start ... ok
[INFO] [stdout] test builtins::array::tests::flat_map_with_hole ... ok
[INFO] [stdout] test builtins::array::tests::for_each ... ok
[INFO] [stdout] test builtins::array::tests::flat_map_not_callable ... ok
[INFO] [stdout] test builtins::array::tests::for_each_push_value ... ok
[INFO] [stdout] test builtins::array::tests::get_relative_end ... ok
[INFO] [stdout] test builtins::array::tests::is_array ... ok
[INFO] [stdout] test builtins::array::tests::includes_value ... ok
[INFO] [stdout] test builtins::array::tests::index_of ... ok
[INFO] [stdout] test builtins::array::tests::last_index_of ... ok
[INFO] [stdout] test builtins::array::tests::join ... ok
[INFO] [stdout] test builtins::array::tests::push ... ok
[INFO] [stdout] test builtins::array::tests::pop ... ok
[INFO] [stdout] test builtins::array::tests::of ... ok
[INFO] [stdout] test builtins::array::tests::map ... ok
[INFO] [stdout] test builtins::array::tests::to_string ... ok
[INFO] [stdout] test builtins::array::tests::unshift ... ok
[INFO] [stdout] test builtins::array::tests::reduce ... ok
[INFO] [stdout] test builtins::array::tests::reduce_right ... ok
[INFO] [stdout] test builtins::array::tests::reverse ... ok
[INFO] [stdout] test builtins::array::tests::slice ... ok
[INFO] [stdout] test builtins::array::tests::shift ... ok
[INFO] [stdout] test builtins::bigint::tests::as_uint_n_errors ... ok
[INFO] [stdout] test builtins::bigint::tests::as_uint_n ... ok
[INFO] [stdout] test builtins::bigint::tests::add ... ok
[INFO] [stdout] test builtins::bigint::tests::bigint_function_conversion_from_null ... ok
[INFO] [stdout] test builtins::array::tests::some ... ok
[INFO] [stdout] test builtins::bigint::tests::as_int_n ... ok
[INFO] [stdout] test builtins::bigint::tests::as_int_n_errors ... ok
[INFO] [stdout] test builtins::bigint::tests::bigint_function_conversion_from_rational_with_fractional_part ... ok
[INFO] [stdout] test builtins::bigint::tests::bigint_function_conversion_from_rational ... ok
[INFO] [stdout] test builtins::bigint::tests::div ... ok
[INFO] [stdout] test builtins::bigint::tests::div_with_truncation ... ok
[INFO] [stdout] test builtins::bigint::tests::division_by_zero ... ok
[INFO] [stdout] test builtins::bigint::tests::bigint_function_conversion_from_integer ... ok
[INFO] [stdout] test builtins::bigint::tests::bigint_function_conversion_from_string ... ok
[INFO] [stdout] test builtins::bigint::tests::mul ... ok
[INFO] [stdout] test builtins::bigint::tests::equality ... ok
[INFO] [stdout] test builtins::bigint::tests::bigint_function_conversion_from_undefined ... ok
[INFO] [stdout] test builtins::bigint::tests::pow ... ok
[INFO] [stdout] test builtins::bigint::tests::pow_negative_exponent ... ok
[INFO] [stdout] test builtins::bigint::tests::r#mod ... ok
[INFO] [stdout] test builtins::bigint::tests::remainder_by_zero ... ok
[INFO] [stdout] test builtins::bigint::tests::shl ... ok
[INFO] [stdout] test builtins::bigint::tests::shl_out_of_range ... ok
[INFO] [stdout] test builtins::bigint::tests::shr ... ok
[INFO] [stdout] test builtins::boolean::tests::construct_and_call ... ok
[INFO] [stdout] test builtins::bigint::tests::sub ... ok
[INFO] [stdout] test builtins::bigint::tests::to_string_invalid_radix ... ok
[INFO] [stdout] test builtins::bigint::tests::shr_out_of_range ... ok
[INFO] [stdout] test builtins::date::tests::date_call ... ok
[INFO] [stdout] test builtins::bigint::tests::to_string ... ok
[INFO] [stdout] test builtins::boolean::tests::constructor_gives_true_instance ... ok
[INFO] [stdout] test builtins::date::tests::date_ctor_call ... ok
[INFO] [stdout] test builtins::date::tests::date_ctor_call_multiple_90s ... ok
[INFO] [stdout] test builtins::date::tests::date_ctor_call_number ... ok
[INFO] [stdout] test builtins::date::tests::date_ctor_call_string_invalid ... ok
[INFO] [stdout] test builtins::date::tests::date_ctor_call_date ... ok
[INFO] [stdout] test builtins::date::tests::date_ctor_call_multiple ... ok
[INFO] [stdout] test builtins::boolean::tests::instances_have_correct_proto_set ... ok
[INFO] [stdout] test builtins::date::tests::date_ctor_parse_call ... ok
[INFO] [stdout] test builtins::date::tests::date_ctor_now_call ... ok
[INFO] [stdout] test builtins::date::tests::date_display ... ok
[INFO] [stdout] test builtins::date::tests::date_ctor_utc_call ... ok
[INFO] [stdout] test builtins::date::tests::date_ctor_call_string ... ok
[INFO] [stdout] test builtins::date::tests::date_json ... ok
[INFO] [stdout] test builtins::date::tests::date_proto_get_day_call ... ok
[INFO] [stdout] test builtins::date::tests::date_proto_get_full_year_call ... ok
[INFO] [stdout] test builtins::date::tests::date_proto_get_date_call ... ok
[INFO] [stdout] test builtins::date::tests::date_proto_get_hours_call ... ok
[INFO] [stdout] test builtins::date::tests::date_neg ... ok
[INFO] [stdout] test builtins::date::tests::date_proto_get_milliseconds_call ... ok
[INFO] [stdout] test builtins::date::tests::date_proto_get_month ... ok
[INFO] [stdout] test builtins::date::tests::date_proto_get_minutes_call ... ok
[INFO] [stdout] test builtins::date::tests::date_proto_get_utc_date_call ... ok
[INFO] [stdout] test builtins::date::tests::date_proto_get_time ... ok
[INFO] [stdout] test builtins::date::tests::date_proto_get_seconds ... ok
[INFO] [stdout] test builtins::date::tests::date_ctor_call_multiple_nan ... ok
[INFO] [stdout] test builtins::date::tests::date_proto_get_utc_day_call ... ok
[INFO] [stdout] test builtins::date::tests::date_proto_get_utc_milliseconds_call ... ok
[INFO] [stdout] test builtins::date::tests::date_proto_get_timezone_offset ... ok
[INFO] [stdout] test builtins::date::tests::date_proto_get_utc_full_year_call ... ok
[INFO] [stdout] test builtins::date::tests::date_ctor_utc_call_nan ... ok
[INFO] [stdout] test builtins::date::tests::date_proto_set_full_year ... ok
[INFO] [stdout] test builtins::date::tests::date_proto_get_utc_month ... ok
[INFO] [stdout] test builtins::date::tests::date_proto_get_utc_hours_call ... ok
[INFO] [stdout] test builtins::date::tests::date_proto_get_utc_minutes_call ... ok
[INFO] [stdout] test builtins::date::tests::date_proto_set_minutes ... ok
[INFO] [stdout] test builtins::date::tests::date_proto_set_hours ... ok
[INFO] [stdout] test builtins::date::tests::date_proto_get_year ... ok
[INFO] [stdout] test builtins::date::tests::date_proto_set_date ... ok
[INFO] [stdout] test builtins::date::tests::date_proto_get_utc_seconds ... ok
[INFO] [stdout] test builtins::date::tests::date_proto_set_month ... ok
[INFO] [stdout] test builtins::date::tests::date_proto_set_seconds ... ok
[INFO] [stdout] test builtins::date::tests::date_proto_set_utc_milliseconds ... ok
[INFO] [stdout] test builtins::date::tests::date_proto_set_milliseconds ... ok
[INFO] [stdout] test builtins::date::tests::date_proto_set_time ... ok
[INFO] [stdout] test builtins::date::tests::date_proto_set_utc_date ... ok
[INFO] [stdout] test builtins::date::tests::date_proto_set_utc_hours ... ok
[INFO] [stdout] test builtins::date::tests::date_proto_set_utc_full_year ... ok
[INFO] [stdout] test builtins::date::tests::date_proto_set_utc_month ... ok
[INFO] [stdout] test builtins::date::tests::date_proto_set_utc_seconds ... ok
[INFO] [stdout] test builtins::date::tests::date_proto_set_utc_minutes ... ok
[INFO] [stdout] test builtins::date::tests::date_proto_to_date_string ... ok
[INFO] [stdout] test builtins::date::tests::date_proto_to_utc_string ... ok
[INFO] [stdout] test builtins::date::tests::date_proto_value_of ... ok
[INFO] [stdout] test builtins::date::tests::date_proto_to_iso_string ... ok
[INFO] [stdout] test builtins::date::tests::set_year ... ok
[INFO] [stdout] test builtins::date::tests::date_proto_to_time_string ... ok
[INFO] [stdout] test builtins::date::tests::date_proto_to_gmt_string ... ok
[INFO] [stdout] test builtins::date::tests::date_proto_to_string ... ok
[INFO] [stdout] test builtins::date::tests::date_proto_to_json ... ok
[INFO] [stdout] test builtins::date::tests::date_this_time_value ... ok
[INFO] [stdout] test builtins::error::tests::eval_error_length ... ok
[INFO] [stdout] test builtins::function::tests::arguments_object ... ok
[INFO] [stdout] test builtins::error::tests::eval_error_to_string ... ok
[INFO] [stdout] test builtins::error::tests::error_to_string ... ok
[INFO] [stdout] test builtins::error::tests::uri_error_name ... ok
[INFO] [stdout] test builtins::error::tests::uri_error_to_string ... ok
[INFO] [stdout] test builtins::function::tests::call_function_prototype ... ok
[INFO] [stdout] test builtins::error::tests::eval_error_name ... ok
[INFO] [stdout] test builtins::function::tests::closure_capture_clone ... ok
[INFO] [stdout] test builtins::error::tests::uri_error_length ... ok
[INFO] [stdout] test builtins::function::tests::function_prototype_apply_on_object ... ok
[INFO] [stdout] test builtins::function::tests::function_prototype_apply ... ok
[INFO] [stdout] test builtins::function::tests::call_function_prototype_with_arguments ... ok
[INFO] [stdout] test builtins::function::tests::function_prototype_call_multiple_args ... ok
[INFO] [stdout] test builtins::function::tests::call_function_prototype_with_new ... ok
[INFO] [stdout] test builtins::function::tests::self_mutating_function_when_calling ... ok
[INFO] [stdout] test builtins::function::tests::function_prototype_call ... ok
[INFO] [stdout] test builtins::function::tests::function_prototype_length ... ok
[INFO] [stdout] test builtins::global_this::tests::global_this_exists_on_global_object_and_evaluates_to_an_object ... ok
[INFO] [stdout] test builtins::function::tests::function_prototype_name ... ok
[INFO] [stdout] test builtins::function::tests::self_mutating_function_when_constructing ... ok
[INFO] [stdout] test builtins::json::tests::json_fields_should_be_enumerable ... ok
[INFO] [stdout] test builtins::infinity::tests::infinity_exists_on_global_object_and_evaluates_to_infinity_value ... ok
[INFO] [stdout] test builtins::infinity::tests::infinity_exists_and_equals_to_number_positive_infinity_value ... ok
[INFO] [stdout] test builtins::json::tests::json_parse_object_with_reviver ... ok
[INFO] [stdout] test builtins::json::tests::json_parse_sets_prototypes ... ok
[INFO] [stdout] test builtins::json::tests::json_parse_with_no_args_throws_syntax_error ... ok
[INFO] [stdout] test builtins::json::tests::json_stringify_array_converts_symbol_to_null ... ok
[INFO] [stdout] test builtins::json::tests::json_parse_array_with_reviver ... ok
[INFO] [stdout] test builtins::json::tests::json_sanity ... ok
[INFO] [stdout] test builtins::json::tests::json_stringify_fractional_numbers ... ok
[INFO] [stdout] test builtins::json::tests::json_stringify_array_converts_function_to_null ... ok
[INFO] [stdout] test builtins::json::tests::json_stringify_function ... ok
[INFO] [stdout] test builtins::json::tests::json_stringify_arrays ... ok
[INFO] [stdout] test builtins::json::tests::json_stringify_array_converts_undefined_to_null ... ok
[INFO] [stdout] test builtins::json::tests::json_stringify_object_array ... ok
[INFO] [stdout] test builtins::json::tests::json_stringify_pretty_print_twenty_spaces ... ok
[INFO] [stdout] test builtins::json::tests::json_stringify_pretty_print_bad_space_argument ... ok
[INFO] [stdout] test builtins::json::tests::json_stringify_function_replacer_propogate_error ... ok
[INFO] [stdout] test builtins::json::tests::json_stringify_pretty_print ... ok
[INFO] [stdout] test builtins::json::tests::json_stringify_no_args ... ok
[INFO] [stdout] test builtins::json::tests::json_stringify_pretty_print_with_number_object ... ok
[INFO] [stdout] test builtins::json::tests::json_stringify_replacer_array_numbers ... ok
[INFO] [stdout] test builtins::json::tests::json_stringify_pretty_print_four_spaces ... ok
[INFO] [stdout] test builtins::json::tests::json_stringify_remove_function_values_from_objects ... ok
[INFO] [stdout] test builtins::json::tests::json_stringify_pretty_print_with_string_object ... ok
[INFO] [stdout] test builtins::json::tests::json_stringify_pretty_print_with_too_long_string ... ok
[INFO] [stdout] test builtins::json::tests::json_stringify_undefined ... ok
[INFO] [stdout] test builtins::json::tests::json_stringify_remove_symbols_from_objects ... ok
[INFO] [stdout] test builtins::json::tests::json_stringify_replacer_array_strings ... ok
[INFO] [stdout] test builtins::json::tests::json_stringify_remove_undefined_values_from_objects ... ok
[INFO] [stdout] test builtins::json::tests::json_stringify_replacer_function ... ok
[INFO] [stdout] test builtins::json::tests::json_stringify_symbol ... ok
[INFO] [stdout] test builtins::map::tests::construct_empty ... ok
[INFO] [stdout] test builtins::map::tests::clone ... ok
[INFO] [stdout] test builtins::map::tests::clear ... ok
[INFO] [stdout] test builtins::map::tests::construct_from_array ... ok
[INFO] [stdout] test builtins::map::tests::for_each ... ok
[INFO] [stdout] test builtins::map::tests::get ... ok
[INFO] [stdout] test builtins::map::tests::has ... ok
[INFO] [stdout] test builtins::map::tests::for_of_delete ... ok
[INFO] [stdout] test builtins::map::tests::delete ... ok
[INFO] [stdout] test builtins::map::tests::for_each_delete ... ok
[INFO] [stdout] test builtins::map::tests::entries ... ok
[INFO] [stdout] test builtins::map::tests::set ... ok
[INFO] [stdout] test builtins::map::tests::recursive_display ... ok
[INFO] [stdout] test builtins::map::tests::order ... ok
[INFO] [stdout] test builtins::map::tests::modify_key ... ok
[INFO] [stdout] test builtins::map::tests::merge ... ok
[INFO] [stdout] test builtins::map::tests::not_a_function ... ok
[INFO] [stdout] test builtins::map::tests::symbol_iterator ... ok
[INFO] [stdout] test builtins::map::tests::keys ... ok
[INFO] [stdout] test builtins::math::tests::acos ... ok
[INFO] [stdout] test builtins::math::tests::abs ... ok
[INFO] [stdout] test builtins::math::tests::acosh ... ok
[INFO] [stdout] test builtins::map::tests::values ... ok
[INFO] [stdout] test builtins::math::tests::asin ... ok
[INFO] [stdout] test builtins::math::tests::atan2 ... ok
[INFO] [stdout] test builtins::math::tests::ceil ... ok
[INFO] [stdout] test builtins::math::tests::clz32 ... ok
[INFO] [stdout] test builtins::math::tests::cbrt ... ok
[INFO] [stdout] test builtins::math::tests::atan ... ok
[INFO] [stdout] test builtins::math::tests::exp ... ok
[INFO] [stdout] test builtins::math::tests::cos ... ok
[INFO] [stdout] test builtins::math::tests::cosh ... ok
[INFO] [stdout] test builtins::function::tests::function_prototype_call_throw ... ok
[INFO] [stdout] test builtins::math::tests::log10 ... ok
[INFO] [stdout] test builtins::math::tests::hypot ... ok
[INFO] [stdout] test builtins::math::tests::floor ... ok
[INFO] [stdout] test builtins::math::tests::fround ... ok
[INFO] [stdout] test builtins::math::tests::log ... ok
[INFO] [stdout] test builtins::math::tests::expm1 ... ok
[INFO] [stdout] test builtins::math::tests::imul ... ok
[INFO] [stdout] test builtins::math::tests::max ... ok
[INFO] [stdout] test builtins::math::tests::asinh ... FAILED
[INFO] [stdout] test builtins::math::tests::log2 ... ok
[INFO] [stdout] test builtins::math::tests::sign ... ok
[INFO] [stdout] test builtins::math::tests::pow ... ok
[INFO] [stdout] test builtins::math::tests::log1p ... ok
[INFO] [stdout] test builtins::math::tests::min ... ok
[INFO] [stdout] test builtins::math::tests::tanh ... ok
[INFO] [stdout] test builtins::math::tests::round ... ok
[INFO] [stdout] test builtins::math::tests::sin ... ok
[INFO] [stdout] test builtins::number::tests::equal ... ok
[INFO] [stdout] test builtins::math::tests::sqrt ... ok
[INFO] [stdout] test builtins::math::tests::sinh ... ok
[INFO] [stdout] test builtins::math::tests::tan ... ok
[INFO] [stdout] test builtins::nan::tests::nan_exists_on_global_object_and_evaluates_to_nan_value ... ok
[INFO] [stdout] test builtins::number::tests::call_number ... ok
[INFO] [stdout] test builtins::math::tests::trunc ... ok
[INFO] [stdout] test builtins::number::tests::from_bigint ... ok
[INFO] [stdout] test builtins::number::tests::global_is_nan ... ok
[INFO] [stdout] test builtins::number::tests::less_than ... ok
[INFO] [stdout] test builtins::number::tests::num_to_string_exponential ... ok
[INFO] [stdout] test builtins::number::tests::integer_number_primitive_to_number_object ... ok
[INFO] [stdout] test builtins::number::tests::number_constants ... ok
[INFO] [stdout] test builtins::number::tests::global_is_finite ... ok
[INFO] [stdout] test builtins::number::tests::number_is_nan ... ok
[INFO] [stdout] test builtins::number::tests::number_is_integer ... ok
[INFO] [stdout] test builtins::number::tests::number_is_finite ... ok
[INFO] [stdout] test builtins::number::tests::parse_float_int_str ... ok
[INFO] [stdout] test builtins::number::tests::number_is_safe_integer ... ok
[INFO] [stdout] test builtins::number::tests::parse_float_int ... ok
[INFO] [stdout] test builtins::number::tests::parse_float_already_float ... ok
[INFO] [stdout] test builtins::number::tests::parse_float_malformed_str ... ok
[INFO] [stdout] test builtins::number::tests::parse_float_too_many_args ... ok
[INFO] [stdout] test builtins::number::tests::parse_float_negative ... ok
[INFO] [stdout] test builtins::number::tests::parse_float_no_args ... ok
[INFO] [stdout] test builtins::number::tests::parse_float_simple ... ok
[INFO] [stdout] test builtins::number::tests::parse_int_float_str ... ok
[INFO] [stdout] test builtins::number::tests::parse_int_already_int ... ok
[INFO] [stdout] test builtins::number::tests::parse_int_float ... ok
[INFO] [stdout] test builtins::number::tests::parse_float_undefined ... ok
[INFO] [stdout] test builtins::number::tests::parse_int_malformed_str ... ok
[INFO] [stdout] test builtins::number::tests::parse_int_too_many_args ... ok
[INFO] [stdout] test builtins::number::tests::parse_int_undefined ... ok
[INFO] [stdout] test builtins::number::tests::parse_int_negative ... ok
[INFO] [stdout] test builtins::number::tests::parse_int_simple ... ok
[INFO] [stdout] test builtins::number::tests::parse_int_negative_varying_radix ... ok
[INFO] [stdout] test builtins::number::tests::parse_int_inferred_hex ... ok
[INFO] [stdout] test builtins::number::tests::parse_int_no_args ... ok
[INFO] [stdout] test builtins::number::tests::parse_int_zero_start ... ok
[INFO] [stdout] test builtins::number::tests::same_value_zero ... ok
[INFO] [stdout] test builtins::number::tests::same_value ... ok
[INFO] [stdout] test builtins::number::tests::parse_int_varying_radix ... ok
[INFO] [stdout] test builtins::number::tests::to_locale_string ... ok
[INFO] [stdout] test builtins::number::tests::to_fixed ... ok
[INFO] [stdout] test builtins::object::tests::get_own_property_descriptors ... ok
[INFO] [stdout] test builtins::object::tests::object_create_with_function ... ignored
[INFO] [stdout] test builtins::number::tests::to_precision ... ok
[INFO] [stdout] test builtins::object::tests::define_symbol_property ... ok
[INFO] [stdout] test builtins::number::tests::to_exponential ... ok
[INFO] [stdout] test builtins::object::tests::get_own_property_descriptor_1_arg_returns_undefined ... ok
[INFO] [stdout] test builtins::object::tests::object_create_with_number ... ok
[INFO] [stdout] test builtins::number::tests::value_of ... ok
[INFO] [stdout] test builtins::object::tests::get_own_property_descriptor ... ok
[INFO] [stdout] test builtins::object::tests::object_create_with_regular_object ... ok
[INFO] [stdout] test builtins::object::tests::object_create_with_undefined ... ok
[INFO] [stdout] test builtins::object::tests::object_has_own_property ... ok
[INFO] [stdout] test builtins::reflect::tests::apply ... ok
[INFO] [stdout] test builtins::object::tests::object_property_is_enumerable ... ok
[INFO] [stdout] test builtins::object::tests::object_is_prototype_of ... ok
[INFO] [stdout] test builtins::object::tests::object_is ... ok
[INFO] [stdout] test builtins::number::tests::to_string ... ok
[INFO] [stdout] test builtins::object::tests::object_define_properties ... ok
[INFO] [stdout] test builtins::reflect::tests::get_own_property_descriptor ... ok
[INFO] [stdout] test builtins::reflect::tests::get_prototype_of ... ok
[INFO] [stdout] test builtins::reflect::tests::define_property ... ok
[INFO] [stdout] test builtins::reflect::tests::get ... ok
[INFO] [stdout] test builtins::reflect::tests::construct ... ok
[INFO] [stdout] test builtins::reflect::tests::delete_property ... ok
[INFO] [stdout] test builtins::object::tests::object_to_string ... ok
[INFO] [stdout] test builtins::reflect::tests::has ... ok
[INFO] [stdout] test builtins::reflect::tests::own_keys ... ok
[INFO] [stdout] test builtins::reflect::tests::set_prototype_of ... ok
[INFO] [stdout] test builtins::reflect::tests::is_extensible ... ok
[INFO] [stdout] test builtins::regexp::tests::constructors ... ok
[INFO] [stdout] test builtins::reflect::tests::prevent_extensions ... ok
[INFO] [stdout] test builtins::regexp::tests::to_string ... ok
[INFO] [stdout] test builtins::regexp::tests::no_panic_on_invalid_character_escape ... ok
[INFO] [stdout] test builtins::reflect::tests::set ... ok
[INFO] [stdout] test builtins::regexp::tests::last_index ... ok
[INFO] [stdout] test builtins::regexp::tests::exec ... ok
[INFO] [stdout] test builtins::set::tests::construct_from_array ... ok
[INFO] [stdout] test builtins::set::tests::clear ... ok
[INFO] [stdout] test builtins::set::tests::entries ... ok
[INFO] [stdout] test builtins::regexp::tests::species ... ok
[INFO] [stdout] test builtins::set::tests::construct_empty ... ok
[INFO] [stdout] test builtins::set::tests::clone ... ok
[INFO] [stdout] test builtins::set::tests::delete ... ok
[INFO] [stdout] test builtins::regexp::tests::search ... ok
[INFO] [stdout] test builtins::set::tests::values_and_keys ... ok
[INFO] [stdout] test builtins::set::tests::has ... ok
[INFO] [stdout] test builtins::set::tests::for_each ... ok
[INFO] [stdout] test builtins::set::tests::symbol_iterator ... ok
[INFO] [stdout] test builtins::set::tests::merge ... ok
[INFO] [stdout] test builtins::set::tests::not_a_function ... ok
[INFO] [stdout] test builtins::set::tests::recursive_display ... ok
[INFO] [stdout] test builtins::string::tests::char_code_at ... ok
[INFO] [stdout] test builtins::string::tests::char_at ... ok
[INFO] [stdout] test builtins::string::tests::concat ... ok
[INFO] [stdout] test builtins::string::tests::code_point_at ... ok
[INFO] [stdout] test builtins::string::tests::empty_iter ... ok
[INFO] [stdout] test builtins::string::tests::ends_with_with_regex_arg ... ok
[INFO] [stdout] test builtins::string::tests::generic_concat ... ok
[INFO] [stdout] test builtins::string::tests::construct_and_call ... ok
[INFO] [stdout] test builtins::string::tests::ascii_iter ... ok
[INFO] [stdout] test builtins::string::tests::generic_index_of ... ok
[INFO] [stdout] test builtins::string::tests::ends_with ... ok
[INFO] [stdout] test builtins::string::tests::generic_last_index_of ... ok
[INFO] [stdout] test builtins::string::tests::includes_with_regex_arg ... ok
[INFO] [stdout] test builtins::string::tests::index_of_with_no_arguments ... ok
[INFO] [stdout] test builtins::string::tests::includes ... ok
[INFO] [stdout] test builtins::string::tests::index_of_with_from_index_argument ... ok
[INFO] [stdout] test builtins::string::tests::index_of_with_string_search_string_argument ... ok
[INFO] [stdout] test builtins::string::tests::last_index_of_with_no_arguments ... ok
[INFO] [stdout] test builtins::string::tests::index_of_empty_search_string ... ok
[INFO] [stdout] test builtins::string::tests::index_of_with_non_string_search_string_argument ... ok
[INFO] [stdout] test builtins::string::tests::last_index_non_integer_position_argument ... ok
[INFO] [stdout] test builtins::string::tests::last_index_of_with_non_string_search_string_argument ... ok
[INFO] [stdout] test builtins::string::tests::new_string_has_length ... ok
[INFO] [stdout] test builtins::string::tests::last_index_of_with_string_search_string_argument ... ok
[INFO] [stdout] test builtins::string::tests::last_index_of_with_from_index_argument ... ok
[INFO] [stdout] test builtins::string::tests::length ... ok
[INFO] [stdout] test builtins::string::tests::repeat ... ok
[INFO] [stdout] test builtins::string::tests::new_string_has_length_not_enumerable ... ok
[INFO] [stdout] test builtins::string::tests::new_utf8_string_has_length ... ok
[INFO] [stdout] test builtins::string::tests::last_index_with_empty_search_string ... ok
[INFO] [stdout] test builtins::string::tests::match_all ... ok
[INFO] [stdout] test builtins::string::tests::repeat_throws_when_count_is_infinity ... ok
[INFO] [stdout] test builtins::string::tests::repeat_generic ... ok
[INFO] [stdout] test builtins::string::tests::repeat_throws_when_count_is_negative ... ok
[INFO] [stdout] test builtins::string::tests::repeat_throws_when_count_overflows_max_length ... ok
[INFO] [stdout] test builtins::string::tests::replace_with_capture_groups ... ok
[INFO] [stdout] test builtins::string::tests::replace_substitutions ... ok
[INFO] [stdout] test builtins::string::tests::replace ... ok
[INFO] [stdout] test builtins::string::tests::slice ... ok
[INFO] [stdout] test builtins::string::tests::replace_with_tenth_capture_group ... ok
[INFO] [stdout] test builtins::string::tests::replace_no_match ... ok
[INFO] [stdout] test builtins::string::tests::starts_with_with_regex_arg ... ok
[INFO] [stdout] test builtins::string::tests::search ... ok
[INFO] [stdout] test builtins::string::tests::replace_with_function ... ok
[INFO] [stdout] test builtins::string::tests::starts_with ... ok
[INFO] [stdout] test builtins::string::tests::trim_start ... ok
[INFO] [stdout] test builtins::string::tests::split ... ok
[INFO] [stdout] test builtins::string::tests::string_get_property ... ok
[INFO] [stdout] test builtins::string::tests::trim_end ... ok
[INFO] [stdout] test builtins::undefined::tests::undefined_assignment ... ok
[INFO] [stdout] test builtins::string::tests::split_with_symbol_split_method ... ok
[INFO] [stdout] test builtins::string::tests::trim ... ok
[INFO] [stdout] test builtins::symbol::tests::print_symbol_expect_description ... ok
[INFO] [stdout] test builtins::symbol::tests::call_symbol_and_check_return_type ... ok
[INFO] [stdout] test builtins::symbol::tests::symbol_access ... ok
[INFO] [stdout] test builtins::string::tests::test_match ... ok
[INFO] [stdout] test builtins::string::tests::unicode_iter ... ok
[INFO] [stdout] test environment::lexical_environment::tests::const_is_blockscoped ... ok
[INFO] [stdout] test environment::lexical_environment::tests::set_outer_let_in_blockscope ... ok
[INFO] [stdout] test environment::lexical_environment::tests::let_is_blockscoped ... ok
[INFO] [stdout] test builtins::undefined::tests::undefined_direct_evaluation ... ok
[INFO] [stdout] test environment::lexical_environment::tests::functions_use_declaration_scope ... ok
[INFO] [stdout] test environment::lexical_environment::tests::var_not_blockscoped ... ok
[INFO] [stdout] test environment::lexical_environment::tests::set_outer_var_in_blockscope ... ok
[INFO] [stdout] test exec::tests::array_rest_with_arguments ... ok
[INFO] [stdout] test exec::tests::calling_function_with_unspecified_arguments ... ok
[INFO] [stdout] test exec::tests::assign_operator_precedence ... ok
[INFO] [stdout] test exec::tests::array_field_set ... ok
[INFO] [stdout] test exec::tests::assign_to_array_decl ... ok
[INFO] [stdout] test exec::tests::assignment_to_non_assignable ... ok
[INFO] [stdout] test exec::tests::assign_to_object_decl ... ok
[INFO] [stdout] test exec::tests::check_this_binding_in_object_literal ... ok
[INFO] [stdout] test exec::tests::do_while_loop ... ok
[INFO] [stdout] test exec::tests::do_while_post_inc ... ok
[INFO] [stdout] test exec::tests::do_while_loop_at_least_once ... ok
[INFO] [stdout] test exec::tests::empty_function_returns_undefined ... ok
[INFO] [stdout] test exec::tests::early_return ... ok
[INFO] [stdout] test exec::tests::comma_operator ... ok
[INFO] [stdout] test exec::tests::empty_var_decl_undefined ... ok
[INFO] [stdout] test exec::tests::array_pop_benchmark ... ok
[INFO] [stdout] test exec::tests::empty_let_decl_undefined ... ok
[INFO] [stdout] test exec::tests::for_loop_iteration_variable_does_not_leak ... ok
[INFO] [stdout] test exec::tests::in_operator::new_instance_should_point_to_prototype ... ok
[INFO] [stdout] test exec::tests::function_declaration_returns_undefined ... ok
[INFO] [stdout] test exec::tests::identifier_on_global_object_undefined ... ok
[INFO] [stdout] test exec::tests::in_operator::property_in_property_chain ... ok
[INFO] [stdout] test exec::tests::in_operator::property_not_in_object ... ok
[INFO] [stdout] test exec::tests::in_operator::number_in_array ... ok
[INFO] [stdout] test exec::tests::in_operator::propery_in_object ... ok
[INFO] [stdout] test exec::tests::in_operator::should_set_this_value ... ok
[INFO] [stdout] test exec::tests::for_loop ... ok
[INFO] [stdout] test exec::tests::in_operator::symbol_in_object ... ok
[INFO] [stdout] test exec::tests::in_operator::should_type_error_when_rhs_not_object ... ok
[INFO] [stdout] test exec::tests::in_operator::should_type_error_when_new_is_not_constructor ... ok
[INFO] [stdout] test exec::tests::multicharacter_assignment_to_non_assignable ... ok
[INFO] [stdout] test exec::tests::length_correct_value_on_string_literal ... ok
[INFO] [stdout] test exec::tests::multicharacter_bitwise_assignment_to_non_assignable ... ignored
[INFO] [stdout] test exec::tests::object_spread ... ok
[INFO] [stdout] test exec::tests::object_field_set ... ok
[INFO] [stdout] test exec::tests::number_object_access_benchmark ... ok
[INFO] [stdout] test exec::tests::not_a_function ... ok
[INFO] [stdout] test exec::tests::property_accessor_member_expression_dot_notation_on_function ... ok
[INFO] [stdout] test exec::tests::property_accessor_member_expression_dot_notation_on_string_literal ... ok
[INFO] [stdout] test exec::tests::property_accessor_member_expression_bracket_notation_on_function ... ok
[INFO] [stdout] test exec::tests::property_accessor_member_expression_bracket_notation_on_string_literal ... ok
[INFO] [stdout] test exec::tests::semicolon_expression_stop ... ok
[INFO] [stdout] test exec::tests::function_decl_hoisting ... ok
[INFO] [stdout] test exec::tests::multiline_str_concat ... ok
[INFO] [stdout] test exec::tests::spread_with_arguments ... ok
[INFO] [stdout] test exec::tests::test_conditional_op ... ok
[INFO] [stdout] test exec::tests::test_empty_statement ... ok
[INFO] [stdout] test exec::tests::test_identifier_op ... ok
[INFO] [stdout] test exec::tests::test_strict_mode_octal ... ok
[INFO] [stdout] test exec::tests::test_strict_mode_func_decl_in_block ... ok
[INFO] [stdout] test exec::tests::test_strict_mode_dup_func_parameters ... ok
[INFO] [stdout] test exec::tests::array_creation_benchmark ... ok
[INFO] [stdout] test exec::tests::test_result_of_empty_block ... ok
[INFO] [stdout] test exec::tests::test_strict_mode_delete ... ok
[INFO] [stdout] test exec::tests::test_undefined_constant ... ok
[INFO] [stdout] test exec::tests::test_strict_mode_with ... ok
[INFO] [stdout] test exec::tests::to_bigint ... ok
[INFO] [stdout] test exec::tests::to_integer ... ok
[INFO] [stdout] test exec::tests::to_length ... ok
[INFO] [stdout] test exec::tests::to_object ... ok
[INFO] [stdout] test exec::tests::to_string ... ok
[INFO] [stdout] test exec::tests::test_undefined_type ... ok
[INFO] [stdout] test exec::tests::to_index ... ok
[INFO] [stdout] test exec::tests::to_int32 ... ok
[INFO] [stdout] test exec::tests::typeof_function ... ok
[INFO] [stdout] test exec::tests::typeof_boolean ... ok
[INFO] [stdout] test exec::tests::test_strict_mode_reserved_name ... ok
[INFO] [stdout] test exec::tests::typeof_null ... ok
[INFO] [stdout] test exec::tests::typeof_object ... ok
[INFO] [stdout] test exec::tests::typeof_rational ... ok
[INFO] [stdout] test exec::tests::typeof_symbol ... ok
[INFO] [stdout] test exec::tests::typeof_string ... ok
[INFO] [stdout] test exec::tests::typeof_undefined_directly ... ok
[INFO] [stdout] test exec::tests::typeof_int ... ok
[INFO] [stdout] test exec::tests::typeof_undefined ... ok
[INFO] [stdout] test exec::tests::var_decl_hoisting_2_variables_hoisting ... ignored
[INFO] [stdout] test exec::tests::var_decl_hoisting_2_variables_hoisting_2 ... ignored
[INFO] [stdout] test exec::tests::var_decl_hoisting_2_variables_hoisting_3 ... ignored
[INFO] [stdout] test exec::tests::var_decl_hoisting_with_initialization ... ok
[INFO] [stdout] test exec::tests::unary_void ... ok
[INFO] [stdout] test exec::tests::var_decl_hoisting_simple ... ok
[INFO] [stdout] test exec::tests::unary_delete ... ok
[INFO] [stdout] test object::tests::object_properties_return_order ... ok
[INFO] [stdout] test property::attribute::tests::configurable ... ok
[INFO] [stdout] test object::tests::ordinary_has_instance_nonobject_prototype ... ok
[INFO] [stdout] test property::attribute::tests::default ... ok
[INFO] [stdout] test property::attribute::tests::enumerable_configurable ... ok
[INFO] [stdout] test property::attribute::tests::set_configurable_to_false ... ok
[INFO] [stdout] test property::attribute::tests::set_configurable_to_true ... ok
[INFO] [stdout] test property::attribute::tests::set_enumerable_to_false ... ok
[INFO] [stdout] test property::attribute::tests::set_writable_to_false ... ok
[INFO] [stdout] test property::attribute::tests::set_writable_to_true ... ok
[INFO] [stdout] test property::attribute::tests::writable ... ok
[INFO] [stdout] test property::attribute::tests::writable_and_enumerable ... ok
[INFO] [stdout] test property::attribute::tests::writable_enumerable_configurable ... ok
[INFO] [stdout] test string::tests::as_str ... ok
[INFO] [stdout] test string::tests::concat ... ok
[INFO] [stdout] test string::tests::empty ... ok
[INFO] [stdout] test string::tests::hash ... ok
[INFO] [stdout] test string::tests::pointer_size ... ok
[INFO] [stdout] test property::attribute::tests::set_enumerable_to_true ... ok
[INFO] [stdout] test property::attribute::tests::clear ... ok
[INFO] [stdout] test string::tests::ptr_eq ... ok
[INFO] [stdout] test string::tests::refcount ... ok
[INFO] [stdout] test syntax::ast::node::array::tests::fmt ... ok
[INFO] [stdout] test syntax::ast::node::block::tests::fmt ... ok
[INFO] [stdout] test syntax::ast::node::await_expr::tests::fmt ... ok
[INFO] [stdout] test property::attribute::tests::enumerable ... ok
[INFO] [stdout] test syntax::ast::node::break_node::tests::fmt ... ok
[INFO] [stdout] test exec::tests::tilde_operator ... ok
[INFO] [stdout] test exec::tests::unary_post ... ok
[INFO] [stdout] test syntax::ast::node::declaration::tests::duplicate_function_name ... ok
[INFO] [stdout] test syntax::ast::node::call::tests::fmt ... ok
[INFO] [stdout] test syntax::ast::node::declaration::tests::fmt ... ok
[INFO] [stdout] test exec::tests::unary_pre ... ok
[INFO] [stdout] test syntax::ast::node::break_node::tests::check_post_state ... ok
[INFO] [stdout] test syntax::ast::node::conditional::tests::fmt ... ok
[INFO] [stdout] test syntax::ast::node::declaration::tests::fmt_binding_pattern ... ok
[INFO] [stdout] test syntax::ast::node::field::tests::fmt ... ok
[INFO] [stdout] test syntax::ast::node::iteration::tests::do_loop_early_break ... ok
[INFO] [stdout] test syntax::ast::node::iteration::tests::continue_inner_loop ... ok
[INFO] [stdout] test syntax::ast::node::iteration::tests::do_loop_late_break ... ok
[INFO] [stdout] test syntax::ast::node::iteration::tests::break_out_of_inner_loop ... ok
[INFO] [stdout] test syntax::ast::node::iteration::tests::fmt ... ok
[INFO] [stdout] test syntax::ast::node::iteration::tests::for_in_break_label ... ok
[INFO] [stdout] test syntax::ast::node::iteration::tests::for_in_declaration ... ok
[INFO] [stdout] test syntax::ast::node::iteration::tests::do_while_loop_continue ... ok
[INFO] [stdout] test syntax::ast::node::iteration::tests::for_in_let_object ... ok
[INFO] [stdout] test syntax::ast::node::iteration::tests::for_in_const_array ... ok
[INFO] [stdout] test syntax::ast::node::iteration::tests::for_in_continue_label ... ok
[INFO] [stdout] test syntax::ast::node::iteration::tests::for_in_var_array ... ok
[INFO] [stdout] test exec::tests::short_circuit_evaluation ... ok
[INFO] [stdout] test syntax::ast::node::iteration::tests::for_in_var_object ... ok
[INFO] [stdout] test syntax::ast::node::iteration::tests::for_loop_return ... ok
[INFO] [stdout] test syntax::ast::node::iteration::tests::for_loop_break ... ok
[INFO] [stdout] test syntax::ast::node::iteration::tests::for_of_loop_continue ... ok
[INFO] [stdout] test syntax::ast::node::iteration::tests::for_of_loop_const ... ok
[INFO] [stdout] test syntax::ast::node::iteration::tests::for_of_loop_declaration ... ok
[INFO] [stdout] test syntax::ast::node::iteration::tests::for_of_loop_break ... ok
[INFO] [stdout] test syntax::ast::node::iteration::tests::for_loop_continue_label ... ok
[INFO] [stdout] test syntax::ast::node::iteration::tests::for_loop_continue_out_of_switch ... ok
[INFO] [stdout] test syntax::ast::node::iteration::tests::for_loop_break_label ... ok
[INFO] [stdout] test syntax::ast::node::iteration::tests::for_of_loop_var ... ok
[INFO] [stdout] test syntax::ast::node::iteration::tests::for_of_loop_let ... ok
[INFO] [stdout] test syntax::ast::node::iteration::tests::while_loop_continue ... ok
[INFO] [stdout] test syntax::ast::node::iteration::tests::for_of_loop_return ... ok
[INFO] [stdout] test syntax::ast::node::iteration::tests::while_loop_early_break ... ok
[INFO] [stdout] test syntax::ast::node::iteration::tests::while_loop_late_break ... ok
[INFO] [stdout] test syntax::ast::node::object::tests::fmt ... ok
[INFO] [stdout] test syntax::ast::node::new::tests::fmt ... ok
[INFO] [stdout] test syntax::ast::node::object::tests::spread_getters_in_initializer ... ok
[INFO] [stdout] test syntax::ast::node::object::tests::spread_shallow_clone ... ok
[INFO] [stdout] test syntax::ast::node::operator::tests::assignmentoperator_lhs_not_defined ... ok
[INFO] [stdout] test syntax::ast::node::object::tests::spread_setters ... ok
[INFO] [stdout] test syntax::ast::node::operator::tests::assignmentoperator_rhs_throws_error ... ok
[INFO] [stdout] test syntax::ast::node::object::tests::spread_getters_in_object ... ok
[INFO] [stdout] test syntax::ast::node::object::tests::spread_merge ... ok
[INFO] [stdout] test syntax::ast::node::object::tests::spread_null_and_undefined_ignored ... ok
[INFO] [stdout] test syntax::ast::node::return_smt::tests::fmt ... ok
[INFO] [stdout] test syntax::ast::node::operator::tests::fmt ... ok
[INFO] [stdout] test syntax::ast::node::object::tests::spread_overriding_properties ... ok
[INFO] [stdout] test syntax::ast::node::operator::tests::logical_nullish_assignment ... ok
[INFO] [stdout] test syntax::ast::node::spread::tests::fmt ... ok
[INFO] [stdout] test syntax::ast::node::operator::tests::instanceofoperator_rhs_not_object ... ok
[INFO] [stdout] test syntax::ast::node::statement_list::tests::strict_mode_function ... ok
[INFO] [stdout] test syntax::ast::node::operator::tests::instanceofoperator_rhs_not_callable ... ok
[INFO] [stdout] test syntax::ast::node::spread::tests::spread_with_call ... ok
[INFO] [stdout] test syntax::ast::node::operator::tests::logical_assignment ... ok
[INFO] [stdout] test syntax::ast::node::spread::tests::spread_with_new ... ok
[INFO] [stdout] test syntax::ast::node::statement_list::tests::strict_mode_function_in_function ... ok
[INFO] [stdout] test syntax::ast::node::statement_list::tests::strict_mode_function_return ... ok
[INFO] [stdout] test syntax::ast::node::statement_list::tests::strict_mode_function_after ... ok
[INFO] [stdout] test syntax::ast::node::switch::tests::default_taken_switch ... ok
[INFO] [stdout] test syntax::ast::node::statement_list::tests::strict_mode_global ... ok
[INFO] [stdout] test syntax::ast::node::switch::tests::fmt ... ok
[INFO] [stdout] test syntax::ast::node::statement_list::tests::strict_mode_global_active_in_function ... ok
[INFO] [stdout] test syntax::ast::node::switch::tests::no_cases_switch ... ok
[INFO] [stdout] test syntax::ast::node::switch::tests::bigger_switch_example ... ok
[INFO] [stdout] test syntax::ast::node::switch::tests::single_case_switch ... ok
[INFO] [stdout] test syntax::ast::node::switch::tests::string_switch ... ok
[INFO] [stdout] test syntax::ast::node::switch::tests::no_true_case_switch ... ok
[INFO] [stdout] test syntax::ast::node::switch::tests::default_not_taken_switch ... ok
[INFO] [stdout] test syntax::ast::node::switch::tests::three_case_partial_fallthrough ... ok
[INFO] [stdout] test syntax::ast::node::throw::tests::fmt ... ok
[INFO] [stdout] test syntax::ast::node::try_node::tests::catch ... ok
[INFO] [stdout] test syntax::ast::node::try_node::tests::catch_binding_finally ... ok
[INFO] [stdout] test syntax::ast::node::template::tests::fmt ... ok
[INFO] [stdout] test syntax::ast::node::template::tests::tagged_template ... ok
[INFO] [stdout] test syntax::ast::node::try_node::tests::fmt ... ok
[INFO] [stdout] test syntax::ast::node::template::tests::template_literal ... ok
[INFO] [stdout] test syntax::ast::node::try_node::tests::catch_finally ... ok
[INFO] [stdout] test syntax::ast::node::try_node::tests::finally ... ok
[INFO] [stdout] test syntax::ast::node::try_node::tests::catch_binding ... ok
[INFO] [stdout] test syntax::ast::position::tests::invalid_position_column - should panic ... ok
[INFO] [stdout] test syntax::ast::position::tests::invalid_position_line - should panic ... ok
[INFO] [stdout] test syntax::ast::node::switch::tests::two_case_switch ... ok
[INFO] [stdout] test syntax::ast::node::try_node::tests::simple_try ... ok
[INFO] [stdout] test syntax::ast::node::switch::tests::two_case_no_break_switch ... ok
[INFO] [stdout] test syntax::ast::position::tests::invalid_span - should panic ... ok
[INFO] [stdout] test syntax::ast::position::tests::position_equality ... ok
[INFO] [stdout] test syntax::ast::position::tests::position_getters ... ok
[INFO] [stdout] test syntax::ast::position::tests::position_order ... ok
[INFO] [stdout] test syntax::ast::position::tests::position_to_string ... ok
[INFO] [stdout] test syntax::ast::position::tests::span_equality ... ok
[INFO] [stdout] test syntax::ast::position::tests::span_ordering ... ok
[INFO] [stdout] test syntax::ast::position::tests::span_to_string ... ok
[INFO] [stdout] test syntax::lexer::tests::addition_no_spaces ... ok
[INFO] [stdout] test syntax::ast::position::tests::span_contains ... ok
[INFO] [stdout] test syntax::lexer::tests::addition_no_spaces_left_side ... ok
[INFO] [stdout] test syntax::lexer::tests::big_literal_numbers ... ignored
[INFO] [stdout] test syntax::lexer::tests::addition_no_spaces_e_number_left_side ... ok
[INFO] [stdout] test syntax::ast::position::tests::span_getters ... ok
[INFO] [stdout] test syntax::lexer::tests::addition_no_spaces_e_number_right_side ... ok
[INFO] [stdout] test syntax::lexer::tests::carriage_return::carriage_return ... ok
[INFO] [stdout] test syntax::lexer::tests::big_exp_numbers ... ok
[INFO] [stdout] test syntax::lexer::tests::check_identifier ... ok
[INFO] [stdout] test syntax::lexer::tests::carriage_return::mixed_line ... ok
[INFO] [stdout] test syntax::ast::position::tests::span_creation ... ok
[INFO] [stdout] test syntax::lexer::tests::check_invalid_identifier_start ... ok
[INFO] [stdout] test syntax::lexer::tests::carriage_return::windows_line ... ok
[INFO] [stdout] test syntax::lexer::tests::check_decrement_advances_lexer_2_places ... ok
[INFO] [stdout] test syntax::lexer::tests::addition_no_spaces_e_number ... ok
[INFO] [stdout] test syntax::lexer::tests::carriage_return::regular_line ... ok
[INFO] [stdout] test syntax::lexer::tests::check_positions_codepoint ... ok
[INFO] [stdout] test syntax::lexer::tests::check_invalid_identifier_part ... ok
[INFO] [stdout] test syntax::lexer::tests::addition_no_spaces_right_side ... ok
[INFO] [stdout] test syntax::lexer::tests::check_punctuators ... ok
[INFO] [stdout] test syntax::lexer::tests::check_single_line_comment ... ok
[INFO] [stdout] test syntax::lexer::tests::check_multi_line_comment ... ok
[INFO] [stdout] test syntax::lexer::tests::check_line_numbers ... ok
[INFO] [stdout] test syntax::lexer::tests::check_positions ... ok
[INFO] [stdout] test syntax::lexer::tests::illegal_code_point_following_numeric_literal ... ignored
[INFO] [stdout] test syntax::lexer::tests::check_template_literal_simple ... ok
[INFO] [stdout] test syntax::lexer::tests::check_template_literal_unterminated ... ok
[INFO] [stdout] test syntax::lexer::tests::check_keywords ... ok
[INFO] [stdout] test syntax::lexer::tests::illegal_following_numeric_literal ... ok
[INFO] [stdout] test syntax::lexer::tests::numbers_with_bad_separators ... ok
[INFO] [stdout] test syntax::lexer::tests::number_followed_by_dot ... ok
[INFO] [stdout] test syntax::lexer::tests::numbers ... ok
[INFO] [stdout] test syntax::lexer::tests::numbers_with_separators ... ok
[INFO] [stdout] test syntax::lexer::tests::regex_literal ... ok
[INFO] [stdout] test syntax::lexer::tests::regex_literal_flags ... ok
[INFO] [stdout] test syntax::lexer::tests::single_int ... ok
[INFO] [stdout] test syntax::lexer::tests::single_number_without_semicolon ... ok
[INFO] [stdout] test syntax::lexer::tests::string_codepoint_with_no_braces ... ok
[INFO] [stdout] test syntax::lexer::tests::string_legacy_octal_escape ... ok
[INFO] [stdout] test syntax::lexer::tests::string_line_continuation ... ok
[INFO] [stdout] test syntax::lexer::tests::string_non_octal_decimal_escape ... ok
[INFO] [stdout] test syntax::lexer::tests::string_unicode ... ok
[INFO] [stdout] test syntax::lexer::tests::string_unicode_escape_with_braces ... ok
[INFO] [stdout] test syntax::lexer::tests::string_unicode_escape_with_braces_2 ... ok
[INFO] [stdout] test syntax::lexer::tests::string_with_single_escape ... ok
[INFO] [stdout] test syntax::lexer::tests::string_zero_escape ... ok
[INFO] [stdout] test syntax::lexer::tests::take_while_ascii_pred_entire_str ... ok
[INFO] [stdout] test syntax::lexer::tests::take_while_ascii_pred_immediate_stop ... ok
[INFO] [stdout] test syntax::lexer::tests::take_while_ascii_pred_non_ascii_stop ... ok
[INFO] [stdout] test syntax::lexer::tests::take_while_ascii_pred_simple ... ok
[INFO] [stdout] test syntax::lexer::tests::take_while_char_pred_entire_str ... ok
[INFO] [stdout] test syntax::lexer::tests::take_while_char_pred_immediate_stop ... ok
[INFO] [stdout] test syntax::lexer::tests::take_while_char_pred_simple ... ok
[INFO] [stdout] test syntax::lexer::tests::take_while_char_pred_utf8_char ... ok
[INFO] [stdout] test syntax::parser::cursor::buffered_lexer::tests::peek_next_till_end ... ok
[INFO] [stdout] test syntax::parser::cursor::buffered_lexer::tests::peek_skip_accending ... ok
[INFO] [stdout] test syntax::lexer::tests::implicit_octal_edge_case ... ok
[INFO] [stdout] test syntax::parser::cursor::buffered_lexer::tests::peek_skip_next ... ok
[INFO] [stdout] test syntax::parser::cursor::buffered_lexer::tests::peek_skip_next_alternating ... ok
[INFO] [stdout] test syntax::parser::cursor::buffered_lexer::tests::peek_skip_next_till_end ... ok
[INFO] [stdout] test syntax::parser::expression::primary::array_initializer::tests::check_combined ... ok
[INFO] [stdout] test syntax::parser::expression::primary::array_initializer::tests::check_combined_empty_str ... ok
[INFO] [stdout] test syntax::parser::expression::primary::array_initializer::tests::check_empty ... ok
[INFO] [stdout] test syntax::parser::expression::primary::array_initializer::tests::check_empty_slot ... ok
[INFO] [stdout] test syntax::parser::expression::primary::array_initializer::tests::check_numeric_array ... ok
[INFO] [stdout] test syntax::parser::expression::primary::array_initializer::tests::check_numeric_array_elision ... ok
[INFO] [stdout] test syntax::parser::expression::primary::array_initializer::tests::check_numeric_array_repeated_elision ... ok
[INFO] [stdout] test syntax::parser::expression::primary::array_initializer::tests::check_numeric_array_trailing ... ok
[INFO] [stdout] test syntax::parser::expression::primary::async_function_expression::tests::check_async_expression ... ok
[INFO] [stdout] test syntax::parser::expression::primary::async_function_expression::tests::check_nested_async_expression ... ok
[INFO] [stdout] test syntax::parser::expression::primary::function_expression::tests::check_function_expression ... ok
[INFO] [stdout] test syntax::parser::expression::primary::function_expression::tests::check_nested_function_expression ... ok
[INFO] [stdout] test syntax::parser::expression::primary::object_initializer::tests::check_object_getter ... ok
[INFO] [stdout] test syntax::parser::expression::primary::object_initializer::tests::check_object_literal ... ok
[INFO] [stdout] test syntax::lexer::tests::hexadecimal_edge_case ... ok
[INFO] [stdout] test syntax::lexer::tests::check_variable_definition_tokens ... ok
[INFO] [stdout] test syntax::parser::expression::primary::object_initializer::tests::check_object_setter ... ok
[INFO] [stdout] test syntax::lexer::tests::check_string ... ok
[INFO] [stdout] test syntax::parser::expression::primary::object_initializer::tests::check_object_short_function ... ok
[INFO] [stdout] test syntax::parser::cursor::buffered_lexer::tests::skip_peeked_terminators ... ok
[INFO] [stdout] test syntax::parser::expression::primary::tests::check_string ... ok
[INFO] [stdout] test syntax::parser::expression::tests::check_assign_operations ... ok
[INFO] [stdout] test syntax::parser::expression::primary::object_initializer::tests::check_object_short_function_get ... ok
[INFO] [stdout] test syntax::parser::expression::primary::object_initializer::tests::check_object_short_function_arguments ... ok
[INFO] [stdout] test syntax::parser::expression::primary::object_initializer::tests::check_object_shorthand_multiple_properties ... ok
[INFO] [stdout] test syntax::parser::expression::tests::check_bitwise_operations ... ok
[INFO] [stdout] test syntax::parser::expression::tests::check_complex_numeric_operations ... ok
[INFO] [stdout] test syntax::lexer::tests::check_single_line_comment_with_crlf_ending ... ok
[INFO] [stdout] test syntax::parser::expression::primary::object_initializer::tests::check_object_shorthand_property_names ... ok
[INFO] [stdout] test syntax::parser::expression::primary::object_initializer::tests::check_object_short_function_set ... ok
[INFO] [stdout] test syntax::parser::expression::tests::check_logical_expressions ... ok
[INFO] [stdout] test syntax::parser::function::tests::check_arrow_assignment ... ok
[INFO] [stdout] test syntax::parser::expression::primary::object_initializer::tests::check_object_spread ... ok
[INFO] [stdout] test syntax::parser::function::tests::check_arrow ... ok
[INFO] [stdout] test syntax::parser::function::tests::check_arrow_assignment_2arg ... ok
[INFO] [stdout] test syntax::parser::expression::tests::check_relational_operations ... ok
[INFO] [stdout] test syntax::parser::function::tests::check_arrow_assignment_noparenthesis ... ok
[INFO] [stdout] test syntax::parser::function::tests::check_arrow_assignment_3arg_nobrackets ... ok
[INFO] [stdout] test syntax::parser::function::tests::check_arrow_assignment_nobrackets ... ok
[INFO] [stdout] test syntax::parser::function::tests::check_arrow_assignment_2arg_nobrackets ... ok
[INFO] [stdout] test syntax::parser::expression::tests::check_numeric_operations ... ok
[INFO] [stdout] test syntax::parser::function::tests::check_arrow_assignment_3arg ... ok
[INFO] [stdout] test syntax::parser::function::tests::check_arrow_rest ... ok
[INFO] [stdout] test syntax::parser::function::tests::check_arrow_semicolon_insertion ... ok
[INFO] [stdout] test syntax::parser::function::tests::check_arrow_empty_return_semicolon_insertion ... ok
[INFO] [stdout] test syntax::parser::function::tests::check_basic_semicolon_insertion ... ok
[INFO] [stdout] test syntax::parser::function::tests::check_empty_return ... ok
[INFO] [stdout] test syntax::parser::function::tests::check_empty_return_semicolon_insertion ... ok
[INFO] [stdout] test syntax::parser::function::tests::check_rest_operator ... ok
[INFO] [stdout] test syntax::parser::statement::block::tests::hoisting ... ok
[INFO] [stdout] test syntax::parser::statement::block::tests::empty ... ok
[INFO] [stdout] test syntax::parser::statement::break_stm::tests::inline ... ok
[INFO] [stdout] test syntax::parser::statement::break_stm::tests::inline_block ... ok
[INFO] [stdout] test syntax::parser::statement::break_stm::tests::inline_block_semicolon_insertion ... ok
[INFO] [stdout] test syntax::parser::statement::break_stm::tests::new_line ... ok
[INFO] [stdout] test syntax::parser::statement::break_stm::tests::new_line_block ... ok
[INFO] [stdout] test syntax::parser::statement::break_stm::tests::new_line_block_empty ... ok
[INFO] [stdout] test syntax::parser::statement::break_stm::tests::new_line_block_empty_semicolon_insertion ... ok
[INFO] [stdout] test syntax::parser::statement::break_stm::tests::new_line_semicolon_insertion ... ok
[INFO] [stdout] test syntax::parser::statement::break_stm::tests::reserved_label ... ok
[INFO] [stdout] test syntax::parser::statement::continue_stm::tests::inline ... ok
[INFO] [stdout] test syntax::parser::statement::continue_stm::tests::inline_block ... ok
[INFO] [stdout] test syntax::parser::statement::continue_stm::tests::inline_block_semicolon_insertion ... ok
[INFO] [stdout] test syntax::parser::statement::continue_stm::tests::new_line ... ok
[INFO] [stdout] test syntax::parser::statement::continue_stm::tests::new_line_block ... ok
[INFO] [stdout] test syntax::parser::statement::continue_stm::tests::new_line_block_empty ... ok
[INFO] [stdout] test syntax::parser::statement::continue_stm::tests::new_line_block_empty_semicolon_insertion ... ok
[INFO] [stdout] test syntax::parser::function::tests::check_arrow_only_rest ... ok
[INFO] [stdout] test syntax::parser::function::tests::check_duplicates ... ok
[INFO] [stdout] test syntax::parser::function::tests::check_arrow_assignment_noparenthesis_nobrackets ... ok
[INFO] [stdout] test syntax::parser::function::tests::check_arrow_epty_return ... ok
[INFO] [stdout] test syntax::parser::statement::block::tests::non_empty ... ok
[INFO] [stdout] test syntax::parser::statement::declaration::hoistable::async_function_decl::tests::async_function_declaration ... ok
[INFO] [stdout] test syntax::parser::statement::declaration::hoistable::async_function_decl::tests::async_function_declaration_keywords ... ok
[INFO] [stdout] test syntax::parser::statement::declaration::hoistable::function_decl::tests::function_declaration ... ok
[INFO] [stdout] test syntax::parser::statement::continue_stm::tests::new_line_semicolon_insertion ... ok
[INFO] [stdout] test syntax::parser::statement::declaration::tests::const_declaration_no_spaces ... ok
[INFO] [stdout] test syntax::parser::function::tests::check_basic ... ok
[INFO] [stdout] test syntax::parser::statement::declaration::tests::empty_var_declaration ... ok
[INFO] [stdout] test syntax::parser::statement::declaration::tests::const_declaration_keywords ... ok
[INFO] [stdout] test syntax::parser::statement::declaration::tests::let_declaration_no_spaces ... ok
[INFO] [stdout] test syntax::parser::statement::declaration::tests::empty_const_declaration ... ok
[INFO] [stdout] test syntax::parser::statement::declaration::tests::multiple_let_declaration ... ok
[INFO] [stdout] test syntax::parser::statement::declaration::tests::let_declaration_keywords ... ok
[INFO] [stdout] test syntax::parser::statement::declaration::tests::multiple_const_declaration ... ok
[INFO] [stdout] test syntax::parser::statement::declaration::tests::empty_let_declaration ... ok
[INFO] [stdout] test syntax::parser::statement::continue_stm::tests::reserved_label ... ok
[INFO] [stdout] test syntax::parser::statement::declaration::hoistable::function_decl::tests::function_declaration_keywords ... ok
[INFO] [stdout] test syntax::parser::statement::declaration::tests::let_declaration ... ok
[INFO] [stdout] test syntax::parser::statement::declaration::tests::const_declaration ... ok
[INFO] [stdout] test syntax::parser::statement::declaration::tests::multiple_var_declaration ... ok
[INFO] [stdout] test syntax::parser::statement::if_stm::tests::if_without_else_block ... ok
[INFO] [stdout] test syntax::parser::statement::iteration::tests::check_do_while ... ok
[INFO] [stdout] test syntax::parser::statement::iteration::tests::check_do_while_semicolon_insertion ... ok
[INFO] [stdout] test syntax::parser::statement::declaration::tests::var_declaration_no_spaces ... ok
[INFO] [stdout] test syntax::parser::statement::declaration::tests::var_declaration_keywords ... ok
[INFO] [stdout] test syntax::parser::statement::iteration::tests::check_do_while_semicolon_insertion_no_space ... ok
[INFO] [stdout] test syntax::parser::statement::iteration::tests::do_while_spaces ... ok
[INFO] [stdout] test syntax::parser::statement::declaration::tests::var_declaration ... ok
[INFO] [stdout] test syntax::parser::statement::iteration::tests::while_spaces ... ok
[INFO] [stdout] test syntax::parser::statement::switch::tests::check_switch_unknown_label ... ok
[INFO] [stdout] test syntax::parser::statement::switch::tests::check_switch_seperated_defaults ... ok
[INFO] [stdout] test syntax::parser::statement::switch::tests::check_switch_no_closeblock ... ok
[INFO] [stdout] test syntax::parser::statement::throw::tests::check_throw_parsing ... ok
[INFO] [stdout] test syntax::parser::statement::switch::tests::check_switch_two_default ... ok
[INFO] [stdout] test syntax::parser::statement::try_stm::tests::check_inline_empty_try_paramless_catch ... ok
[INFO] [stdout] test syntax::parser::statement::try_stm::tests::check_inline_invalid_catch_without_closing_paren ... ok
[INFO] [stdout] test syntax::parser::statement::try_stm::tests::check_inline_with_empty_try_catch ... ok
[INFO] [stdout] test syntax::parser::statement::try_stm::tests::check_inline_with_empty_try_catch_finally ... ok
[INFO] [stdout] test syntax::parser::statement::try_stm::tests::check_inline_with_empty_try_finally ... ok
[INFO] [stdout] test syntax::parser::statement::try_stm::tests::check_inline_with_empty_try_var_decl_in_finally ... ok
[INFO] [stdout] test syntax::parser::statement::try_stm::tests::check_inline_with_var_decl_inside_catch ... ok
[INFO] [stdout] test syntax::parser::statement::try_stm::tests::check_inline_with_var_decl_inside_try ... ok
[INFO] [stdout] test syntax::parser::statement::try_stm::tests::check_invalide_try_no_catch_finally ... ok
[INFO] [stdout] test syntax::parser::tests::ambigous_regex_divide_expression ... ok
[INFO] [stdout] test syntax::parser::tests::assign_operator_precedence ... ok
[INFO] [stdout] test syntax::parser::tests::assignment_line_terminator ... ok
[INFO] [stdout] test syntax::parser::tests::assignment_multiline_terminator ... ok
[INFO] [stdout] test syntax::parser::statement::switch::tests::check_switch_no_expr ... ok
[INFO] [stdout] test syntax::parser::statement::switch::tests::check_switch_case_unclosed ... ok
[INFO] [stdout] test syntax::parser::tests::bracketed_expr ... ok
[INFO] [stdout] test syntax::parser::tests::check_construct_call_precedence ... ok
[INFO] [stdout] test syntax::parser::statement::try_stm::tests::check_inline_invalid_catch ... ok
[INFO] [stdout] test syntax::parser::statement::try_stm::tests::check_inline_invalid_catch_parameter ... ok
[INFO] [stdout] test syntax::parser::statement::switch::tests::check_seperated_switch ... ok
[INFO] [stdout] test syntax::parser::tests::empty_statement ... ok
[INFO] [stdout] test syntax::parser::tests::comment_semi_colon_insertion ... ok
[INFO] [stdout] test syntax::parser::tests::increment_in_comma_op ... ok
[INFO] [stdout] test syntax::parser::statement::if_stm::tests::if_without_else_block_with_trailing_newline ... ok
[INFO] [stdout] test syntax::parser::tests::hoisting ... ok
[INFO] [stdout] test syntax::parser::tests::multiline_comment_no_lineterminator ... ok
[INFO] [stdout] test syntax::parser::tests::multiline_comment_semi_colon_insertion ... ok
[INFO] [stdout] test syntax::parser::tests::spread_in_arrow_function ... ok
[INFO] [stdout] test syntax::parser::tests::spread_in_object ... ok
[INFO] [stdout] test syntax::parser::tests::two_divisions_in_expression ... ok
[INFO] [stdout] test value::tests::abstract_relational_comparison::bigint_greater_than_or_equal_infinity ... ok
[INFO] [stdout] test value::tests::abstract_relational_comparison::bigint_greater_than_or_equal_string ... ok
[INFO] [stdout] test value::tests::abstract_relational_comparison::bigint_greater_than_number ... ok
[INFO] [stdout] test value::tests::abstract_relational_comparison::bigint_greater_than_or_equal_nan ... ok
[INFO] [stdout] test value::tests::abstract_relational_comparison::bigint_greater_than_or_equal_number ... ok
[INFO] [stdout] test value::tests::abstract_relational_comparison::bigint_greater_than_infinity ... ok
[INFO] [stdout] test value::tests::abstract_equality_comparison ... ok
[INFO] [stdout] test value::tests::abstract_relational_comparison::bigint_greater_than_nan ... ok
[INFO] [stdout] test value::tests::abstract_relational_comparison::bigint_less_than_or_equal_infinity ... ok
[INFO] [stdout] test value::tests::abstract_relational_comparison::bigint_less_than_or_equal_nan ... ok
[INFO] [stdout] test value::tests::abstract_relational_comparison::bigint_less_than_infinity ... ok
[INFO] [stdout] test value::tests::abstract_relational_comparison::bigint_greater_than_string ... ok
[INFO] [stdout] test value::tests::abstract_relational_comparison::bigint_less_than_number ... ok
[INFO] [stdout] test value::tests::abstract_relational_comparison::bigint_less_than_or_equal_number ... ok
[INFO] [stdout] test value::tests::abstract_relational_comparison::bigint_less_than_string ... ok
[INFO] [stdout] test value::tests::abstract_relational_comparison::bigint_less_than_nan ... ok
[INFO] [stdout] test value::tests::abstract_relational_comparison::nan_greater_than_bigint ... ok
[INFO] [stdout] test value::tests::abstract_relational_comparison::nan_greater_than_or_equal_bigint ... ok
[INFO] [stdout] test value::tests::abstract_relational_comparison::nan_less_than_or_equal_bigint ... ok
[INFO] [stdout] test value::tests::abstract_relational_comparison::negative_infnity_less_than_or_equal_bigint ... ok
[INFO] [stdout] test value::tests::abstract_relational_comparison::negative_infnity_greater_or_equal_than_bigint ... ok
[INFO] [stdout] test value::tests::abstract_relational_comparison::number_greater_than_bigint ... ok
[INFO] [stdout] test value::tests::abstract_relational_comparison::nan_less_than_bigint ... ok
[INFO] [stdout] test value::tests::abstract_relational_comparison::bigint_less_than_or_equal_string ... ok
[INFO] [stdout] test value::tests::abstract_relational_comparison::negative_infnity_less_than_bigint ... ok
[INFO] [stdout] test value::tests::abstract_relational_comparison::negative_infnity_greater_than_bigint ... ok
[INFO] [stdout] test value::tests::abstract_relational_comparison::number_greater_than_or_equal_number ... ok
[INFO] [stdout] test value::tests::abstract_relational_comparison::number_greater_than_number ... ok
[INFO] [stdout] test value::tests::abstract_relational_comparison::number_less_than_bigint ... ok
[INFO] [stdout] test value::tests::abstract_relational_comparison::number_less_greater_or_equal_string ... ok
[INFO] [stdout] test value::tests::abstract_relational_comparison::number_less_greater_string ... ok
[INFO] [stdout] test value::tests::abstract_relational_comparison::number_greater_than_or_equal_bigint ... ok
[INFO] [stdout] test value::tests::abstract_relational_comparison::number_less_than_string ... ok
[INFO] [stdout] test value::tests::abstract_relational_comparison::number_less_than_number ... ok
[INFO] [stdout] test value::tests::abstract_relational_comparison::number_less_than_or_equal_number ... ok
[INFO] [stdout] test value::tests::abstract_relational_comparison::number_object_greater_than_number ... ok
[INFO] [stdout] test value::tests::abstract_relational_comparison::number_object_greater_than_or_equal_number_object ... ok
[INFO] [stdout] test value::tests::abstract_relational_comparison::number_less_than_or_equal_string ... ok
[INFO] [stdout] test value::tests::abstract_relational_comparison::number_less_than_or_equal_bigint ... ok
[INFO] [stdout] test value::tests::abstract_relational_comparison::number_object_greater_than_number_object ... ok
[INFO] [stdout] test value::tests::abstract_relational_comparison::number_object_greater_than_or_equal_number ... ok
[INFO] [stdout] test value::tests::abstract_relational_comparison::number_object_less_than_number ... ok
[INFO] [stdout] test value::tests::abstract_relational_comparison::string_greater_than_bigint ... ok
[INFO] [stdout] test value::tests::abstract_relational_comparison::string_greater_than_or_equal_number ... ok
[INFO] [stdout] test value::tests::abstract_relational_comparison::string_greater_than_or_equal_string ... ok
[INFO] [stdout] test value::tests::abstract_relational_comparison::number_object_less_than_or_equal_number ... ok
[INFO] [stdout] test value::tests::abstract_relational_comparison::string_greater_than_string ... ok
[INFO] [stdout] test value::tests::abstract_relational_comparison::string_greater_than_or_equal_bigint ... ok
[INFO] [stdout] test value::tests::abstract_relational_comparison::string_less_than_number ... ok
[INFO] [stdout] test value::tests::abstract_relational_comparison::number_object_less_than_number_or_equal_object ... ok
[INFO] [stdout] test value::tests::abstract_relational_comparison::string_less_than_or_equal_bigint ... ok
[INFO] [stdout] test value::tests::abstract_relational_comparison::string_greater_than_number ... ok
[INFO] [stdout] test value::tests::abstract_relational_comparison::string_less_than_or_equal_number ... ok
[INFO] [stdout] test value::tests::abstract_relational_comparison::string_less_than_bigint ... ok
[INFO] [stdout] test value::tests::abstract_relational_comparison::number_object_less_than_number_object ... ok
[INFO] [stdout] test value::tests::abstract_relational_comparison::string_less_than_or_equal_string ... ok
[INFO] [stdout] test value::tests::abstract_relational_comparison::string_object_greater_than_or_equal_string_object ... ok
[INFO] [stdout] test value::tests::abstract_relational_comparison::string_less_than_string ... ok
[INFO] [stdout] test value::tests::abstract_relational_comparison::string_object_greater_or_equal_than_string ... ok
[INFO] [stdout] test value::tests::abstract_relational_comparison::string_object_less_than_string ... ok
[INFO] [stdout] test value::tests::abstract_relational_comparison::string_object_greater_than_string ... ok
[INFO] [stdout] test value::tests::abstract_relational_comparison::string_object_greater_than_string_object ... ok
[INFO] [stdout] test value::tests::abstract_relational_comparison::string_object_less_than_string_or_equal_object ... ok
[INFO] [stdout] test value::tests::add_number_object_and_number ... ok
[INFO] [stdout] test value::tests::add_string_and_string ... ok
[INFO] [stdout] test value::tests::add_number_object_and_string_object ... ok
[INFO] [stdout] test value::tests::abstract_relational_comparison::string_object_less_than_string_object ... ok
[INFO] [stdout] test value::tests::add_number_and_number ... ok
[INFO] [stdout] test value::tests::abstract_relational_comparison::string_object_less_than_or_equal_string ... ok
[INFO] [stdout] test value::tests::add_number_and_string ... ok
[INFO] [stdout] test value::tests::bitand_integer_and_integer ... ok
[INFO] [stdout] test value::tests::bitand_integer_and_rational ... ok
[INFO] [stdout] test value::tests::cyclic_conversions::to_bigint_cyclic ... ok
[INFO] [stdout] test value::tests::assign_pow_number_and_string ... ok
[INFO] [stdout] test value::tests::bitand_rational_and_rational ... ok
[INFO] [stdout] test value::tests::cyclic_conversions::to_json_noncyclic ... ok
[INFO] [stdout] test value::tests::cyclic_conversions::console_log_cyclic ... ok
[INFO] [stdout] test value::tests::cyclic_conversions::to_boolean_cyclic ... ok
[INFO] [stdout] test value::tests::cyclic_conversions::to_json_cyclic ... ok
[INFO] [stdout] test value::tests::display_negative_zero_object ... ok
[INFO] [stdout] test value::tests::cyclic_conversions::to_number_cyclic ... ok
[INFO] [stdout] test value::tests::cyclic_conversions::to_u32_cyclic ... ok
[INFO] [stdout] test value::tests::debug_object ... ok
[INFO] [stdout] test value::tests::display_object ... ignored
[INFO] [stdout] test value::tests::cyclic_conversions::to_string_cyclic ... ok
[INFO] [stdout] test value::tests::display_array_string ... ok
[INFO] [stdout] test value::tests::hash_object ... ok
[INFO] [stdout] test value::tests::hash_rational ... ok
[INFO] [stdout] test value::tests::hash_undefined ... ok
[INFO] [stdout] test value::tests::integer_is_true ... ok
[INFO] [stdout] test value::tests::number_is_true ... ok
[INFO] [stdout] test value::tests::div_by_zero ... ok
[INFO] [stdout] test value::tests::get_set_field ... ok
[INFO] [stdout] test value::tests::display_boolean_object ... ok
[INFO] [stdout] test value::tests::get_types ... ok
[INFO] [stdout] test value::tests::pow_number_and_number ... ok
[INFO] [stdout] test value::tests::display_string ... ok
[INFO] [stdout] test value::tests::display_number_object ... ok
[INFO] [stdout] test value::tests::pow_number_and_string ... ok
[INFO] [stdout] test value::tests::is_object ... ok
[INFO] [stdout] test value::tests::string_length_is_in_utf16_codeunits ... ok
[INFO] [stdout] test value::tests::string_to_value ... ok
[INFO] [stdout] test value::tests::string_length_is_not_enumerable ... ok
[INFO] [stdout] test value::tests::to_integer_or_infinity ... ok
[INFO] [stdout] test value::tests::undefined ... ok
[INFO] [stdout] test value::tests::sub_number_and_number ... ok
[INFO] [stdout] test value::tests::rem_by_zero ... ok
[INFO] [stdout] test value::tests::test_accessors ... ok
[INFO] [stdout] test value::tests::to_string ... ok
[INFO] [stdout] test value::tests::sub_number_object_and_number_object ... ok
[INFO] [stdout] test value::tests::to_primitive ... ok
[INFO] [stdout] test value::tests::sub_string_and_number_object ... ok
[INFO] [stdout] 
[INFO] [stdout] failures:
[INFO] [stdout] 
[INFO] [stdout] ---- builtins::math::tests::asinh stdout ----
[INFO] [stdout] undefined
[INFO] [stdout] thread 'builtins::math::tests::asinh' panicked at 'assertion failed: `(left == right)`
[INFO] [stdout]   left: `0.881373587019543`,
[INFO] [stdout]  right: `0.8813735870195429`', src/builtins/math/tests.rs:96:5
[INFO] [stdout] stack backtrace:
[INFO] [stdout]    0:     0x55f7247c021a - std::backtrace_rs::backtrace::libunwind::trace::ha9053a9a07ca49cb
[INFO] [stdout]                                at /rustc/84c898d65adf2f39a5a98507f1fe0ce10a2b8dbc/library/std/src/../../backtrace/src/backtrace/libunwind.rs:93:5
[INFO] [stdout]    1:     0x55f7247c021a - std::backtrace_rs::backtrace::trace_unsynchronized::h9c2852a457ad564e
[INFO] [stdout]                                at /rustc/84c898d65adf2f39a5a98507f1fe0ce10a2b8dbc/library/std/src/../../backtrace/src/backtrace/mod.rs:66:5
[INFO] [stdout]    2:     0x55f7247c021a - std::sys_common::backtrace::_print_fmt::h457936fbfaa0070f
[INFO] [stdout]                                at /rustc/84c898d65adf2f39a5a98507f1fe0ce10a2b8dbc/library/std/src/sys_common/backtrace.rs:65:5
[INFO] [stdout]    3:     0x55f7247c021a - <std::sys_common::backtrace::_print::DisplayBacktrace as core::fmt::Display>::fmt::h5779d7bf7f70cb0c
[INFO] [stdout]                                at /rustc/84c898d65adf2f39a5a98507f1fe0ce10a2b8dbc/library/std/src/sys_common/backtrace.rs:44:22
[INFO] [stdout]    4:     0x55f7247e6bce - core::fmt::write::h5a4baaff1bcd3eb5
[INFO] [stdout]                                at /rustc/84c898d65adf2f39a5a98507f1fe0ce10a2b8dbc/library/core/src/fmt/mod.rs:1232:17
[INFO] [stdout]    5:     0x55f7247bd515 - std::io::Write::write_fmt::h478f79c628ef31d1
[INFO] [stdout]                                at /rustc/84c898d65adf2f39a5a98507f1fe0ce10a2b8dbc/library/std/src/io/mod.rs:1684:15
[INFO] [stdout]    6:     0x55f7247bffe5 - std::sys_common::backtrace::_print::h5fcdc36060f177e8
[INFO] [stdout]                                at /rustc/84c898d65adf2f39a5a98507f1fe0ce10a2b8dbc/library/std/src/sys_common/backtrace.rs:47:5
[INFO] [stdout]    7:     0x55f7247bffe5 - std::sys_common::backtrace::print::h54ca9458b876c8bf
[INFO] [stdout]                                at /rustc/84c898d65adf2f39a5a98507f1fe0ce10a2b8dbc/library/std/src/sys_common/backtrace.rs:34:9
[INFO] [stdout]    8:     0x55f7247c1daf - std::panicking::default_hook::{{closure}}::hbe471161c7664ed6
[INFO] [stdout]                                at /rustc/84c898d65adf2f39a5a98507f1fe0ce10a2b8dbc/library/std/src/panicking.rs:271:22
[INFO] [stdout]    9:     0x55f7247c1a6f - std::panicking::default_hook::ha3500da57aa4ac4f
[INFO] [stdout]                                at /rustc/84c898d65adf2f39a5a98507f1fe0ce10a2b8dbc/library/std/src/panicking.rs:287:9
[INFO] [stdout]   10:     0x55f7246c0287 - <alloc::boxed::Box<F,A> as core::ops::function::Fn<Args>>::call::hdf1b89dd137ece34
[INFO] [stdout]                                at /rustc/84c898d65adf2f39a5a98507f1fe0ce10a2b8dbc/library/alloc/src/boxed.rs:2001:9
[INFO] [stdout]   11:     0x55f7246c0287 - test::test_main::{{closure}}::h9081a79f20e75698
[INFO] [stdout]                                at /rustc/84c898d65adf2f39a5a98507f1fe0ce10a2b8dbc/library/test/src/lib.rs:135:21
[INFO] [stdout]   12:     0x55f7247c24dd - <alloc::boxed::Box<F,A> as core::ops::function::Fn<Args>>::call::h6507bddc3eebb4a5
[INFO] [stdout]                                at /rustc/84c898d65adf2f39a5a98507f1fe0ce10a2b8dbc/library/alloc/src/boxed.rs:2001:9
[INFO] [stdout]   13:     0x55f7247c24dd - std::panicking::rust_panic_with_hook::h50c09d000dc561d2
[INFO] [stdout]                                at /rustc/84c898d65adf2f39a5a98507f1fe0ce10a2b8dbc/library/std/src/panicking.rs:696:13
[INFO] [stdout]   14:     0x55f7247c2259 - std::panicking::begin_panic_handler::{{closure}}::h9e2b2176e00e0d9c
[INFO] [stdout]                                at /rustc/84c898d65adf2f39a5a98507f1fe0ce10a2b8dbc/library/std/src/panicking.rs:583:13
[INFO] [stdout]   15:     0x55f7247c0686 - std::sys_common::backtrace::__rust_end_short_backtrace::h5739b8e512c09d02
[INFO] [stdout]                                at /rustc/84c898d65adf2f39a5a98507f1fe0ce10a2b8dbc/library/std/src/sys_common/backtrace.rs:150:18
[INFO] [stdout]   16:     0x55f7247c1f62 - rust_begin_unwind
[INFO] [stdout]                                at /rustc/84c898d65adf2f39a5a98507f1fe0ce10a2b8dbc/library/std/src/panicking.rs:579:5
[INFO] [stdout]   17:     0x55f724106333 - core::panicking::panic_fmt::hf33a1475b4dc5c3e
[INFO] [stdout]                                at /rustc/84c898d65adf2f39a5a98507f1fe0ce10a2b8dbc/library/core/src/panicking.rs:64:14
[INFO] [stdout]   18:     0x55f72410666f - core::panicking::assert_failed_inner::haf9816227b20b6f2
[INFO] [stdout]   19:     0x55f72428e91a - core::panicking::assert_failed::h2759b9f09510a8a9
[INFO] [stdout]                                at /rustc/84c898d65adf2f39a5a98507f1fe0ce10a2b8dbc/library/core/src/panicking.rs:211:5
[INFO] [stdout]   20:     0x55f72416a440 - boa::builtins::math::tests::asinh::hcef1a371cd2e8603
[INFO] [stdout]                                at /opt/rustwide/workdir/src/builtins/math/tests.rs:96:5
[INFO] [stdout]   21:     0x55f72416a137 - boa::builtins::math::tests::asinh::{{closure}}::h7edb91978105d01e
[INFO] [stdout]                                at /opt/rustwide/workdir/src/builtins/math/tests.rs:84:12
[INFO] [stdout]   22:     0x55f7243b8835 - core::ops::function::FnOnce::call_once::h13a916aee666931a
[INFO] [stdout]                                at /rustc/84c898d65adf2f39a5a98507f1fe0ce10a2b8dbc/library/core/src/ops/function.rs:250:5
[INFO] [stdout]   23:     0x55f7246c566f - core::ops::function::FnOnce::call_once::h7d969581be7d0075
[INFO] [stdout]                                at /rustc/84c898d65adf2f39a5a98507f1fe0ce10a2b8dbc/library/core/src/ops/function.rs:250:5
[INFO] [stdout]   24:     0x55f7246c566f - test::__rust_begin_short_backtrace::hca25a52684e56655
[INFO] [stdout]                                at /rustc/84c898d65adf2f39a5a98507f1fe0ce10a2b8dbc/library/test/src/lib.rs:656:18
[INFO] [stdout]   25:     0x55f724696c8c - test::run_test::{{closure}}::ha8ac744c4af1a4bb
[INFO] [stdout]                                at /rustc/84c898d65adf2f39a5a98507f1fe0ce10a2b8dbc/library/test/src/lib.rs:647:30
[INFO] [stdout]   26:     0x55f724696c8c - core::ops::function::FnOnce::call_once{{vtable.shim}}::h7b411a9ed45bdecf
[INFO] [stdout]                                at /rustc/84c898d65adf2f39a5a98507f1fe0ce10a2b8dbc/library/core/src/ops/function.rs:250:5
[INFO] [stdout]   27:     0x55f7246c4636 - <alloc::boxed::Box<F,A> as core::ops::function::FnOnce<Args>>::call_once::hd05328869a8ed200
[INFO] [stdout]                                at /rustc/84c898d65adf2f39a5a98507f1fe0ce10a2b8dbc/library/alloc/src/boxed.rs:1987:9
[INFO] [stdout]   28:     0x55f7246c4636 - <core::panic::unwind_safe::AssertUnwindSafe<F> as core::ops::function::FnOnce<()>>::call_once::h0c601ce20bd5b2be
[INFO] [stdout]                                at /rustc/84c898d65adf2f39a5a98507f1fe0ce10a2b8dbc/library/core/src/panic/unwind_safe.rs:271:9
[INFO] [stdout]   29:     0x55f7246c4636 - std::panicking::try::do_call::ha4be5c164fe30854
[INFO] [stdout]                                at /rustc/84c898d65adf2f39a5a98507f1fe0ce10a2b8dbc/library/std/src/panicking.rs:487:40
[INFO] [stdout]   30:     0x55f7246c4636 - std::panicking::try::h604546f3609af05f
[INFO] [stdout]                                at /rustc/84c898d65adf2f39a5a98507f1fe0ce10a2b8dbc/library/std/src/panicking.rs:451:19
[INFO] [stdout]   31:     0x55f7246c4636 - std::panic::catch_unwind::h5bfa8afe44c9c2f9
[INFO] [stdout]                                at /rustc/84c898d65adf2f39a5a98507f1fe0ce10a2b8dbc/library/std/src/panic.rs:140:14
[INFO] [stdout]   32:     0x55f7246c4636 - test::run_test_in_process::hd50dee55dd63e6aa
[INFO] [stdout]                                at /rustc/84c898d65adf2f39a5a98507f1fe0ce10a2b8dbc/library/test/src/lib.rs:679:27
[INFO] [stdout]   33:     0x55f7246c4636 - test::run_test::run_test_inner::{{closure}}::h4aa0f433aa85cea8
[INFO] [stdout]                                at /rustc/84c898d65adf2f39a5a98507f1fe0ce10a2b8dbc/library/test/src/lib.rs:573:39
[INFO] [stdout]   34:     0x55f724691301 - test::run_test::run_test_inner::{{closure}}::had56431adf24b4d6
[INFO] [stdout]                                at /rustc/84c898d65adf2f39a5a98507f1fe0ce10a2b8dbc/library/test/src/lib.rs:600:37
[INFO] [stdout]   35:     0x55f724691301 - std::sys_common::backtrace::__rust_begin_short_backtrace::ha8d9890e0c73bf13
[INFO] [stdout]                                at /rustc/84c898d65adf2f39a5a98507f1fe0ce10a2b8dbc/library/std/src/sys_common/backtrace.rs:134:18
[INFO] [stdout]   36:     0x55f724696d1b - std::thread::Builder::spawn_unchecked_::{{closure}}::{{closure}}::h251832bcb4a95327
[INFO] [stdout]                                at /rustc/84c898d65adf2f39a5a98507f1fe0ce10a2b8dbc/library/std/src/thread/mod.rs:560:17
[INFO] [stdout]   37:     0x55f724696d1b - <core::panic::unwind_safe::AssertUnwindSafe<F> as core::ops::function::FnOnce<()>>::call_once::h8fdff598fa414831
[INFO] [stdout]                                at /rustc/84c898d65adf2f39a5a98507f1fe0ce10a2b8dbc/library/core/src/panic/unwind_safe.rs:271:9
[INFO] [stdout]   38:     0x55f724696d1b - std::panicking::try::do_call::h455dd2f7764a950f
[INFO] [stdout]                                at /rustc/84c898d65adf2f39a5a98507f1fe0ce10a2b8dbc/library/std/src/panicking.rs:487:40
[INFO] [stdout]   39:     0x55f724696d1b - std::panicking::try::had6f23b7b73ae72a
[INFO] [stdout]                                at /rustc/84c898d65adf2f39a5a98507f1fe0ce10a2b8dbc/library/std/src/panicking.rs:451:19
[INFO] [stdout]   40:     0x55f724696d1b - std::panic::catch_unwind::ha6a5ca3915b4dad0
[INFO] [stdout]                                at /rustc/84c898d65adf2f39a5a98507f1fe0ce10a2b8dbc/library/std/src/panic.rs:140:14
[INFO] [stdout]   41:     0x55f724696d1b - std::thread::Builder::spawn_unchecked_::{{closure}}::h883b72ef75da6231
[INFO] [stdout]                                at /rustc/84c898d65adf2f39a5a98507f1fe0ce10a2b8dbc/library/std/src/thread/mod.rs:559:30
[INFO] [stdout]   42:     0x55f724696d1b - core::ops::function::FnOnce::call_once{{vtable.shim}}::hb7dff73dc8bd2ccb
[INFO] [stdout]                                at /rustc/84c898d65adf2f39a5a98507f1fe0ce10a2b8dbc/library/core/src/ops/function.rs:250:5
[INFO] [stdout]   43:     0x55f7247c6a43 - <alloc::boxed::Box<F,A> as core::ops::function::FnOnce<Args>>::call_once::h39990b24eedef2ab
[INFO] [stdout]                                at /rustc/84c898d65adf2f39a5a98507f1fe0ce10a2b8dbc/library/alloc/src/boxed.rs:1987:9
[INFO] [stdout]   44:     0x55f7247c6a43 - <alloc::boxed::Box<F,A> as core::ops::function::FnOnce<Args>>::call_once::h01a027258444143b
[INFO] [stdout]                                at /rustc/84c898d65adf2f39a5a98507f1fe0ce10a2b8dbc/library/alloc/src/boxed.rs:1987:9
[INFO] [stdout]   45:     0x55f7247c6a43 - std::sys::unix::thread::Thread::new::thread_start::ha4f1cdd9c25884ba
[INFO] [stdout]                                at /rustc/84c898d65adf2f39a5a98507f1fe0ce10a2b8dbc/library/std/src/sys/unix/thread.rs:108:17
[INFO] [stdout]   46:     0x7f3552208b43 - <unknown>
[INFO] [stdout]   47:     0x7f3552299bb4 - __clone
[INFO] [stdout]   48:                0x0 - <unknown>
[INFO] [stdout] 
[INFO] [stdout] 
[INFO] [stdout] failures:
[INFO] [stdout]     builtins::math::tests::asinh
[INFO] [stdout] 
[INFO] [stdout] test result: FAILED. 903 passed; 1 failed; 9 ignored; 0 measured; 0 filtered out; finished in 4.97s
[INFO] [stdout] 
[INFO] [stderr] error: test failed, to rerun pass `--lib`
[INFO] running `Command { std: "docker" "inspect" "25391e61e01d11b3539850ca9c090daca63225ac61b6c08d9a393377cd3d961c", kill_on_drop: false }`
[INFO] running `Command { std: "docker" "rm" "-f" "25391e61e01d11b3539850ca9c090daca63225ac61b6c08d9a393377cd3d961c", kill_on_drop: false }`
[INFO] [stdout] 25391e61e01d11b3539850ca9c090daca63225ac61b6c08d9a393377cd3d961c
