[INFO] cloning repository https://github.com/zjp-CN/structs_new
[INFO] running `Command { std: "git" "-c" "credential.helper=" "-c" "credential.helper=/workspace/cargo-home/bin/git-credential-null" "clone" "--bare" "https://github.com/zjp-CN/structs_new" "/workspace/cache/git-repos/https%3A%2F%2Fgithub.com%2Fzjp-CN%2Fstructs_new", kill_on_drop: false }`
[INFO] [stderr] Cloning into bare repository '/workspace/cache/git-repos/https%3A%2F%2Fgithub.com%2Fzjp-CN%2Fstructs_new'...
[INFO] running `Command { std: "git" "rev-parse" "HEAD", kill_on_drop: false }`
[INFO] [stdout] f1acb41818843426eecb1c3b04ae81361f4bbe8e
[INFO] testing zjp-CN/structs_new against beta-2023-04-20 for beta-1.70-1
[INFO] running `Command { std: "git" "clone" "/workspace/cache/git-repos/https%3A%2F%2Fgithub.com%2Fzjp-CN%2Fstructs_new" "/workspace/builds/worker-0-tc2/source", kill_on_drop: false }`
[INFO] [stderr] Cloning into '/workspace/builds/worker-0-tc2/source'...
[INFO] [stderr] done.
[INFO] validating manifest of git repo https://github.com/zjp-CN/structs_new on toolchain beta-2023-04-20
[INFO] running `Command { std: CARGO_HOME="/workspace/cargo-home" RUSTUP_HOME="/workspace/rustup-home" "/workspace/cargo-home/bin/cargo" "+beta-2023-04-20" "metadata" "--manifest-path" "Cargo.toml" "--no-deps", kill_on_drop: false }`
[INFO] started tweaking git repo https://github.com/zjp-CN/structs_new
[INFO] finished tweaking git repo https://github.com/zjp-CN/structs_new
[INFO] tweaked toml for git repo https://github.com/zjp-CN/structs_new written to /workspace/builds/worker-0-tc2/source/Cargo.toml
[INFO] crate git repo https://github.com/zjp-CN/structs_new already has a lockfile, it will not be regenerated
[INFO] running `Command { std: CARGO_HOME="/workspace/cargo-home" RUSTUP_HOME="/workspace/rustup-home" "/workspace/cargo-home/bin/cargo" "+beta-2023-04-20" "fetch" "--manifest-path" "Cargo.toml", kill_on_drop: false }`
[INFO] [stderr]  Downloading crates ...
[INFO] [stderr]   Downloaded trybuild v1.0.53
[INFO] running `Command { std: "docker" "create" "-v" "/var/lib/crater-agent-workspace/builds/worker-0-tc2/target:/opt/rustwide/target:rw,Z" "-v" "/var/lib/crater-agent-workspace/builds/worker-0-tc2/source:/opt/rustwide/workdir:ro,Z" "-v" "/var/lib/crater-agent-workspace/cargo-home:/opt/rustwide/cargo-home:ro,Z" "-v" "/var/lib/crater-agent-workspace/rustup-home:/opt/rustwide/rustup-home:ro,Z" "-e" "SOURCE_DIR=/opt/rustwide/workdir" "-e" "CARGO_TARGET_DIR=/opt/rustwide/target" "-e" "CARGO_HOME=/opt/rustwide/cargo-home" "-e" "RUSTUP_HOME=/opt/rustwide/rustup-home" "-w" "/opt/rustwide/workdir" "-m" "1610612736" "--user" "0:0" "--network" "none" "ghcr.io/rust-lang/crates-build-env/linux@sha256:5ff2268d62e97bff2cde7d5815dd6ed5b47097566f13b8d0ca110b04b60e07ed" "/opt/rustwide/cargo-home/bin/cargo" "+beta-2023-04-20" "metadata" "--no-deps" "--format-version=1", kill_on_drop: false }`
[INFO] [stdout] e1bacba67c127ea5c2137c3eae2649f0cb52382790949b3ac076b53baabc6b6b
[INFO] running `Command { std: "docker" "start" "-a" "e1bacba67c127ea5c2137c3eae2649f0cb52382790949b3ac076b53baabc6b6b", kill_on_drop: false }`
[INFO] running `Command { std: "docker" "inspect" "e1bacba67c127ea5c2137c3eae2649f0cb52382790949b3ac076b53baabc6b6b", kill_on_drop: false }`
[INFO] running `Command { std: "docker" "rm" "-f" "e1bacba67c127ea5c2137c3eae2649f0cb52382790949b3ac076b53baabc6b6b", kill_on_drop: false }`
[INFO] [stdout] e1bacba67c127ea5c2137c3eae2649f0cb52382790949b3ac076b53baabc6b6b
[INFO] running `Command { std: "docker" "create" "-v" "/var/lib/crater-agent-workspace/builds/worker-0-tc2/target:/opt/rustwide/target:rw,Z" "-v" "/var/lib/crater-agent-workspace/builds/worker-0-tc2/source:/opt/rustwide/workdir:ro,Z" "-v" "/var/lib/crater-agent-workspace/cargo-home:/opt/rustwide/cargo-home:ro,Z" "-v" "/var/lib/crater-agent-workspace/rustup-home:/opt/rustwide/rustup-home:ro,Z" "-e" "SOURCE_DIR=/opt/rustwide/workdir" "-e" "CARGO_TARGET_DIR=/opt/rustwide/target" "-e" "CARGO_INCREMENTAL=0" "-e" "RUST_BACKTRACE=full" "-e" "RUSTFLAGS=--cap-lints=warn" "-e" "RUSTDOCFLAGS=--cap-lints=warn" "-e" "CARGO_HOME=/opt/rustwide/cargo-home" "-e" "RUSTUP_HOME=/opt/rustwide/rustup-home" "-w" "/opt/rustwide/workdir" "-m" "1610612736" "--user" "0:0" "--network" "none" "ghcr.io/rust-lang/crates-build-env/linux@sha256:5ff2268d62e97bff2cde7d5815dd6ed5b47097566f13b8d0ca110b04b60e07ed" "/opt/rustwide/cargo-home/bin/cargo" "+beta-2023-04-20" "build" "--frozen" "--message-format=json", kill_on_drop: false }`
[INFO] [stdout] e8992b73203b307165019d19778e58b168fe8265ad117ee821573ea4f4af5fb4
[INFO] running `Command { std: "docker" "start" "-a" "e8992b73203b307165019d19778e58b168fe8265ad117ee821573ea4f4af5fb4", kill_on_drop: false }`
[INFO] [stderr]    Compiling proc-macro2 v1.0.34
[INFO] [stderr]    Compiling unicode-xid v0.2.2
[INFO] [stderr]    Compiling syn v1.0.83
[INFO] [stderr]    Compiling quote v1.0.10
[INFO] [stderr]    Compiling proc v0.0.1 (/opt/rustwide/workdir)
[INFO] [stderr]     Finished dev [unoptimized + debuginfo] target(s) in 6.85s
[INFO] running `Command { std: "docker" "inspect" "e8992b73203b307165019d19778e58b168fe8265ad117ee821573ea4f4af5fb4", kill_on_drop: false }`
[INFO] running `Command { std: "docker" "rm" "-f" "e8992b73203b307165019d19778e58b168fe8265ad117ee821573ea4f4af5fb4", kill_on_drop: false }`
[INFO] [stdout] e8992b73203b307165019d19778e58b168fe8265ad117ee821573ea4f4af5fb4
[INFO] running `Command { std: "docker" "create" "-v" "/var/lib/crater-agent-workspace/builds/worker-0-tc2/target:/opt/rustwide/target:rw,Z" "-v" "/var/lib/crater-agent-workspace/builds/worker-0-tc2/source:/opt/rustwide/workdir:ro,Z" "-v" "/var/lib/crater-agent-workspace/cargo-home:/opt/rustwide/cargo-home:ro,Z" "-v" "/var/lib/crater-agent-workspace/rustup-home:/opt/rustwide/rustup-home:ro,Z" "-e" "SOURCE_DIR=/opt/rustwide/workdir" "-e" "CARGO_TARGET_DIR=/opt/rustwide/target" "-e" "CARGO_INCREMENTAL=0" "-e" "RUST_BACKTRACE=full" "-e" "RUSTFLAGS=--cap-lints=warn" "-e" "RUSTDOCFLAGS=--cap-lints=warn" "-e" "CARGO_HOME=/opt/rustwide/cargo-home" "-e" "RUSTUP_HOME=/opt/rustwide/rustup-home" "-w" "/opt/rustwide/workdir" "-m" "1610612736" "--user" "0:0" "--network" "none" "ghcr.io/rust-lang/crates-build-env/linux@sha256:5ff2268d62e97bff2cde7d5815dd6ed5b47097566f13b8d0ca110b04b60e07ed" "/opt/rustwide/cargo-home/bin/cargo" "+beta-2023-04-20" "test" "--frozen" "--no-run" "--message-format=json", kill_on_drop: false }`
[INFO] [stdout] 58cb18dace623732d4e2ff1fbf6861afab752e3dd1dcaa6cffc073541000bc8c
[INFO] running `Command { std: "docker" "start" "-a" "58cb18dace623732d4e2ff1fbf6861afab752e3dd1dcaa6cffc073541000bc8c", kill_on_drop: false }`
[INFO] [stderr]     Blocking waiting for file lock on package cache
[INFO] [stderr]    Compiling proc-macro2 v1.0.34
[INFO] [stderr]    Compiling serde_derive v1.0.132
[INFO] [stderr]    Compiling serde v1.0.132
[INFO] [stderr]    Compiling serde_json v1.0.73
[INFO] [stderr]    Compiling itoa v1.0.1
[INFO] [stderr]    Compiling trybuild v1.0.53
[INFO] [stderr]    Compiling ryu v1.0.9
[INFO] [stderr]    Compiling termcolor v1.1.2
[INFO] [stderr]    Compiling glob v0.3.0
[INFO] [stderr]    Compiling lazy_static v1.4.0
[INFO] [stderr]    Compiling quote v1.0.10
[INFO] [stderr]    Compiling syn v1.0.83
[INFO] [stderr]    Compiling proc v0.0.1 (/opt/rustwide/workdir)
[INFO] [stderr]    Compiling toml v0.5.8
[INFO] [stderr]     Finished test [unoptimized + debuginfo] target(s) in 13.90s
[INFO] running `Command { std: "docker" "inspect" "58cb18dace623732d4e2ff1fbf6861afab752e3dd1dcaa6cffc073541000bc8c", kill_on_drop: false }`
[INFO] running `Command { std: "docker" "rm" "-f" "58cb18dace623732d4e2ff1fbf6861afab752e3dd1dcaa6cffc073541000bc8c", kill_on_drop: false }`
[INFO] [stdout] 58cb18dace623732d4e2ff1fbf6861afab752e3dd1dcaa6cffc073541000bc8c
[INFO] running `Command { std: "docker" "create" "-v" "/var/lib/crater-agent-workspace/builds/worker-0-tc2/target:/opt/rustwide/target:rw,Z" "-v" "/var/lib/crater-agent-workspace/builds/worker-0-tc2/source:/opt/rustwide/workdir:ro,Z" "-v" "/var/lib/crater-agent-workspace/cargo-home:/opt/rustwide/cargo-home:ro,Z" "-v" "/var/lib/crater-agent-workspace/rustup-home:/opt/rustwide/rustup-home:ro,Z" "-e" "SOURCE_DIR=/opt/rustwide/workdir" "-e" "CARGO_TARGET_DIR=/opt/rustwide/target" "-e" "CARGO_INCREMENTAL=0" "-e" "RUST_BACKTRACE=full" "-e" "RUSTFLAGS=--cap-lints=warn" "-e" "RUSTDOCFLAGS=--cap-lints=warn" "-e" "CARGO_HOME=/opt/rustwide/cargo-home" "-e" "RUSTUP_HOME=/opt/rustwide/rustup-home" "-w" "/opt/rustwide/workdir" "-m" "1610612736" "--user" "0:0" "--network" "none" "ghcr.io/rust-lang/crates-build-env/linux@sha256:5ff2268d62e97bff2cde7d5815dd6ed5b47097566f13b8d0ca110b04b60e07ed" "/opt/rustwide/cargo-home/bin/cargo" "+beta-2023-04-20" "test" "--frozen", kill_on_drop: false }`
[INFO] [stdout] ee7e623969725299959eccd9f059cdfc29d8336a62c265b62cc3c2625191179d
[INFO] running `Command { std: "docker" "start" "-a" "ee7e623969725299959eccd9f059cdfc29d8336a62c265b62cc3c2625191179d", kill_on_drop: false }`
[INFO] [stderr]     Finished test [unoptimized + debuginfo] target(s) in 0.01s
[INFO] [stderr]      Running unittests src/lib.rs (/opt/rustwide/target/debug/deps/proc-473cd3520c0fc8dc)
[INFO] [stdout] 
[INFO] [stdout] running 0 tests
[INFO] [stdout] 
[INFO] [stdout] test result: ok. 0 passed; 0 failed; 0 ignored; 0 measured; 0 filtered out; finished in 0.00s
[INFO] [stdout] 
[INFO] [stderr]      Running unittests tests/ui/struct_new1.rs (/opt/rustwide/target/debug/deps/struct_new1-7a0d7e46d09d3c81)
[INFO] [stdout] 
[INFO] [stdout] running 0 tests
[INFO] [stdout] 
[INFO] [stdout] test result: ok. 0 passed; 0 failed; 0 ignored; 0 measured; 0 filtered out; finished in 0.00s
[INFO] [stdout] 
[INFO] [stderr]      Running unittests tests/ui/struct_new2.rs (/opt/rustwide/target/debug/deps/struct_new2-8bed44e66fc29e2e)
[INFO] [stdout] 
[INFO] [stdout] running 0 tests
[INFO] [stdout] 
[INFO] [stdout] test result: ok. 0 passed; 0 failed; 0 ignored; 0 measured; 0 filtered out; finished in 0.00s
[INFO] [stdout] 
[INFO] [stderr]      Running unittests tests/ui/struct_new2-multi.rs (/opt/rustwide/target/debug/deps/struct_new2_multi-b0d10d360c0066c2)
[INFO] [stdout] 
[INFO] [stdout] running 0 tests
[INFO] [stdout] 
[INFO] [stdout] test result: ok. 0 passed; 0 failed; 0 ignored; 0 measured; 0 filtered out; finished in 0.00s
[INFO] [stdout] 
[INFO] [stderr]      Running tests/test.rs (/opt/rustwide/target/debug/deps/test-77ff0aa6008069c6)
[INFO] [stdout] 
[INFO] [stdout] running 1 test
[INFO] [stderr]    Compiling proc-macro2 v1.0.34
[INFO] [stderr]    Compiling syn v1.0.83
[INFO] [stderr]    Compiling unicode-xid v0.2.2
[INFO] [stderr]    Compiling quote v1.0.10
[INFO] [stderr]    Compiling proc v0.0.1 (/opt/rustwide/workdir)
[INFO] [stderr]    Compiling proc-tests v0.0.0 (/opt/rustwide/target/tests/proc)
[INFO] [stderr]     Finished dev [unoptimized + debuginfo] target(s) in 6.00s
[INFO] [stderr] 
[INFO] [stderr] 
[INFO] [stderr] test tests/ui/struct_new1.rs ... ok
[INFO] [stderr] 
[INFO] [stderr] STDERR:
[INFO] [stderr] ┈┈┈┈┈┈┈┈┈┈┈┈┈┈┈┈┈┈┈┈┈┈┈┈┈┈┈┈┈┈┈┈┈┈┈┈┈┈┈┈┈┈┈┈┈┈┈┈┈┈┈┈┈┈┈┈┈┈┈┈
[INFO] [stderr] [/opt/rustwide/workdir/tests/ui/struct_new1.rs:14] A::new(0, "".into()) = A {
[INFO] [stderr]     foo: 0,
[INFO] [stderr]     bar: "",
[INFO] [stderr]     abc: 255,
[INFO] [stderr] }
[INFO] [stderr] [/opt/rustwide/workdir/tests/ui/struct_new1.rs:25] B::new(1, 2) = B {
[INFO] [stderr]     foo: 1,
[INFO] [stderr]     bar: 2,
[INFO] [stderr]     abc: 255,
[INFO] [stderr] }
[INFO] [stderr] [/opt/rustwide/workdir/tests/ui/struct_new1.rs:35] C::new("") = C {
[INFO] [stderr]     foo: "",
[INFO] [stderr]     abc: 255,
[INFO] [stderr] }
[INFO] [stderr] [/opt/rustwide/workdir/tests/ui/struct_new1.rs:46] D::new("", 1) = D {
[INFO] [stderr]     foo: "",
[INFO] [stderr]     bar: 1,
[INFO] [stderr]     abc: 255,
[INFO] [stderr] }
[INFO] [stderr] [/opt/rustwide/workdir/tests/ui/struct_new1.rs:57] E::new(1, 2) = E {
[INFO] [stderr]     foo: 1,
[INFO] [stderr]     bar: 2,
[INFO] [stderr]     abc: 255,
[INFO] [stderr] }
[INFO] [stderr] [/opt/rustwide/workdir/tests/ui/struct_new1.rs:67] F::new(vec![1].into_iter()) = F {
[INFO] [stderr]     bar: IntoIter(
[INFO] [stderr]         [
[INFO] [stderr]             1,
[INFO] [stderr]         ],
[INFO] [stderr]     ),
[INFO] [stderr]     abc: 255,
[INFO] [stderr] }
[INFO] [stderr] [/opt/rustwide/workdir/tests/ui/struct_new1.rs:78] G::new("", "") = G {
[INFO] [stderr]     foo: "",
[INFO] [stderr]     bar: "",
[INFO] [stderr]     abc: "",
[INFO] [stderr] }
[INFO] [stderr] ┈┈┈┈┈┈┈┈┈┈┈┈┈┈┈┈┈┈┈┈┈┈┈┈┈┈┈┈┈┈┈┈┈┈┈┈┈┈┈┈┈┈┈┈┈┈┈┈┈┈┈┈┈┈┈┈┈┈┈┈
[INFO] [stderr] 
[INFO] [stderr] test tests/ui/struct_new2.rs ... ok
[INFO] [stderr] 
[INFO] [stderr] STDERR:
[INFO] [stderr] ┈┈┈┈┈┈┈┈┈┈┈┈┈┈┈┈┈┈┈┈┈┈┈┈┈┈┈┈┈┈┈┈┈┈┈┈┈┈┈┈┈┈┈┈┈┈┈┈┈┈┈┈┈┈┈┈┈┈┈┈
[INFO] [stderr] [/opt/rustwide/workdir/tests/ui/struct_new2.rs:13] A::new(0, "".into()) = A {
[INFO] [stderr]     foo: 0,
[INFO] [stderr]     bar: "",
[INFO] [stderr]     abc: 255,
[INFO] [stderr] }
[INFO] [stderr] [/opt/rustwide/workdir/tests/ui/struct_new2.rs:24] B::new(1, 2) = B {
[INFO] [stderr]     foo: 1,
[INFO] [stderr]     bar: 2,
[INFO] [stderr]     abc: 255,
[INFO] [stderr] }
[INFO] [stderr] [/opt/rustwide/workdir/tests/ui/struct_new2.rs:34] C::new("") = C {
[INFO] [stderr]     foo: "",
[INFO] [stderr]     abc: 255,
[INFO] [stderr] }
[INFO] [stderr] [/opt/rustwide/workdir/tests/ui/struct_new2.rs:45] D::new("", 1) = D {
[INFO] [stderr]     foo: "",
[INFO] [stderr]     bar: 1,
[INFO] [stderr]     abc: 255,
[INFO] [stderr] }
[INFO] [stderr] [/opt/rustwide/workdir/tests/ui/struct_new2.rs:56] E::new(1, 2) = E {
[INFO] [stderr]     foo: 1,
[INFO] [stderr]     bar: 2,
[INFO] [stderr]     abc: 255,
[INFO] [stderr] }
[INFO] [stderr] [/opt/rustwide/workdir/tests/ui/struct_new2.rs:66] F::new(vec![1].into_iter()) = F {
[INFO] [stderr]     bar: IntoIter(
[INFO] [stderr]         [
[INFO] [stderr]             1,
[INFO] [stderr]         ],
[INFO] [stderr]     ),
[INFO] [stderr]     abc: 255,
[INFO] [stderr] }
[INFO] [stderr] [/opt/rustwide/workdir/tests/ui/struct_new2.rs:77] G::new("", "") = G {
[INFO] [stderr]     foo: "",
[INFO] [stderr]     bar: "",
[INFO] [stderr]     abc: "",
[INFO] [stderr] }
[INFO] [stderr] ┈┈┈┈┈┈┈┈┈┈┈┈┈┈┈┈┈┈┈┈┈┈┈┈┈┈┈┈┈┈┈┈┈┈┈┈┈┈┈┈┈┈┈┈┈┈┈┈┈┈┈┈┈┈┈┈┈┈┈┈
[INFO] [stderr] 
[INFO] [stderr] test tests/ui/struct_new2-multi.rs ... ok
[INFO] [stdout] test test ... ok
[INFO] [stderr] 
[INFO] [stdout] 
[INFO] [stderr] STDERR:
[INFO] [stdout] test result: ok. 1 passed; 0 failed; 0 ignored; 0 measured; 0 filtered out; finished in 6.90s
[INFO] [stderr] ┈┈┈┈┈┈┈┈┈┈┈┈┈┈┈┈┈┈┈┈┈┈┈┈┈┈┈┈┈┈┈┈┈┈┈┈┈┈┈┈┈┈┈┈┈┈┈┈┈┈┈┈┈┈┈┈┈┈┈┈
[INFO] [stdout] 
[INFO] [stderr] [/opt/rustwide/workdir/tests/ui/struct_new2-multi.rs:51] A::new(0, "".into()) = A {
[INFO] [stderr]     foo: 0,
[INFO] [stderr]     bar: "",
[INFO] [stderr]     abc: 255,
[INFO] [stderr] }
[INFO] [stderr] [/opt/rustwide/workdir/tests/ui/struct_new2-multi.rs:51] B::new(1, 2) = B {
[INFO] [stderr]     foo: 1,
[INFO] [stderr]     bar: 2,
[INFO] [stderr]     abc: 255,
[INFO] [stderr] }
[INFO] [stderr] [/opt/rustwide/workdir/tests/ui/struct_new2-multi.rs:51] C::new("") = C {
[INFO] [stderr]     foo: "",
[INFO] [stderr]     abc: 255,
[INFO] [stderr] }
[INFO] [stderr] [/opt/rustwide/workdir/tests/ui/struct_new2-multi.rs:51] D::new("", 1) = D {
[INFO] [stderr]     foo: "",
[INFO] [stderr]     bar: 1,
[INFO] [stderr]     abc: 255,
[INFO] [stderr] }
[INFO] [stderr] [/opt/rustwide/workdir/tests/ui/struct_new2-multi.rs:51] E::new(1, 2) = E {
[INFO] [stderr]     foo: 1,
[INFO] [stderr]     bar: 2,
[INFO] [stderr]     abc: 255,
[INFO] [stderr] }
[INFO] [stderr] [/opt/rustwide/workdir/tests/ui/struct_new2-multi.rs:51] F::new(vec![1].into_iter()) = F {
[INFO] [stderr]     bar: IntoIter(
[INFO] [stderr]         [
[INFO] [stderr]             1,
[INFO] [stderr]         ],
[INFO] [stderr]     ),
[INFO] [stderr]     abc: 255,
[INFO] [stderr] }
[INFO] [stderr] [/opt/rustwide/workdir/tests/ui/struct_new2-multi.rs:51] G::new("", "") = G {
[INFO] [stderr]     foo: "",
[INFO] [stderr]     bar: "",
[INFO] [stderr]     abc: "",
[INFO] [stderr] }
[INFO] [stderr] [/opt/rustwide/workdir/tests/ui/struct_new2-multi.rs:60] (h.fun)(h.val) = 1
[INFO] [stderr] ┈┈┈┈┈┈┈┈┈┈┈┈┈┈┈┈┈┈┈┈┈┈┈┈┈┈┈┈┈┈┈┈┈┈┈┈┈┈┈┈┈┈┈┈┈┈┈┈┈┈┈┈┈┈┈┈┈┈┈┈
[INFO] [stderr] 
[INFO] [stderr] 
[INFO] [stderr] 
[INFO] [stderr]    Doc-tests proc
[INFO] [stdout] 
[INFO] [stdout] running 1 test
[INFO] [stdout] test src/structs.rs - structs::ident_into_path (line 146) ... FAILED
[INFO] [stdout] 
[INFO] [stdout] failures:
[INFO] [stdout] 
[INFO] [stdout] ---- src/structs.rs - structs::ident_into_path (line 146) stdout ----
[INFO] [stdout] error[E0412]: cannot find type `Ident` in this scope
[INFO] [stdout]  --> src/structs.rs:147:27
[INFO] [stdout]   |
[INFO] [stdout] 3 | fn ident_into_path(ident: Ident) -> Path {
[INFO] [stdout]   |                           ^^^^^ not found in this scope
[INFO] [stdout]   |
[INFO] [stdout] help: consider importing one of these items
[INFO] [stdout]   |
[INFO] [stdout] 2 + use proc_macro::Ident;
[INFO] [stdout]   |
[INFO] [stdout] 2 + use proc_macro::bridge::Ident;
[INFO] [stdout]   |
[INFO] [stdout] 2 + use quote::__private::Ident;
[INFO] [stdout]   |
[INFO] [stdout] 2 + use syn::Ident;
[INFO] [stdout]   |
[INFO] [stdout] 
[INFO] [stdout] error[E0412]: cannot find type `Path` in this scope
[INFO] [stdout]  --> src/structs.rs:147:37
[INFO] [stdout]   |
[INFO] [stdout] 3 | fn ident_into_path(ident: Ident) -> Path {
[INFO] [stdout]   |                                     ^^^^ not found in this scope
[INFO] [stdout]   |
[INFO] [stdout] help: consider importing one of these items
[INFO] [stdout]   |
[INFO] [stdout] 2 + use std::path::Path;
[INFO] [stdout]   |
[INFO] [stdout] 2 + use syn::Path;
[INFO] [stdout]   |
[INFO] [stdout] 
[INFO] [stdout] error[E0433]: failed to resolve: use of undeclared type `Punctuated`
[INFO] [stdout]  --> src/structs.rs:148:24
[INFO] [stdout]   |
[INFO] [stdout] 4 |     let mut segments = Punctuated::new();
[INFO] [stdout]   |                        ^^^^^^^^^^ use of undeclared type `Punctuated`
[INFO] [stdout]   |
[INFO] [stdout] help: consider importing this struct
[INFO] [stdout]   |
[INFO] [stdout] 2 + use syn::punctuated::Punctuated;
[INFO] [stdout]   |
[INFO] [stdout] 
[INFO] [stdout] error[E0422]: cannot find struct, variant or union type `PathSegment` in this scope
[INFO] [stdout]  --> src/structs.rs:149:19
[INFO] [stdout]   |
[INFO] [stdout] 5 |     segments.push(PathSegment { ident,
[INFO] [stdout]   |                   ^^^^^^^^^^^ not found in this scope
[INFO] [stdout]   |
[INFO] [stdout] help: consider importing this struct
[INFO] [stdout]   |
[INFO] [stdout] 2 + use syn::PathSegment;
[INFO] [stdout]   |
[INFO] [stdout] 
[INFO] [stdout] error[E0422]: cannot find struct, variant or union type `Path` in this scope
[INFO] [stdout]  --> src/structs.rs:151:5
[INFO] [stdout]   |
[INFO] [stdout] 7 |     Path { leading_colon: None,
[INFO] [stdout]   |     ^^^^ not found in this scope
[INFO] [stdout]   |
[INFO] [stdout] help: consider importing one of these items
[INFO] [stdout]   |
[INFO] [stdout] 2 + use std::path::Path;
[INFO] [stdout]   |
[INFO] [stdout] 2 + use syn::Expr::Path;
[INFO] [stdout]   |
[INFO] [stdout] 2 + use syn::Meta::Path;
[INFO] [stdout]   |
[INFO] [stdout] 2 + use syn::Pat::Path;
[INFO] [stdout]   |
[INFO] [stdout]     and 3 other candidates
[INFO] [stdout] 
[INFO] [stdout] error: aborting due to 5 previous errors
[INFO] [stdout] 
[INFO] [stdout] Some errors have detailed explanations: E0412, E0422, E0433.
[INFO] [stdout] For more information about an error, try `rustc --explain E0412`.
[INFO] [stdout] Couldn't compile the test.
[INFO] [stdout] 
[INFO] [stdout] failures:
[INFO] [stdout]     src/structs.rs - structs::ident_into_path (line 146)
[INFO] [stdout] 
[INFO] [stdout] test result: FAILED. 0 passed; 1 failed; 0 ignored; 0 measured; 0 filtered out; finished in 0.04s
[INFO] [stdout] 
[INFO] [stderr] error: doctest failed, to rerun pass `--doc`
[INFO] running `Command { std: "docker" "inspect" "ee7e623969725299959eccd9f059cdfc29d8336a62c265b62cc3c2625191179d", kill_on_drop: false }`
[INFO] running `Command { std: "docker" "rm" "-f" "ee7e623969725299959eccd9f059cdfc29d8336a62c265b62cc3c2625191179d", kill_on_drop: false }`
[INFO] [stdout] ee7e623969725299959eccd9f059cdfc29d8336a62c265b62cc3c2625191179d
