[INFO] cloning repository https://github.com/zhuangxxx/leetcode-rs
[INFO] running `Command { std: "git" "-c" "credential.helper=" "-c" "credential.helper=/workspace/cargo-home/bin/git-credential-null" "clone" "--bare" "https://github.com/zhuangxxx/leetcode-rs" "/workspace/cache/git-repos/https%3A%2F%2Fgithub.com%2Fzhuangxxx%2Fleetcode-rs", kill_on_drop: false }`
[INFO] [stderr] Cloning into bare repository '/workspace/cache/git-repos/https%3A%2F%2Fgithub.com%2Fzhuangxxx%2Fleetcode-rs'...
[INFO] running `Command { std: "git" "rev-parse" "HEAD", kill_on_drop: false }`
[INFO] [stdout] a4fa6f59374e7e3cddebb1e5cb72e4b5cb9f5de5
[INFO] testing zhuangxxx/leetcode-rs against 1.69.0 for beta-1.70-1
[INFO] running `Command { std: "git" "clone" "/workspace/cache/git-repos/https%3A%2F%2Fgithub.com%2Fzhuangxxx%2Fleetcode-rs" "/workspace/builds/worker-2-tc1/source", kill_on_drop: false }`
[INFO] [stderr] Cloning into '/workspace/builds/worker-2-tc1/source'...
[INFO] [stderr] done.
[INFO] validating manifest of git repo https://github.com/zhuangxxx/leetcode-rs on toolchain 1.69.0
[INFO] running `Command { std: CARGO_HOME="/workspace/cargo-home" RUSTUP_HOME="/workspace/rustup-home" "/workspace/cargo-home/bin/cargo" "+1.69.0" "metadata" "--manifest-path" "Cargo.toml" "--no-deps", kill_on_drop: false }`
[INFO] started tweaking git repo https://github.com/zhuangxxx/leetcode-rs
[INFO] finished tweaking git repo https://github.com/zhuangxxx/leetcode-rs
[INFO] tweaked toml for git repo https://github.com/zhuangxxx/leetcode-rs written to /workspace/builds/worker-2-tc1/source/Cargo.toml
[INFO] crate git repo https://github.com/zhuangxxx/leetcode-rs already has a lockfile, it will not be regenerated
[INFO] running `Command { std: CARGO_HOME="/workspace/cargo-home" RUSTUP_HOME="/workspace/rustup-home" "/workspace/cargo-home/bin/cargo" "+1.69.0" "fetch" "--manifest-path" "Cargo.toml", kill_on_drop: false }`
[INFO] running `Command { std: "docker" "create" "-v" "/var/lib/crater-agent-workspace/builds/worker-2-tc1/target:/opt/rustwide/target:rw,Z" "-v" "/var/lib/crater-agent-workspace/builds/worker-2-tc1/source:/opt/rustwide/workdir:ro,Z" "-v" "/var/lib/crater-agent-workspace/cargo-home:/opt/rustwide/cargo-home:ro,Z" "-v" "/var/lib/crater-agent-workspace/rustup-home:/opt/rustwide/rustup-home:ro,Z" "-e" "SOURCE_DIR=/opt/rustwide/workdir" "-e" "CARGO_TARGET_DIR=/opt/rustwide/target" "-e" "CARGO_HOME=/opt/rustwide/cargo-home" "-e" "RUSTUP_HOME=/opt/rustwide/rustup-home" "-w" "/opt/rustwide/workdir" "-m" "1610612736" "--user" "0:0" "--network" "none" "ghcr.io/rust-lang/crates-build-env/linux@sha256:97d61d7686bf65f8ecb15491ab51835e82dc9176a96a831f143a431b191fc501" "/opt/rustwide/cargo-home/bin/cargo" "+1.69.0" "metadata" "--no-deps" "--format-version=1", kill_on_drop: false }`
[INFO] [stdout] 02a56a8726b696eab6ddeaaaf2ab91860d2060beb7697012149a7e450a850106
[INFO] running `Command { std: "docker" "start" "-a" "02a56a8726b696eab6ddeaaaf2ab91860d2060beb7697012149a7e450a850106", kill_on_drop: false }`
[INFO] running `Command { std: "docker" "inspect" "02a56a8726b696eab6ddeaaaf2ab91860d2060beb7697012149a7e450a850106", kill_on_drop: false }`
[INFO] running `Command { std: "docker" "rm" "-f" "02a56a8726b696eab6ddeaaaf2ab91860d2060beb7697012149a7e450a850106", kill_on_drop: false }`
[INFO] [stdout] 02a56a8726b696eab6ddeaaaf2ab91860d2060beb7697012149a7e450a850106
[INFO] running `Command { std: "docker" "create" "-v" "/var/lib/crater-agent-workspace/builds/worker-2-tc1/target:/opt/rustwide/target:rw,Z" "-v" "/var/lib/crater-agent-workspace/builds/worker-2-tc1/source:/opt/rustwide/workdir:ro,Z" "-v" "/var/lib/crater-agent-workspace/cargo-home:/opt/rustwide/cargo-home:ro,Z" "-v" "/var/lib/crater-agent-workspace/rustup-home:/opt/rustwide/rustup-home:ro,Z" "-e" "SOURCE_DIR=/opt/rustwide/workdir" "-e" "CARGO_TARGET_DIR=/opt/rustwide/target" "-e" "CARGO_INCREMENTAL=0" "-e" "RUST_BACKTRACE=full" "-e" "RUSTFLAGS=--cap-lints=warn" "-e" "RUSTDOCFLAGS=--cap-lints=warn" "-e" "CARGO_HOME=/opt/rustwide/cargo-home" "-e" "RUSTUP_HOME=/opt/rustwide/rustup-home" "-w" "/opt/rustwide/workdir" "-m" "1610612736" "--user" "0:0" "--network" "none" "ghcr.io/rust-lang/crates-build-env/linux@sha256:97d61d7686bf65f8ecb15491ab51835e82dc9176a96a831f143a431b191fc501" "/opt/rustwide/cargo-home/bin/cargo" "+1.69.0" "build" "--frozen" "--message-format=json", kill_on_drop: false }`
[INFO] [stdout] 1c780cb3adfee5e8539d880bd893503e1b37cc3af10135df27bb5da129305f3c
[INFO] running `Command { std: "docker" "start" "-a" "1c780cb3adfee5e8539d880bd893503e1b37cc3af10135df27bb5da129305f3c", kill_on_drop: false }`
[INFO] [stderr]    Compiling leetcode-rs v0.1.0 (/opt/rustwide/workdir)
[INFO] [stderr]     Finished dev [unoptimized + debuginfo] target(s) in 1.04s
[INFO] running `Command { std: "docker" "inspect" "1c780cb3adfee5e8539d880bd893503e1b37cc3af10135df27bb5da129305f3c", kill_on_drop: false }`
[INFO] running `Command { std: "docker" "rm" "-f" "1c780cb3adfee5e8539d880bd893503e1b37cc3af10135df27bb5da129305f3c", kill_on_drop: false }`
[INFO] [stdout] 1c780cb3adfee5e8539d880bd893503e1b37cc3af10135df27bb5da129305f3c
[INFO] running `Command { std: "docker" "create" "-v" "/var/lib/crater-agent-workspace/builds/worker-2-tc1/target:/opt/rustwide/target:rw,Z" "-v" "/var/lib/crater-agent-workspace/builds/worker-2-tc1/source:/opt/rustwide/workdir:ro,Z" "-v" "/var/lib/crater-agent-workspace/cargo-home:/opt/rustwide/cargo-home:ro,Z" "-v" "/var/lib/crater-agent-workspace/rustup-home:/opt/rustwide/rustup-home:ro,Z" "-e" "SOURCE_DIR=/opt/rustwide/workdir" "-e" "CARGO_TARGET_DIR=/opt/rustwide/target" "-e" "CARGO_INCREMENTAL=0" "-e" "RUST_BACKTRACE=full" "-e" "RUSTFLAGS=--cap-lints=warn" "-e" "RUSTDOCFLAGS=--cap-lints=warn" "-e" "CARGO_HOME=/opt/rustwide/cargo-home" "-e" "RUSTUP_HOME=/opt/rustwide/rustup-home" "-w" "/opt/rustwide/workdir" "-m" "1610612736" "--user" "0:0" "--network" "none" "ghcr.io/rust-lang/crates-build-env/linux@sha256:97d61d7686bf65f8ecb15491ab51835e82dc9176a96a831f143a431b191fc501" "/opt/rustwide/cargo-home/bin/cargo" "+1.69.0" "test" "--frozen" "--no-run" "--message-format=json", kill_on_drop: false }`
[INFO] [stdout] 61929ff83c92c4517e89fb9adbd22b3349a4789378e3e4d310eb9c38e631963e
[INFO] running `Command { std: "docker" "start" "-a" "61929ff83c92c4517e89fb9adbd22b3349a4789378e3e4d310eb9c38e631963e", kill_on_drop: false }`
[INFO] [stderr]    Compiling leetcode-rs v0.1.0 (/opt/rustwide/workdir)
[INFO] [stderr]     Finished test [unoptimized + debuginfo] target(s) in 3.92s
[INFO] running `Command { std: "docker" "inspect" "61929ff83c92c4517e89fb9adbd22b3349a4789378e3e4d310eb9c38e631963e", kill_on_drop: false }`
[INFO] running `Command { std: "docker" "rm" "-f" "61929ff83c92c4517e89fb9adbd22b3349a4789378e3e4d310eb9c38e631963e", kill_on_drop: false }`
[INFO] [stdout] 61929ff83c92c4517e89fb9adbd22b3349a4789378e3e4d310eb9c38e631963e
[INFO] running `Command { std: "docker" "create" "-v" "/var/lib/crater-agent-workspace/builds/worker-2-tc1/target:/opt/rustwide/target:rw,Z" "-v" "/var/lib/crater-agent-workspace/builds/worker-2-tc1/source:/opt/rustwide/workdir:ro,Z" "-v" "/var/lib/crater-agent-workspace/cargo-home:/opt/rustwide/cargo-home:ro,Z" "-v" "/var/lib/crater-agent-workspace/rustup-home:/opt/rustwide/rustup-home:ro,Z" "-e" "SOURCE_DIR=/opt/rustwide/workdir" "-e" "CARGO_TARGET_DIR=/opt/rustwide/target" "-e" "CARGO_INCREMENTAL=0" "-e" "RUST_BACKTRACE=full" "-e" "RUSTFLAGS=--cap-lints=warn" "-e" "RUSTDOCFLAGS=--cap-lints=warn" "-e" "CARGO_HOME=/opt/rustwide/cargo-home" "-e" "RUSTUP_HOME=/opt/rustwide/rustup-home" "-w" "/opt/rustwide/workdir" "-m" "1610612736" "--user" "0:0" "--network" "none" "ghcr.io/rust-lang/crates-build-env/linux@sha256:97d61d7686bf65f8ecb15491ab51835e82dc9176a96a831f143a431b191fc501" "/opt/rustwide/cargo-home/bin/cargo" "+1.69.0" "test" "--frozen", kill_on_drop: false }`
[INFO] [stdout] 9098aaeabea1f240d40ffcb7de47139d1d422e57c840e5f823505eb1122acad6
[INFO] running `Command { std: "docker" "start" "-a" "9098aaeabea1f240d40ffcb7de47139d1d422e57c840e5f823505eb1122acad6", kill_on_drop: false }`
[INFO] [stderr]     Finished test [unoptimized + debuginfo] target(s) in 0.00s
[INFO] [stderr]      Running unittests src/main.rs (/opt/rustwide/target/debug/deps/leetcode_rs-be50ad03fddbe359)
[INFO] [stdout] 
[INFO] [stdout] running 788 tests
[INFO] [stdout] test solution::easy::p100_same_tree::tests::fail1 ... ok
[INFO] [stdout] test solution::easy::p100_same_tree::tests::test2 ... ok
[INFO] [stdout] test solution::easy::p100_same_tree::tests::test3 ... ok
[INFO] [stdout] test solution::easy::p101_symmetric_tree::tests::test1 ... ok
[INFO] [stdout] test solution::easy::p100_same_tree::tests::test1 ... ok
[INFO] [stdout] test solution::easy::p101_symmetric_tree::tests::test2 ... ok
[INFO] [stdout] test solution::easy::p104_maximum_depth_of_binary_tree::tests::test1 ... ok
[INFO] [stdout] test solution::easy::p108_convert_sorted_array_to_binary_search_tree::tests::test2 ... ok
[INFO] [stdout] test solution::easy::p110_balanced_binary_tree::tests::test1 ... ok
[INFO] [stdout] test solution::easy::p104_maximum_depth_of_binary_tree::tests::fail1 ... ok
[INFO] [stdout] test solution::easy::p108_convert_sorted_array_to_binary_search_tree::tests::test1 ... ok
[INFO] [stdout] test solution::easy::p110_balanced_binary_tree::tests::test2 ... ok
[INFO] [stdout] test solution::easy::p111_minimum_depth_of_binary_tree::tests::test1 ... ok
[INFO] [stdout] test solution::easy::p111_minimum_depth_of_binary_tree::tests::fail1 ... ok
[INFO] [stdout] test solution::easy::p111_minimum_depth_of_binary_tree::tests::test2 ... ok
[INFO] [stdout] test solution::easy::p118_pascals_triangle::tests::test1 ... ok
[INFO] [stdout] test solution::easy::p119_pascals_triangle_ii::tests::test1 ... ok
[INFO] [stdout] test solution::easy::p118_pascals_triangle::tests::test2 ... ok
[INFO] [stdout] test solution::easy::p119_pascals_triangle_ii::tests::test2 ... ok
[INFO] [stdout] test solution::easy::p112_path_sum::tests::test1 ... ok
[INFO] [stdout] test solution::easy::p119_pascals_triangle_ii::tests::test3 ... ok
[INFO] [stdout] test solution::easy::p121_best_time_to_buy_and_sell_stock::tests::test1 ... ok
[INFO] [stdout] test solution::easy::p121_best_time_to_buy_and_sell_stock::tests::trap1 ... ok
[INFO] [stdout] test solution::easy::p121_best_time_to_buy_and_sell_stock::tests::test2 ... ok
[INFO] [stdout] test solution::easy::p125_valid_palindrome::tests::fail2 ... ok
[INFO] [stdout] test solution::easy::p125_valid_palindrome::tests::fail1 ... ok
[INFO] [stdout] test solution::easy::p125_valid_palindrome::tests::fail3 ... ok
[INFO] [stdout] test solution::easy::p125_valid_palindrome::tests::test2 ... ok
[INFO] [stdout] test solution::easy::p125_valid_palindrome::tests::test1 ... ok
[INFO] [stdout] test solution::easy::p136_single_number::tests::test1 ... ok
[INFO] [stdout] test solution::easy::p136_single_number::tests::test2 ... ok
[INFO] [stdout] test solution::easy::p13_roman_to_integer::test::test1 ... ok
[INFO] [stdout] test solution::easy::p13_roman_to_integer::test::test2 ... ok
[INFO] [stdout] test solution::easy::p13_roman_to_integer::test::test4 ... ok
[INFO] [stdout] test solution::easy::p13_roman_to_integer::test::test3 ... ok
[INFO] [stdout] test solution::easy::p144_binary_tree_preorder_traversal::tests::fail1 ... ok
[INFO] [stdout] test solution::easy::p144_binary_tree_preorder_traversal::tests::test2 ... ok
[INFO] [stdout] test solution::easy::p144_binary_tree_preorder_traversal::tests::test3 ... ok
[INFO] [stdout] test solution::easy::p144_binary_tree_preorder_traversal::tests::test4 ... ok
[INFO] [stdout] test solution::easy::p144_binary_tree_preorder_traversal::tests::test5 ... ok
[INFO] [stdout] test solution::easy::p13_roman_to_integer::test::test5 ... ok
[INFO] [stdout] test solution::easy::p145_binary_tree_postorder_traversal::tests::test2 ... ok
[INFO] [stdout] test solution::easy::p14_longest_common_prefix::test::fail1 ... ok
[INFO] [stdout] test solution::easy::p145_binary_tree_postorder_traversal::tests::test1 ... ok
[INFO] [stdout] test solution::easy::p144_binary_tree_preorder_traversal::tests::test1 ... ok
[INFO] [stdout] test solution::easy::p145_binary_tree_postorder_traversal::tests::test3 ... ok
[INFO] [stdout] test solution::easy::p168_excel_sheet_column_title::tests::test2 ... ok
[INFO] [stdout] test solution::easy::p168_excel_sheet_column_title::tests::test1 ... ok
[INFO] [stdout] test solution::easy::p14_longest_common_prefix::test::test2 ... ok
[INFO] [stdout] test solution::easy::p14_longest_common_prefix::test::fail2 ... ok
[INFO] [stdout] test solution::easy::p14_longest_common_prefix::test::test1 ... ok
[INFO] [stdout] test solution::easy::p112_path_sum::tests::test2 ... ok
[INFO] [stdout] test solution::easy::p168_excel_sheet_column_title::tests::test3 ... ok
[INFO] [stdout] test solution::easy::p168_excel_sheet_column_title::tests::test4 ... ok
[INFO] [stdout] test solution::easy::p169_majority_element::tests::fail1 ... ok
[INFO] [stdout] test solution::easy::p169_majority_element::tests::test1 ... ok
[INFO] [stdout] test solution::easy::p169_majority_element::tests::test2 ... ok
[INFO] [stdout] test solution::easy::p169_majority_element::tests::trap1 ... ok
[INFO] [stdout] test solution::easy::p171_excel_sheet_column_number::tests::test1 ... ok
[INFO] [stdout] test solution::easy::p171_excel_sheet_column_number::tests::test3 ... ok
[INFO] [stdout] test solution::easy::p171_excel_sheet_column_number::tests::test2 ... ok
[INFO] [stdout] test solution::easy::p171_excel_sheet_column_number::tests::trap1 ... ok
[INFO] [stdout] test solution::easy::p190_reverse_bits::tests::test1 ... ok
[INFO] [stdout] test solution::easy::p190_reverse_bits::tests::test2 ... ok
[INFO] [stdout] test solution::easy::p191_number_of_1_bits::tests::test1 ... ok
[INFO] [stdout] test solution::easy::p191_number_of_1_bits::tests::test2 ... ok
[INFO] [stdout] test solution::easy::p1_two_sum::test::test2 ... ok
[INFO] [stdout] test solution::easy::p191_number_of_1_bits::tests::test3 ... ok
[INFO] [stdout] test solution::easy::p1_two_sum::test::test3 ... ok
[INFO] [stdout] test solution::easy::p202_happy_number::tests::test2 ... ok
[INFO] [stdout] test solution::easy::p1_two_sum::test::test1 ... ok
[INFO] [stdout] test solution::easy::p202_happy_number::tests::test1 ... ok
[INFO] [stdout] test solution::easy::p202_happy_number::tests::trap1 ... ok
[INFO] [stdout] test solution::easy::p203_remove_linked_list_elements::tests::test1 ... ok
[INFO] [stdout] test solution::easy::p203_remove_linked_list_elements::tests::test2 ... ok
[INFO] [stdout] test solution::easy::p205_isomorphic_strings::tests::test1 ... ok
[INFO] [stdout] test solution::easy::p203_remove_linked_list_elements::tests::test3 ... ok
[INFO] [stdout] test solution::easy::p205_isomorphic_strings::tests::test2 ... ok
[INFO] [stdout] test solution::easy::p205_isomorphic_strings::tests::test3 ... ok
[INFO] [stdout] test solution::easy::p20_valid_parentheses::test::test1 ... ok
[INFO] [stdout] test solution::easy::p206_reverse_linked_list::tests::test1 ... ok
[INFO] [stdout] test solution::easy::p20_valid_parentheses::test::test3 ... ok
[INFO] [stdout] test solution::easy::p206_reverse_linked_list::tests::test2 ... ok
[INFO] [stdout] test solution::easy::p20_valid_parentheses::test::test2 ... ok
[INFO] [stdout] test solution::easy::p20_valid_parentheses::test::test4 ... ok
[INFO] [stdout] test solution::easy::p217_contains_duplicate::tests::test2 ... ok
[INFO] [stdout] test solution::easy::p217_contains_duplicate::tests::test1 ... ok
[INFO] [stdout] test solution::easy::p217_contains_duplicate::tests::test3 ... ok
[INFO] [stdout] test solution::easy::p219_contains_duplicate_ii::tests::test1 ... ok
[INFO] [stdout] test solution::easy::p219_contains_duplicate_ii::tests::test3 ... ok
[INFO] [stdout] test solution::easy::p21_merge_two_sorted_lists::test::test2 ... ok
[INFO] [stdout] test solution::easy::p20_valid_parentheses::test::test5 ... ok
[INFO] [stdout] test solution::easy::p21_merge_two_sorted_lists::test::test1 ... ok
[INFO] [stdout] test solution::easy::p219_contains_duplicate_ii::tests::test2 ... ok
[INFO] [stdout] test solution::easy::p225_implement_stack_using_queues::tests::test1 ... ok
[INFO] [stdout] test solution::easy::p21_merge_two_sorted_lists::test::test3 ... ok
[INFO] [stdout] test solution::easy::p226_invert_binary_tree::tests::test1 ... ok
[INFO] [stdout] test solution::easy::p226_invert_binary_tree::tests::test3 ... ok
[INFO] [stdout] test solution::easy::p226_invert_binary_tree::tests::test2 ... ok
[INFO] [stdout] test solution::easy::p206_reverse_linked_list::tests::test3 ... ok
[INFO] [stdout] test solution::easy::p228_summary_ranges::tests::test2 ... ok
[INFO] [stdout] test solution::easy::p228_summary_ranges::tests::test1 ... ok
[INFO] [stdout] test solution::easy::p231_power_of_two::tests::test1 ... ok
[INFO] [stdout] test solution::easy::p231_power_of_two::tests::test2 ... ok
[INFO] [stdout] test solution::easy::p231_power_of_two::tests::test3 ... ok
[INFO] [stdout] test solution::easy::p231_power_of_two::tests::test5 ... ok
[INFO] [stdout] test solution::easy::p232_implement_queue_using_stacks::tests::test1 ... ok
[INFO] [stdout] test solution::easy::p234_palindrome_linked_list::tests::fail1 ... ok
[INFO] [stdout] test solution::easy::p243_valid_anagram::tests::fail1 ... ok
[INFO] [stdout] test solution::easy::p243_valid_anagram::tests::test1 ... ok
[INFO] [stdout] test solution::easy::p231_power_of_two::tests::test4 ... ok
[INFO] [stdout] test solution::easy::p243_valid_anagram::tests::test2 ... ok
[INFO] [stdout] test solution::easy::p234_palindrome_linked_list::tests::test1 ... ok
[INFO] [stdout] test solution::easy::p257_binary_tree_paths::tests::test1 ... ok
[INFO] [stdout] test solution::easy::p263_ugly_number::tests::test2 ... ok
[INFO] [stdout] test solution::easy::p258_add_digits::tests::test1 ... ok
[INFO] [stdout] test solution::easy::p268_missing_number::tests::test1 ... ok
[INFO] [stdout] test solution::easy::p257_binary_tree_paths::tests::test2 ... ok
[INFO] [stdout] test solution::easy::p263_ugly_number::tests::test1 ... ok
[INFO] [stdout] test solution::easy::p258_add_digits::tests::test2 ... ok
[INFO] [stdout] test solution::easy::p268_missing_number::tests::test3 ... ok
[INFO] [stdout] test solution::easy::p26_remove_duplicates_from_sorted_array::test::test2 ... ok
[INFO] [stdout] test solution::easy::p268_missing_number::tests::test4 ... ok
[INFO] [stdout] test solution::easy::p283_move_zeroes::tests::fail1 ... ok
[INFO] [stdout] test solution::easy::p27_remove_element::test::test1 ... ok
[INFO] [stdout] test solution::easy::p26_remove_duplicates_from_sorted_array::test::test1 ... ok
[INFO] [stdout] test solution::easy::p27_remove_element::test::test2 ... ok
[INFO] [stdout] test solution::easy::p283_move_zeroes::tests::test1 ... ok
[INFO] [stdout] test solution::easy::p283_move_zeroes::tests::test2 ... ok
[INFO] [stdout] test solution::easy::p290_word_pattern::tests::test3 ... ok
[INFO] [stdout] test solution::easy::p290_word_pattern::tests::test2 ... ok
[INFO] [stdout] test solution::easy::p290_word_pattern::tests::fail1 ... ok
[INFO] [stdout] test solution::easy::p292_nim_game::tests::test1 ... ok
[INFO] [stdout] test solution::easy::p290_word_pattern::tests::test1 ... ok
[INFO] [stdout] test solution::easy::p292_nim_game::tests::test2 ... ok
[INFO] [stdout] test solution::easy::p292_nim_game::tests::test3 ... ok
[INFO] [stdout] test solution::easy::p303_range_sum_query_immutable::tests::test1 ... ok
[INFO] [stdout] test solution::easy::p326_power_of_three::tests::test1 ... ok
[INFO] [stdout] test solution::easy::p326_power_of_three::tests::test2 ... ok
[INFO] [stdout] test solution::easy::p338_counting_bits::tests::test1 ... ok
[INFO] [stdout] test solution::easy::p338_counting_bits::tests::trap1 ... ok
[INFO] [stdout] test solution::easy::p326_power_of_three::tests::test3 ... ok
[INFO] [stdout] test solution::easy::p326_power_of_three::tests::test4 ... ok
[INFO] [stdout] test solution::easy::p342_power_of_four::tests::test1 ... ok
[INFO] [stdout] test solution::easy::p234_palindrome_linked_list::tests::test2 ... ok
[INFO] [stdout] test solution::easy::p342_power_of_four::tests::test2 ... ok
[INFO] [stdout] test solution::easy::p342_power_of_four::tests::test3 ... ok
[INFO] [stdout] test solution::easy::p345_reverse_vowels_of_a_string::tests::fail1 ... ok
[INFO] [stdout] test solution::easy::p345_reverse_vowels_of_a_string::tests::test1 ... ok
[INFO] [stdout] test solution::easy::p344_reverse_string::tests::test1 ... ok
[INFO] [stdout] test solution::easy::p344_reverse_string::tests::test2 ... ok
[INFO] [stdout] test solution::easy::p263_ugly_number::tests::test3 ... ok
[INFO] [stdout] test solution::easy::p345_reverse_vowels_of_a_string::tests::test2 ... ok
[INFO] [stdout] test solution::easy::p268_missing_number::tests::test2 ... ok
[INFO] [stdout] test solution::easy::p338_counting_bits::tests::test2 ... ok
[INFO] [stdout] test solution::easy::p349_intersection_of_two_arrays::tests::fail1 ... ok
[INFO] [stdout] test solution::easy::p349_intersection_of_two_arrays::tests::test1 ... ok
[INFO] [stdout] test solution::easy::p349_intersection_of_two_arrays::tests::test2 ... ok
[INFO] [stdout] test solution::easy::p350_intersection_of_two_arrays_ii::tests::test1 ... ok
[INFO] [stdout] test solution::easy::p35_search_insert_position::tests::fail2 ... ok
[INFO] [stdout] test solution::easy::p350_intersection_of_two_arrays_ii::tests::test2 ... ok
[INFO] [stdout] test solution::easy::p35_search_insert_position::tests::fail3 ... ok
[INFO] [stdout] test solution::easy::p35_search_insert_position::tests::fail4 ... ok
[INFO] [stdout] test solution::easy::p35_search_insert_position::tests::fail5 ... ok
[INFO] [stdout] test solution::easy::p342_power_of_four::tests::fail1 ... ok
[INFO] [stdout] test solution::easy::p35_search_insert_position::tests::test1 ... ok
[INFO] [stdout] test solution::easy::p367_valid_perfect_square::tests::trap1 ... ok
[INFO] [stdout] test solution::easy::p367_valid_perfect_square::tests::trap2 ... ok
[INFO] [stdout] test solution::easy::p367_valid_perfect_square::tests::test1 ... ok
[INFO] [stdout] test solution::easy::p383_ransom_note::tests::fail1 ... ok
[INFO] [stdout] test solution::easy::p383_ransom_note::tests::test1 ... ok
[INFO] [stdout] test solution::easy::p383_ransom_note::tests::test2 ... ok
[INFO] [stdout] test solution::easy::p383_ransom_note::tests::test3 ... ok
[INFO] [stdout] test solution::easy::p387_first_unique_character_in_a_string::tests::test1 ... ok
[INFO] [stdout] test solution::easy::p387_first_unique_character_in_a_string::tests::test2 ... ok
[INFO] [stdout] test solution::easy::p35_search_insert_position::tests::fail1 ... ok
[INFO] [stdout] test solution::easy::p389_find_the_difference::tests::test2 ... ok
[INFO] [stdout] test solution::easy::p392_is_subsequence::tests::test1 ... ok
[INFO] [stdout] test solution::easy::p392_is_subsequence::tests::test2 ... ok
[INFO] [stdout] test solution::easy::p35_search_insert_position::tests::test3 ... ok
[INFO] [stdout] test solution::easy::p401_binary_watch::tests::test1 ... ok
[INFO] [stdout] test solution::easy::p389_find_the_difference::tests::test1 ... ok
[INFO] [stdout] test solution::easy::p392_is_subsequence::tests::trap1 ... ok
[INFO] [stdout] test solution::easy::p401_binary_watch::tests::test2 ... ok
[INFO] [stdout] test solution::easy::p392_is_subsequence::tests::trap2 ... ok
[INFO] [stdout] test solution::easy::p405_convert_a_number_to_hexadecimal::tests::fail1 ... ok
[INFO] [stdout] test solution::easy::p404_sum_of_left_leaves::tests::test2 ... ok
[INFO] [stdout] test solution::easy::p404_sum_of_left_leaves::tests::test1 ... ok
[INFO] [stdout] test solution::easy::p405_convert_a_number_to_hexadecimal::tests::test1 ... ok
[INFO] [stdout] test solution::easy::p405_convert_a_number_to_hexadecimal::tests::test2 ... ok
[INFO] [stdout] test solution::easy::p409_longest_palindrome::tests::test1 ... ok
[INFO] [stdout] test solution::easy::p409_longest_palindrome::tests::test3 ... ok
[INFO] [stdout] test solution::easy::p409_longest_palindrome::tests::test2 ... ok
[INFO] [stdout] test solution::easy::p412_fizz_buzz::tests::test1 ... ok
[INFO] [stdout] test solution::easy::p412_fizz_buzz::tests::test2 ... ok
[INFO] [stdout] test solution::easy::p412_fizz_buzz::tests::test3 ... ok
[INFO] [stdout] test solution::easy::p414_third_maximum_number::tests::fail1 ... ok
[INFO] [stdout] test solution::easy::p414_third_maximum_number::tests::test1 ... ok
[INFO] [stdout] test solution::easy::p414_third_maximum_number::tests::test2 ... ok
[INFO] [stdout] test solution::easy::p414_third_maximum_number::tests::trap2 ... ok
[INFO] [stdout] test solution::easy::p414_third_maximum_number::tests::trap1 ... ok
[INFO] [stdout] test solution::easy::p414_third_maximum_number::tests::trap3 ... ok
[INFO] [stdout] test solution::easy::p367_valid_perfect_square::tests::test2 ... ok
[INFO] [stdout] test solution::easy::p414_third_maximum_number::tests::test3 ... ok
[INFO] [stdout] test solution::easy::p415_add_strings::tests::test1 ... ok
[INFO] [stdout] test solution::easy::p414_third_maximum_number::tests::trap4 ... ok
[INFO] [stdout] test solution::easy::p415_add_strings::tests::test2 ... ok
[INFO] [stdout] test solution::easy::p415_add_strings::tests::test3 ... ok
[INFO] [stdout] test solution::easy::p415_add_strings::tests::trap1 ... ok
[INFO] [stdout] test solution::easy::p415_add_strings::tests::trap2 ... ok
[INFO] [stdout] test solution::easy::p434_number_of_segments_in_a_string::tests::test1 ... ok
[INFO] [stdout] test solution::easy::p441_arranging_coins::tests::test1 ... ok
[INFO] [stdout] test solution::easy::p441_arranging_coins::tests::test2 ... ok
[INFO] [stdout] test solution::easy::p441_arranging_coins::tests::trap1 ... ok
[INFO] [stdout] test solution::easy::p441_arranging_coins::tests::trap3 ... ok
[INFO] [stdout] test solution::easy::p448_find_all_numbers_disappeared_in_an_array::tests::test1 ... ok
[INFO] [stdout] test solution::easy::p455_assign_cookies::tests::fail1 ... ok
[INFO] [stdout] test solution::easy::p455_assign_cookies::tests::test1 ... ok
[INFO] [stdout] test solution::easy::p441_arranging_coins::tests::trap2 ... ok
[INFO] [stdout] test solution::easy::p455_assign_cookies::tests::test2 ... ok
[INFO] [stdout] test solution::easy::p455_assign_cookies::tests::trap1 ... ok
[INFO] [stdout] test solution::easy::p455_assign_cookies::tests::trap2 ... ok
[INFO] [stdout] test solution::easy::p448_find_all_numbers_disappeared_in_an_array::tests::test2 ... ok
[INFO] [stdout] test solution::easy::p459_repeated_substring_pattern::tests::fail1 ... ok
[INFO] [stdout] test solution::easy::p459_repeated_substring_pattern::tests::test1 ... ok
[INFO] [stdout] test solution::easy::p459_repeated_substring_pattern::tests::test3 ... ok
[INFO] [stdout] test solution::easy::p461_hamming_distance::tests::test1 ... ok
[INFO] [stdout] test solution::easy::p461_hamming_distance::tests::test2 ... ok
[INFO] [stdout] test solution::easy::p459_repeated_substring_pattern::tests::test2 ... ok
[INFO] [stdout] test solution::easy::p463_island_perimeter::tests::test2 ... ok
[INFO] [stdout] test solution::easy::p463_island_perimeter::tests::test3 ... ok
[INFO] [stdout] test solution::easy::p476_number_complement::tests::test1 ... ok
[INFO] [stdout] test solution::easy::p476_number_complement::tests::test2 ... ok
[INFO] [stdout] test solution::easy::p482_license_key_formatting::tests::fail1 ... ok
[INFO] [stdout] test solution::easy::p482_license_key_formatting::tests::test1 ... ok
[INFO] [stdout] test solution::easy::p485_max_consecutive_ones::tests::test1 ... ok
[INFO] [stdout] test solution::easy::p463_island_perimeter::tests::test1 ... ok
[INFO] [stdout] test solution::easy::p485_max_consecutive_ones::tests::test2 ... ok
[INFO] [stdout] test solution::easy::p482_license_key_formatting::tests::test2 ... ok
[INFO] [stdout] test solution::easy::p492_construct_the_rectangle::tests::fail1 ... ok
[INFO] [stdout] test solution::easy::p492_construct_the_rectangle::tests::test2 ... ok
[INFO] [stdout] test solution::easy::p492_construct_the_rectangle::tests::test3 ... ok
[INFO] [stdout] test solution::easy::p495_teemo_attacking::tests::test1 ... ok
[INFO] [stdout] test solution::easy::p492_construct_the_rectangle::tests::trap1 ... ok
[INFO] [stdout] test solution::easy::p495_teemo_attacking::tests::test2 ... ok
[INFO] [stdout] test solution::easy::p496_next_greater_element_i::tests::test1 ... ok
[INFO] [stdout] test solution::easy::p500_keyboard_row::tests::test1 ... ok
[INFO] [stdout] test solution::easy::p500_keyboard_row::tests::test2 ... ok
[INFO] [stdout] test solution::easy::p496_next_greater_element_i::tests::test2 ... ok
[INFO] [stdout] test solution::easy::p500_keyboard_row::tests::test3 ... ok
[INFO] [stdout] test solution::easy::p501_find_mode_in_binary_search_tree::tests::test1 ... ok
[INFO] [stdout] test solution::easy::p501_find_mode_in_binary_search_tree::tests::test2 ... ok
[INFO] [stdout] test solution::easy::p504_base_7::tests::test1 ... ok
[INFO] [stdout] test solution::easy::p507_perfect_number::tests::fail1 ... ok
[INFO] [stdout] test solution::easy::p506_relative_ranks::tests::test2 ... ok
[INFO] [stdout] test solution::easy::p506_relative_ranks::tests::test1 ... ok
[INFO] [stdout] test solution::easy::p504_base_7::tests::test2 ... ok
[INFO] [stdout] test solution::easy::p509_fibonacci_number::tests::test1 ... ok
[INFO] [stdout] test solution::easy::p509_fibonacci_number::tests::fail1 ... ok
[INFO] [stdout] test solution::easy::p509_fibonacci_number::tests::test2 ... ok
[INFO] [stdout] test solution::easy::p507_perfect_number::tests::test2 ... ok
[INFO] [stdout] test solution::easy::p507_perfect_number::tests::test1 ... ok
[INFO] [stdout] test solution::easy::p35_search_insert_position::tests::test2 ... ok
[INFO] [stdout] test solution::easy::p387_first_unique_character_in_a_string::tests::test3 ... ok
[INFO] [stdout] test solution::easy::p509_fibonacci_number::tests::test3 ... ok
[INFO] [stdout] test solution::easy::p389_find_the_difference::tests::fail1 ... ok
[INFO] [stdout] test solution::easy::p521_longest_uncommon_subsequence_i::tests::test1 ... ok
[INFO] [stdout] test solution::easy::p521_longest_uncommon_subsequence_i::tests::test2 ... ok
[INFO] [stdout] test solution::easy::p520_detect_capital::tests::test2 ... ok
[INFO] [stdout] test solution::easy::p521_longest_uncommon_subsequence_i::tests::test3 ... ok
[INFO] [stdout] test solution::easy::p520_detect_capital::tests::test1 ... ok
[INFO] [stdout] test solution::easy::p530_minimum_absolute_difference_in_bst::tests::test1 ... ok
[INFO] [stdout] test solution::easy::p541_reverse_string_ii::tests::test1 ... ok
[INFO] [stdout] test solution::easy::p541_reverse_string_ii::tests::test2 ... ok
[INFO] [stdout] test solution::easy::p541_reverse_string_ii::tests::trap2 ... ok
[INFO] [stdout] test solution::easy::p543_diameter_of_binary_tree::tests::test1 ... ok
[INFO] [stdout] test solution::easy::p530_minimum_absolute_difference_in_bst::tests::test2 ... ok
[INFO] [stdout] test solution::easy::p541_reverse_string_ii::tests::trap1 ... ok
[INFO] [stdout] test solution::easy::p543_diameter_of_binary_tree::tests::trap1 ... ok
[INFO] [stdout] test solution::easy::p551_student_attendance_record_i::tests::test1 ... ok
[INFO] [stdout] test solution::easy::p551_student_attendance_record_i::tests::test2 ... ok
[INFO] [stdout] test solution::easy::p551_student_attendance_record_i::tests::trap1 ... ok
[INFO] [stdout] test solution::easy::p557_reverse_words_in_a_string_iii::tests::test1 ... ok
[INFO] [stdout] test solution::easy::p557_reverse_words_in_a_string_iii::tests::test2 ... ok
[INFO] [stdout] test solution::easy::p561_array_partition::tests::test1 ... ok
[INFO] [stdout] test solution::easy::p561_array_partition::tests::test2 ... ok
[INFO] [stdout] test solution::easy::p563_binary_tree_tilt::tests::test1 ... ok
[INFO] [stdout] test solution::easy::p563_binary_tree_tilt::tests::test2 ... ok
[INFO] [stdout] test solution::easy::p563_binary_tree_tilt::tests::test3 ... ok
[INFO] [stdout] test solution::easy::p566_reshape_the_matrix::tests::test1 ... ok
[INFO] [stdout] test solution::easy::p572_subtree_of_another_tree::tests::fail1 ... ok
[INFO] [stdout] test solution::easy::p572_subtree_of_another_tree::tests::test1 ... ok
[INFO] [stdout] test solution::easy::p572_subtree_of_another_tree::tests::test2 ... ok
[INFO] [stdout] test solution::easy::p575_distribute_candies::tests::test1 ... ok
[INFO] [stdout] test solution::easy::p575_distribute_candies::tests::test2 ... ok
[INFO] [stdout] test solution::easy::p575_distribute_candies::tests::test3 ... ok
[INFO] [stdout] test solution::easy::p58_length_of_last_word::tests::fail1 ... ok
[INFO] [stdout] test solution::easy::p58_length_of_last_word::tests::test2 ... ok
[INFO] [stdout] test solution::easy::p58_length_of_last_word::tests::test3 ... ok
[INFO] [stdout] test solution::easy::p594_longest_harmonious_subsequence::tests::fail1 ... ok
[INFO] [stdout] test solution::easy::p594_longest_harmonious_subsequence::tests::fail2 ... ok
[INFO] [stdout] test solution::easy::p594_longest_harmonious_subsequence::tests::test2 ... ok
[INFO] [stdout] test solution::easy::p58_length_of_last_word::tests::test1 ... ok
[INFO] [stdout] test solution::easy::p594_longest_harmonious_subsequence::tests::test1 ... ok
[INFO] [stdout] test solution::easy::p594_longest_harmonious_subsequence::tests::test3 ... ok
[INFO] [stdout] test solution::easy::p598_range_addition_ii::tests::test1 ... ok
[INFO] [stdout] test solution::easy::p598_range_addition_ii::tests::test2 ... ok
[INFO] [stdout] test solution::easy::p598_range_addition_ii::tests::test3 ... ok
[INFO] [stdout] test solution::easy::p599_minimum_index_sum_of_two_lists::tests::test1 ... ok
[INFO] [stdout] test solution::easy::p599_minimum_index_sum_of_two_lists::tests::test2 ... ok
[INFO] [stdout] test solution::easy::p605_can_place_flowers::tests::fail2 ... ok
[INFO] [stdout] test solution::easy::p605_can_place_flowers::tests::test1 ... ok
[INFO] [stdout] test solution::easy::p605_can_place_flowers::tests::fail1 ... ok
[INFO] [stdout] test solution::easy::p605_can_place_flowers::tests::test2 ... ok
[INFO] [stdout] test solution::easy::p605_can_place_flowers::tests::trap1 ... ok
[INFO] [stdout] test solution::easy::p605_can_place_flowers::tests::trap2 ... ok
[INFO] [stdout] test solution::easy::p605_can_place_flowers::tests::trap3 ... ok
[INFO] [stdout] test solution::easy::p566_reshape_the_matrix::tests::test2 ... ok
[INFO] [stdout] test solution::easy::p606_construct_string_from_binary_tree::tests::test1 ... ok
[INFO] [stdout] test solution::easy::p606_construct_string_from_binary_tree::tests::test2 ... ok
[INFO] [stdout] test solution::easy::p617_merge_two_binary_trees::tests::test1 ... ok
[INFO] [stdout] test solution::easy::p617_merge_two_binary_trees::tests::test2 ... ok
[INFO] [stdout] test solution::easy::p628_maximum_product_of_three_numbers::tests::fail1 ... ok
[INFO] [stdout] test solution::easy::p628_maximum_product_of_three_numbers::tests::fail2 ... ok
[INFO] [stdout] test solution::easy::p628_maximum_product_of_three_numbers::tests::test1 ... ok
[INFO] [stdout] test solution::easy::p628_maximum_product_of_three_numbers::tests::test2 ... ok
[INFO] [stdout] test solution::easy::p628_maximum_product_of_three_numbers::tests::test3 ... ok
[INFO] [stdout] test solution::easy::p637_average_of_levels_in_binary_tree::tests::fail1 ... ok
[INFO] [stdout] test solution::easy::p637_average_of_levels_in_binary_tree::tests::test1 ... ok
[INFO] [stdout] test solution::easy::p637_average_of_levels_in_binary_tree::tests::test2 ... ok
[INFO] [stdout] test solution::easy::p643_maximum_average_subarray_i::tests::fail2 ... ok
[INFO] [stdout] test solution::easy::p643_maximum_average_subarray_i::tests::test1 ... ok
[INFO] [stdout] test solution::easy::p643_maximum_average_subarray_i::tests::test2 ... ok
[INFO] [stdout] test solution::easy::p645_set_mismatch::tests::fail1 ... ok
[INFO] [stdout] test solution::easy::p643_maximum_average_subarray_i::tests::fail1 ... ok
[INFO] [stdout] test solution::easy::p645_set_mismatch::tests::fail2 ... ok
[INFO] [stdout] test solution::easy::p645_set_mismatch::tests::test1 ... ok
[INFO] [stdout] test solution::easy::p645_set_mismatch::tests::test2 ... ok
[INFO] [stdout] test solution::easy::p645_set_mismatch::tests::trap1 ... ok
[INFO] [stdout] test solution::easy::p653_two_sum_iv_input_is_a_bst::tests::fail1 ... ok
[INFO] [stdout] test solution::easy::p653_two_sum_iv_input_is_a_bst::tests::test1 ... ok
[INFO] [stdout] test solution::easy::p653_two_sum_iv_input_is_a_bst::tests::test2 ... ok
[INFO] [stdout] test solution::easy::p657_robot_return_to_origin::tests::test1 ... ok
[INFO] [stdout] test solution::easy::p492_construct_the_rectangle::tests::test1 ... ok
[INFO] [stdout] test solution::easy::p657_robot_return_to_origin::tests::test2 ... ok
[INFO] [stdout] test solution::easy::p661_image_smoother::tests::test1 ... ok
[INFO] [stdout] test solution::easy::p661_image_smoother::tests::test2 ... ok
[INFO] [stdout] test solution::easy::p66_plus_one::tests::test1 ... ok
[INFO] [stdout] test solution::easy::p66_plus_one::tests::test2 ... ok
[INFO] [stdout] test solution::easy::p66_plus_one::tests::test3 ... ok
[INFO] [stdout] test solution::easy::p66_plus_one::tests::trap1 ... ok
[INFO] [stdout] test solution::easy::p66_plus_one::tests::trap2 ... ok
[INFO] [stdout] test solution::easy::p671_second_minimum_node_in_a_binary_tree::tests::test1 ... ok
[INFO] [stdout] test solution::easy::p671_second_minimum_node_in_a_binary_tree::tests::test2 ... ok
[INFO] [stdout] test solution::easy::p674_longest_continuous_increasing_subsequence::tests::test1 ... ok
[INFO] [stdout] test solution::easy::p674_longest_continuous_increasing_subsequence::tests::test2 ... ok
[INFO] [stdout] test solution::easy::p67_add_binary::tests::fail1 ... ok
[INFO] [stdout] test solution::easy::p67_add_binary::tests::test1 ... ok
[INFO] [stdout] test solution::easy::p67_add_binary::tests::test2 ... ok
[INFO] [stdout] test solution::easy::p680_valid_palindrome_ii::tests::test1 ... ok
[INFO] [stdout] test solution::easy::p680_valid_palindrome_ii::tests::test2 ... ok
[INFO] [stdout] test solution::easy::p680_valid_palindrome_ii::tests::test3 ... ok
[INFO] [stdout] test solution::easy::p682_baseball_game::tests::test1 ... ok
[INFO] [stdout] test solution::easy::p682_baseball_game::tests::test2 ... ok
[INFO] [stdout] test solution::easy::p682_baseball_game::tests::test3 ... ok
[INFO] [stdout] test solution::easy::p693_binary_number_with_alternating_bits::tests::test1 ... ok
[INFO] [stdout] test solution::easy::p693_binary_number_with_alternating_bits::tests::test2 ... ok
[INFO] [stdout] test solution::easy::p693_binary_number_with_alternating_bits::tests::test3 ... ok
[INFO] [stdout] test solution::easy::p696_count_binary_substrings::tests::test1 ... ok
[INFO] [stdout] test solution::easy::p696_count_binary_substrings::tests::test2 ... ok
[INFO] [stdout] test solution::easy::p697_degree_of_an_array::tests::test1 ... ok
[INFO] [stdout] test solution::easy::p697_degree_of_an_array::tests::test2 ... ok
[INFO] [stdout] test solution::easy::p697_degree_of_an_array::tests::trap1 ... ok
[INFO] [stdout] test solution::easy::p697_degree_of_an_array::tests::trap2 ... ok
[INFO] [stdout] test solution::easy::p69_sqrtx::tests::fail1 ... ok
[INFO] [stdout] test solution::easy::p69_sqrtx::tests::fail2 ... ok
[INFO] [stdout] test solution::easy::p69_sqrtx::tests::fail3 ... ok
[INFO] [stdout] test solution::easy::p69_sqrtx::tests::fail4 ... ok
[INFO] [stdout] test solution::easy::p69_sqrtx::tests::fail5 ... ok
[INFO] [stdout] test solution::easy::p69_sqrtx::tests::fail6 ... ok
[INFO] [stdout] test solution::easy::p69_sqrtx::tests::test1 ... ok
[INFO] [stdout] test solution::easy::p69_sqrtx::tests::test2 ... ok
[INFO] [stdout] test solution::easy::p700_search_in_a_binary_search_tree::tests::test1 ... ok
[INFO] [stdout] test solution::easy::p700_search_in_a_binary_search_tree::tests::test2 ... ok
[INFO] [stdout] test solution::easy::p703_kth_largest_element_in_a_stream::tests::test1 ... ok
[INFO] [stdout] test solution::easy::p704_binary_search::tests::fail1 ... ok
[INFO] [stdout] test solution::easy::p704_binary_search::tests::fail2 ... ok
[INFO] [stdout] test solution::easy::p704_binary_search::tests::fail3 ... ok
[INFO] [stdout] test solution::easy::p704_binary_search::tests::test1 ... ok
[INFO] [stdout] test solution::easy::p704_binary_search::tests::test2 ... ok
[INFO] [stdout] test solution::easy::p704_binary_search::tests::trap1 ... ok
[INFO] [stdout] test solution::easy::p704_binary_search::tests::trap2 ... ok
[INFO] [stdout] test solution::easy::p704_binary_search::tests::trap3 ... ok
[INFO] [stdout] test solution::easy::p705_design_hashset::tests::test1 ... ok
[INFO] [stdout] test solution::easy::p706_design_hashmap::tests::test1 ... ok
[INFO] [stdout] test solution::easy::p709_to_lower_case::tests::test1 ... ok
[INFO] [stdout] test solution::easy::p709_to_lower_case::tests::test2 ... ok
[INFO] [stdout] test solution::easy::p709_to_lower_case::tests::test3 ... ok
[INFO] [stdout] test solution::easy::p70_climbing_stairs::tests::fail1 ... ok
[INFO] [stdout] test solution::easy::p70_climbing_stairs::tests::test1 ... ok
[INFO] [stdout] test solution::easy::p70_climbing_stairs::tests::test2 ... ok
[INFO] [stdout] test solution::easy::p717_1_bit_and_2_bit_characters::tests::test1 ... ok
[INFO] [stdout] test solution::easy::p717_1_bit_and_2_bit_characters::tests::test2 ... ok
[INFO] [stdout] test solution::easy::p717_1_bit_and_2_bit_characters::tests::trap1 ... ok
[INFO] [stdout] test solution::easy::p717_1_bit_and_2_bit_characters::tests::trap2 ... ok
[INFO] [stdout] test solution::easy::p724_find_pivot_index::tests::test1 ... ok
[INFO] [stdout] test solution::easy::p724_find_pivot_index::tests::test2 ... ok
[INFO] [stdout] test solution::easy::p724_find_pivot_index::tests::test3 ... ok
[INFO] [stdout] test solution::easy::p724_find_pivot_index::tests::trap1 ... ok
[INFO] [stdout] test solution::easy::p724_find_pivot_index::tests::trap2 ... ok
[INFO] [stdout] test solution::easy::p728_self_dividing_numbers::tests::test1 ... ok
[INFO] [stdout] test solution::easy::p728_self_dividing_numbers::tests::test2 ... ok
[INFO] [stdout] test solution::easy::p733_flood_fill::tests::test1 ... ok
[INFO] [stdout] test solution::easy::p733_flood_fill::tests::test2 ... ok
[INFO] [stdout] test solution::easy::p744_find_smallest_letter_greater_than_target::tests::test1 ... ok
[INFO] [stdout] test solution::easy::p744_find_smallest_letter_greater_than_target::tests::test2 ... ok
[INFO] [stdout] test solution::easy::p744_find_smallest_letter_greater_than_target::tests::test3 ... ok
[INFO] [stdout] test solution::easy::p744_find_smallest_letter_greater_than_target::tests::test4 ... ok
[INFO] [stdout] test solution::easy::p746_min_cost_climbing_stairs::tests::fail1 ... ok
[INFO] [stdout] test solution::easy::p746_min_cost_climbing_stairs::tests::test1 ... ok
[INFO] [stdout] test solution::easy::p746_min_cost_climbing_stairs::tests::test2 ... ok
[INFO] [stdout] test solution::easy::p747_largest_number_at_least_twice_of_others::tests::fail1 ... ok
[INFO] [stdout] test solution::easy::p747_largest_number_at_least_twice_of_others::tests::test1 ... ok
[INFO] [stdout] test solution::easy::p747_largest_number_at_least_twice_of_others::tests::test2 ... ok
[INFO] [stdout] test solution::easy::p747_largest_number_at_least_twice_of_others::tests::test3 ... ok
[INFO] [stdout] test solution::easy::p748_shortest_completing_word::tests::test1 ... ok
[INFO] [stdout] test solution::easy::p748_shortest_completing_word::tests::test2 ... ok
[INFO] [stdout] test solution::easy::p762_prime_number_of_set_bits_in_binary_representation::tests::test1 ... ok
[INFO] [stdout] test solution::easy::p762_prime_number_of_set_bits_in_binary_representation::tests::test2 ... ok
[INFO] [stdout] test solution::easy::p766_toeplitz_matrix::tests::test1 ... ok
[INFO] [stdout] test solution::easy::p766_toeplitz_matrix::tests::test2 ... ok
[INFO] [stdout] test solution::easy::p771_jewels_and_stones::tests::test1 ... ok
[INFO] [stdout] test solution::easy::p771_jewels_and_stones::tests::test2 ... ok
[INFO] [stdout] test solution::easy::p783_minimum_distance_between_bst_nodes::tests::test1 ... ok
[INFO] [stdout] test solution::easy::p783_minimum_distance_between_bst_nodes::tests::test2 ... ok
[INFO] [stdout] test solution::easy::p796_rotate_string::tests::fail1 ... ok
[INFO] [stdout] test solution::easy::p796_rotate_string::tests::test1 ... ok
[INFO] [stdout] test solution::easy::p804_unique_morse_code_words::tests::test1 ... ok
[INFO] [stdout] test solution::easy::p804_unique_morse_code_words::tests::test2 ... ok
[INFO] [stdout] test solution::easy::p806_number_of_lines_to_write_string::tests::test1 ... ok
[INFO] [stdout] test solution::easy::p812_largest_triangle_area::tests::fail1 ... ok
[INFO] [stdout] test solution::easy::p819_most_common_word::tests::test1 ... ok
[INFO] [stdout] test solution::easy::p821_shortest_distance_to_a_character::tests::fail1 ... ok
[INFO] [stdout] test solution::easy::p796_rotate_string::tests::test2 ... ok
[INFO] [stdout] test solution::easy::p821_shortest_distance_to_a_character::tests::trap1 ... ok
[INFO] [stdout] test solution::easy::p821_shortest_distance_to_a_character::tests::test1 ... ok
[INFO] [stdout] test solution::easy::p812_largest_triangle_area::tests::test1 ... ok
[INFO] [stdout] test solution::easy::p824_goat_latin::tests::test1 ... ok
[INFO] [stdout] test solution::easy::p806_number_of_lines_to_write_string::tests::test2 ... ok
[INFO] [stdout] test solution::easy::p821_shortest_distance_to_a_character::tests::test2 ... ok
[INFO] [stdout] test solution::easy::p824_goat_latin::tests::test2 ... ok
[INFO] [stdout] test solution::easy::p830_positions_of_large_groups::tests::fail1 ... ok
[INFO] [stdout] test solution::easy::p830_positions_of_large_groups::tests::test1 ... ok
[INFO] [stdout] test solution::easy::p830_positions_of_large_groups::tests::test2 ... ok
[INFO] [stdout] test solution::easy::p830_positions_of_large_groups::tests::test3 ... ok
[INFO] [stdout] test solution::easy::p832_flipping_an_image::tests::test2 ... ok
[INFO] [stdout] test solution::easy::p836_rectangle_overlap::tests::fail1 ... ok
[INFO] [stdout] test solution::easy::p832_flipping_an_image::tests::test1 ... ok
[INFO] [stdout] test solution::easy::p836_rectangle_overlap::tests::test1 ... ok
[INFO] [stdout] test solution::easy::p836_rectangle_overlap::tests::test2 ... ok
[INFO] [stdout] test solution::easy::p836_rectangle_overlap::tests::test3 ... ok
[INFO] [stdout] test solution::easy::p83_remove_duplicates_from_sorted_list::tests::test1 ... ok
[INFO] [stdout] test solution::easy::p844_backspace_string_compare::tests::test2 ... ok
[INFO] [stdout] test solution::easy::p844_backspace_string_compare::tests::test3 ... ok
[INFO] [stdout] test solution::easy::p859_buddy_strings::tests::test1 ... ok
[INFO] [stdout] test solution::easy::p859_buddy_strings::tests::test2 ... ok
[INFO] [stdout] test solution::easy::p860_lemonade_change::tests::test2 ... ok
[INFO] [stdout] test solution::easy::p867_transpose_matrix::tests::test1 ... ok
[INFO] [stdout] test solution::easy::p867_transpose_matrix::tests::test2 ... ok
[INFO] [stdout] test solution::easy::p868_binary_gap::tests::test1 ... ok
[INFO] [stdout] test solution::easy::p868_binary_gap::tests::test3 ... ok
[INFO] [stdout] test solution::easy::p872_leaf_similar_trees::tests::fail1 ... ok
[INFO] [stdout] test solution::easy::p872_leaf_similar_trees::tests::test1 ... ok
[INFO] [stdout] test solution::easy::p872_leaf_similar_trees::tests::test2 ... ok
[INFO] [stdout] test solution::easy::p876_middle_of_the_linked_list::tests::test ... ok
[INFO] [stdout] test solution::easy::p876_middle_of_the_linked_list::tests::test2 ... ok
[INFO] [stdout] test solution::easy::p876_middle_of_the_linked_list::tests::test1 ... ok
[INFO] [stdout] test solution::easy::p883_projection_area_of_3d_shapes::tests::test1 ... ok
[INFO] [stdout] test solution::easy::p883_projection_area_of_3d_shapes::tests::test2 ... ok
[INFO] [stdout] test solution::easy::p883_projection_area_of_3d_shapes::tests::test3 ... ok
[INFO] [stdout] test solution::easy::p884_uncommon_words_from_two_sentences::tests::fail1 ... ok
[INFO] [stdout] test solution::easy::p884_uncommon_words_from_two_sentences::tests::test1 ... ok
[INFO] [stdout] test solution::easy::p884_uncommon_words_from_two_sentences::tests::test2 ... ok
[INFO] [stdout] test solution::easy::p888_fair_candy_swap::tests::test1 ... ok
[INFO] [stdout] test solution::easy::p888_fair_candy_swap::tests::test2 ... ok
[INFO] [stdout] test solution::easy::p888_fair_candy_swap::tests::test3 ... ok
[INFO] [stdout] test solution::easy::p888_fair_candy_swap::tests::test4 ... ok
[INFO] [stdout] test solution::easy::p88_merge_sorted_array::tests::fail1 ... ok
[INFO] [stdout] test solution::easy::p88_merge_sorted_array::tests::test1 ... ok
[INFO] [stdout] test solution::easy::p88_merge_sorted_array::tests::test2 ... ok
[INFO] [stdout] test solution::easy::p88_merge_sorted_array::tests::test3 ... ok
[INFO] [stdout] test solution::easy::p88_merge_sorted_array::tests::trap1 ... ok
[INFO] [stdout] test solution::easy::p88_merge_sorted_array::tests::trap2 ... ok
[INFO] [stdout] test solution::easy::p88_merge_sorted_array::tests::trap3 ... ok
[INFO] [stdout] test solution::easy::p892_surface_area_of_3d_shapes::tests::test1 ... ok
[INFO] [stdout] test solution::easy::p892_surface_area_of_3d_shapes::tests::test2 ... ok
[INFO] [stdout] test solution::easy::p892_surface_area_of_3d_shapes::tests::test3 ... ok
[INFO] [stdout] test solution::easy::p896_monotonic_array::tests::test1 ... ok
[INFO] [stdout] test solution::easy::p896_monotonic_array::tests::test2 ... ok
[INFO] [stdout] test solution::easy::p896_monotonic_array::tests::test3 ... ok
[INFO] [stdout] test solution::easy::p896_monotonic_array::tests::trap1 ... ok
[INFO] [stdout] test solution::easy::p897_increasing_order_search_tree::tests::test1 ... ok
[INFO] [stdout] test solution::easy::p897_increasing_order_search_tree::tests::test2 ... ok
[INFO] [stdout] test solution::easy::p905_sort_array_by_parity::tests::fail1 ... ok
[INFO] [stdout] test solution::easy::p844_backspace_string_compare::tests::test1 ... ok
[INFO] [stdout] test solution::easy::p905_sort_array_by_parity::tests::test2 ... ok
[INFO] [stdout] test solution::easy::p860_lemonade_change::tests::test1 ... ok
[INFO] [stdout] test solution::easy::p83_remove_duplicates_from_sorted_list::tests::test2 ... ok
[INFO] [stdout] test solution::easy::p868_binary_gap::tests::test2 ... ok
[INFO] [stdout] test solution::easy::p859_buddy_strings::tests::fail1 ... ok
[INFO] [stdout] test solution::easy::p859_buddy_strings::tests::test3 ... ok
[INFO] [stdout] test solution::easy::p908_smallest_range_i::tests::test2 ... ok
[INFO] [stdout] test solution::easy::p908_smallest_range_i::tests::test3 ... ok
[INFO] [stdout] test solution::easy::p908_smallest_range_i::tests::test1 ... ok
[INFO] [stdout] test solution::easy::p914_x_of_a_kind_in_a_deck_of_cards::tests::test2 ... ok
[INFO] [stdout] test solution::easy::p914_x_of_a_kind_in_a_deck_of_cards::tests::trap1 ... ok
[INFO] [stdout] test solution::easy::p917_reverse_only_letters::tests::test1 ... ok
[INFO] [stdout] test solution::easy::p917_reverse_only_letters::tests::test2 ... ok
[INFO] [stdout] test solution::easy::p917_reverse_only_letters::tests::test3 ... ok
[INFO] [stdout] test solution::easy::p922_sort_array_by_parity_ii::tests::test1 ... ok
[INFO] [stdout] test solution::easy::p922_sort_array_by_parity_ii::tests::test2 ... ok
[INFO] [stdout] test solution::easy::p925_long_pressed_name::tests::fail1 ... ok
[INFO] [stdout] test solution::easy::p925_long_pressed_name::tests::test1 ... ok
[INFO] [stdout] test solution::easy::p925_long_pressed_name::tests::test2 ... ok
[INFO] [stdout] test solution::easy::p914_x_of_a_kind_in_a_deck_of_cards::tests::test1 ... ok
[INFO] [stdout] test solution::easy::p929_unique_email_addresses::tests::test2 ... ok
[INFO] [stdout] test solution::easy::p929_unique_email_addresses::tests::test1 ... ok
[INFO] [stdout] test solution::easy::p933_number_of_recent_calls::tests::test1 ... ok
[INFO] [stdout] test solution::easy::p938_range_sum_of_bst::tests::test1 ... ok
[INFO] [stdout] test solution::easy::p938_range_sum_of_bst::tests::test2 ... ok
[INFO] [stdout] test solution::easy::p941_valid_mountain_array::tests::fail1 ... ok
[INFO] [stdout] test solution::easy::p942_di_string_match::tests::test1 ... ok
[INFO] [stdout] test solution::easy::p941_valid_mountain_array::tests::test1 ... ok
[INFO] [stdout] test solution::easy::p941_valid_mountain_array::tests::test2 ... ok
[INFO] [stdout] test solution::easy::p941_valid_mountain_array::tests::test3 ... ok
[INFO] [stdout] test solution::easy::p942_di_string_match::tests::test2 ... ok
[INFO] [stdout] test solution::easy::p944_delete_columns_to_make_sorted::tests::test1 ... ok
[INFO] [stdout] test solution::easy::p944_delete_columns_to_make_sorted::tests::test3 ... ok
[INFO] [stdout] test solution::easy::p914_x_of_a_kind_in_a_deck_of_cards::tests::fail2 ... ok
[INFO] [stdout] test solution::easy::p914_x_of_a_kind_in_a_deck_of_cards::tests::fail1 ... ok
[INFO] [stdout] test solution::easy::p94_binary_tree_inorder_traversal::test::test1 ... ok
[INFO] [stdout] test solution::easy::p942_di_string_match::tests::test3 ... ok
[INFO] [stdout] test solution::easy::p944_delete_columns_to_make_sorted::tests::test2 ... ok
[INFO] [stdout] test solution::easy::p94_binary_tree_inorder_traversal::test::test3 ... ok
[INFO] [stdout] test solution::easy::p953_verifying_an_alien_dictionary::tests::test3 ... ok
[INFO] [stdout] test solution::easy::p953_verifying_an_alien_dictionary::tests::test1 ... ok
[INFO] [stdout] test solution::easy::p953_verifying_an_alien_dictionary::tests::test2 ... ok
[INFO] [stdout] test solution::easy::p961_n_repeated_element_in_size_2n_array::tests::fail1 ... ok
[INFO] [stdout] test solution::easy::p961_n_repeated_element_in_size_2n_array::tests::fail2 ... ok
[INFO] [stdout] test solution::easy::p94_binary_tree_inorder_traversal::test::test2 ... ok
[INFO] [stdout] test solution::easy::p961_n_repeated_element_in_size_2n_array::tests::test2 ... ok
[INFO] [stdout] test solution::easy::p965_univalued_binary_tree::tests::test1 ... ok
[INFO] [stdout] test solution::easy::p965_univalued_binary_tree::tests::test2 ... ok
[INFO] [stdout] test solution::easy::p977_squares_of_a_sorted_array::tests::test2 ... ok
[INFO] [stdout] test solution::easy::p976_largest_perimeter_triangle::tests::test2 ... ok
[INFO] [stdout] test solution::easy::p989_add_to_array_form_of_integer::tests::fail1 ... ok
[INFO] [stdout] test solution::easy::p989_add_to_array_form_of_integer::tests::test2 ... ok
[INFO] [stdout] test solution::easy::p989_add_to_array_form_of_integer::tests::test1 ... ok
[INFO] [stdout] test solution::easy::p989_add_to_array_form_of_integer::tests::test3 ... ok
[INFO] [stdout] test solution::easy::p993_cousins_in_binary_tree::tests::test1 ... ok
[INFO] [stdout] test solution::easy::p993_cousins_in_binary_tree::tests::test2 ... ok
[INFO] [stdout] test solution::easy::p993_cousins_in_binary_tree::tests::test3 ... ok
[INFO] [stdout] test solution::easy::p976_largest_perimeter_triangle::tests::test1 ... ok
[INFO] [stdout] test solution::easy::p997_find_the_town_judge::tests::fail1 ... ok
[INFO] [stdout] test solution::easy::p961_n_repeated_element_in_size_2n_array::tests::test3 ... ok
[INFO] [stdout] test solution::easy::p977_squares_of_a_sorted_array::tests::test1 ... ok
[INFO] [stdout] test solution::easy::p925_long_pressed_name::tests::fail2 ... FAILED
[INFO] [stdout] test solution::easy::p905_sort_array_by_parity::tests::test1 ... FAILED
[INFO] [stdout] test solution::easy::p999_available_captures_for_rook::tests::test3 ... ok
[INFO] [stdout] test solution::easy::p999_available_captures_for_rook::tests::test2 ... ok
[INFO] [stdout] test solution::easy::p9_palindrome_number::test::test1 ... ok
[INFO] [stdout] test solution::easy::p9_palindrome_number::test::test2 ... ok
[INFO] [stdout] test solution::easy::p9_palindrome_number::test::test3 ... ok
[INFO] [stdout] test solution::easy::p9_palindrome_number::test::test4 ... ok
[INFO] [stdout] test solution::medium::p11_container_with_most_water::tests::test1 ... ok
[INFO] [stdout] test solution::medium::p11_container_with_most_water::tests::test2 ... ok
[INFO] [stdout] test solution::medium::p12_integer_to_roman::tests::test1 ... ok
[INFO] [stdout] test solution::medium::p12_integer_to_roman::tests::test2 ... ok
[INFO] [stdout] test solution::medium::p12_integer_to_roman::tests::test3 ... ok
[INFO] [stdout] test solution::easy::p961_n_repeated_element_in_size_2n_array::tests::test1 ... ok
[INFO] [stdout] test solution::easy::p997_find_the_town_judge::tests::test3 ... ok
[INFO] [stdout] test solution::medium::p12_integer_to_roman::tests::test4 ... ok
[INFO] [stdout] test solution::medium::p12_integer_to_roman::tests::test5 ... ok
[INFO] [stdout] test solution::medium::p15_3sum::tests::fail1 ... ok
[INFO] [stdout] test solution::medium::p15_3sum::tests::fail2 ... ok
[INFO] [stdout] test solution::medium::p15_3sum::tests::test1 ... ok
[INFO] [stdout] test solution::medium::p15_3sum::tests::test2 ... ok
[INFO] [stdout] test solution::medium::p15_3sum::tests::test3 ... ok
[INFO] [stdout] test solution::medium::p16_3sum_closest::tests::test1 ... ok
[INFO] [stdout] test solution::medium::p16_3sum_closest::tests::test2 ... ok
[INFO] [stdout] test solution::medium::p17_letter_combinations_of_a_phone_number::tests::test1 ... ok
[INFO] [stdout] test solution::easy::p997_find_the_town_judge::tests::test1 ... ok
[INFO] [stdout] test solution::easy::p999_available_captures_for_rook::tests::test1 ... ok
[INFO] [stdout] test solution::medium::p17_letter_combinations_of_a_phone_number::tests::test2 ... ok
[INFO] [stdout] test solution::medium::p17_letter_combinations_of_a_phone_number::tests::test3 ... ok
[INFO] [stdout] test solution::medium::p18_4sum::tests::fail1 ... ok
[INFO] [stdout] test solution::medium::p18_4sum::tests::test1 ... ok
[INFO] [stdout] test solution::medium::p18_4sum::tests::test2 ... ok
[INFO] [stdout] test solution::medium::p19_remove_nth_node_from_end_of_list::tests::test1 ... ok
[INFO] [stdout] test solution::medium::p19_remove_nth_node_from_end_of_list::tests::test2 ... ok
[INFO] [stdout] test solution::medium::p19_remove_nth_node_from_end_of_list::tests::test3 ... ok
[INFO] [stdout] test solution::medium::p22_generate_parentheses::tests::test1 ... ok
[INFO] [stdout] test solution::easy::p997_find_the_town_judge::tests::test2 ... ok
[INFO] [stdout] test solution::medium::p22_generate_parentheses::tests::test2 ... ok
[INFO] [stdout] test solution::medium::p235_lowest_common_ancestor_of_a_binary_search_tree::tests::test1 ... ok
[INFO] [stdout] test solution::medium::p235_lowest_common_ancestor_of_a_binary_search_tree::tests::test2 ... ok
[INFO] [stdout] test solution::medium::p24_swap_nodes_in_pairs::tests::test1 ... ok
[INFO] [stdout] test solution::medium::p24_swap_nodes_in_pairs::tests::test3 ... ok
[INFO] [stdout] test solution::medium::p28_find_the_index_of_the_first_occurrence_in_a_string::tests::test1 ... ok
[INFO] [stdout] test solution::medium::p28_find_the_index_of_the_first_occurrence_in_a_string::tests::test2 ... ok
[INFO] [stdout] test solution::medium::p28_find_the_index_of_the_first_occurrence_in_a_string::tests::test3 ... ok
[INFO] [stdout] test solution::medium::p29_divide_two_integers::tests::test1 ... ok
[INFO] [stdout] test solution::medium::p29_divide_two_integers::tests::test2 ... ok
[INFO] [stdout] test solution::medium::p29_divide_two_integers::tests::trap1 ... ok
[INFO] [stdout] test solution::medium::p2_add_two_numbers::tests::test2 ... ok
[INFO] [stdout] test solution::medium::p29_divide_two_integers::tests::trap2 ... ok
[INFO] [stdout] test solution::medium::p31_next_permutation::tests::test1 ... ok
[INFO] [stdout] test solution::medium::p2_add_two_numbers::tests::test3 ... ok
[INFO] [stdout] test solution::medium::p31_next_permutation::tests::test2 ... ok
[INFO] [stdout] test solution::medium::p31_next_permutation::tests::test3 ... ok
[INFO] [stdout] test solution::medium::p34_find_first_and_last_position_of_element_in_sorted_array::tests::fail1 ... ok
[INFO] [stdout] test solution::medium::p34_find_first_and_last_position_of_element_in_sorted_array::tests::fail2 ... ok
[INFO] [stdout] test solution::medium::p34_find_first_and_last_position_of_element_in_sorted_array::tests::fail3 ... ok
[INFO] [stdout] test solution::medium::p34_find_first_and_last_position_of_element_in_sorted_array::tests::test1 ... ok
[INFO] [stdout] test solution::medium::p34_find_first_and_last_position_of_element_in_sorted_array::tests::test2 ... ok
[INFO] [stdout] test solution::medium::p24_swap_nodes_in_pairs::tests::test2 ... ok
[INFO] [stdout] test solution::medium::p34_find_first_and_last_position_of_element_in_sorted_array::tests::test3 ... ok
[INFO] [stdout] test solution::medium::p34_search_in_rotated_sorted_array::tests::fail1 ... ok
[INFO] [stdout] test solution::medium::p34_search_in_rotated_sorted_array::tests::test1 ... ok
[INFO] [stdout] test solution::medium::p34_search_in_rotated_sorted_array::tests::test2 ... ok
[INFO] [stdout] test solution::medium::p34_search_in_rotated_sorted_array::tests::test3 ... ok
[INFO] [stdout] test solution::medium::p36_valid_sudoku::tests::test1 ... ok
[INFO] [stdout] test solution::medium::p36_valid_sudoku::tests::test2 ... ok
[INFO] [stdout] test solution::medium::p38_count_and_say::tests::test1 ... ok
[INFO] [stdout] test solution::medium::p38_count_and_say::tests::test2 ... ok
[INFO] [stdout] test solution::medium::p39_combination_sum::tests::test1 ... ok
[INFO] [stdout] test solution::medium::p39_combination_sum::tests::test2 ... ok
[INFO] [stdout] test solution::medium::p39_combination_sum::tests::test3 ... ok
[INFO] [stdout] test solution::medium::p3_longest_substring_without_repeating_characters::tests::fail1 ... ok
[INFO] [stdout] test solution::medium::p3_longest_substring_without_repeating_characters::tests::fail2 ... ok
[INFO] [stdout] test solution::medium::p3_longest_substring_without_repeating_characters::tests::test1 ... ok
[INFO] [stdout] test solution::medium::p3_longest_substring_without_repeating_characters::tests::test2 ... ok
[INFO] [stdout] test solution::medium::p3_longest_substring_without_repeating_characters::tests::test3 ... ok
[INFO] [stdout] test solution::medium::p3_longest_substring_without_repeating_characters::tests::trap1 ... ok
[INFO] [stdout] test solution::medium::p40_combination_sum_ii::tests::test1 ... ok
[INFO] [stdout] test solution::medium::p40_combination_sum_ii::tests::test2 ... ok
[INFO] [stdout] test solution::medium::p43_multiply_strings::tests::test1 ... ok
[INFO] [stdout] test solution::medium::p43_multiply_strings::tests::test2 ... ok
[INFO] [stdout] test solution::medium::p43_multiply_strings::tests::trap1 ... ok
[INFO] [stdout] test solution::medium::p453_minimum_moves_to_equal_array_elements::tests::test1 ... ok
[INFO] [stdout] test solution::medium::p453_minimum_moves_to_equal_array_elements::tests::test2 ... ok
[INFO] [stdout] test solution::medium::p45_jump_game_ii::tests::fail1 ... ok
[INFO] [stdout] test solution::medium::p45_jump_game_ii::tests::test1 ... ok
[INFO] [stdout] test solution::medium::p45_jump_game_ii::tests::test2 ... ok
[INFO] [stdout] test solution::medium::p45_jump_game_ii::tests::trap1 ... ok
[INFO] [stdout] test solution::medium::p45_jump_game_ii::tests::trap2 ... ok
[INFO] [stdout] test solution::medium::p46_permutations::tests::test1 ... ok
[INFO] [stdout] test solution::medium::p46_permutations::tests::test2 ... ok
[INFO] [stdout] test solution::medium::p46_permutations::tests::test3 ... ok
[INFO] [stdout] test solution::medium::p3_longest_substring_without_repeating_characters::tests::fail3 ... ok
[INFO] [stdout] test solution::medium::p47_permutations_ii::tests::test1 ... ok
[INFO] [stdout] test solution::medium::p48_rotate_image::tests::test1 ... ok
[INFO] [stdout] test solution::medium::p48_rotate_image::tests::test2 ... ok
[INFO] [stdout] test solution::medium::p49_group_anagrams::tests::test1 ... ok
[INFO] [stdout] test solution::medium::p49_group_anagrams::tests::test2 ... ok
[INFO] [stdout] test solution::medium::p49_group_anagrams::tests::test3 ... ok
[INFO] [stdout] test solution::medium::p50_powx_n::tests::fail1 ... ok
[INFO] [stdout] test solution::medium::p50_powx_n::tests::fail2 ... ok
[INFO] [stdout] test solution::medium::p50_powx_n::tests::fail3 ... ok
[INFO] [stdout] test solution::medium::p50_powx_n::tests::test1 ... ok
[INFO] [stdout] test solution::medium::p50_powx_n::tests::test2 ... ok
[INFO] [stdout] test solution::medium::p50_powx_n::tests::test3 ... ok
[INFO] [stdout] test solution::medium::p53_maximum_subarray::tests::test1 ... ok
[INFO] [stdout] test solution::medium::p53_maximum_subarray::tests::test2 ... ok
[INFO] [stdout] test solution::medium::p53_maximum_subarray::tests::test3 ... ok
[INFO] [stdout] test solution::medium::p54_spiral_matrix::tests::fail1 ... ok
[INFO] [stdout] test solution::medium::p54_spiral_matrix::tests::fail2 ... ok
[INFO] [stdout] test solution::medium::p54_spiral_matrix::tests::test1 ... ok
[INFO] [stdout] test solution::medium::p54_spiral_matrix::tests::test2 ... ok
[INFO] [stdout] test solution::medium::p54_spiral_matrix::tests::trap1 ... ok
[INFO] [stdout] test solution::medium::p54_spiral_matrix::tests::trap2 ... ok
[INFO] [stdout] test solution::medium::p55_jump_game::tests::test1 ... ok
[INFO] [stdout] test solution::medium::p55_jump_game::tests::test2 ... ok
[INFO] [stdout] test solution::medium::p56_merge_intervals::tests::test1 ... ok
[INFO] [stdout] test solution::medium::p56_merge_intervals::tests::test2 ... ok
[INFO] [stdout] test solution::medium::p56_merge_intervals::tests::trap1 ... ok
[INFO] [stdout] test solution::medium::p56_merge_intervals::tests::trap2 ... ok
[INFO] [stdout] test solution::medium::p56_merge_intervals::tests::trap3 ... ok
[INFO] [stdout] test solution::medium::p57_insert_interval::tests::fail1 ... ok
[INFO] [stdout] test solution::medium::p57_insert_interval::tests::fail2 ... ok
[INFO] [stdout] test solution::medium::p57_insert_interval::tests::fail3 ... ok
[INFO] [stdout] test solution::medium::p57_insert_interval::tests::test1 ... ok
[INFO] [stdout] test solution::medium::p57_insert_interval::tests::test4 ... ok
[INFO] [stdout] test solution::medium::p59_spiral_matrix_ii::tests::test1 ... ok
[INFO] [stdout] test solution::medium::p59_spiral_matrix_ii::tests::test2 ... ok
[INFO] [stdout] test solution::medium::p5_longest_palindromic_substring::tests::fail1 ... ok
[INFO] [stdout] test solution::medium::p57_insert_interval::tests::test3 ... ok
[INFO] [stdout] test solution::medium::p2_add_two_numbers::tests::test1 ... ok
[INFO] [stdout] test solution::medium::p5_longest_palindromic_substring::tests::fail2 ... ok
[INFO] [stdout] test solution::medium::p5_longest_palindromic_substring::tests::test1 ... ok
[INFO] [stdout] test solution::medium::p5_longest_palindromic_substring::tests::test2 ... ok
[INFO] [stdout] test solution::medium::p61_rotate_list::tests::test1 ... ok
[INFO] [stdout] test solution::medium::p57_insert_interval::tests::test2 ... ok
[INFO] [stdout] test solution::medium::p61_rotate_list::tests::test2 ... ok
[INFO] [stdout] test solution::medium::p62_unique_paths::tests::test4 ... ok
[INFO] [stdout] test solution::medium::p62_unique_paths::tests::trap1 ... ok
[INFO] [stdout] test solution::medium::p62_unique_paths::tests::test3 ... ok
[INFO] [stdout] test solution::medium::p62_unique_paths::tests::test2 ... ok
[INFO] [stdout] test solution::medium::p62_unique_paths::tests::test1 ... ok
[INFO] [stdout] test solution::medium::p63_unique_paths_ii::tests::fail1 ... ok
[INFO] [stdout] test solution::medium::p63_unique_paths_ii::tests::test1 ... ok
[INFO] [stdout] test solution::medium::p63_unique_paths_ii::tests::test2 ... ok
[INFO] [stdout] test solution::medium::p63_unique_paths_ii::tests::fail4 ... ok
[INFO] [stdout] test solution::medium::p63_unique_paths_ii::tests::fail2 ... ok
[INFO] [stdout] test solution::medium::p6_zigzag_conversion::tests::test1 ... ok
[INFO] [stdout] test solution::medium::p64_minimum_path_sum::tests::test2 ... ok
[INFO] [stdout] test solution::medium::p64_minimum_path_sum::tests::test1 ... ok
[INFO] [stdout] test solution::medium::p5_longest_palindromic_substring::tests::fail3 ... ok
[INFO] [stdout] test solution::medium::p6_zigzag_conversion::tests::test3 ... ok
[INFO] [stdout] test solution::medium::p71_simplify_path::tests::test1 ... ok
[INFO] [stdout] test solution::medium::p71_simplify_path::tests::test2 ... ok
[INFO] [stdout] test solution::medium::p63_unique_paths_ii::tests::fail3 ... ok
[INFO] [stdout] test solution::medium::p71_simplify_path::tests::trap1 ... ok
[INFO] [stdout] test solution::medium::p6_zigzag_conversion::tests::test2 ... ok
[INFO] [stdout] test solution::medium::p71_simplify_path::tests::trap2 ... ok
[INFO] [stdout] test solution::medium::p73_set_matrix_zeroes::tests::test1 ... ok
[INFO] [stdout] test solution::medium::p73_set_matrix_zeroes::tests::test2 ... ok
[INFO] [stdout] test solution::medium::p74_search_a_2d_matrix::tests::fail1 ... ok
[INFO] [stdout] test solution::medium::p74_search_a_2d_matrix::tests::fail2 ... ok
[INFO] [stdout] test solution::medium::p74_search_a_2d_matrix::tests::test1 ... ok
[INFO] [stdout] test solution::medium::p71_simplify_path::tests::test3 ... ok
[INFO] [stdout] test solution::medium::p74_search_a_2d_matrix::tests::test2 ... ok
[INFO] [stdout] test solution::medium::p75_sort_colors::tests::fail2 ... ok
[INFO] [stdout] test solution::medium::p75_sort_colors::tests::fail1 ... ok
[INFO] [stdout] test solution::medium::p75_sort_colors::tests::test1 ... ok
[INFO] [stdout] test solution::medium::p75_sort_colors::tests::test2 ... ok
[INFO] [stdout] test solution::medium::p75_sort_colors::tests::trap1 ... ok
[INFO] [stdout] test solution::medium::p75_sort_colors::tests::trap2 ... ok
[INFO] [stdout] test solution::medium::p77_combinations::tests::test2 ... ok
[INFO] [stdout] test solution::medium::p71_simplify_path::tests::test4 ... ok
[INFO] [stdout] test solution::medium::p79_word_search::tests::test1 ... ok
[INFO] [stdout] test solution::medium::p78_subsets::tests::test2 ... ok
[INFO] [stdout] test solution::medium::p79_word_search::tests::test3 ... ok
[INFO] [stdout] test solution::medium::p77_combinations::tests::test1 ... FAILED
[INFO] [stdout] test solution::medium::p77_combinations::tests::fail1 ... ok
[INFO] [stdout] test solution::medium::p78_subsets::tests::test1 ... FAILED
[INFO] [stdout] test solution::medium::p7_reverse_integer::tests::test1 ... ok
[INFO] [stdout] test solution::medium::p7_reverse_integer::tests::test2 ... ok
[INFO] [stdout] test solution::medium::p77_combinations::tests::fail2 ... FAILED
[INFO] [stdout] test solution::medium::p7_reverse_integer::tests::trap2 ... ok
[INFO] [stdout] test solution::medium::p7_reverse_integer::tests::test3 ... ok
[INFO] [stdout] test solution::medium::p80_remove_duplicates_from_sorted_array_ii::tests::test1 ... ok
[INFO] [stdout] test solution::medium::p7_reverse_integer::tests::test4 ... ok
[INFO] [stdout] test solution::medium::p81_search_in_rotated_sorted_array_ii::tests::fail1 ... ok
[INFO] [stdout] test solution::medium::p81_search_in_rotated_sorted_array_ii::tests::test1 ... ok
[INFO] [stdout] test solution::medium::p82_remove_duplicates_from_sorted_list_ii::tests::test1 ... ok
[INFO] [stdout] test solution::medium::p81_search_in_rotated_sorted_array_ii::tests::test2 ... ok
[INFO] [stdout] test solution::medium::p82_remove_duplicates_from_sorted_list_ii::tests::test2 ... ok
[INFO] [stdout] test solution::medium::p86_partition_list::tests::test2 ... ok
[INFO] [stdout] test solution::medium::p86_partition_list::tests::test1 ... ok
[INFO] [stdout] test solution::medium::p89_gray_code::tests::test1 ... ok
[INFO] [stdout] test solution::medium::p8_string_to_integer_atoi::tests::fail1 ... ok
[INFO] [stdout] test solution::medium::p89_gray_code::tests::test2 ... ok
[INFO] [stdout] test solution::medium::p57_insert_interval::tests::test5 ... ok
[INFO] [stdout] test solution::medium::p47_permutations_ii::tests::test2 ... ok
[INFO] [stdout] test solution::medium::p8_string_to_integer_atoi::tests::fail2 ... ok
[INFO] [stdout] test solution::medium::p8_string_to_integer_atoi::tests::test1 ... ok
[INFO] [stdout] test solution::medium::p8_string_to_integer_atoi::tests::test2 ... ok
[INFO] [stdout] test solution::medium::p8_string_to_integer_atoi::tests::test3 ... ok
[INFO] [stdout] test solution::medium::p90_subsets_ii::tests::test1 ... ok
[INFO] [stdout] test solution::medium::p90_subsets_ii::tests::test2 ... ok
[INFO] [stdout] test solution::medium::p8_string_to_integer_atoi::tests::trap1 ... ok
[INFO] [stdout] test structure::list_node::tests::test_from ... ok
[INFO] [stdout] test solution::medium::p8_string_to_integer_atoi::tests::trap2 ... ok
[INFO] [stdout] test structure::list_node::tests::test_into ... ok
[INFO] [stdout] test structure::tree_node::tests::breadth_first_search ... ok
[INFO] [stdout] test structure::tree_node::tests::depth_first_search ... ok
[INFO] [stdout] test structure::tree_node::tests::inorder_traversal ... ok
[INFO] [stdout] test structure::tree_node::tests::postorder_traversal ... ok
[INFO] [stdout] test structure::tree_node::tests::preorder_traversal ... ok
[INFO] [stdout] test structure::tree_node::tests::test_fmt ... ok
[INFO] [stdout] test structure::tree_node::tests::test_from ... ok
[INFO] [stdout] test structure::tree_node::tests::test_into ... ok
[INFO] [stdout] test solution::medium::p79_word_search::tests::test2 ... ok
[INFO] [stdout] test solution::medium::p7_reverse_integer::tests::trap1 ... ok
[INFO] [stdout] test solution::medium::p80_remove_duplicates_from_sorted_array_ii::tests::test2 ... ok
[INFO] [stdout] test structure::list_node::tests::test_format ... ok
[INFO] [stdout] test solution::medium::p79_word_search::tests::time1 ... ok
[INFO] [stdout] 
[INFO] [stdout] failures:
[INFO] [stdout] 
[INFO] [stdout] ---- solution::easy::p925_long_pressed_name::tests::fail2 stdout ----
[INFO] [stdout] thread 'solution::easy::p925_long_pressed_name::tests::fail2' panicked at 'assertion failed: !Solution::is_long_pressed_name(String::from(\"vtkgn\"),\n        String::from(\"vttkgnn\"))', src/solution/easy/p925_long_pressed_name.rs:64:9
[INFO] [stdout] stack backtrace:
[INFO] [stdout]    0:     0x56235f6eb37a - std::backtrace_rs::backtrace::libunwind::trace::ha9053a9a07ca49cb
[INFO] [stdout]                                at /rustc/84c898d65adf2f39a5a98507f1fe0ce10a2b8dbc/library/std/src/../../backtrace/src/backtrace/libunwind.rs:93:5
[INFO] [stdout]    1:     0x56235f6eb37a - std::backtrace_rs::backtrace::trace_unsynchronized::h9c2852a457ad564e
[INFO] [stdout]                                at /rustc/84c898d65adf2f39a5a98507f1fe0ce10a2b8dbc/library/std/src/../../backtrace/src/backtrace/mod.rs:66:5
[INFO] [stdout]    2:     0x56235f6eb37a - std::sys_common::backtrace::_print_fmt::h457936fbfaa0070f
[INFO] [stdout]                                at /rustc/84c898d65adf2f39a5a98507f1fe0ce10a2b8dbc/library/std/src/sys_common/backtrace.rs:65:5
[INFO] [stdout]    3:     0x56235f6eb37a - <std::sys_common::backtrace::_print::DisplayBacktrace as core::fmt::Display>::fmt::h5779d7bf7f70cb0c
[INFO] [stdout]                                at /rustc/84c898d65adf2f39a5a98507f1fe0ce10a2b8dbc/library/std/src/sys_common/backtrace.rs:44:22
[INFO] [stdout]    4:     0x56235f70f51e - core::fmt::write::h5a4baaff1bcd3eb5
[INFO] [stdout]                                at /rustc/84c898d65adf2f39a5a98507f1fe0ce10a2b8dbc/library/core/src/fmt/mod.rs:1232:17
[INFO] [stdout]    5:     0x56235f6e87f5 - std::io::Write::write_fmt::h478f79c628ef31d1
[INFO] [stdout]                                at /rustc/84c898d65adf2f39a5a98507f1fe0ce10a2b8dbc/library/std/src/io/mod.rs:1684:15
[INFO] [stdout]    6:     0x56235f6eb145 - std::sys_common::backtrace::_print::h5fcdc36060f177e8
[INFO] [stdout]                                at /rustc/84c898d65adf2f39a5a98507f1fe0ce10a2b8dbc/library/std/src/sys_common/backtrace.rs:47:5
[INFO] [stdout]    7:     0x56235f6eb145 - std::sys_common::backtrace::print::h54ca9458b876c8bf
[INFO] [stdout]                                at /rustc/84c898d65adf2f39a5a98507f1fe0ce10a2b8dbc/library/std/src/sys_common/backtrace.rs:34:9
[INFO] [stdout]    8:     0x56235f6ecf0f - std::panicking::default_hook::{{closure}}::hbe471161c7664ed6
[INFO] [stdout]                                at /rustc/84c898d65adf2f39a5a98507f1fe0ce10a2b8dbc/library/std/src/panicking.rs:271:22
[INFO] [stdout]    9:     0x56235f6ecbcf - std::panicking::default_hook::ha3500da57aa4ac4f
[INFO] [stdout]                                at /rustc/84c898d65adf2f39a5a98507f1fe0ce10a2b8dbc/library/std/src/panicking.rs:287:9
[INFO] [stdout]   10:     0x56235f6bf8e7 - <alloc::boxed::Box<F,A> as core::ops::function::Fn<Args>>::call::hdf1b89dd137ece34
[INFO] [stdout]                                at /rustc/84c898d65adf2f39a5a98507f1fe0ce10a2b8dbc/library/alloc/src/boxed.rs:2001:9
[INFO] [stdout]   11:     0x56235f6bf8e7 - test::test_main::{{closure}}::h9081a79f20e75698
[INFO] [stdout]                                at /rustc/84c898d65adf2f39a5a98507f1fe0ce10a2b8dbc/library/test/src/lib.rs:135:21
[INFO] [stdout]   12:     0x56235f6ed63d - <alloc::boxed::Box<F,A> as core::ops::function::Fn<Args>>::call::h6507bddc3eebb4a5
[INFO] [stdout]                                at /rustc/84c898d65adf2f39a5a98507f1fe0ce10a2b8dbc/library/alloc/src/boxed.rs:2001:9
[INFO] [stdout]   13:     0x56235f6ed63d - std::panicking::rust_panic_with_hook::h50c09d000dc561d2
[INFO] [stdout]                                at /rustc/84c898d65adf2f39a5a98507f1fe0ce10a2b8dbc/library/std/src/panicking.rs:696:13
[INFO] [stdout]   14:     0x56235f6ed372 - std::panicking::begin_panic_handler::{{closure}}::h9e2b2176e00e0d9c
[INFO] [stdout]                                at /rustc/84c898d65adf2f39a5a98507f1fe0ce10a2b8dbc/library/std/src/panicking.rs:581:13
[INFO] [stdout]   15:     0x56235f6eb7e6 - std::sys_common::backtrace::__rust_end_short_backtrace::h5739b8e512c09d02
[INFO] [stdout]                                at /rustc/84c898d65adf2f39a5a98507f1fe0ce10a2b8dbc/library/std/src/sys_common/backtrace.rs:150:18
[INFO] [stdout]   16:     0x56235f6ed0c2 - rust_begin_unwind
[INFO] [stdout]                                at /rustc/84c898d65adf2f39a5a98507f1fe0ce10a2b8dbc/library/std/src/panicking.rs:579:5
[INFO] [stdout]   17:     0x56235f52ec03 - core::panicking::panic_fmt::hf33a1475b4dc5c3e
[INFO] [stdout]                                at /rustc/84c898d65adf2f39a5a98507f1fe0ce10a2b8dbc/library/core/src/panicking.rs:64:14
[INFO] [stdout]   18:     0x56235f52ec9d - core::panicking::panic::h9533b2fee90b999e
[INFO] [stdout]                                at /rustc/84c898d65adf2f39a5a98507f1fe0ce10a2b8dbc/library/core/src/panicking.rs:114:5
[INFO] [stdout]   19:     0x56235f68adf6 - leetcode_rs::solution::easy::p925_long_pressed_name::tests::fail2::h39362aa4f46f403f
[INFO] [stdout]                                at /opt/rustwide/workdir/src/solution/easy/p925_long_pressed_name.rs:64:9
[INFO] [stdout]   20:     0x56235f68ad17 - leetcode_rs::solution::easy::p925_long_pressed_name::tests::fail2::{{closure}}::h2385bc03c41c99bb
[INFO] [stdout]                                at /opt/rustwide/workdir/src/solution/easy/p925_long_pressed_name.rs:63:16
[INFO] [stdout]   21:     0x56235f568985 - core::ops::function::FnOnce::call_once::h4a9b20ff37198e55
[INFO] [stdout]                                at /rustc/84c898d65adf2f39a5a98507f1fe0ce10a2b8dbc/library/core/src/ops/function.rs:250:5
[INFO] [stdout]   22:     0x56235f6c4ccf - core::ops::function::FnOnce::call_once::h7d969581be7d0075
[INFO] [stdout]                                at /rustc/84c898d65adf2f39a5a98507f1fe0ce10a2b8dbc/library/core/src/ops/function.rs:250:5
[INFO] [stdout]   23:     0x56235f6c4ccf - test::__rust_begin_short_backtrace::hca25a52684e56655
[INFO] [stdout]                                at /rustc/84c898d65adf2f39a5a98507f1fe0ce10a2b8dbc/library/test/src/lib.rs:656:18
[INFO] [stdout]   24:     0x56235f6962ec - test::run_test::{{closure}}::ha8ac744c4af1a4bb
[INFO] [stdout]                                at /rustc/84c898d65adf2f39a5a98507f1fe0ce10a2b8dbc/library/test/src/lib.rs:647:30
[INFO] [stdout]   25:     0x56235f6962ec - core::ops::function::FnOnce::call_once{{vtable.shim}}::h7b411a9ed45bdecf
[INFO] [stdout]                                at /rustc/84c898d65adf2f39a5a98507f1fe0ce10a2b8dbc/library/core/src/ops/function.rs:250:5
[INFO] [stdout]   26:     0x56235f6c3c96 - <alloc::boxed::Box<F,A> as core::ops::function::FnOnce<Args>>::call_once::hd05328869a8ed200
[INFO] [stdout]                                at /rustc/84c898d65adf2f39a5a98507f1fe0ce10a2b8dbc/library/alloc/src/boxed.rs:1987:9
[INFO] [stdout]   27:     0x56235f6c3c96 - <core::panic::unwind_safe::AssertUnwindSafe<F> as core::ops::function::FnOnce<()>>::call_once::h0c601ce20bd5b2be
[INFO] [stdout]                                at /rustc/84c898d65adf2f39a5a98507f1fe0ce10a2b8dbc/library/core/src/panic/unwind_safe.rs:271:9
[INFO] [stdout]   28:     0x56235f6c3c96 - std::panicking::try::do_call::ha4be5c164fe30854
[INFO] [stdout]                                at /rustc/84c898d65adf2f39a5a98507f1fe0ce10a2b8dbc/library/std/src/panicking.rs:487:40
[INFO] [stdout]   29:     0x56235f6c3c96 - std::panicking::try::h604546f3609af05f
[INFO] [stdout]                                at /rustc/84c898d65adf2f39a5a98507f1fe0ce10a2b8dbc/library/std/src/panicking.rs:451:19
[INFO] [stdout]   30:     0x56235f6c3c96 - std::panic::catch_unwind::h5bfa8afe44c9c2f9
[INFO] [stdout]                                at /rustc/84c898d65adf2f39a5a98507f1fe0ce10a2b8dbc/library/std/src/panic.rs:140:14
[INFO] [stdout]   31:     0x56235f6c3c96 - test::run_test_in_process::hd50dee55dd63e6aa
[INFO] [stdout]                                at /rustc/84c898d65adf2f39a5a98507f1fe0ce10a2b8dbc/library/test/src/lib.rs:679:27
[INFO] [stdout]   32:     0x56235f6c3c96 - test::run_test::run_test_inner::{{closure}}::h4aa0f433aa85cea8
[INFO] [stdout]                                at /rustc/84c898d65adf2f39a5a98507f1fe0ce10a2b8dbc/library/test/src/lib.rs:573:39
[INFO] [stdout]   33:     0x56235f690961 - test::run_test::run_test_inner::{{closure}}::had56431adf24b4d6
[INFO] [stdout]                                at /rustc/84c898d65adf2f39a5a98507f1fe0ce10a2b8dbc/library/test/src/lib.rs:600:37
[INFO] [stdout]   34:     0x56235f690961 - std::sys_common::backtrace::__rust_begin_short_backtrace::ha8d9890e0c73bf13
[INFO] [stdout]                                at /rustc/84c898d65adf2f39a5a98507f1fe0ce10a2b8dbc/library/std/src/sys_common/backtrace.rs:134:18
[INFO] [stdout]   35:     0x56235f69637b - std::thread::Builder::spawn_unchecked_::{{closure}}::{{closure}}::h251832bcb4a95327
[INFO] [stdout]                                at /rustc/84c898d65adf2f39a5a98507f1fe0ce10a2b8dbc/library/std/src/thread/mod.rs:560:17
[INFO] [stdout]   36:     0x56235f69637b - <core::panic::unwind_safe::AssertUnwindSafe<F> as core::ops::function::FnOnce<()>>::call_once::h8fdff598fa414831
[INFO] [stdout]                                at /rustc/84c898d65adf2f39a5a98507f1fe0ce10a2b8dbc/library/core/src/panic/unwind_safe.rs:271:9
[INFO] [stdout]   37:     0x56235f69637b - std::panicking::try::do_call::h455dd2f7764a950f
[INFO] [stdout]                                at /rustc/84c898d65adf2f39a5a98507f1fe0ce10a2b8dbc/library/std/src/panicking.rs:487:40
[INFO] [stdout]   38:     0x56235f69637b - std::panicking::try::had6f23b7b73ae72a
[INFO] [stdout]                                at /rustc/84c898d65adf2f39a5a98507f1fe0ce10a2b8dbc/library/std/src/panicking.rs:451:19
[INFO] [stdout]   39:     0x56235f69637b - std::panic::catch_unwind::ha6a5ca3915b4dad0
[INFO] [stdout]                                at /rustc/84c898d65adf2f39a5a98507f1fe0ce10a2b8dbc/library/std/src/panic.rs:140:14
[INFO] [stdout]   40:     0x56235f69637b - std::thread::Builder::spawn_unchecked_::{{closure}}::h883b72ef75da6231
[INFO] [stdout]                                at /rustc/84c898d65adf2f39a5a98507f1fe0ce10a2b8dbc/library/std/src/thread/mod.rs:559:30
[INFO] [stdout]   41:     0x56235f69637b - core::ops::function::FnOnce::call_once{{vtable.shim}}::hb7dff73dc8bd2ccb
[INFO] [stdout]                                at /rustc/84c898d65adf2f39a5a98507f1fe0ce10a2b8dbc/library/core/src/ops/function.rs:250:5
[INFO] [stdout]   42:     0x56235f6f19a3 - <alloc::boxed::Box<F,A> as core::ops::function::FnOnce<Args>>::call_once::h39990b24eedef2ab
[INFO] [stdout]                                at /rustc/84c898d65adf2f39a5a98507f1fe0ce10a2b8dbc/library/alloc/src/boxed.rs:1987:9
[INFO] [stdout]   43:     0x56235f6f19a3 - <alloc::boxed::Box<F,A> as core::ops::function::FnOnce<Args>>::call_once::h01a027258444143b
[INFO] [stdout]                                at /rustc/84c898d65adf2f39a5a98507f1fe0ce10a2b8dbc/library/alloc/src/boxed.rs:1987:9
[INFO] [stdout]   44:     0x56235f6f19a3 - std::sys::unix::thread::Thread::new::thread_start::ha4f1cdd9c25884ba
[INFO] [stdout]                                at /rustc/84c898d65adf2f39a5a98507f1fe0ce10a2b8dbc/library/std/src/sys/unix/thread.rs:108:17
[INFO] [stdout]   45:     0x7fcb0a5e9b43 - <unknown>
[INFO] [stdout]   46:     0x7fcb0a67abb4 - __clone
[INFO] [stdout]   47:                0x0 - <unknown>
[INFO] [stdout] 
[INFO] [stdout] ---- solution::easy::p905_sort_array_by_parity::tests::test1 stdout ----
[INFO] [stdout] thread 'solution::easy::p905_sort_array_by_parity::tests::test1' panicked at 'assertion failed: `(left == right)`
[INFO] [stdout]   left: `[2, 4, 3, 1]`,
[INFO] [stdout]  right: `[4, 2, 1, 3]`', src/solution/easy/p905_sort_array_by_parity.rs:37:9
[INFO] [stdout] stack backtrace:
[INFO] [stdout]    0:     0x56235f6eb37a - std::backtrace_rs::backtrace::libunwind::trace::ha9053a9a07ca49cb
[INFO] [stdout]                                at /rustc/84c898d65adf2f39a5a98507f1fe0ce10a2b8dbc/library/std/src/../../backtrace/src/backtrace/libunwind.rs:93:5
[INFO] [stdout]    1:     0x56235f6eb37a - std::backtrace_rs::backtrace::trace_unsynchronized::h9c2852a457ad564e
[INFO] [stdout]                                at /rustc/84c898d65adf2f39a5a98507f1fe0ce10a2b8dbc/library/std/src/../../backtrace/src/backtrace/mod.rs:66:5
[INFO] [stdout]    2:     0x56235f6eb37a - std::sys_common::backtrace::_print_fmt::h457936fbfaa0070f
[INFO] [stdout]                                at /rustc/84c898d65adf2f39a5a98507f1fe0ce10a2b8dbc/library/std/src/sys_common/backtrace.rs:65:5
[INFO] [stdout]    3:     0x56235f6eb37a - <std::sys_common::backtrace::_print::DisplayBacktrace as core::fmt::Display>::fmt::h5779d7bf7f70cb0c
[INFO] [stdout]                                at /rustc/84c898d65adf2f39a5a98507f1fe0ce10a2b8dbc/library/std/src/sys_common/backtrace.rs:44:22
[INFO] [stdout]    4:     0x56235f70f51e - core::fmt::write::h5a4baaff1bcd3eb5
[INFO] [stdout]                                at /rustc/84c898d65adf2f39a5a98507f1fe0ce10a2b8dbc/library/core/src/fmt/mod.rs:1232:17
[INFO] [stdout]    5:     0x56235f6e87f5 - std::io::Write::write_fmt::h478f79c628ef31d1
[INFO] [stdout]                                at /rustc/84c898d65adf2f39a5a98507f1fe0ce10a2b8dbc/library/std/src/io/mod.rs:1684:15
[INFO] [stdout]    6:     0x56235f6eb145 - std::sys_common::backtrace::_print::h5fcdc36060f177e8
[INFO] [stdout]                                at /rustc/84c898d65adf2f39a5a98507f1fe0ce10a2b8dbc/library/std/src/sys_common/backtrace.rs:47:5
[INFO] [stdout]    7:     0x56235f6eb145 - std::sys_common::backtrace::print::h54ca9458b876c8bf
[INFO] [stdout]                                at /rustc/84c898d65adf2f39a5a98507f1fe0ce10a2b8dbc/library/std/src/sys_common/backtrace.rs:34:9
[INFO] [stdout]    8:     0x56235f6ecf0f - std::panicking::default_hook::{{closure}}::hbe471161c7664ed6
[INFO] [stdout]                                at /rustc/84c898d65adf2f39a5a98507f1fe0ce10a2b8dbc/library/std/src/panicking.rs:271:22
[INFO] [stdout]    9:     0x56235f6ecbcf - std::panicking::default_hook::ha3500da57aa4ac4f
[INFO] [stdout]                                at /rustc/84c898d65adf2f39a5a98507f1fe0ce10a2b8dbc/library/std/src/panicking.rs:287:9
[INFO] [stdout]   10:     0x56235f6bf8e7 - <alloc::boxed::Box<F,A> as core::ops::function::Fn<Args>>::call::hdf1b89dd137ece34
[INFO] [stdout]                                at /rustc/84c898d65adf2f39a5a98507f1fe0ce10a2b8dbc/library/alloc/src/boxed.rs:2001:9
[INFO] [stdout]   11:     0x56235f6bf8e7 - test::test_main::{{closure}}::h9081a79f20e75698
[INFO] [stdout]                                at /rustc/84c898d65adf2f39a5a98507f1fe0ce10a2b8dbc/library/test/src/lib.rs:135:21
[INFO] [stdout]   12:     0x56235f6ed63d - <alloc::boxed::Box<F,A> as core::ops::function::Fn<Args>>::call::h6507bddc3eebb4a5
[INFO] [stdout]                                at /rustc/84c898d65adf2f39a5a98507f1fe0ce10a2b8dbc/library/alloc/src/boxed.rs:2001:9
[INFO] [stdout]   13:     0x56235f6ed63d - std::panicking::rust_panic_with_hook::h50c09d000dc561d2
[INFO] [stdout]                                at /rustc/84c898d65adf2f39a5a98507f1fe0ce10a2b8dbc/library/std/src/panicking.rs:696:13
[INFO] [stdout]   14:     0x56235f6ed3b9 - std::panicking::begin_panic_handler::{{closure}}::h9e2b2176e00e0d9c
[INFO] [stdout]                                at /rustc/84c898d65adf2f39a5a98507f1fe0ce10a2b8dbc/library/std/src/panicking.rs:583:13
[INFO] [stdout]   15:     0x56235f6eb7e6 - std::sys_common::backtrace::__rust_end_short_backtrace::h5739b8e512c09d02
[INFO] [stdout]                                at /rustc/84c898d65adf2f39a5a98507f1fe0ce10a2b8dbc/library/std/src/sys_common/backtrace.rs:150:18
[INFO] [stdout]   16:     0x56235f6ed0c2 - rust_begin_unwind
[INFO] [stdout]                                at /rustc/84c898d65adf2f39a5a98507f1fe0ce10a2b8dbc/library/std/src/panicking.rs:579:5
[INFO] [stdout]   17:     0x56235f52ec03 - core::panicking::panic_fmt::hf33a1475b4dc5c3e
[INFO] [stdout]                                at /rustc/84c898d65adf2f39a5a98507f1fe0ce10a2b8dbc/library/core/src/panicking.rs:64:14
[INFO] [stdout]   18:     0x56235f52eedf - core::panicking::assert_failed_inner::haf9816227b20b6f2
[INFO] [stdout]   19:     0x56235f57887a - core::panicking::assert_failed::h3a0930becb182795
[INFO] [stdout]                                at /rustc/84c898d65adf2f39a5a98507f1fe0ce10a2b8dbc/library/core/src/panicking.rs:211:5
[INFO] [stdout]   20:     0x56235f5d0ced - leetcode_rs::solution::easy::p905_sort_array_by_parity::tests::test1::haef726a4752a7104
[INFO] [stdout]                                at /opt/rustwide/workdir/src/solution/easy/p905_sort_array_by_parity.rs:37:9
[INFO] [stdout]   21:     0x56235f5d0b57 - leetcode_rs::solution::easy::p905_sort_array_by_parity::tests::test1::{{closure}}::h5f2f48cd9eb377d0
[INFO] [stdout]                                at /opt/rustwide/workdir/src/solution/easy/p905_sort_array_by_parity.rs:36:16
[INFO] [stdout]   22:     0x56235f56f2a5 - core::ops::function::FnOnce::call_once::hc64b17c54552bdf9
[INFO] [stdout]                                at /rustc/84c898d65adf2f39a5a98507f1fe0ce10a2b8dbc/library/core/src/ops/function.rs:250:5
[INFO] [stdout]   23:     0x56235f6c4ccf - core::ops::function::FnOnce::call_once::h7d969581be7d0075
[INFO] [stdout]                                at /rustc/84c898d65adf2f39a5a98507f1fe0ce10a2b8dbc/library/core/src/ops/function.rs:250:5
[INFO] [stdout]   24:     0x56235f6c4ccf - test::__rust_begin_short_backtrace::hca25a52684e56655
[INFO] [stdout]                                at /rustc/84c898d65adf2f39a5a98507f1fe0ce10a2b8dbc/library/test/src/lib.rs:656:18
[INFO] [stdout]   25:     0x56235f6962ec - test::run_test::{{closure}}::ha8ac744c4af1a4bb
[INFO] [stdout]                                at /rustc/84c898d65adf2f39a5a98507f1fe0ce10a2b8dbc/library/test/src/lib.rs:647:30
[INFO] [stdout]   26:     0x56235f6962ec - core::ops::function::FnOnce::call_once{{vtable.shim}}::h7b411a9ed45bdecf
[INFO] [stdout]                                at /rustc/84c898d65adf2f39a5a98507f1fe0ce10a2b8dbc/library/core/src/ops/function.rs:250:5
[INFO] [stdout]   27:     0x56235f6c3c96 - <alloc::boxed::Box<F,A> as core::ops::function::FnOnce<Args>>::call_once::hd05328869a8ed200
[INFO] [stdout]                                at /rustc/84c898d65adf2f39a5a98507f1fe0ce10a2b8dbc/library/alloc/src/boxed.rs:1987:9
[INFO] [stdout]   28:     0x56235f6c3c96 - <core::panic::unwind_safe::AssertUnwindSafe<F> as core::ops::function::FnOnce<()>>::call_once::h0c601ce20bd5b2be
[INFO] [stdout]                                at /rustc/84c898d65adf2f39a5a98507f1fe0ce10a2b8dbc/library/core/src/panic/unwind_safe.rs:271:9
[INFO] [stdout]   29:     0x56235f6c3c96 - std::panicking::try::do_call::ha4be5c164fe30854
[INFO] [stdout]                                at /rustc/84c898d65adf2f39a5a98507f1fe0ce10a2b8dbc/library/std/src/panicking.rs:487:40
[INFO] [stdout]   30:     0x56235f6c3c96 - std::panicking::try::h604546f3609af05f
[INFO] [stdout]                                at /rustc/84c898d65adf2f39a5a98507f1fe0ce10a2b8dbc/library/std/src/panicking.rs:451:19
[INFO] [stdout]   31:     0x56235f6c3c96 - std::panic::catch_unwind::h5bfa8afe44c9c2f9
[INFO] [stdout]                                at /rustc/84c898d65adf2f39a5a98507f1fe0ce10a2b8dbc/library/std/src/panic.rs:140:14
[INFO] [stdout]   32:     0x56235f6c3c96 - test::run_test_in_process::hd50dee55dd63e6aa
[INFO] [stdout]                                at /rustc/84c898d65adf2f39a5a98507f1fe0ce10a2b8dbc/library/test/src/lib.rs:679:27
[INFO] [stdout]   33:     0x56235f6c3c96 - test::run_test::run_test_inner::{{closure}}::h4aa0f433aa85cea8
[INFO] [stdout]                                at /rustc/84c898d65adf2f39a5a98507f1fe0ce10a2b8dbc/library/test/src/lib.rs:573:39
[INFO] [stdout]   34:     0x56235f690961 - test::run_test::run_test_inner::{{closure}}::had56431adf24b4d6
[INFO] [stdout]                                at /rustc/84c898d65adf2f39a5a98507f1fe0ce10a2b8dbc/library/test/src/lib.rs:600:37
[INFO] [stdout]   35:     0x56235f690961 - std::sys_common::backtrace::__rust_begin_short_backtrace::ha8d9890e0c73bf13
[INFO] [stdout]                                at /rustc/84c898d65adf2f39a5a98507f1fe0ce10a2b8dbc/library/std/src/sys_common/backtrace.rs:134:18
[INFO] [stdout]   36:     0x56235f69637b - std::thread::Builder::spawn_unchecked_::{{closure}}::{{closure}}::h251832bcb4a95327
[INFO] [stdout]                                at /rustc/84c898d65adf2f39a5a98507f1fe0ce10a2b8dbc/library/std/src/thread/mod.rs:560:17
[INFO] [stdout]   37:     0x56235f69637b - <core::panic::unwind_safe::AssertUnwindSafe<F> as core::ops::function::FnOnce<()>>::call_once::h8fdff598fa414831
[INFO] [stdout]                                at /rustc/84c898d65adf2f39a5a98507f1fe0ce10a2b8dbc/library/core/src/panic/unwind_safe.rs:271:9
[INFO] [stdout]   38:     0x56235f69637b - std::panicking::try::do_call::h455dd2f7764a950f
[INFO] [stdout]                                at /rustc/84c898d65adf2f39a5a98507f1fe0ce10a2b8dbc/library/std/src/panicking.rs:487:40
[INFO] [stdout]   39:     0x56235f69637b - std::panicking::try::had6f23b7b73ae72a
[INFO] [stdout]                                at /rustc/84c898d65adf2f39a5a98507f1fe0ce10a2b8dbc/library/std/src/panicking.rs:451:19
[INFO] [stdout]   40:     0x56235f69637b - std::panic::catch_unwind::ha6a5ca3915b4dad0
[INFO] [stdout]                                at /rustc/84c898d65adf2f39a5a98507f1fe0ce10a2b8dbc/library/std/src/panic.rs:140:14
[INFO] [stdout]   41:     0x56235f69637b - std::thread::Builder::spawn_unchecked_::{{closure}}::h883b72ef75da6231
[INFO] [stdout]                                at /rustc/84c898d65adf2f39a5a98507f1fe0ce10a2b8dbc/library/std/src/thread/mod.rs:559:30
[INFO] [stdout]   42:     0x56235f69637b - core::ops::function::FnOnce::call_once{{vtable.shim}}::hb7dff73dc8bd2ccb
[INFO] [stdout]                                at /rustc/84c898d65adf2f39a5a98507f1fe0ce10a2b8dbc/library/core/src/ops/function.rs:250:5
[INFO] [stdout]   43:     0x56235f6f19a3 - <alloc::boxed::Box<F,A> as core::ops::function::FnOnce<Args>>::call_once::h39990b24eedef2ab
[INFO] [stdout]                                at /rustc/84c898d65adf2f39a5a98507f1fe0ce10a2b8dbc/library/alloc/src/boxed.rs:1987:9
[INFO] [stdout]   44:     0x56235f6f19a3 - <alloc::boxed::Box<F,A> as core::ops::function::FnOnce<Args>>::call_once::h01a027258444143b
[INFO] [stdout]                                at /rustc/84c898d65adf2f39a5a98507f1fe0ce10a2b8dbc/library/alloc/src/boxed.rs:1987:9
[INFO] [stdout]   45:     0x56235f6f19a3 - std::sys::unix::thread::Thread::new::thread_start::ha4f1cdd9c25884ba
[INFO] [stdout]                                at /rustc/84c898d65adf2f39a5a98507f1fe0ce10a2b8dbc/library/std/src/sys/unix/thread.rs:108:17
[INFO] [stdout]   46:     0x7fcb0a5e9b43 - <unknown>
[INFO] [stdout]   47:     0x7fcb0a67abb4 - __clone
[INFO] [stdout]   48:                0x0 - <unknown>
[INFO] [stdout] 
[INFO] [stdout] ---- solution::medium::p77_combinations::tests::test1 stdout ----
[INFO] [stdout] thread 'solution::medium::p77_combinations::tests::test1' panicked at 'assertion failed: `(left == right)`
[INFO] [stdout]   left: `[[1, 2], [1, 3], [2, 3], [1, 4], [2, 4], [3, 4]]`,
[INFO] [stdout]  right: `[[1, 2], [1, 3], [1, 4], [2, 3], [2, 4], [3, 4]]`', src/solution/medium/p77_combinations.rs:57:9
[INFO] [stdout] stack backtrace:
[INFO] [stdout]    0:     0x56235f6eb37a - std::backtrace_rs::backtrace::libunwind::trace::ha9053a9a07ca49cb
[INFO] [stdout]                                at /rustc/84c898d65adf2f39a5a98507f1fe0ce10a2b8dbc/library/std/src/../../backtrace/src/backtrace/libunwind.rs:93:5
[INFO] [stdout]    1:     0x56235f6eb37a - std::backtrace_rs::backtrace::trace_unsynchronized::h9c2852a457ad564e
[INFO] [stdout]                                at /rustc/84c898d65adf2f39a5a98507f1fe0ce10a2b8dbc/library/std/src/../../backtrace/src/backtrace/mod.rs:66:5
[INFO] [stdout]    2:     0x56235f6eb37a - std::sys_common::backtrace::_print_fmt::h457936fbfaa0070f
[INFO] [stdout]                                at /rustc/84c898d65adf2f39a5a98507f1fe0ce10a2b8dbc/library/std/src/sys_common/backtrace.rs:65:5
[INFO] [stdout]    3:     0x56235f6eb37a - <std::sys_common::backtrace::_print::DisplayBacktrace as core::fmt::Display>::fmt::h5779d7bf7f70cb0c
[INFO] [stdout]                                at /rustc/84c898d65adf2f39a5a98507f1fe0ce10a2b8dbc/library/std/src/sys_common/backtrace.rs:44:22
[INFO] [stdout]    4:     0x56235f70f51e - core::fmt::write::h5a4baaff1bcd3eb5
[INFO] [stdout]                                at /rustc/84c898d65adf2f39a5a98507f1fe0ce10a2b8dbc/library/core/src/fmt/mod.rs:1232:17
[INFO] [stdout]    5:     0x56235f6e87f5 - std::io::Write::write_fmt::h478f79c628ef31d1
[INFO] [stdout]                                at /rustc/84c898d65adf2f39a5a98507f1fe0ce10a2b8dbc/library/std/src/io/mod.rs:1684:15
[INFO] [stdout]    6:     0x56235f6eb145 - std::sys_common::backtrace::_print::h5fcdc36060f177e8
[INFO] [stdout]                                at /rustc/84c898d65adf2f39a5a98507f1fe0ce10a2b8dbc/library/std/src/sys_common/backtrace.rs:47:5
[INFO] [stdout]    7:     0x56235f6eb145 - std::sys_common::backtrace::print::h54ca9458b876c8bf
[INFO] [stdout]                                at /rustc/84c898d65adf2f39a5a98507f1fe0ce10a2b8dbc/library/std/src/sys_common/backtrace.rs:34:9
[INFO] [stdout]    8:     0x56235f6ecf0f - std::panicking::default_hook::{{closure}}::hbe471161c7664ed6
[INFO] [stdout]                                at /rustc/84c898d65adf2f39a5a98507f1fe0ce10a2b8dbc/library/std/src/panicking.rs:271:22
[INFO] [stdout]    9:     0x56235f6ecbcf - std::panicking::default_hook::ha3500da57aa4ac4f
[INFO] [stdout]                                at /rustc/84c898d65adf2f39a5a98507f1fe0ce10a2b8dbc/library/std/src/panicking.rs:287:9
[INFO] [stdout]   10:     0x56235f6bf8e7 - <alloc::boxed::Box<F,A> as core::ops::function::Fn<Args>>::call::hdf1b89dd137ece34
[INFO] [stdout]                                at /rustc/84c898d65adf2f39a5a98507f1fe0ce10a2b8dbc/library/alloc/src/boxed.rs:2001:9
[INFO] [stdout]   11:     0x56235f6bf8e7 - test::test_main::{{closure}}::h9081a79f20e75698
[INFO] [stdout]                                at /rustc/84c898d65adf2f39a5a98507f1fe0ce10a2b8dbc/library/test/src/lib.rs:135:21
[INFO] [stdout]   12:     0x56235f6ed63d - <alloc::boxed::Box<F,A> as core::ops::function::Fn<Args>>::call::h6507bddc3eebb4a5
[INFO] [stdout]                                at /rustc/84c898d65adf2f39a5a98507f1fe0ce10a2b8dbc/library/alloc/src/boxed.rs:2001:9
[INFO] [stdout]   13:     0x56235f6ed63d - std::panicking::rust_panic_with_hook::h50c09d000dc561d2
[INFO] [stdout]                                at /rustc/84c898d65adf2f39a5a98507f1fe0ce10a2b8dbc/library/std/src/panicking.rs:696:13
[INFO] [stdout]   14:     0x56235f6ed3b9 - std::panicking::begin_panic_handler::{{closure}}::h9e2b2176e00e0d9c
[INFO] [stdout]                                at /rustc/84c898d65adf2f39a5a98507f1fe0ce10a2b8dbc/library/std/src/panicking.rs:583:13
[INFO] [stdout]   15:     0x56235f6eb7e6 - std::sys_common::backtrace::__rust_end_short_backtrace::h5739b8e512c09d02
[INFO] [stdout]                                at /rustc/84c898d65adf2f39a5a98507f1fe0ce10a2b8dbc/library/std/src/sys_common/backtrace.rs:150:18
[INFO] [stdout]   16:     0x56235f6ed0c2 - rust_begin_unwind
[INFO] [stdout]                                at /rustc/84c898d65adf2f39a5a98507f1fe0ce10a2b8dbc/library/std/src/panicking.rs:579:5
[INFO] [stdout]   17:     0x56235f52ec03 - core::panicking::panic_fmt::hf33a1475b4dc5c3e
[INFO] [stdout]                                at /rustc/84c898d65adf2f39a5a98507f1fe0ce10a2b8dbc/library/core/src/panicking.rs:64:14
[INFO] [stdout]   18:     0x56235f52eedf - core::panicking::assert_failed_inner::haf9816227b20b6f2
[INFO] [stdout]   19:     0x56235f578cfa - core::panicking::assert_failed::heb7f0fc9b899b9ce
[INFO] [stdout]                                at /rustc/84c898d65adf2f39a5a98507f1fe0ce10a2b8dbc/library/core/src/panicking.rs:211:5
[INFO] [stdout]   20:     0x56235f630ebc - leetcode_rs::solution::medium::p77_combinations::tests::test1::h0bb4dddcabf3a0b8
[INFO] [stdout]                                at /opt/rustwide/workdir/src/solution/medium/p77_combinations.rs:57:9
[INFO] [stdout]   21:     0x56235f630aa7 - leetcode_rs::solution::medium::p77_combinations::tests::test1::{{closure}}::h4bd008894647452d
[INFO] [stdout]                                at /opt/rustwide/workdir/src/solution/medium/p77_combinations.rs:56:16
[INFO] [stdout]   22:     0x56235f56e255 - core::ops::function::FnOnce::call_once::hb61b121dde81ea77
[INFO] [stdout]                                at /rustc/84c898d65adf2f39a5a98507f1fe0ce10a2b8dbc/library/core/src/ops/function.rs:250:5
[INFO] [stdout]   23:     0x56235f6c4ccf - core::ops::function::FnOnce::call_once::h7d969581be7d0075
[INFO] [stdout]                                at /rustc/84c898d65adf2f39a5a98507f1fe0ce10a2b8dbc/library/core/src/ops/function.rs:250:5
[INFO] [stdout]   24:     0x56235f6c4ccf - test::__rust_begin_short_backtrace::hca25a52684e56655
[INFO] [stdout]                                at /rustc/84c898d65adf2f39a5a98507f1fe0ce10a2b8dbc/library/test/src/lib.rs:656:18
[INFO] [stdout]   25:     0x56235f6962ec - test::run_test::{{closure}}::ha8ac744c4af1a4bb
[INFO] [stdout]                                at /rustc/84c898d65adf2f39a5a98507f1fe0ce10a2b8dbc/library/test/src/lib.rs:647:30
[INFO] [stdout]   26:     0x56235f6962ec - core::ops::function::FnOnce::call_once{{vtable.shim}}::h7b411a9ed45bdecf
[INFO] [stdout]                                at /rustc/84c898d65adf2f39a5a98507f1fe0ce10a2b8dbc/library/core/src/ops/function.rs:250:5
[INFO] [stdout]   27:     0x56235f6c3c96 - <alloc::boxed::Box<F,A> as core::ops::function::FnOnce<Args>>::call_once::hd05328869a8ed200
[INFO] [stdout]                                at /rustc/84c898d65adf2f39a5a98507f1fe0ce10a2b8dbc/library/alloc/src/boxed.rs:1987:9
[INFO] [stdout]   28:     0x56235f6c3c96 - <core::panic::unwind_safe::AssertUnwindSafe<F> as core::ops::function::FnOnce<()>>::call_once::h0c601ce20bd5b2be
[INFO] [stdout]                                at /rustc/84c898d65adf2f39a5a98507f1fe0ce10a2b8dbc/library/core/src/panic/unwind_safe.rs:271:9
[INFO] [stdout]   29:     0x56235f6c3c96 - std::panicking::try::do_call::ha4be5c164fe30854
[INFO] [stdout]                                at /rustc/84c898d65adf2f39a5a98507f1fe0ce10a2b8dbc/library/std/src/panicking.rs:487:40
[INFO] [stdout]   30:     0x56235f6c3c96 - std::panicking::try::h604546f3609af05f
[INFO] [stdout]                                at /rustc/84c898d65adf2f39a5a98507f1fe0ce10a2b8dbc/library/std/src/panicking.rs:451:19
[INFO] [stdout]   31:     0x56235f6c3c96 - std::panic::catch_unwind::h5bfa8afe44c9c2f9
[INFO] [stdout]                                at /rustc/84c898d65adf2f39a5a98507f1fe0ce10a2b8dbc/library/std/src/panic.rs:140:14
[INFO] [stdout]   32:     0x56235f6c3c96 - test::run_test_in_process::hd50dee55dd63e6aa
[INFO] [stdout]                                at /rustc/84c898d65adf2f39a5a98507f1fe0ce10a2b8dbc/library/test/src/lib.rs:679:27
[INFO] [stdout]   33:     0x56235f6c3c96 - test::run_test::run_test_inner::{{closure}}::h4aa0f433aa85cea8
[INFO] [stdout]                                at /rustc/84c898d65adf2f39a5a98507f1fe0ce10a2b8dbc/library/test/src/lib.rs:573:39
[INFO] [stdout]   34:     0x56235f690961 - test::run_test::run_test_inner::{{closure}}::had56431adf24b4d6
[INFO] [stdout]                                at /rustc/84c898d65adf2f39a5a98507f1fe0ce10a2b8dbc/library/test/src/lib.rs:600:37
[INFO] [stdout]   35:     0x56235f690961 - std::sys_common::backtrace::__rust_begin_short_backtrace::ha8d9890e0c73bf13
[INFO] [stdout]                                at /rustc/84c898d65adf2f39a5a98507f1fe0ce10a2b8dbc/library/std/src/sys_common/backtrace.rs:134:18
[INFO] [stdout]   36:     0x56235f69637b - std::thread::Builder::spawn_unchecked_::{{closure}}::{{closure}}::h251832bcb4a95327
[INFO] [stdout]                                at /rustc/84c898d65adf2f39a5a98507f1fe0ce10a2b8dbc/library/std/src/thread/mod.rs:560:17
[INFO] [stdout]   37:     0x56235f69637b - <core::panic::unwind_safe::AssertUnwindSafe<F> as core::ops::function::FnOnce<()>>::call_once::h8fdff598fa414831
[INFO] [stdout]                                at /rustc/84c898d65adf2f39a5a98507f1fe0ce10a2b8dbc/library/core/src/panic/unwind_safe.rs:271:9
[INFO] [stdout]   38:     0x56235f69637b - std::panicking::try::do_call::h455dd2f7764a950f
[INFO] [stdout]                                at /rustc/84c898d65adf2f39a5a98507f1fe0ce10a2b8dbc/library/std/src/panicking.rs:487:40
[INFO] [stdout]   39:     0x56235f69637b - std::panicking::try::had6f23b7b73ae72a
[INFO] [stdout]                                at /rustc/84c898d65adf2f39a5a98507f1fe0ce10a2b8dbc/library/std/src/panicking.rs:451:19
[INFO] [stdout]   40:     0x56235f69637b - std::panic::catch_unwind::ha6a5ca3915b4dad0
[INFO] [stdout]                                at /rustc/84c898d65adf2f39a5a98507f1fe0ce10a2b8dbc/library/std/src/panic.rs:140:14
[INFO] [stdout]   41:     0x56235f69637b - std::thread::Builder::spawn_unchecked_::{{closure}}::h883b72ef75da6231
[INFO] [stdout]                                at /rustc/84c898d65adf2f39a5a98507f1fe0ce10a2b8dbc/library/std/src/thread/mod.rs:559:30
[INFO] [stdout]   42:     0x56235f69637b - core::ops::function::FnOnce::call_once{{vtable.shim}}::hb7dff73dc8bd2ccb
[INFO] [stdout]                                at /rustc/84c898d65adf2f39a5a98507f1fe0ce10a2b8dbc/library/core/src/ops/function.rs:250:5
[INFO] [stdout]   43:     0x56235f6f19a3 - <alloc::boxed::Box<F,A> as core::ops::function::FnOnce<Args>>::call_once::h39990b24eedef2ab
[INFO] [stdout]                                at /rustc/84c898d65adf2f39a5a98507f1fe0ce10a2b8dbc/library/alloc/src/boxed.rs:1987:9
[INFO] [stdout]   44:     0x56235f6f19a3 - <alloc::boxed::Box<F,A> as core::ops::function::FnOnce<Args>>::call_once::h01a027258444143b
[INFO] [stdout]                                at /rustc/84c898d65adf2f39a5a98507f1fe0ce10a2b8dbc/library/alloc/src/boxed.rs:1987:9
[INFO] [stdout]   45:     0x56235f6f19a3 - std::sys::unix::thread::Thread::new::thread_start::ha4f1cdd9c25884ba
[INFO] [stdout]                                at /rustc/84c898d65adf2f39a5a98507f1fe0ce10a2b8dbc/library/std/src/sys/unix/thread.rs:108:17
[INFO] [stdout]   46:     0x7fcb0a5e9b43 - <unknown>
[INFO] [stdout]   47:     0x7fcb0a67abb4 - __clone
[INFO] [stdout]   48:                0x0 - <unknown>
[INFO] [stdout] 
[INFO] [stdout] ---- solution::medium::p78_subsets::tests::test1 stdout ----
[INFO] [stdout] thread 'solution::medium::p78_subsets::tests::test1' panicked at 'assertion failed: `(left == right)`
[INFO] [stdout]   left: `[[], [1], [2], [1, 2], [3], [1, 3], [2, 3], [1, 2, 3]]`,
[INFO] [stdout]  right: `[[], [1], [2], [3], [1, 2], [1, 3], [2, 3], [1, 2, 3]]`', src/solution/medium/p78_subsets.rs:53:9
[INFO] [stdout] stack backtrace:
[INFO] [stdout]    0:     0x56235f6eb37a - std::backtrace_rs::backtrace::libunwind::trace::ha9053a9a07ca49cb
[INFO] [stdout]                                at /rustc/84c898d65adf2f39a5a98507f1fe0ce10a2b8dbc/library/std/src/../../backtrace/src/backtrace/libunwind.rs:93:5
[INFO] [stdout]    1:     0x56235f6eb37a - std::backtrace_rs::backtrace::trace_unsynchronized::h9c2852a457ad564e
[INFO] [stdout]                                at /rustc/84c898d65adf2f39a5a98507f1fe0ce10a2b8dbc/library/std/src/../../backtrace/src/backtrace/mod.rs:66:5
[INFO] [stdout]    2:     0x56235f6eb37a - std::sys_common::backtrace::_print_fmt::h457936fbfaa0070f
[INFO] [stdout]                                at /rustc/84c898d65adf2f39a5a98507f1fe0ce10a2b8dbc/library/std/src/sys_common/backtrace.rs:65:5
[INFO] [stdout]    3:     0x56235f6eb37a - <std::sys_common::backtrace::_print::DisplayBacktrace as core::fmt::Display>::fmt::h5779d7bf7f70cb0c
[INFO] [stdout]                                at /rustc/84c898d65adf2f39a5a98507f1fe0ce10a2b8dbc/library/std/src/sys_common/backtrace.rs:44:22
[INFO] [stdout]    4:     0x56235f70f51e - core::fmt::write::h5a4baaff1bcd3eb5
[INFO] [stdout]                                at /rustc/84c898d65adf2f39a5a98507f1fe0ce10a2b8dbc/library/core/src/fmt/mod.rs:1232:17
[INFO] [stdout]    5:     0x56235f6e87f5 - std::io::Write::write_fmt::h478f79c628ef31d1
[INFO] [stdout]                                at /rustc/84c898d65adf2f39a5a98507f1fe0ce10a2b8dbc/library/std/src/io/mod.rs:1684:15
[INFO] [stdout]    6:     0x56235f6eb145 - std::sys_common::backtrace::_print::h5fcdc36060f177e8
[INFO] [stdout]                                at /rustc/84c898d65adf2f39a5a98507f1fe0ce10a2b8dbc/library/std/src/sys_common/backtrace.rs:47:5
[INFO] [stdout]    7:     0x56235f6eb145 - std::sys_common::backtrace::print::h54ca9458b876c8bf
[INFO] [stdout]                                at /rustc/84c898d65adf2f39a5a98507f1fe0ce10a2b8dbc/library/std/src/sys_common/backtrace.rs:34:9
[INFO] [stdout]    8:     0x56235f6ecf0f - std::panicking::default_hook::{{closure}}::hbe471161c7664ed6
[INFO] [stdout]                                at /rustc/84c898d65adf2f39a5a98507f1fe0ce10a2b8dbc/library/std/src/panicking.rs:271:22
[INFO] [stdout]    9:     0x56235f6ecbcf - std::panicking::default_hook::ha3500da57aa4ac4f
[INFO] [stdout]                                at /rustc/84c898d65adf2f39a5a98507f1fe0ce10a2b8dbc/library/std/src/panicking.rs:287:9
[INFO] [stdout]   10:     0x56235f6bf8e7 - <alloc::boxed::Box<F,A> as core::ops::function::Fn<Args>>::call::hdf1b89dd137ece34
[INFO] [stdout]                                at /rustc/84c898d65adf2f39a5a98507f1fe0ce10a2b8dbc/library/alloc/src/boxed.rs:2001:9
[INFO] [stdout]   11:     0x56235f6bf8e7 - test::test_main::{{closure}}::h9081a79f20e75698
[INFO] [stdout]                                at /rustc/84c898d65adf2f39a5a98507f1fe0ce10a2b8dbc/library/test/src/lib.rs:135:21
[INFO] [stdout]   12:     0x56235f6ed63d - <alloc::boxed::Box<F,A> as core::ops::function::Fn<Args>>::call::h6507bddc3eebb4a5
[INFO] [stdout]                                at /rustc/84c898d65adf2f39a5a98507f1fe0ce10a2b8dbc/library/alloc/src/boxed.rs:2001:9
[INFO] [stdout]   13:     0x56235f6ed63d - std::panicking::rust_panic_with_hook::h50c09d000dc561d2
[INFO] [stdout]                                at /rustc/84c898d65adf2f39a5a98507f1fe0ce10a2b8dbc/library/std/src/panicking.rs:696:13
[INFO] [stdout]   14:     0x56235f6ed3b9 - std::panicking::begin_panic_handler::{{closure}}::h9e2b2176e00e0d9c
[INFO] [stdout]                                at /rustc/84c898d65adf2f39a5a98507f1fe0ce10a2b8dbc/library/std/src/panicking.rs:583:13
[INFO] [stdout]   15:     0x56235f6eb7e6 - std::sys_common::backtrace::__rust_end_short_backtrace::h5739b8e512c09d02
[INFO] [stdout]                                at /rustc/84c898d65adf2f39a5a98507f1fe0ce10a2b8dbc/library/std/src/sys_common/backtrace.rs:150:18
[INFO] [stdout]   16:     0x56235f6ed0c2 - rust_begin_unwind
[INFO] [stdout]                                at /rustc/84c898d65adf2f39a5a98507f1fe0ce10a2b8dbc/library/std/src/panicking.rs:579:5
[INFO] [stdout]   17:     0x56235f52ec03 - core::panicking::panic_fmt::hf33a1475b4dc5c3e
[INFO] [stdout]                                at /rustc/84c898d65adf2f39a5a98507f1fe0ce10a2b8dbc/library/core/src/panicking.rs:64:14
[INFO] [stdout]   18:     0x56235f52eedf - core::panicking::assert_failed_inner::haf9816227b20b6f2
[INFO] [stdout]   19:     0x56235f578cfa - core::panicking::assert_failed::heb7f0fc9b899b9ce
[INFO] [stdout]                                at /rustc/84c898d65adf2f39a5a98507f1fe0ce10a2b8dbc/library/core/src/panicking.rs:211:5
[INFO] [stdout]   20:     0x56235f68fbef - leetcode_rs::solution::medium::p78_subsets::tests::test1::h42c83aaca1b3f808
[INFO] [stdout]                                at /opt/rustwide/workdir/src/solution/medium/p78_subsets.rs:53:9
[INFO] [stdout]   21:     0x56235f68f6d7 - leetcode_rs::solution::medium::p78_subsets::tests::test1::{{closure}}::h08fa2c0d8af7ffac
[INFO] [stdout]                                at /opt/rustwide/workdir/src/solution/medium/p78_subsets.rs:52:16
[INFO] [stdout]   22:     0x56235f56a2b5 - core::ops::function::FnOnce::call_once::h666bf2d0d33cad7e
[INFO] [stdout]                                at /rustc/84c898d65adf2f39a5a98507f1fe0ce10a2b8dbc/library/core/src/ops/function.rs:250:5
[INFO] [stdout]   23:     0x56235f6c4ccf - core::ops::function::FnOnce::call_once::h7d969581be7d0075
[INFO] [stdout]                                at /rustc/84c898d65adf2f39a5a98507f1fe0ce10a2b8dbc/library/core/src/ops/function.rs:250:5
[INFO] [stdout]   24:     0x56235f6c4ccf - test::__rust_begin_short_backtrace::hca25a52684e56655
[INFO] [stdout]                                at /rustc/84c898d65adf2f39a5a98507f1fe0ce10a2b8dbc/library/test/src/lib.rs:656:18
[INFO] [stdout]   25:     0x56235f6962ec - test::run_test::{{closure}}::ha8ac744c4af1a4bb
[INFO] [stdout]                                at /rustc/84c898d65adf2f39a5a98507f1fe0ce10a2b8dbc/library/test/src/lib.rs:647:30
[INFO] [stdout]   26:     0x56235f6962ec - core::ops::function::FnOnce::call_once{{vtable.shim}}::h7b411a9ed45bdecf
[INFO] [stdout]                                at /rustc/84c898d65adf2f39a5a98507f1fe0ce10a2b8dbc/library/core/src/ops/function.rs:250:5
[INFO] [stdout]   27:     0x56235f6c3c96 - <alloc::boxed::Box<F,A> as core::ops::function::FnOnce<Args>>::call_once::hd05328869a8ed200
[INFO] [stdout]                                at /rustc/84c898d65adf2f39a5a98507f1fe0ce10a2b8dbc/library/alloc/src/boxed.rs:1987:9
[INFO] [stdout]   28:     0x56235f6c3c96 - <core::panic::unwind_safe::AssertUnwindSafe<F> as core::ops::function::FnOnce<()>>::call_once::h0c601ce20bd5b2be
[INFO] [stdout]                                at /rustc/84c898d65adf2f39a5a98507f1fe0ce10a2b8dbc/library/core/src/panic/unwind_safe.rs:271:9
[INFO] [stdout]   29:     0x56235f6c3c96 - std::panicking::try::do_call::ha4be5c164fe30854
[INFO] [stdout]                                at /rustc/84c898d65adf2f39a5a98507f1fe0ce10a2b8dbc/library/std/src/panicking.rs:487:40
[INFO] [stdout]   30:     0x56235f6c3c96 - std::panicking::try::h604546f3609af05f
[INFO] [stdout]                                at /rustc/84c898d65adf2f39a5a98507f1fe0ce10a2b8dbc/library/std/src/panicking.rs:451:19
[INFO] [stdout]   31:     0x56235f6c3c96 - std::panic::catch_unwind::h5bfa8afe44c9c2f9
[INFO] [stdout]                                at /rustc/84c898d65adf2f39a5a98507f1fe0ce10a2b8dbc/library/std/src/panic.rs:140:14
[INFO] [stdout]   32:     0x56235f6c3c96 - test::run_test_in_process::hd50dee55dd63e6aa
[INFO] [stdout]                                at /rustc/84c898d65adf2f39a5a98507f1fe0ce10a2b8dbc/library/test/src/lib.rs:679:27
[INFO] [stdout]   33:     0x56235f6c3c96 - test::run_test::run_test_inner::{{closure}}::h4aa0f433aa85cea8
[INFO] [stdout]                                at /rustc/84c898d65adf2f39a5a98507f1fe0ce10a2b8dbc/library/test/src/lib.rs:573:39
[INFO] [stdout]   34:     0x56235f690961 - test::run_test::run_test_inner::{{closure}}::had56431adf24b4d6
[INFO] [stdout]                                at /rustc/84c898d65adf2f39a5a98507f1fe0ce10a2b8dbc/library/test/src/lib.rs:600:37
[INFO] [stdout]   35:     0x56235f690961 - std::sys_common::backtrace::__rust_begin_short_backtrace::ha8d9890e0c73bf13
[INFO] [stdout]                                at /rustc/84c898d65adf2f39a5a98507f1fe0ce10a2b8dbc/library/std/src/sys_common/backtrace.rs:134:18
[INFO] [stdout]   36:     0x56235f69637b - std::thread::Builder::spawn_unchecked_::{{closure}}::{{closure}}::h251832bcb4a95327
[INFO] [stdout]                                at /rustc/84c898d65adf2f39a5a98507f1fe0ce10a2b8dbc/library/std/src/thread/mod.rs:560:17
[INFO] [stdout]   37:     0x56235f69637b - <core::panic::unwind_safe::AssertUnwindSafe<F> as core::ops::function::FnOnce<()>>::call_once::h8fdff598fa414831
[INFO] [stdout]                                at /rustc/84c898d65adf2f39a5a98507f1fe0ce10a2b8dbc/library/core/src/panic/unwind_safe.rs:271:9
[INFO] [stdout]   38:     0x56235f69637b - std::panicking::try::do_call::h455dd2f7764a950f
[INFO] [stdout]                                at /rustc/84c898d65adf2f39a5a98507f1fe0ce10a2b8dbc/library/std/src/panicking.rs:487:40
[INFO] [stdout]   39:     0x56235f69637b - std::panicking::try::had6f23b7b73ae72a
[INFO] [stdout]                                at /rustc/84c898d65adf2f39a5a98507f1fe0ce10a2b8dbc/library/std/src/panicking.rs:451:19
[INFO] [stdout]   40:     0x56235f69637b - std::panic::catch_unwind::ha6a5ca3915b4dad0
[INFO] [stdout]                                at /rustc/84c898d65adf2f39a5a98507f1fe0ce10a2b8dbc/library/std/src/panic.rs:140:14
[INFO] [stdout]   41:     0x56235f69637b - std::thread::Builder::spawn_unchecked_::{{closure}}::h883b72ef75da6231
[INFO] [stdout]                                at /rustc/84c898d65adf2f39a5a98507f1fe0ce10a2b8dbc/library/std/src/thread/mod.rs:559:30
[INFO] [stdout]   42:     0x56235f69637b - core::ops::function::FnOnce::call_once{{vtable.shim}}::hb7dff73dc8bd2ccb
[INFO] [stdout]                                at /rustc/84c898d65adf2f39a5a98507f1fe0ce10a2b8dbc/library/core/src/ops/function.rs:250:5
[INFO] [stdout]   43:     0x56235f6f19a3 - <alloc::boxed::Box<F,A> as core::ops::function::FnOnce<Args>>::call_once::h39990b24eedef2ab
[INFO] [stdout]                                at /rustc/84c898d65adf2f39a5a98507f1fe0ce10a2b8dbc/library/alloc/src/boxed.rs:1987:9
[INFO] [stdout]   44:     0x56235f6f19a3 - <alloc::boxed::Box<F,A> as core::ops::function::FnOnce<Args>>::call_once::h01a027258444143b
[INFO] [stdout]                                at /rustc/84c898d65adf2f39a5a98507f1fe0ce10a2b8dbc/library/alloc/src/boxed.rs:1987:9
[INFO] [stdout]   45:     0x56235f6f19a3 - std::sys::unix::thread::Thread::new::thread_start::ha4f1cdd9c25884ba
[INFO] [stdout]                                at /rustc/84c898d65adf2f39a5a98507f1fe0ce10a2b8dbc/library/std/src/sys/unix/thread.rs:108:17
[INFO] [stdout]   46:     0x7fcb0a5e9b43 - <unknown>
[INFO] [stdout]   47:     0x7fcb0a67abb4 - __clone
[INFO] [stdout]   48:                0x0 - <unknown>
[INFO] [stdout] 
[INFO] [stdout] ---- solution::medium::p77_combinations::tests::fail2 stdout ----
[INFO] [stdout] thread 'solution::medium::p77_combinations::tests::fail2' panicked at 'assertion failed: `(left == right)`
[INFO] [stdout]   left: `[[1, 2, 3], [1, 2, 4], [1, 3, 4], [2, 3, 4], [1, 2, 5], [1, 3, 5], [2, 3, 5], [1, 4, 5], [2, 4, 5], [3, 4, 5], [1, 2, 6], [1, 3, 6], [2, 3, 6], [1, 4, 6], [2, 4, 6], [3, 4, 6], [1, 5, 6], [2, 5, 6], [3, 5, 6], [4, 5, 6]]`,
[INFO] [stdout]  right: `[[1, 2, 3], [1, 2, 4], [1, 2, 5], [1, 2, 6], [1, 3, 4], [1, 3, 5], [1, 3, 6], [1, 4, 5], [1, 4, 6], [1, 5, 6], [2, 3, 4], [2, 3, 5], [2, 3, 6], [2, 4, 5], [2, 4, 6], [2, 5, 6], [3, 4, 5], [3, 4, 6], [3, 5, 6], [4, 5, 6]]`', src/solution/medium/p77_combinations.rs:82:9
[INFO] [stdout] stack backtrace:
[INFO] [stdout]    0:     0x56235f6eb37a - std::backtrace_rs::backtrace::libunwind::trace::ha9053a9a07ca49cb
[INFO] [stdout]                                at /rustc/84c898d65adf2f39a5a98507f1fe0ce10a2b8dbc/library/std/src/../../backtrace/src/backtrace/libunwind.rs:93:5
[INFO] [stdout]    1:     0x56235f6eb37a - std::backtrace_rs::backtrace::trace_unsynchronized::h9c2852a457ad564e
[INFO] [stdout]                                at /rustc/84c898d65adf2f39a5a98507f1fe0ce10a2b8dbc/library/std/src/../../backtrace/src/backtrace/mod.rs:66:5
[INFO] [stdout]    2:     0x56235f6eb37a - std::sys_common::backtrace::_print_fmt::h457936fbfaa0070f
[INFO] [stdout]                                at /rustc/84c898d65adf2f39a5a98507f1fe0ce10a2b8dbc/library/std/src/sys_common/backtrace.rs:65:5
[INFO] [stdout]    3:     0x56235f6eb37a - <std::sys_common::backtrace::_print::DisplayBacktrace as core::fmt::Display>::fmt::h5779d7bf7f70cb0c
[INFO] [stdout]                                at /rustc/84c898d65adf2f39a5a98507f1fe0ce10a2b8dbc/library/std/src/sys_common/backtrace.rs:44:22
[INFO] [stdout]    4:     0x56235f70f51e - core::fmt::write::h5a4baaff1bcd3eb5
[INFO] [stdout]                                at /rustc/84c898d65adf2f39a5a98507f1fe0ce10a2b8dbc/library/core/src/fmt/mod.rs:1232:17
[INFO] [stdout]    5:     0x56235f6e87f5 - std::io::Write::write_fmt::h478f79c628ef31d1
[INFO] [stdout]                                at /rustc/84c898d65adf2f39a5a98507f1fe0ce10a2b8dbc/library/std/src/io/mod.rs:1684:15
[INFO] [stdout]    6:     0x56235f6eb145 - std::sys_common::backtrace::_print::h5fcdc36060f177e8
[INFO] [stdout]                                at /rustc/84c898d65adf2f39a5a98507f1fe0ce10a2b8dbc/library/std/src/sys_common/backtrace.rs:47:5
[INFO] [stdout]    7:     0x56235f6eb145 - std::sys_common::backtrace::print::h54ca9458b876c8bf
[INFO] [stdout]                                at /rustc/84c898d65adf2f39a5a98507f1fe0ce10a2b8dbc/library/std/src/sys_common/backtrace.rs:34:9
[INFO] [stdout]    8:     0x56235f6ecf0f - std::panicking::default_hook::{{closure}}::hbe471161c7664ed6
[INFO] [stdout]                                at /rustc/84c898d65adf2f39a5a98507f1fe0ce10a2b8dbc/library/std/src/panicking.rs:271:22
[INFO] [stdout]    9:     0x56235f6ecbcf - std::panicking::default_hook::ha3500da57aa4ac4f
[INFO] [stdout]                                at /rustc/84c898d65adf2f39a5a98507f1fe0ce10a2b8dbc/library/std/src/panicking.rs:287:9
[INFO] [stdout]   10:     0x56235f6bf8e7 - <alloc::boxed::Box<F,A> as core::ops::function::Fn<Args>>::call::hdf1b89dd137ece34
[INFO] [stdout]                                at /rustc/84c898d65adf2f39a5a98507f1fe0ce10a2b8dbc/library/alloc/src/boxed.rs:2001:9
[INFO] [stdout]   11:     0x56235f6bf8e7 - test::test_main::{{closure}}::h9081a79f20e75698
[INFO] [stdout]                                at /rustc/84c898d65adf2f39a5a98507f1fe0ce10a2b8dbc/library/test/src/lib.rs:135:21
[INFO] [stdout]   12:     0x56235f6ed63d - <alloc::boxed::Box<F,A> as core::ops::function::Fn<Args>>::call::h6507bddc3eebb4a5
[INFO] [stdout]                                at /rustc/84c898d65adf2f39a5a98507f1fe0ce10a2b8dbc/library/alloc/src/boxed.rs:2001:9
[INFO] [stdout]   13:     0x56235f6ed63d - std::panicking::rust_panic_with_hook::h50c09d000dc561d2
[INFO] [stdout]                                at /rustc/84c898d65adf2f39a5a98507f1fe0ce10a2b8dbc/library/std/src/panicking.rs:696:13
[INFO] [stdout]   14:     0x56235f6ed3b9 - std::panicking::begin_panic_handler::{{closure}}::h9e2b2176e00e0d9c
[INFO] [stdout]                                at /rustc/84c898d65adf2f39a5a98507f1fe0ce10a2b8dbc/library/std/src/panicking.rs:583:13
[INFO] [stdout]   15:     0x56235f6eb7e6 - std::sys_common::backtrace::__rust_end_short_backtrace::h5739b8e512c09d02
[INFO] [stdout]                                at /rustc/84c898d65adf2f39a5a98507f1fe0ce10a2b8dbc/library/std/src/sys_common/backtrace.rs:150:18
[INFO] [stdout]   16:     0x56235f6ed0c2 - rust_begin_unwind
[INFO] [stdout]                                at /rustc/84c898d65adf2f39a5a98507f1fe0ce10a2b8dbc/library/std/src/panicking.rs:579:5
[INFO] [stdout]   17:     0x56235f52ec03 - core::panicking::panic_fmt::hf33a1475b4dc5c3e
[INFO] [stdout]                                at /rustc/84c898d65adf2f39a5a98507f1fe0ce10a2b8dbc/library/core/src/panicking.rs:64:14
[INFO] [stdout]   18:     0x56235f52eedf - core::panicking::assert_failed_inner::haf9816227b20b6f2
[INFO] [stdout]   19:     0x56235f578cfa - core::panicking::assert_failed::heb7f0fc9b899b9ce
[INFO] [stdout]                                at /rustc/84c898d65adf2f39a5a98507f1fe0ce10a2b8dbc/library/core/src/panicking.rs:211:5
[INFO] [stdout]   20:     0x56235f631f1e - leetcode_rs::solution::medium::p77_combinations::tests::fail2::h97def6126a6de770
[INFO] [stdout]                                at /opt/rustwide/workdir/src/solution/medium/p77_combinations.rs:82:9
[INFO] [stdout]   21:     0x56235f631337 - leetcode_rs::solution::medium::p77_combinations::tests::fail2::{{closure}}::h7cddce739861b9f5
[INFO] [stdout]                                at /opt/rustwide/workdir/src/solution/medium/p77_combinations.rs:81:16
[INFO] [stdout]   22:     0x56235f566b85 - core::ops::function::FnOnce::call_once::h264734c0b994f77e
[INFO] [stdout]                                at /rustc/84c898d65adf2f39a5a98507f1fe0ce10a2b8dbc/library/core/src/ops/function.rs:250:5
[INFO] [stdout]   23:     0x56235f6c4ccf - core::ops::function::FnOnce::call_once::h7d969581be7d0075
[INFO] [stdout]                                at /rustc/84c898d65adf2f39a5a98507f1fe0ce10a2b8dbc/library/core/src/ops/function.rs:250:5
[INFO] [stdout]   24:     0x56235f6c4ccf - test::__rust_begin_short_backtrace::hca25a52684e56655
[INFO] [stdout]                                at /rustc/84c898d65adf2f39a5a98507f1fe0ce10a2b8dbc/library/test/src/lib.rs:656:18
[INFO] [stdout]   25:     0x56235f6962ec - test::run_test::{{closure}}::ha8ac744c4af1a4bb
[INFO] [stdout]                                at /rustc/84c898d65adf2f39a5a98507f1fe0ce10a2b8dbc/library/test/src/lib.rs:647:30
[INFO] [stdout]   26:     0x56235f6962ec - core::ops::function::FnOnce::call_once{{vtable.shim}}::h7b411a9ed45bdecf
[INFO] [stdout]                                at /rustc/84c898d65adf2f39a5a98507f1fe0ce10a2b8dbc/library/core/src/ops/function.rs:250:5
[INFO] [stdout]   27:     0x56235f6c3c96 - <alloc::boxed::Box<F,A> as core::ops::function::FnOnce<Args>>::call_once::hd05328869a8ed200
[INFO] [stdout]                                at /rustc/84c898d65adf2f39a5a98507f1fe0ce10a2b8dbc/library/alloc/src/boxed.rs:1987:9
[INFO] [stdout]   28:     0x56235f6c3c96 - <core::panic::unwind_safe::AssertUnwindSafe<F> as core::ops::function::FnOnce<()>>::call_once::h0c601ce20bd5b2be
[INFO] [stdout]                                at /rustc/84c898d65adf2f39a5a98507f1fe0ce10a2b8dbc/library/core/src/panic/unwind_safe.rs:271:9
[INFO] [stdout]   29:     0x56235f6c3c96 - std::panicking::try::do_call::ha4be5c164fe30854
[INFO] [stdout]                                at /rustc/84c898d65adf2f39a5a98507f1fe0ce10a2b8dbc/library/std/src/panicking.rs:487:40
[INFO] [stdout]   30:     0x56235f6c3c96 - std::panicking::try::h604546f3609af05f
[INFO] [stdout]                                at /rustc/84c898d65adf2f39a5a98507f1fe0ce10a2b8dbc/library/std/src/panicking.rs:451:19
[INFO] [stdout]   31:     0x56235f6c3c96 - std::panic::catch_unwind::h5bfa8afe44c9c2f9
[INFO] [stdout]                                at /rustc/84c898d65adf2f39a5a98507f1fe0ce10a2b8dbc/library/std/src/panic.rs:140:14
[INFO] [stdout]   32:     0x56235f6c3c96 - test::run_test_in_process::hd50dee55dd63e6aa
[INFO] [stdout]                                at /rustc/84c898d65adf2f39a5a98507f1fe0ce10a2b8dbc/library/test/src/lib.rs:679:27
[INFO] [stdout]   33:     0x56235f6c3c96 - test::run_test::run_test_inner::{{closure}}::h4aa0f433aa85cea8
[INFO] [stdout]                                at /rustc/84c898d65adf2f39a5a98507f1fe0ce10a2b8dbc/library/test/src/lib.rs:573:39
[INFO] [stdout]   34:     0x56235f690961 - test::run_test::run_test_inner::{{closure}}::had56431adf24b4d6
[INFO] [stdout]                                at /rustc/84c898d65adf2f39a5a98507f1fe0ce10a2b8dbc/library/test/src/lib.rs:600:37
[INFO] [stdout]   35:     0x56235f690961 - std::sys_common::backtrace::__rust_begin_short_backtrace::ha8d9890e0c73bf13
[INFO] [stdout]                                at /rustc/84c898d65adf2f39a5a98507f1fe0ce10a2b8dbc/library/std/src/sys_common/backtrace.rs:134:18
[INFO] [stdout]   36:     0x56235f69637b - std::thread::Builder::spawn_unchecked_::{{closure}}::{{closure}}::h251832bcb4a95327
[INFO] [stdout]                                at /rustc/84c898d65adf2f39a5a98507f1fe0ce10a2b8dbc/library/std/src/thread/mod.rs:560:17
[INFO] [stdout]   37:     0x56235f69637b - <core::panic::unwind_safe::AssertUnwindSafe<F> as core::ops::function::FnOnce<()>>::call_once::h8fdff598fa414831
[INFO] [stdout]                                at /rustc/84c898d65adf2f39a5a98507f1fe0ce10a2b8dbc/library/core/src/panic/unwind_safe.rs:271:9
[INFO] [stdout]   38:     0x56235f69637b - std::panicking::try::do_call::h455dd2f7764a950f
[INFO] [stdout]                                at /rustc/84c898d65adf2f39a5a98507f1fe0ce10a2b8dbc/library/std/src/panicking.rs:487:40
[INFO] [stdout]   39:     0x56235f69637b - std::panicking::try::had6f23b7b73ae72a
[INFO] [stdout]                                at /rustc/84c898d65adf2f39a5a98507f1fe0ce10a2b8dbc/library/std/src/panicking.rs:451:19
[INFO] [stdout]   40:     0x56235f69637b - std::panic::catch_unwind::ha6a5ca3915b4dad0
[INFO] [stdout]                                at /rustc/84c898d65adf2f39a5a98507f1fe0ce10a2b8dbc/library/std/src/panic.rs:140:14
[INFO] [stdout]   41:     0x56235f69637b - std::thread::Builder::spawn_unchecked_::{{closure}}::h883b72ef75da6231
[INFO] [stdout]                                at /rustc/84c898d65adf2f39a5a98507f1fe0ce10a2b8dbc/library/std/src/thread/mod.rs:559:30
[INFO] [stdout]   42:     0x56235f69637b - core::ops::function::FnOnce::call_once{{vtable.shim}}::hb7dff73dc8bd2ccb
[INFO] [stdout]                                at /rustc/84c898d65adf2f39a5a98507f1fe0ce10a2b8dbc/library/core/src/ops/function.rs:250:5
[INFO] [stdout]   43:     0x56235f6f19a3 - <alloc::boxed::Box<F,A> as core::ops::function::FnOnce<Args>>::call_once::h39990b24eedef2ab
[INFO] [stdout]                                at /rustc/84c898d65adf2f39a5a98507f1fe0ce10a2b8dbc/library/alloc/src/boxed.rs:1987:9
[INFO] [stdout]   44:     0x56235f6f19a3 - <alloc::boxed::Box<F,A> as core::ops::function::FnOnce<Args>>::call_once::h01a027258444143b
[INFO] [stdout]                                at /rustc/84c898d65adf2f39a5a98507f1fe0ce10a2b8dbc/library/alloc/src/boxed.rs:1987:9
[INFO] [stdout]   45:     0x56235f6f19a3 - std::sys::unix::thread::Thread::new::thread_start::ha4f1cdd9c25884ba
[INFO] [stdout]                                at /rustc/84c898d65adf2f39a5a98507f1fe0ce10a2b8dbc/library/std/src/sys/unix/thread.rs:108:17
[INFO] [stdout]   46:     0x7fcb0a5e9b43 - <unknown>
[INFO] [stdout]   47:     0x7fcb0a67abb4 - __clone
[INFO] [stdout]   48:                0x0 - <unknown>
[INFO] [stdout] 
[INFO] [stdout] 
[INFO] [stdout] failures:
[INFO] [stdout]     solution::easy::p905_sort_array_by_parity::tests::test1
[INFO] [stdout]     solution::easy::p925_long_pressed_name::tests::fail2
[INFO] [stdout]     solution::medium::p77_combinations::tests::fail2
[INFO] [stdout]     solution::medium::p77_combinations::tests::test1
[INFO] [stdout]     solution::medium::p78_subsets::tests::test1
[INFO] [stdout] 
[INFO] [stdout] test result: FAILED. 783 passed; 5 failed; 0 ignored; 0 measured; 0 filtered out; finished in 8.39s
[INFO] [stdout] 
[INFO] [stderr] error: test failed, to rerun pass `--bin leetcode-rs`
[INFO] running `Command { std: "docker" "inspect" "9098aaeabea1f240d40ffcb7de47139d1d422e57c840e5f823505eb1122acad6", kill_on_drop: false }`
[INFO] running `Command { std: "docker" "rm" "-f" "9098aaeabea1f240d40ffcb7de47139d1d422e57c840e5f823505eb1122acad6", kill_on_drop: false }`
[INFO] [stdout] 9098aaeabea1f240d40ffcb7de47139d1d422e57c840e5f823505eb1122acad6
