[INFO] cloning repository https://github.com/zachs18/midi-player-rs
[INFO] running `Command { std: "git" "-c" "credential.helper=" "-c" "credential.helper=/workspace/cargo-home/bin/git-credential-null" "clone" "--bare" "https://github.com/zachs18/midi-player-rs" "/workspace/cache/git-repos/https%3A%2F%2Fgithub.com%2Fzachs18%2Fmidi-player-rs", kill_on_drop: false }`
[INFO] [stderr] Cloning into bare repository '/workspace/cache/git-repos/https%3A%2F%2Fgithub.com%2Fzachs18%2Fmidi-player-rs'...
[INFO] running `Command { std: "git" "rev-parse" "HEAD", kill_on_drop: false }`
[INFO] [stdout] 68d0679b7176367ac832dba42063d3ac3b763c53
[INFO] testing zachs18/midi-player-rs against 1.69.0 for beta-1.70-1
[INFO] running `Command { std: "git" "clone" "/workspace/cache/git-repos/https%3A%2F%2Fgithub.com%2Fzachs18%2Fmidi-player-rs" "/workspace/builds/worker-2-tc1/source", kill_on_drop: false }`
[INFO] [stderr] Cloning into '/workspace/builds/worker-2-tc1/source'...
[INFO] [stderr] done.
[INFO] validating manifest of git repo https://github.com/zachs18/midi-player-rs on toolchain 1.69.0
[INFO] running `Command { std: CARGO_HOME="/workspace/cargo-home" RUSTUP_HOME="/workspace/rustup-home" "/workspace/cargo-home/bin/cargo" "+1.69.0" "metadata" "--manifest-path" "Cargo.toml" "--no-deps", kill_on_drop: false }`
[INFO] started tweaking git repo https://github.com/zachs18/midi-player-rs
[INFO] finished tweaking git repo https://github.com/zachs18/midi-player-rs
[INFO] tweaked toml for git repo https://github.com/zachs18/midi-player-rs written to /workspace/builds/worker-2-tc1/source/Cargo.toml
[INFO] crate git repo https://github.com/zachs18/midi-player-rs already has a lockfile, it will not be regenerated
[INFO] running `Command { std: CARGO_HOME="/workspace/cargo-home" RUSTUP_HOME="/workspace/rustup-home" "/workspace/cargo-home/bin/cargo" "+1.69.0" "fetch" "--manifest-path" "Cargo.toml", kill_on_drop: false }`
[INFO] [stderr] warning: profiles for the non root package will be ignored, specify profiles at the workspace root:
[INFO] [stderr] package:   /workspace/builds/worker-2-tc1/source/player/Cargo.toml
[INFO] [stderr] workspace: /workspace/builds/worker-2-tc1/source/Cargo.toml
[INFO] [stderr]  Downloading crates ...
[INFO] [stderr]   Downloaded libpulse-simple-binding v2.25.0
[INFO] [stderr]   Downloaded libpulse-simple-sys v1.19.2
[INFO] [stderr]   Downloaded midly v0.5.2
[INFO] [stderr]   Downloaded libpulse-binding v2.26.0
[INFO] [stderr]   Downloaded libpulse-sys v1.19.3
[INFO] running `Command { std: "docker" "create" "-v" "/var/lib/crater-agent-workspace/builds/worker-2-tc1/target:/opt/rustwide/target:rw,Z" "-v" "/var/lib/crater-agent-workspace/builds/worker-2-tc1/source:/opt/rustwide/workdir:ro,Z" "-v" "/var/lib/crater-agent-workspace/cargo-home:/opt/rustwide/cargo-home:ro,Z" "-v" "/var/lib/crater-agent-workspace/rustup-home:/opt/rustwide/rustup-home:ro,Z" "-e" "SOURCE_DIR=/opt/rustwide/workdir" "-e" "CARGO_TARGET_DIR=/opt/rustwide/target" "-e" "CARGO_HOME=/opt/rustwide/cargo-home" "-e" "RUSTUP_HOME=/opt/rustwide/rustup-home" "-w" "/opt/rustwide/workdir" "-m" "1610612736" "--user" "0:0" "--network" "none" "ghcr.io/rust-lang/crates-build-env/linux@sha256:5ff2268d62e97bff2cde7d5815dd6ed5b47097566f13b8d0ca110b04b60e07ed" "/opt/rustwide/cargo-home/bin/cargo" "+1.69.0" "metadata" "--no-deps" "--format-version=1", kill_on_drop: false }`
[INFO] [stdout] 6c519f121d9c6a767e8d2a2084e45ebb31a79a6509a91c619bfa78282b06c227
[INFO] running `Command { std: "docker" "start" "-a" "6c519f121d9c6a767e8d2a2084e45ebb31a79a6509a91c619bfa78282b06c227", kill_on_drop: false }`
[INFO] running `Command { std: "docker" "inspect" "6c519f121d9c6a767e8d2a2084e45ebb31a79a6509a91c619bfa78282b06c227", kill_on_drop: false }`
[INFO] running `Command { std: "docker" "rm" "-f" "6c519f121d9c6a767e8d2a2084e45ebb31a79a6509a91c619bfa78282b06c227", kill_on_drop: false }`
[INFO] [stdout] 6c519f121d9c6a767e8d2a2084e45ebb31a79a6509a91c619bfa78282b06c227
[INFO] running `Command { std: "docker" "create" "-v" "/var/lib/crater-agent-workspace/builds/worker-2-tc1/target:/opt/rustwide/target:rw,Z" "-v" "/var/lib/crater-agent-workspace/builds/worker-2-tc1/source:/opt/rustwide/workdir:ro,Z" "-v" "/var/lib/crater-agent-workspace/cargo-home:/opt/rustwide/cargo-home:ro,Z" "-v" "/var/lib/crater-agent-workspace/rustup-home:/opt/rustwide/rustup-home:ro,Z" "-e" "SOURCE_DIR=/opt/rustwide/workdir" "-e" "CARGO_TARGET_DIR=/opt/rustwide/target" "-e" "CARGO_INCREMENTAL=0" "-e" "RUST_BACKTRACE=full" "-e" "RUSTFLAGS=--cap-lints=warn" "-e" "RUSTDOCFLAGS=--cap-lints=warn" "-e" "CARGO_HOME=/opt/rustwide/cargo-home" "-e" "RUSTUP_HOME=/opt/rustwide/rustup-home" "-w" "/opt/rustwide/workdir" "-m" "1610612736" "--user" "0:0" "--network" "none" "ghcr.io/rust-lang/crates-build-env/linux@sha256:5ff2268d62e97bff2cde7d5815dd6ed5b47097566f13b8d0ca110b04b60e07ed" "/opt/rustwide/cargo-home/bin/cargo" "+1.69.0" "build" "--frozen" "--message-format=json", kill_on_drop: false }`
[INFO] [stdout] cc64ea62b4868cfbfb333f0a75ee7c279ad101217ab160ca4e55d188030a9ec0
[INFO] running `Command { std: "docker" "start" "-a" "cc64ea62b4868cfbfb333f0a75ee7c279ad101217ab160ca4e55d188030a9ec0", kill_on_drop: false }`
[INFO] [stderr] warning: profiles for the non root package will be ignored, specify profiles at the workspace root:
[INFO] [stderr] package:   /opt/rustwide/workdir/player/Cargo.toml
[INFO] [stderr] workspace: /opt/rustwide/workdir/Cargo.toml
[INFO] [stderr]    Compiling autocfg v1.1.0
[INFO] [stderr]    Compiling libc v0.2.125
[INFO] [stderr]    Compiling cfg-if v1.0.0
[INFO] [stderr]    Compiling proc-macro2 v1.0.38
[INFO] [stderr]    Compiling unicode-xid v0.2.3
[INFO] [stderr]    Compiling syn v1.0.92
[INFO] [stderr]    Compiling scopeguard v1.1.0
[INFO] [stderr]    Compiling crossbeam-utils v0.8.8
[INFO] [stderr]    Compiling pkg-config v0.3.25
[INFO] [stderr]    Compiling lazy_static v1.4.0
[INFO] [stderr]    Compiling log v0.4.17
[INFO] [stderr]    Compiling rayon-core v1.9.2
[INFO] [stderr]    Compiling parking_lot_core v0.9.3
[INFO] [stderr]    Compiling smallvec v1.8.0
[INFO] [stderr]    Compiling memchr v2.5.0
[INFO] [stderr]    Compiling memoffset v0.6.5
[INFO] [stderr]    Compiling crossbeam-epoch v0.9.8
[INFO] [stderr]    Compiling num-traits v0.2.15
[INFO] [stderr]    Compiling libpulse-sys v1.19.3
[INFO] [stderr]    Compiling lock_api v0.4.7
[INFO] [stderr]    Compiling quote v1.0.18
[INFO] [stderr]    Compiling crossbeam-channel v0.5.4
[INFO] [stderr]    Compiling rayon v1.5.2
[INFO] [stderr]    Compiling num_cpus v1.13.1
[INFO] [stderr]    Compiling crossbeam-deque v0.8.1
[INFO] [stderr]    Compiling futures-core v0.3.21
[INFO] [stderr]    Compiling parking_lot v0.12.0
[INFO] [stderr]    Compiling mio v0.8.2
[INFO] [stderr]    Compiling signal-hook-registry v1.4.0
[INFO] [stderr]    Compiling socket2 v0.4.4
[INFO] [stderr]    Compiling libpulse-simple-sys v1.19.2
[INFO] [stderr]    Compiling bytes v1.1.0
[INFO] [stderr]    Compiling pin-project-lite v0.2.9
[INFO] [stderr]    Compiling once_cell v1.10.0
[INFO] [stderr]    Compiling either v1.6.1
[INFO] [stderr]    Compiling cc v1.0.73
[INFO] [stderr]    Compiling bitflags v1.3.2
[INFO] [stderr]    Compiling bytemuck v1.9.1
[INFO] [stderr]    Compiling player v0.1.0 (/opt/rustwide/workdir/player)
[INFO] [stderr]    Compiling num-derive v0.3.3
[INFO] [stderr]    Compiling tokio-macros v1.7.0
[INFO] [stderr]    Compiling midly v0.5.2
[INFO] [stderr]    Compiling tokio v1.18.1
[INFO] [stderr]    Compiling libpulse-binding v2.26.0
[INFO] [stderr]    Compiling libpulse-simple-binding v2.25.0
[INFO] [stdout] warning: unused imports: `Instant`, `env`, `io::Read`
[INFO] [stdout]  --> player/src/main.rs:1:28
[INFO] [stdout]   |
[INFO] [stdout] 1 | use std::{time::{Duration, Instant}, io::Read, os::unix::prelude::AsRawFd, env};
[INFO] [stdout]   |                            ^^^^^^^   ^^^^^^^^                              ^^^
[INFO] [stdout]   |
[INFO] [stdout]   = note: `#[warn(unused_imports)]` on by default
[INFO] [stdout] 
[INFO] [stdout] 
[INFO] [stdout] warning: unused import: `pulse::sample::CHANNELS_MAX`
[INFO] [stdout]  --> player/src/main.rs:4:5
[INFO] [stdout]   |
[INFO] [stdout] 4 | use pulse::sample::CHANNELS_MAX;
[INFO] [stdout]   |     ^^^^^^^^^^^^^^^^^^^^^^^^^^^
[INFO] [stdout] 
[INFO] [stdout] 
[INFO] [stdout] warning: unused label
[INFO] [stdout]    --> player/src/main.rs:127:5
[INFO] [stdout]     |
[INFO] [stdout] 127 |     'main_loop: while running {
[INFO] [stdout]     |     ^^^^^^^^^^
[INFO] [stdout]     |
[INFO] [stdout]     = note: `#[warn(unused_labels)]` on by default
[INFO] [stdout] 
[INFO] [stdout] 
[INFO] [stdout] warning: use of deprecated constant `libpulse_binding::sample::CHANNELS_MAX`: use associated constants on structs instead
[INFO] [stdout]  --> player/src/main.rs:4:20
[INFO] [stdout]   |
[INFO] [stdout] 4 | use pulse::sample::CHANNELS_MAX;
[INFO] [stdout]   |                    ^^^^^^^^^^^^
[INFO] [stdout]   |
[INFO] [stdout]   = note: `#[warn(deprecated)]` on by default
[INFO] [stdout] 
[INFO] [stdout] 
[INFO] [stdout] warning: unused variable: `ret`
[INFO] [stdout]   --> player/src/main.rs:87:9
[INFO] [stdout]    |
[INFO] [stdout] 87 |     let ret = unsafe {
[INFO] [stdout]    |         ^^^ help: if this is intentional, prefix it with an underscore: `_ret`
[INFO] [stdout]    |
[INFO] [stdout]    = note: `#[warn(unused_variables)]` on by default
[INFO] [stdout] 
[INFO] [stdout] 
[INFO] [stdout] warning: unused variable: `start`
[INFO] [stdout]    --> player/src/main.rs:193:13
[INFO] [stdout]     |
[INFO] [stdout] 193 |         let start = std::time::Instant::now();
[INFO] [stdout]     |             ^^^^^ help: if this is intentional, prefix it with an underscore: `_start`
[INFO] [stdout] 
[INFO] [stdout] 
[INFO] [stdout] warning: unused variable: `channel`
[INFO] [stdout]    --> player/src/main.rs:198:18
[INFO] [stdout]     |
[INFO] [stdout] 198 |             for (channel, channel_notes) in notes.iter_mut().enumerate() {
[INFO] [stdout]     |                  ^^^^^^^ help: if this is intentional, prefix it with an underscore: `_channel`
[INFO] [stdout] 
[INFO] [stdout] 
[INFO] [stdout] warning: variable does not need to be mutable
[INFO] [stdout]    --> player/src/main.rs:122:9
[INFO] [stdout]     |
[INFO] [stdout] 122 |     let mut stdin = std::io::stdin();
[INFO] [stdout]     |         ----^^^^^
[INFO] [stdout]     |         |
[INFO] [stdout]     |         help: remove this `mut`
[INFO] [stdout]     |
[INFO] [stdout]     = note: `#[warn(unused_mut)]` on by default
[INFO] [stdout] 
[INFO] [stdout] 
[INFO] [stdout] warning: function `opt_sin` is never used
[INFO] [stdout]   --> player/src/main.rs:12:4
[INFO] [stdout]    |
[INFO] [stdout] 12 | fn opt_sin(x: f64) -> f64 {
[INFO] [stdout]    |    ^^^^^^^
[INFO] [stdout]    |
[INFO] [stdout]    = note: `#[warn(dead_code)]` on by default
[INFO] [stdout] 
[INFO] [stdout] 
[INFO] [stdout] warning: field `full_amplitude` is never read
[INFO] [stdout]   --> player/src/main.rs:70:5
[INFO] [stdout]    |
[INFO] [stdout] 68 | struct Instrument {
[INFO] [stdout]    |        ---------- field in this struct
[INFO] [stdout] 69 |     amplitudes: &'static [f64],
[INFO] [stdout] 70 |     full_amplitude: f64,
[INFO] [stdout]    |     ^^^^^^^^^^^^^^
[INFO] [stdout]    |
[INFO] [stdout]    = note: `Instrument` has derived impls for the traits `Clone` and `Debug`, but these are intentionally ignored during dead code analysis
[INFO] [stdout] 
[INFO] [stdout] 
[INFO] [stdout] warning: function `opt_sin` is never used
[INFO] [stdout]  --> player/src/main.rs:8:23
[INFO] [stdout]   |
[INFO] [stdout] 8 |         pub(super) fn opt_sin(x: f64) -> f64;
[INFO] [stdout]   |                       ^^^^^^^
[INFO] [stdout] 
[INFO] [stdout] 
[INFO] [stdout] warning: 11 warnings emitted
[INFO] [stdout] 
[INFO] [stdout] 
[INFO] [stderr]    Compiling tokio-stream v0.1.8
[INFO] [stderr]    Compiling parser v0.1.0 (/opt/rustwide/workdir/parser)
[INFO] [stdout] warning: variable does not need to be mutable
[INFO] [stdout]   --> parser/src/lib.rs:18:13
[INFO] [stdout]    |
[INFO] [stdout] 18 |         let mut progress = midi.tracks.iter().flat_map(
[INFO] [stdout]    |             ----^^^^^^^^
[INFO] [stdout]    |             |
[INFO] [stdout]    |             help: remove this `mut`
[INFO] [stdout]    |
[INFO] [stdout]    = note: `#[warn(unused_mut)]` on by default
[INFO] [stdout] 
[INFO] [stdout] 
[INFO] [stdout] warning: field `todo` is never read
[INFO] [stdout]  --> parser/src/lib.rs:9:5
[INFO] [stdout]   |
[INFO] [stdout] 7 | pub struct MidiEventStream<'a> {
[INFO] [stdout]   |            --------------- field in this struct
[INFO] [stdout] 8 |     sleep: Option<Pin<Box<Sleep>>>,
[INFO] [stdout] 9 |     todo: &'a Smf<'a>,
[INFO] [stdout]   |     ^^^^
[INFO] [stdout]   |
[INFO] [stdout]   = note: `#[warn(dead_code)]` on by default
[INFO] [stdout] 
[INFO] [stdout] 
[INFO] [stdout] warning: unused `Peekable` in tuple element 1 that must be used
[INFO] [stdout]   --> parser/src/lib.rs:68:25
[INFO] [stdout]    |
[INFO] [stdout] 68 |                         progress.remove(i);
[INFO] [stdout]    |                         ^^^^^^^^^^^^^^^^^^
[INFO] [stdout]    |
[INFO] [stdout]    = note: iterators are lazy and do nothing unless consumed
[INFO] [stdout]    = note: `#[warn(unused_must_use)]` on by default
[INFO] [stdout] 
[INFO] [stdout] 
[INFO] [stdout] warning: 3 warnings emitted
[INFO] [stdout] 
[INFO] [stdout] 
[INFO] [stdout] warning: unused import: `midly::TrackEventKind`
[INFO] [stdout]  --> parser/src/main.rs:2:5
[INFO] [stdout]   |
[INFO] [stdout] 2 | use midly::TrackEventKind;
[INFO] [stdout]   |     ^^^^^^^^^^^^^^^^^^^^^
[INFO] [stdout]   |
[INFO] [stdout]   = note: `#[warn(unused_imports)]` on by default
[INFO] [stdout] 
[INFO] [stdout] 
[INFO] [stdout] warning: unused `Result` that must be used
[INFO] [stdout]   --> parser/src/main.rs:19:5
[INFO] [stdout]    |
[INFO] [stdout] 19 |     file.rewind();
[INFO] [stdout]    |     ^^^^^^^^^^^^^
[INFO] [stdout]    |
[INFO] [stdout]    = note: this `Result` may be an `Err` variant, which should be handled
[INFO] [stdout]    = note: `#[warn(unused_must_use)]` on by default
[INFO] [stdout] 
[INFO] [stdout] 
[INFO] [stdout] warning: unused `Result` that must be used
[INFO] [stdout]   --> parser/src/main.rs:23:5
[INFO] [stdout]    |
[INFO] [stdout] 23 |     file.read_to_end(&mut data);
[INFO] [stdout]    |     ^^^^^^^^^^^^^^^^^^^^^^^^^^^
[INFO] [stdout]    |
[INFO] [stdout]    = note: this `Result` may be an `Err` variant, which should be handled
[INFO] [stdout] 
[INFO] [stdout] 
[INFO] [stdout] warning: 3 warnings emitted
[INFO] [stdout] 
[INFO] [stdout] 
[INFO] [stderr]     Finished dev [unoptimized + debuginfo] target(s) in 15.02s
[INFO] running `Command { std: "docker" "inspect" "cc64ea62b4868cfbfb333f0a75ee7c279ad101217ab160ca4e55d188030a9ec0", kill_on_drop: false }`
[INFO] running `Command { std: "docker" "rm" "-f" "cc64ea62b4868cfbfb333f0a75ee7c279ad101217ab160ca4e55d188030a9ec0", kill_on_drop: false }`
[INFO] [stdout] cc64ea62b4868cfbfb333f0a75ee7c279ad101217ab160ca4e55d188030a9ec0
[INFO] running `Command { std: "docker" "create" "-v" "/var/lib/crater-agent-workspace/builds/worker-2-tc1/target:/opt/rustwide/target:rw,Z" "-v" "/var/lib/crater-agent-workspace/builds/worker-2-tc1/source:/opt/rustwide/workdir:ro,Z" "-v" "/var/lib/crater-agent-workspace/cargo-home:/opt/rustwide/cargo-home:ro,Z" "-v" "/var/lib/crater-agent-workspace/rustup-home:/opt/rustwide/rustup-home:ro,Z" "-e" "SOURCE_DIR=/opt/rustwide/workdir" "-e" "CARGO_TARGET_DIR=/opt/rustwide/target" "-e" "CARGO_INCREMENTAL=0" "-e" "RUST_BACKTRACE=full" "-e" "RUSTFLAGS=--cap-lints=warn" "-e" "RUSTDOCFLAGS=--cap-lints=warn" "-e" "CARGO_HOME=/opt/rustwide/cargo-home" "-e" "RUSTUP_HOME=/opt/rustwide/rustup-home" "-w" "/opt/rustwide/workdir" "-m" "1610612736" "--user" "0:0" "--network" "none" "ghcr.io/rust-lang/crates-build-env/linux@sha256:5ff2268d62e97bff2cde7d5815dd6ed5b47097566f13b8d0ca110b04b60e07ed" "/opt/rustwide/cargo-home/bin/cargo" "+1.69.0" "test" "--frozen" "--no-run" "--message-format=json", kill_on_drop: false }`
[INFO] [stdout] e7912f6ecf3b0e4d8f98ef6f4ce8e21cf7a57c6879a99483c49daac989c40962
[INFO] running `Command { std: "docker" "start" "-a" "e7912f6ecf3b0e4d8f98ef6f4ce8e21cf7a57c6879a99483c49daac989c40962", kill_on_drop: false }`
[INFO] [stderr] warning: profiles for the non root package will be ignored, specify profiles at the workspace root:
[INFO] [stderr] package:   /opt/rustwide/workdir/player/Cargo.toml
[INFO] [stderr] workspace: /opt/rustwide/workdir/Cargo.toml
[INFO] [stdout] warning: variable does not need to be mutable
[INFO] [stdout]   --> parser/src/lib.rs:18:13
[INFO] [stdout]    |
[INFO] [stdout] 18 |         let mut progress = midi.tracks.iter().flat_map(
[INFO] [stdout]    |             ----^^^^^^^^
[INFO] [stdout]    |             |
[INFO] [stdout]    |             help: remove this `mut`
[INFO] [stdout]    |
[INFO] [stdout]    = note: `#[warn(unused_mut)]` on by default
[INFO] [stdout] 
[INFO] [stdout] 
[INFO] [stdout] warning: field `todo` is never read
[INFO] [stdout]  --> parser/src/lib.rs:9:5
[INFO] [stdout]   |
[INFO] [stdout] 7 | pub struct MidiEventStream<'a> {
[INFO] [stdout]   |            --------------- field in this struct
[INFO] [stdout] 8 |     sleep: Option<Pin<Box<Sleep>>>,
[INFO] [stdout] 9 |     todo: &'a Smf<'a>,
[INFO] [stdout]   |     ^^^^
[INFO] [stdout]   |
[INFO] [stdout]   = note: `#[warn(dead_code)]` on by default
[INFO] [stdout] 
[INFO] [stdout] 
[INFO] [stdout] warning: unused `Peekable` in tuple element 1 that must be used
[INFO] [stdout]   --> parser/src/lib.rs:68:25
[INFO] [stdout]    |
[INFO] [stdout] 68 |                         progress.remove(i);
[INFO] [stdout]    |                         ^^^^^^^^^^^^^^^^^^
[INFO] [stdout]    |
[INFO] [stdout]    = note: iterators are lazy and do nothing unless consumed
[INFO] [stdout]    = note: `#[warn(unused_must_use)]` on by default
[INFO] [stdout] 
[INFO] [stdout] 
[INFO] [stdout] warning: 3 warnings emitted
[INFO] [stdout] 
[INFO] [stdout] 
[INFO] [stderr]    Compiling parser v0.1.0 (/opt/rustwide/workdir/parser)
[INFO] [stderr]    Compiling player v0.1.0 (/opt/rustwide/workdir/player)
[INFO] [stdout] warning: unused import: `midly::TrackEventKind`
[INFO] [stdout]  --> parser/src/main.rs:2:5
[INFO] [stdout]   |
[INFO] [stdout] 2 | use midly::TrackEventKind;
[INFO] [stdout]   |     ^^^^^^^^^^^^^^^^^^^^^
[INFO] [stdout]   |
[INFO] [stdout]   = note: `#[warn(unused_imports)]` on by default
[INFO] [stdout] 
[INFO] [stdout] 
[INFO] [stdout] warning: unused imports: `Instant`, `env`, `io::Read`
[INFO] [stdout]  --> player/src/main.rs:1:28
[INFO] [stdout]   |
[INFO] [stdout] 1 | use std::{time::{Duration, Instant}, io::Read, os::unix::prelude::AsRawFd, env};
[INFO] [stdout]   |                            ^^^^^^^   ^^^^^^^^                              ^^^
[INFO] [stdout]   |
[INFO] [stdout]   = note: `#[warn(unused_imports)]` on by default
[INFO] [stdout] 
[INFO] [stdout] 
[INFO] [stdout] warning: unused import: `pulse::sample::CHANNELS_MAX`
[INFO] [stdout]  --> player/src/main.rs:4:5
[INFO] [stdout]   |
[INFO] [stdout] 4 | use pulse::sample::CHANNELS_MAX;
[INFO] [stdout]   |     ^^^^^^^^^^^^^^^^^^^^^^^^^^^
[INFO] [stdout] 
[INFO] [stdout] 
[INFO] [stdout] warning: unused label
[INFO] [stdout]    --> player/src/main.rs:127:5
[INFO] [stdout]     |
[INFO] [stdout] 127 |     'main_loop: while running {
[INFO] [stdout]     |     ^^^^^^^^^^
[INFO] [stdout]     |
[INFO] [stdout]     = note: `#[warn(unused_labels)]` on by default
[INFO] [stdout] 
[INFO] [stdout] 
[INFO] [stdout] warning: use of deprecated constant `libpulse_binding::sample::CHANNELS_MAX`: use associated constants on structs instead
[INFO] [stdout]  --> player/src/main.rs:4:20
[INFO] [stdout]   |
[INFO] [stdout] 4 | use pulse::sample::CHANNELS_MAX;
[INFO] [stdout]   |                    ^^^^^^^^^^^^
[INFO] [stdout]   |
[INFO] [stdout]   = note: `#[warn(deprecated)]` on by default
[INFO] [stdout] 
[INFO] [stdout] 
[INFO] [stdout] warning: unused `Result` that must be used
[INFO] [stdout]   --> parser/src/main.rs:19:5
[INFO] [stdout]    |
[INFO] [stdout] 19 |     file.rewind();
[INFO] [stdout]    |     ^^^^^^^^^^^^^
[INFO] [stdout]    |
[INFO] [stdout]    = note: this `Result` may be an `Err` variant, which should be handled
[INFO] [stdout]    = note: `#[warn(unused_must_use)]` on by default
[INFO] [stdout] 
[INFO] [stdout] 
[INFO] [stdout] warning: unused `Result` that must be used
[INFO] [stdout]   --> parser/src/main.rs:23:5
[INFO] [stdout]    |
[INFO] [stdout] 23 |     file.read_to_end(&mut data);
[INFO] [stdout]    |     ^^^^^^^^^^^^^^^^^^^^^^^^^^^
[INFO] [stdout]    |
[INFO] [stdout]    = note: this `Result` may be an `Err` variant, which should be handled
[INFO] [stdout] 
[INFO] [stdout] 
[INFO] [stdout] warning: variable does not need to be mutable
[INFO] [stdout]   --> parser/src/lib.rs:18:13
[INFO] [stdout]    |
[INFO] [stdout] 18 |         let mut progress = midi.tracks.iter().flat_map(
[INFO] [stdout]    |             ----^^^^^^^^
[INFO] [stdout]    |             |
[INFO] [stdout]    |             help: remove this `mut`
[INFO] [stdout]    |
[INFO] [stdout]    = note: `#[warn(unused_mut)]` on by default
[INFO] [stdout] 
[INFO] [stdout] 
[INFO] [stdout] warning: field `todo` is never read
[INFO] [stdout]  --> parser/src/lib.rs:9:5
[INFO] [stdout]   |
[INFO] [stdout] 7 | pub struct MidiEventStream<'a> {
[INFO] [stdout]   |            --------------- field in this struct
[INFO] [stdout] 8 |     sleep: Option<Pin<Box<Sleep>>>,
[INFO] [stdout] 9 |     todo: &'a Smf<'a>,
[INFO] [stdout]   |     ^^^^
[INFO] [stdout]   |
[INFO] [stdout]   = note: `#[warn(dead_code)]` on by default
[INFO] [stdout] 
[INFO] [stdout] 
[INFO] [stdout] warning: unused `Peekable` in tuple element 1 that must be used
[INFO] [stdout]   --> parser/src/lib.rs:68:25
[INFO] [stdout]    |
[INFO] [stdout] 68 |                         progress.remove(i);
[INFO] [stdout]    |                         ^^^^^^^^^^^^^^^^^^
[INFO] [stdout]    |
[INFO] [stdout]    = note: iterators are lazy and do nothing unless consumed
[INFO] [stdout]    = note: `#[warn(unused_must_use)]` on by default
[INFO] [stdout] 
[INFO] [stdout] 
[INFO] [stdout] warning: unused variable: `ret`
[INFO] [stdout]   --> player/src/main.rs:87:9
[INFO] [stdout]    |
[INFO] [stdout] 87 |     let ret = unsafe {
[INFO] [stdout]    |         ^^^ help: if this is intentional, prefix it with an underscore: `_ret`
[INFO] [stdout]    |
[INFO] [stdout]    = note: `#[warn(unused_variables)]` on by default
[INFO] [stdout] 
[INFO] [stdout] 
[INFO] [stdout] warning: unused variable: `start`
[INFO] [stdout]    --> player/src/main.rs:193:13
[INFO] [stdout]     |
[INFO] [stdout] 193 |         let start = std::time::Instant::now();
[INFO] [stdout]     |             ^^^^^ help: if this is intentional, prefix it with an underscore: `_start`
[INFO] [stdout] 
[INFO] [stdout] 
[INFO] [stdout] warning: unused variable: `channel`
[INFO] [stdout]    --> player/src/main.rs:198:18
[INFO] [stdout]     |
[INFO] [stdout] 198 |             for (channel, channel_notes) in notes.iter_mut().enumerate() {
[INFO] [stdout]     |                  ^^^^^^^ help: if this is intentional, prefix it with an underscore: `_channel`
[INFO] [stdout] 
[INFO] [stdout] 
[INFO] [stdout] warning: variable does not need to be mutable
[INFO] [stdout]    --> player/src/main.rs:122:9
[INFO] [stdout]     |
[INFO] [stdout] 122 |     let mut stdin = std::io::stdin();
[INFO] [stdout]     |         ----^^^^^
[INFO] [stdout]     |         |
[INFO] [stdout]     |         help: remove this `mut`
[INFO] [stdout]     |
[INFO] [stdout]     = note: `#[warn(unused_mut)]` on by default
[INFO] [stdout] 
[INFO] [stdout] 
[INFO] [stdout] warning: function `opt_sin` is never used
[INFO] [stdout]   --> player/src/main.rs:12:4
[INFO] [stdout]    |
[INFO] [stdout] 12 | fn opt_sin(x: f64) -> f64 {
[INFO] [stdout]    |    ^^^^^^^
[INFO] [stdout]    |
[INFO] [stdout]    = note: `#[warn(dead_code)]` on by default
[INFO] [stdout] 
[INFO] [stdout] 
[INFO] [stdout] warning: field `full_amplitude` is never read
[INFO] [stdout]   --> player/src/main.rs:70:5
[INFO] [stdout]    |
[INFO] [stdout] 68 | struct Instrument {
[INFO] [stdout]    |        ---------- field in this struct
[INFO] [stdout] 69 |     amplitudes: &'static [f64],
[INFO] [stdout] 70 |     full_amplitude: f64,
[INFO] [stdout]    |     ^^^^^^^^^^^^^^
[INFO] [stdout]    |
[INFO] [stdout]    = note: `Instrument` has derived impls for the traits `Clone` and `Debug`, but these are intentionally ignored during dead code analysis
[INFO] [stdout] 
[INFO] [stdout] 
[INFO] [stdout] warning: function `opt_sin` is never used
[INFO] [stdout]  --> player/src/main.rs:8:23
[INFO] [stdout]   |
[INFO] [stdout] 8 |         pub(super) fn opt_sin(x: f64) -> f64;
[INFO] [stdout]   |                       ^^^^^^^
[INFO] [stdout] 
[INFO] [stdout] 
[INFO] [stdout] warning: 3 warnings emitted
[INFO] [stdout] 
[INFO] [stdout] 
[INFO] [stdout] warning: 3 warnings emitted
[INFO] [stdout] 
[INFO] [stdout] 
[INFO] [stdout] warning: 11 warnings emitted
[INFO] [stdout] 
[INFO] [stdout] 
[INFO] [stderr]     Finished test [unoptimized + debuginfo] target(s) in 0.37s
[INFO] running `Command { std: "docker" "inspect" "e7912f6ecf3b0e4d8f98ef6f4ce8e21cf7a57c6879a99483c49daac989c40962", kill_on_drop: false }`
[INFO] running `Command { std: "docker" "rm" "-f" "e7912f6ecf3b0e4d8f98ef6f4ce8e21cf7a57c6879a99483c49daac989c40962", kill_on_drop: false }`
[INFO] [stdout] e7912f6ecf3b0e4d8f98ef6f4ce8e21cf7a57c6879a99483c49daac989c40962
[INFO] running `Command { std: "docker" "create" "-v" "/var/lib/crater-agent-workspace/builds/worker-2-tc1/target:/opt/rustwide/target:rw,Z" "-v" "/var/lib/crater-agent-workspace/builds/worker-2-tc1/source:/opt/rustwide/workdir:ro,Z" "-v" "/var/lib/crater-agent-workspace/cargo-home:/opt/rustwide/cargo-home:ro,Z" "-v" "/var/lib/crater-agent-workspace/rustup-home:/opt/rustwide/rustup-home:ro,Z" "-e" "SOURCE_DIR=/opt/rustwide/workdir" "-e" "CARGO_TARGET_DIR=/opt/rustwide/target" "-e" "CARGO_INCREMENTAL=0" "-e" "RUST_BACKTRACE=full" "-e" "RUSTFLAGS=--cap-lints=warn" "-e" "RUSTDOCFLAGS=--cap-lints=warn" "-e" "CARGO_HOME=/opt/rustwide/cargo-home" "-e" "RUSTUP_HOME=/opt/rustwide/rustup-home" "-w" "/opt/rustwide/workdir" "-m" "1610612736" "--user" "0:0" "--network" "none" "ghcr.io/rust-lang/crates-build-env/linux@sha256:5ff2268d62e97bff2cde7d5815dd6ed5b47097566f13b8d0ca110b04b60e07ed" "/opt/rustwide/cargo-home/bin/cargo" "+1.69.0" "test" "--frozen", kill_on_drop: false }`
[INFO] [stdout] d9d499d58a47c292463ca4b0bdc84cfe023fd86c8b526ce14a58b342e3b154bc
[INFO] running `Command { std: "docker" "start" "-a" "d9d499d58a47c292463ca4b0bdc84cfe023fd86c8b526ce14a58b342e3b154bc", kill_on_drop: false }`
[INFO] [stderr] warning: profiles for the non root package will be ignored, specify profiles at the workspace root:
[INFO] [stderr] package:   /opt/rustwide/workdir/player/Cargo.toml
[INFO] [stderr] workspace: /opt/rustwide/workdir/Cargo.toml
[INFO] [stderr] warning: variable does not need to be mutable
[INFO] [stderr]   --> parser/src/lib.rs:18:13
[INFO] [stderr]    |
[INFO] [stderr] 18 |         let mut progress = midi.tracks.iter().flat_map(
[INFO] [stderr]    |             ----^^^^^^^^
[INFO] [stderr]    |             |
[INFO] [stderr]    |             help: remove this `mut`
[INFO] [stderr]    |
[INFO] [stderr]    = note: `#[warn(unused_mut)]` on by default
[INFO] [stderr] 
[INFO] [stderr] warning: field `todo` is never read
[INFO] [stderr]  --> parser/src/lib.rs:9:5
[INFO] [stderr]   |
[INFO] [stderr] 7 | pub struct MidiEventStream<'a> {
[INFO] [stderr]   |            --------------- field in this struct
[INFO] [stderr] 8 |     sleep: Option<Pin<Box<Sleep>>>,
[INFO] [stderr] 9 |     todo: &'a Smf<'a>,
[INFO] [stderr]   |     ^^^^
[INFO] [stderr]   |
[INFO] [stderr]   = note: `#[warn(dead_code)]` on by default
[INFO] [stderr] 
[INFO] [stderr] warning: unused `Peekable` in tuple element 1 that must be used
[INFO] [stderr]   --> parser/src/lib.rs:68:25
[INFO] [stderr]    |
[INFO] [stderr] 68 |                         progress.remove(i);
[INFO] [stderr]    |                         ^^^^^^^^^^^^^^^^^^
[INFO] [stderr]    |
[INFO] [stderr]    = note: iterators are lazy and do nothing unless consumed
[INFO] [stderr]    = note: `#[warn(unused_must_use)]` on by default
[INFO] [stderr] 
[INFO] [stderr] warning: `parser` (lib) generated 3 warnings (run `cargo fix --lib -p parser` to apply 1 suggestion)
[INFO] [stderr] warning: `parser` (lib test) generated 3 warnings (3 duplicates)
[INFO] [stderr] warning: unused imports: `Instant`, `env`, `io::Read`
[INFO] [stderr]  --> player/src/main.rs:1:28
[INFO] [stderr]   |
[INFO] [stderr] 1 | use std::{time::{Duration, Instant}, io::Read, os::unix::prelude::AsRawFd, env};
[INFO] [stderr]   |                            ^^^^^^^   ^^^^^^^^                              ^^^
[INFO] [stderr]   |
[INFO] [stderr]   = note: `#[warn(unused_imports)]` on by default
[INFO] [stderr] 
[INFO] [stderr] warning: unused import: `pulse::sample::CHANNELS_MAX`
[INFO] [stderr]  --> player/src/main.rs:4:5
[INFO] [stderr]   |
[INFO] [stderr] 4 | use pulse::sample::CHANNELS_MAX;
[INFO] [stderr]   |     ^^^^^^^^^^^^^^^^^^^^^^^^^^^
[INFO] [stderr] 
[INFO] [stderr] warning: unused label
[INFO] [stderr]    --> player/src/main.rs:127:5
[INFO] [stderr]     |
[INFO] [stderr] 127 |     'main_loop: while running {
[INFO] [stderr]     |     ^^^^^^^^^^
[INFO] [stderr]     |
[INFO] [stderr]     = note: `#[warn(unused_labels)]` on by default
[INFO] [stderr] 
[INFO] [stderr] warning: use of deprecated constant `libpulse_binding::sample::CHANNELS_MAX`: use associated constants on structs instead
[INFO] [stderr]  --> player/src/main.rs:4:20
[INFO] [stderr]   |
[INFO] [stderr] 4 | use pulse::sample::CHANNELS_MAX;
[INFO] [stderr]   |                    ^^^^^^^^^^^^
[INFO] [stderr]   |
[INFO] [stderr]   = note: `#[warn(deprecated)]` on by default
[INFO] [stderr] 
[INFO] [stderr] warning: unused variable: `ret`
[INFO] [stderr]   --> player/src/main.rs:87:9
[INFO] [stderr]    |
[INFO] [stderr] 87 |     let ret = unsafe {
[INFO] [stderr]    |         ^^^ help: if this is intentional, prefix it with an underscore: `_ret`
[INFO] [stderr]    |
[INFO] [stderr]    = note: `#[warn(unused_variables)]` on by default
[INFO] [stderr] 
[INFO] [stderr] warning: unused variable: `start`
[INFO] [stderr]    --> player/src/main.rs:193:13
[INFO] [stderr]     |
[INFO] [stderr] 193 |         let start = std::time::Instant::now();
[INFO] [stderr]     |             ^^^^^ help: if this is intentional, prefix it with an underscore: `_start`
[INFO] [stderr] 
[INFO] [stderr] warning: unused variable: `channel`
[INFO] [stderr]    --> player/src/main.rs:198:18
[INFO] [stderr]     |
[INFO] [stderr] 198 |             for (channel, channel_notes) in notes.iter_mut().enumerate() {
[INFO] [stderr]     |                  ^^^^^^^ help: if this is intentional, prefix it with an underscore: `_channel`
[INFO] [stderr] 
[INFO] [stderr] warning: variable does not need to be mutable
[INFO] [stderr]    --> player/src/main.rs:122:9
[INFO] [stderr]     |
[INFO] [stderr] 122 |     let mut stdin = std::io::stdin();
[INFO] [stderr]     |         ----^^^^^
[INFO] [stderr]     |         |
[INFO] [stderr]     |         help: remove this `mut`
[INFO] [stderr]     |
[INFO] [stderr]     = note: `#[warn(unused_mut)]` on by default
[INFO] [stderr] 
[INFO] [stderr] warning: function `opt_sin` is never used
[INFO] [stderr]   --> player/src/main.rs:12:4
[INFO] [stderr]    |
[INFO] [stderr] 12 | fn opt_sin(x: f64) -> f64 {
[INFO] [stderr]    |    ^^^^^^^
[INFO] [stderr]    |
[INFO] [stderr]    = note: `#[warn(dead_code)]` on by default
[INFO] [stderr] 
[INFO] [stderr] warning: field `full_amplitude` is never read
[INFO] [stderr]   --> player/src/main.rs:70:5
[INFO] [stderr]    |
[INFO] [stderr] 68 | struct Instrument {
[INFO] [stderr]    |        ---------- field in this struct
[INFO] [stderr] 69 |     amplitudes: &'static [f64],
[INFO] [stderr] 70 |     full_amplitude: f64,
[INFO] [stderr]    |     ^^^^^^^^^^^^^^
[INFO] [stderr]    |
[INFO] [stderr]    = note: `Instrument` has derived impls for the traits `Clone` and `Debug`, but these are intentionally ignored during dead code analysis
[INFO] [stderr] 
[INFO] [stderr] warning: function `opt_sin` is never used
[INFO] [stderr]  --> player/src/main.rs:8:23
[INFO] [stderr]   |
[INFO] [stderr] 8 |         pub(super) fn opt_sin(x: f64) -> f64;
[INFO] [stderr]   |                       ^^^^^^^
[INFO] [stderr] 
[INFO] [stderr] warning: unused import: `midly::TrackEventKind`
[INFO] [stderr]  --> parser/src/main.rs:2:5
[INFO] [stderr]   |
[INFO] [stderr] 2 | use midly::TrackEventKind;
[INFO] [stderr]   |     ^^^^^^^^^^^^^^^^^^^^^
[INFO] [stderr]   |
[INFO] [stderr]   = note: `#[warn(unused_imports)]` on by default
[INFO] [stderr] 
[INFO] [stderr] warning: unused `Result` that must be used
[INFO] [stderr]   --> parser/src/main.rs:19:5
[INFO] [stderr]    |
[INFO] [stderr] 19 |     file.rewind();
[INFO] [stderr]    |     ^^^^^^^^^^^^^
[INFO] [stderr]    |
[INFO] [stderr]    = note: this `Result` may be an `Err` variant, which should be handled
[INFO] [stderr]    = note: `#[warn(unused_must_use)]` on by default
[INFO] [stderr] 
[INFO] [stderr] warning: unused `Result` that must be used
[INFO] [stderr]   --> parser/src/main.rs:23:5
[INFO] [stderr]    |
[INFO] [stderr] 23 |     file.read_to_end(&mut data);
[INFO] [stderr]    |     ^^^^^^^^^^^^^^^^^^^^^^^^^^^
[INFO] [stderr]    |
[INFO] [stderr]    = note: this `Result` may be an `Err` variant, which should be handled
[INFO] [stderr] 
[INFO] [stderr] warning: `player` (bin "player" test) generated 11 warnings (run `cargo fix --bin "player" --tests` to apply 6 suggestions)
[INFO] [stderr] warning: `parser` (bin "parser" test) generated 3 warnings (run `cargo fix --bin "parser" --tests` to apply 1 suggestion)
[INFO] [stderr]     Finished test [unoptimized + debuginfo] target(s) in 0.03s
[INFO] [stderr]      Running unittests src/lib.rs (/opt/rustwide/target/debug/deps/parser-ed8af477c2b9b415)
[INFO] [stdout] 
[INFO] [stdout] running 0 tests
[INFO] [stdout] 
[INFO] [stdout] test result: ok. 0 passed; 0 failed; 0 ignored; 0 measured; 0 filtered out; finished in 0.00s
[INFO] [stdout] 
[INFO] [stderr]      Running unittests src/main.rs (/opt/rustwide/target/debug/deps/parser-db3c0e1294f0ca3d)
[INFO] [stdout] 
[INFO] [stdout] running 0 tests
[INFO] [stdout] 
[INFO] [stdout] test result: ok. 0 passed; 0 failed; 0 ignored; 0 measured; 0 filtered out; finished in 0.00s
[INFO] [stdout] 
[INFO] [stderr]      Running unittests src/main.rs (/opt/rustwide/target/debug/deps/player-2998db12eef3c62c)
[INFO] [stdout] 
[INFO] [stdout] running 1 test
[INFO] [stdout] test tests::envelope ... FAILED
[INFO] [stdout] 
[INFO] [stdout] failures:
[INFO] [stdout] 
[INFO] [stdout] ---- tests::envelope stdout ----
[INFO] [stdout] thread 'tests::envelope' panicked at 'assertion failed: `(left == right)`
[INFO] [stdout]   left: `Ok(2091467582053237.3)`,
[INFO] [stdout]  right: `Ok(0.0)`', player/src/main.rs:257:9
[INFO] [stdout] stack backtrace:
[INFO] [stdout]    0:     0x5576d179eb8a - std::backtrace_rs::backtrace::libunwind::trace::ha9053a9a07ca49cb
[INFO] [stdout]                                at /rustc/84c898d65adf2f39a5a98507f1fe0ce10a2b8dbc/library/std/src/../../backtrace/src/backtrace/libunwind.rs:93:5
[INFO] [stdout]    1:     0x5576d179eb8a - std::backtrace_rs::backtrace::trace_unsynchronized::h9c2852a457ad564e
[INFO] [stdout]                                at /rustc/84c898d65adf2f39a5a98507f1fe0ce10a2b8dbc/library/std/src/../../backtrace/src/backtrace/mod.rs:66:5
[INFO] [stdout]    2:     0x5576d179eb8a - std::sys_common::backtrace::_print_fmt::h457936fbfaa0070f
[INFO] [stdout]                                at /rustc/84c898d65adf2f39a5a98507f1fe0ce10a2b8dbc/library/std/src/sys_common/backtrace.rs:65:5
[INFO] [stdout]    3:     0x5576d179eb8a - <std::sys_common::backtrace::_print::DisplayBacktrace as core::fmt::Display>::fmt::h5779d7bf7f70cb0c
[INFO] [stdout]                                at /rustc/84c898d65adf2f39a5a98507f1fe0ce10a2b8dbc/library/std/src/sys_common/backtrace.rs:44:22
[INFO] [stdout]    4:     0x5576d17c26be - core::fmt::write::h5a4baaff1bcd3eb5
[INFO] [stdout]                                at /rustc/84c898d65adf2f39a5a98507f1fe0ce10a2b8dbc/library/core/src/fmt/mod.rs:1232:17
[INFO] [stdout]    5:     0x5576d179c005 - std::io::Write::write_fmt::h478f79c628ef31d1
[INFO] [stdout]                                at /rustc/84c898d65adf2f39a5a98507f1fe0ce10a2b8dbc/library/std/src/io/mod.rs:1684:15
[INFO] [stdout]    6:     0x5576d179e955 - std::sys_common::backtrace::_print::h5fcdc36060f177e8
[INFO] [stdout]                                at /rustc/84c898d65adf2f39a5a98507f1fe0ce10a2b8dbc/library/std/src/sys_common/backtrace.rs:47:5
[INFO] [stdout]    7:     0x5576d179e955 - std::sys_common::backtrace::print::h54ca9458b876c8bf
[INFO] [stdout]                                at /rustc/84c898d65adf2f39a5a98507f1fe0ce10a2b8dbc/library/std/src/sys_common/backtrace.rs:34:9
[INFO] [stdout]    8:     0x5576d17a071f - std::panicking::default_hook::{{closure}}::hbe471161c7664ed6
[INFO] [stdout]                                at /rustc/84c898d65adf2f39a5a98507f1fe0ce10a2b8dbc/library/std/src/panicking.rs:271:22
[INFO] [stdout]    9:     0x5576d17a03df - std::panicking::default_hook::ha3500da57aa4ac4f
[INFO] [stdout]                                at /rustc/84c898d65adf2f39a5a98507f1fe0ce10a2b8dbc/library/std/src/panicking.rs:287:9
[INFO] [stdout]   10:     0x5576d1772627 - <alloc::boxed::Box<F,A> as core::ops::function::Fn<Args>>::call::hdf1b89dd137ece34
[INFO] [stdout]                                at /rustc/84c898d65adf2f39a5a98507f1fe0ce10a2b8dbc/library/alloc/src/boxed.rs:2001:9
[INFO] [stdout]   11:     0x5576d1772627 - test::test_main::{{closure}}::h9081a79f20e75698
[INFO] [stdout]                                at /rustc/84c898d65adf2f39a5a98507f1fe0ce10a2b8dbc/library/test/src/lib.rs:135:21
[INFO] [stdout]   12:     0x5576d17a0e4d - <alloc::boxed::Box<F,A> as core::ops::function::Fn<Args>>::call::h6507bddc3eebb4a5
[INFO] [stdout]                                at /rustc/84c898d65adf2f39a5a98507f1fe0ce10a2b8dbc/library/alloc/src/boxed.rs:2001:9
[INFO] [stdout]   13:     0x5576d17a0e4d - std::panicking::rust_panic_with_hook::h50c09d000dc561d2
[INFO] [stdout]                                at /rustc/84c898d65adf2f39a5a98507f1fe0ce10a2b8dbc/library/std/src/panicking.rs:696:13
[INFO] [stdout]   14:     0x5576d17a0bc9 - std::panicking::begin_panic_handler::{{closure}}::h9e2b2176e00e0d9c
[INFO] [stdout]                                at /rustc/84c898d65adf2f39a5a98507f1fe0ce10a2b8dbc/library/std/src/panicking.rs:583:13
[INFO] [stdout]   15:     0x5576d179eff6 - std::sys_common::backtrace::__rust_end_short_backtrace::h5739b8e512c09d02
[INFO] [stdout]                                at /rustc/84c898d65adf2f39a5a98507f1fe0ce10a2b8dbc/library/std/src/sys_common/backtrace.rs:150:18
[INFO] [stdout]   16:     0x5576d17a08d2 - rust_begin_unwind
[INFO] [stdout]                                at /rustc/84c898d65adf2f39a5a98507f1fe0ce10a2b8dbc/library/std/src/panicking.rs:579:5
[INFO] [stdout]   17:     0x5576d1741b73 - core::panicking::panic_fmt::hf33a1475b4dc5c3e
[INFO] [stdout]                                at /rustc/84c898d65adf2f39a5a98507f1fe0ce10a2b8dbc/library/core/src/panicking.rs:64:14
[INFO] [stdout]   18:     0x5576d1741e4f - core::panicking::assert_failed_inner::haf9816227b20b6f2
[INFO] [stdout]   19:     0x5576d1742a7a - core::panicking::assert_failed::hbb0bb2fb290d948a
[INFO] [stdout]                                at /rustc/84c898d65adf2f39a5a98507f1fe0ce10a2b8dbc/library/core/src/panicking.rs:211:5
[INFO] [stdout]   20:     0x5576d1742400 - player::tests::envelope::h8d17385f8e403bcd
[INFO] [stdout]                                at /opt/rustwide/workdir/player/src/main.rs:257:9
[INFO] [stdout]   21:     0x5576d1742257 - player::tests::envelope::{{closure}}::h5d88698b69a59c95
[INFO] [stdout]                                at /opt/rustwide/workdir/player/src/main.rs:254:19
[INFO] [stdout]   22:     0x5576d1742935 - core::ops::function::FnOnce::call_once::h0aa5890a9f7e152e
[INFO] [stdout]                                at /rustc/84c898d65adf2f39a5a98507f1fe0ce10a2b8dbc/library/core/src/ops/function.rs:250:5
[INFO] [stdout]   23:     0x5576d1777a0f - core::ops::function::FnOnce::call_once::h7d969581be7d0075
[INFO] [stdout]                                at /rustc/84c898d65adf2f39a5a98507f1fe0ce10a2b8dbc/library/core/src/ops/function.rs:250:5
[INFO] [stdout]   24:     0x5576d1777a0f - test::__rust_begin_short_backtrace::hca25a52684e56655
[INFO] [stdout]                                at /rustc/84c898d65adf2f39a5a98507f1fe0ce10a2b8dbc/library/test/src/lib.rs:656:18
[INFO] [stdout]   25:     0x5576d174902c - test::run_test::{{closure}}::ha8ac744c4af1a4bb
[INFO] [stdout]                                at /rustc/84c898d65adf2f39a5a98507f1fe0ce10a2b8dbc/library/test/src/lib.rs:647:30
[INFO] [stdout]   26:     0x5576d174902c - core::ops::function::FnOnce::call_once{{vtable.shim}}::h7b411a9ed45bdecf
[INFO] [stdout]                                at /rustc/84c898d65adf2f39a5a98507f1fe0ce10a2b8dbc/library/core/src/ops/function.rs:250:5
[INFO] [stdout]   27:     0x5576d17769d6 - <alloc::boxed::Box<F,A> as core::ops::function::FnOnce<Args>>::call_once::hd05328869a8ed200
[INFO] [stdout]                                at /rustc/84c898d65adf2f39a5a98507f1fe0ce10a2b8dbc/library/alloc/src/boxed.rs:1987:9
[INFO] [stdout]   28:     0x5576d17769d6 - <core::panic::unwind_safe::AssertUnwindSafe<F> as core::ops::function::FnOnce<()>>::call_once::h0c601ce20bd5b2be
[INFO] [stdout]                                at /rustc/84c898d65adf2f39a5a98507f1fe0ce10a2b8dbc/library/core/src/panic/unwind_safe.rs:271:9
[INFO] [stdout]   29:     0x5576d17769d6 - std::panicking::try::do_call::ha4be5c164fe30854
[INFO] [stdout]                                at /rustc/84c898d65adf2f39a5a98507f1fe0ce10a2b8dbc/library/std/src/panicking.rs:487:40
[INFO] [stdout]   30:     0x5576d17769d6 - std::panicking::try::h604546f3609af05f
[INFO] [stdout]                                at /rustc/84c898d65adf2f39a5a98507f1fe0ce10a2b8dbc/library/std/src/panicking.rs:451:19
[INFO] [stdout]   31:     0x5576d17769d6 - std::panic::catch_unwind::h5bfa8afe44c9c2f9
[INFO] [stdout]                                at /rustc/84c898d65adf2f39a5a98507f1fe0ce10a2b8dbc/library/std/src/panic.rs:140:14
[INFO] [stdout]   32:     0x5576d17769d6 - test::run_test_in_process::hd50dee55dd63e6aa
[INFO] [stdout]                                at /rustc/84c898d65adf2f39a5a98507f1fe0ce10a2b8dbc/library/test/src/lib.rs:679:27
[INFO] [stdout]   33:     0x5576d17769d6 - test::run_test::run_test_inner::{{closure}}::h4aa0f433aa85cea8
[INFO] [stdout]                                at /rustc/84c898d65adf2f39a5a98507f1fe0ce10a2b8dbc/library/test/src/lib.rs:573:39
[INFO] [stdout]   34:     0x5576d17436a1 - test::run_test::run_test_inner::{{closure}}::had56431adf24b4d6
[INFO] [stdout]                                at /rustc/84c898d65adf2f39a5a98507f1fe0ce10a2b8dbc/library/test/src/lib.rs:600:37
[INFO] [stdout]   35:     0x5576d17436a1 - std::sys_common::backtrace::__rust_begin_short_backtrace::ha8d9890e0c73bf13
[INFO] [stdout]                                at /rustc/84c898d65adf2f39a5a98507f1fe0ce10a2b8dbc/library/std/src/sys_common/backtrace.rs:134:18
[INFO] [stdout]   36:     0x5576d17490bb - std::thread::Builder::spawn_unchecked_::{{closure}}::{{closure}}::h251832bcb4a95327
[INFO] [stdout]                                at /rustc/84c898d65adf2f39a5a98507f1fe0ce10a2b8dbc/library/std/src/thread/mod.rs:560:17
[INFO] [stdout]   37:     0x5576d17490bb - <core::panic::unwind_safe::AssertUnwindSafe<F> as core::ops::function::FnOnce<()>>::call_once::h8fdff598fa414831
[INFO] [stdout]                                at /rustc/84c898d65adf2f39a5a98507f1fe0ce10a2b8dbc/library/core/src/panic/unwind_safe.rs:271:9
[INFO] [stdout]   38:     0x5576d17490bb - std::panicking::try::do_call::h455dd2f7764a950f
[INFO] [stdout]                                at /rustc/84c898d65adf2f39a5a98507f1fe0ce10a2b8dbc/library/std/src/panicking.rs:487:40
[INFO] [stdout]   39:     0x5576d17490bb - std::panicking::try::had6f23b7b73ae72a
[INFO] [stdout]                                at /rustc/84c898d65adf2f39a5a98507f1fe0ce10a2b8dbc/library/std/src/panicking.rs:451:19
[INFO] [stdout]   40:     0x5576d17490bb - std::panic::catch_unwind::ha6a5ca3915b4dad0
[INFO] [stdout]                                at /rustc/84c898d65adf2f39a5a98507f1fe0ce10a2b8dbc/library/std/src/panic.rs:140:14
[INFO] [stdout]   41:     0x5576d17490bb - std::thread::Builder::spawn_unchecked_::{{closure}}::h883b72ef75da6231
[INFO] [stdout]                                at /rustc/84c898d65adf2f39a5a98507f1fe0ce10a2b8dbc/library/std/src/thread/mod.rs:559:30
[INFO] [stdout]   42:     0x5576d17490bb - core::ops::function::FnOnce::call_once{{vtable.shim}}::hb7dff73dc8bd2ccb
[INFO] [stdout]                                at /rustc/84c898d65adf2f39a5a98507f1fe0ce10a2b8dbc/library/core/src/ops/function.rs:250:5
[INFO] [stdout]   43:     0x5576d17a51b3 - <alloc::boxed::Box<F,A> as core::ops::function::FnOnce<Args>>::call_once::h39990b24eedef2ab
[INFO] [stdout]                                at /rustc/84c898d65adf2f39a5a98507f1fe0ce10a2b8dbc/library/alloc/src/boxed.rs:1987:9
[INFO] [stdout]   44:     0x5576d17a51b3 - <alloc::boxed::Box<F,A> as core::ops::function::FnOnce<Args>>::call_once::h01a027258444143b
[INFO] [stdout]                                at /rustc/84c898d65adf2f39a5a98507f1fe0ce10a2b8dbc/library/alloc/src/boxed.rs:1987:9
[INFO] [stdout]   45:     0x5576d17a51b3 - std::sys::unix::thread::Thread::new::thread_start::ha4f1cdd9c25884ba
[INFO] [stdout]                                at /rustc/84c898d65adf2f39a5a98507f1fe0ce10a2b8dbc/library/std/src/sys/unix/thread.rs:108:17
[INFO] [stdout]   46:     0x7efd2f7fbb43 - <unknown>
[INFO] [stdout]   47:     0x7efd2f88cbb4 - __clone
[INFO] [stdout]   48:                0x0 - <unknown>
[INFO] [stdout] 
[INFO] [stdout] 
[INFO] [stdout] failures:
[INFO] [stdout]     tests::envelope
[INFO] [stdout] 
[INFO] [stdout] test result: FAILED. 0 passed; 1 failed; 0 ignored; 0 measured; 0 filtered out; finished in 0.01s
[INFO] [stdout] 
[INFO] [stderr] error: test failed, to rerun pass `-p player --bin player`
[INFO] running `Command { std: "docker" "inspect" "d9d499d58a47c292463ca4b0bdc84cfe023fd86c8b526ce14a58b342e3b154bc", kill_on_drop: false }`
[INFO] running `Command { std: "docker" "rm" "-f" "d9d499d58a47c292463ca4b0bdc84cfe023fd86c8b526ce14a58b342e3b154bc", kill_on_drop: false }`
[INFO] [stdout] d9d499d58a47c292463ca4b0bdc84cfe023fd86c8b526ce14a58b342e3b154bc
